27.123.172.21 - - [30/Oct/2024:23:29:50 +0000] "GET /wp-content/plugins/ultimate-social-media-icons/images/icons_theme/default/default_twitter.png HTTP/2" 200 3304 "https://vucivillage.com/" "Mozilla/5.0 (Linux; Android 14; SAMSUNG SM-A235F) AppleWebKit/537.36 (KHTML, like Gecko) SamsungBrowser/16.0 Chrome/92.0.4515.166 Mobile Safari/537.36"
27.123.172.21 - - [30/Oct/2024:23:29:50 +0000] "GET /wp-content/plugins/ultimate-social-media-icons/images/share_icons/fb_icons/en_US.svg HTTP/2" 200 1779 "https://vucivillage.com/" "Mozilla/5.0 (Linux; Android 14; SAMSUNG SM-A235F) AppleWebKit/537.36 (KHTML, like Gecko) SamsungBrowser/16.0 Chrome/92.0.4515.166 Mobile Safari/537.36"
27.123.172.21 - - [30/Oct/2024:23:29:50 +0000] "GET /wp-content/plugins/ultimate-social-media-icons/images/share_icons/Twitter_Tweet/en_US_Tweet.svg HTTP/2" 200 1038 "https://vucivillage.com/" "Mozilla/5.0 (Linux; Android 14; SAMSUNG SM-A235F) AppleWebKit/537.36 (KHTML, like Gecko) SamsungBrowser/16.0 Chrome/92.0.4515.166 Mobile Safari/537.36"
27.123.172.21 - - [30/Oct/2024:23:29:50 +0000] "GET /wp-content/plugins/ultimate-social-media-icons/images/icons_theme/default/default_copylink.png HTTP/2" 200 9668 "https://vucivillage.com/" "Mozilla/5.0 (Linux; Android 14; SAMSUNG SM-A235F) AppleWebKit/537.36 (KHTML, like Gecko) SamsungBrowser/16.0 Chrome/92.0.4515.166 Mobile Safari/537.36"
27.123.172.21 - - [30/Oct/2024:23:29:50 +0000] "GET /wp-content/uploads/2024/10/166297696_236209078296850_5744603209485361981_n.webp HTTP/2" 304 0 "https://vucivillage.com/wp-content/uploads/elementor/css/post-2.css?ver=1729221377" "Mozilla/5.0 (Linux; Android 14; SAMSUNG SM-A235F) AppleWebKit/537.36 (KHTML, like Gecko) SamsungBrowser/16.0 Chrome/92.0.4515.166 Mobile Safari/537.36"
27.123.172.21 - - [30/Oct/2024:23:29:50 +0000] "GET /wp-content/themes/lt-industrial/images/6.jpg HTTP/2" 304 0 "https://vucivillage.com/wp-content/themes/lt-industrial/css/custom.css?ver=20160816" "Mozilla/5.0 (Linux; Android 14; SAMSUNG SM-A235F) AppleWebKit/537.36 (KHTML, like Gecko) SamsungBrowser/16.0 Chrome/92.0.4515.166 Mobile Safari/537.36"
27.123.172.21 - - [30/Oct/2024:23:29:50 +0000] "GET /wp-content/plugins/ultimate-social-media-icons/images/icons_theme/default/default_fbmessenger.png HTTP/2" 200 3357 "https://vucivillage.com/" "Mozilla/5.0 (Linux; Android 14; SAMSUNG SM-A235F) AppleWebKit/537.36 (KHTML, like Gecko) SamsungBrowser/16.0 Chrome/92.0.4515.166 Mobile Safari/537.36"
27.123.172.21 - - [30/Oct/2024:23:29:50 +0000] "GET /wp-content/plugins/wp-live-chat-support/public/js/callus.js?ver=10.0.14 HTTP/2" 304 0 "https://vucivillage.com/" "Mozilla/5.0 (Linux; Android 14; SAMSUNG SM-A235F) AppleWebKit/537.36 (KHTML, like Gecko) SamsungBrowser/16.0 Chrome/92.0.4515.166 Mobile Safari/537.36"
27.123.172.21 - - [30/Oct/2024:23:29:50 +0000] "GET /https//connect.facebook.net/en_US/sdk.js HTTP/2" 301 0 "https://vucivillage.com/" "Mozilla/5.0 (Linux; Android 14; SAMSUNG SM-A235F) AppleWebKit/537.36 (KHTML, like Gecko) SamsungBrowser/16.0 Chrome/92.0.4515.166 Mobile Safari/537.36"
45.61.187.219 - - [30/Oct/2024:23:30:02 +0000] "GET /wp-login.php HTTP/1.1" 200 6020 "-" "Mozilla/5.0 (iPad; CPU OS 7_1_1 like Mac OS X) AppleWebKit/537.51.2 (KHTML, like Gecko) Version/7.0 Mobile/11D201 Safari/9537.53"
45.61.187.219 - - [30/Oct/2024:23:30:02 +0000] "POST /wp-login.php HTTP/1.1" 403 1242 "-" "Mozilla/5.0 (iPad; CPU OS 7_1_1 like Mac OS X) AppleWebKit/537.51.2 (KHTML, like Gecko) Version/7.0 Mobile/11D201 Safari/9537.53"
27.123.172.21 - - [30/Oct/2024:23:30:04 +0000] "GET /wp-content/plugins/elementor/assets/css/conditionals/dialog.min.css?ver=3.24.7 HTTP/2" 200 1349 "https://vucivillage.com/" "Mozilla/5.0 (Linux; Android 14; SAMSUNG SM-A235F) AppleWebKit/537.36 (KHTML, like Gecko) SamsungBrowser/16.0 Chrome/92.0.4515.166 Mobile Safari/537.36"
27.123.172.21 - - [30/Oct/2024:23:30:04 +0000] "GET /wp-content/plugins/elementor/assets/lib/dialog/dialog.min.js?ver=4.9.3 HTTP/2" 200 3481 "https://vucivillage.com/" "Mozilla/5.0 (Linux; Android 14; SAMSUNG SM-A235F) AppleWebKit/537.36 (KHTML, like Gecko) SamsungBrowser/16.0 Chrome/92.0.4515.166 Mobile Safari/537.36"
27.123.172.21 - - [30/Oct/2024:23:30:04 +0000] "GET /wp-content/plugins/elementor/assets/js/text-editor.2c35aafbe5bf0e127950.bundle.min.js HTTP/2" 200 601 "https://vucivillage.com/" "Mozilla/5.0 (Linux; Android 14; SAMSUNG SM-A235F) AppleWebKit/537.36 (KHTML, like Gecko) SamsungBrowser/16.0 Chrome/92.0.4515.166 Mobile Safari/537.36"
27.123.172.21 - - [30/Oct/2024:23:30:04 +0000] "GET /wp-content/plugins/elementor/assets/css/conditionals/lightbox.min.css?ver=3.24.7 HTTP/2" 200 1822 "https://vucivillage.com/" "Mozilla/5.0 (Linux; Android 14; SAMSUNG SM-A235F) AppleWebKit/537.36 (KHTML, like Gecko) SamsungBrowser/16.0 Chrome/92.0.4515.166 Mobile Safari/537.36"
27.123.172.21 - - [30/Oct/2024:23:30:04 +0000] "GET /wp-content/plugins/elementor/assets/lib/share-link/share-link.min.js?ver=3.24.7 HTTP/2" 200 1072 "https://vucivillage.com/" "Mozilla/5.0 (Linux; Android 14; SAMSUNG SM-A235F) AppleWebKit/537.36 (KHTML, like Gecko) SamsungBrowser/16.0 Chrome/92.0.4515.166 Mobile Safari/537.36"
27.123.172.21 - - [30/Oct/2024:23:30:04 +0000] "GET /wp-content/plugins/elementor/assets/js/video.78c625e89ab767d621c5.bundle.min.js HTTP/2" 200 1203 "https://vucivillage.com/" "Mozilla/5.0 (Linux; Android 14; SAMSUNG SM-A235F) AppleWebKit/537.36 (KHTML, like Gecko) SamsungBrowser/16.0 Chrome/92.0.4515.166 Mobile Safari/537.36"
27.123.172.21 - - [30/Oct/2024:23:30:04 +0000] "GET /wp-content/plugins/elementor/assets/js/lightbox.01a419d1fcdd47a75a77.bundle.min.js HTTP/2" 200 9410 "https://vucivillage.com/" "Mozilla/5.0 (Linux; Android 14; SAMSUNG SM-A235F) AppleWebKit/537.36 (KHTML, like Gecko) SamsungBrowser/16.0 Chrome/92.0.4515.166 Mobile Safari/537.36"
45.61.187.219 - - [30/Oct/2024:23:30:02 +0000] "GET /wp-admin/themes.php HTTP/1.1" 302 0 "-" "python-requests/2.27.1"
109.106.251.75 - - [30/Oct/2024:23:30:04 +0000] "POST /wp-cron.php?doing_wp_cron=1730331003.3866269588470458984375 HTTP/1.1" 200 0 "-" "WordPress/6.6.2; https://vucivillage.com"
45.61.187.219 - - [30/Oct/2024:23:30:05 +0000] "GET /wp-login.php?redirect_to=https%3A%2F%2Fvucivillage.com%2Fwp-admin%2Fthemes.php&reauth=1 HTTP/1.1" 200 1919 "-" "python-requests/2.27.1"
109.106.251.75 - - [30/Oct/2024:23:30:05 +0000] "POST /wp-admin/admin-ajax.php?action=async_litespeed&nonce=N3e7owu0dOYJ5dSXHcPlh1EJvFcQOzOL&litespeed_type=imgoptm HTTP/1.1" 200 21 "-" "WordPress/6.6.2; https://vucivillage.com"
45.61.187.219 - - [30/Oct/2024:23:30:06 +0000] "GET /wp-admin/plugin-install.php?tab=upload HTTP/1.1" 302 0 "-" "python-requests/2.27.1"
27.123.172.21 - - [30/Oct/2024:23:30:07 +0000] "GET /https/connect.facebook.net/en_US/sdk.js HTTP/2" 404 16846 "https://vucivillage.com/" "Mozilla/5.0 (Linux; Android 14; SAMSUNG SM-A235F) AppleWebKit/537.36 (KHTML, like Gecko) SamsungBrowser/16.0 Chrome/92.0.4515.166 Mobile Safari/537.36"
45.61.187.219 - - [30/Oct/2024:23:30:07 +0000] "GET /wp-login.php?redirect_to=https%3A%2F%2Fvucivillage.com%2Fwp-admin%2Fplugin-install.php%3Ftab%3Dupload&reauth=1 HTTP/1.1" 200 1929 "-" "python-requests/2.27.1"
27.123.172.21 - - [30/Oct/2024:23:30:08 +0000] "GET /wp-content/uploads/2024/10/cropped-vuci-logo-192x192.png HTTP/2" 304 0 "https://vucivillage.com/" "Mozilla/5.0 (Linux; Android 14; SAMSUNG SM-A235F) AppleWebKit/537.36 (KHTML, like Gecko) SamsungBrowser/16.0 Chrome/92.0.4515.166 Mobile Safari/537.36"
27.123.172.21 - - [30/Oct/2024:23:30:08 +0000] "GET /wp-content/uploads/2024/10/cropped-vuci-logo-180x180.png HTTP/2" 304 0 "https://vucivillage.com/" "Mozilla/5.0 (Linux; Android 14; SAMSUNG SM-A235F) AppleWebKit/537.36 (KHTML, like Gecko) SamsungBrowser/16.0 Chrome/92.0.4515.166 Mobile Safari/537.36"
52.167.144.222 - - [30/Oct/2024:23:41:26 +0000] "GET /yavusa/ HTTP/2" 200 16795 "-" "Mozilla/5.0 AppleWebKit/537.36 (KHTML, like Gecko; compatible; bingbot/2.0; +http://www.bing.com/bingbot.htm) Chrome/116.0.1938.76 Safari/537.36"
176.9.99.89 - - [30/Oct/2024:23:41:33 +0000] "POST /xmlrpc.php HTTP/1.1" 403 1242 "-" "Mozilla/5.0 (iPod; CPU iPhone OS 14_6 like Mac OS X) AppleWebKit/605.1.15 (KHTML, like Gecko) CriOS/91.0.4472.80 Mobile/15E148 Safari/604.1"
20.83.8.185 - - [30/Oct/2024:23:41:48 +0000] "POST /xmlrpc.php HTTP/1.1" 403 1242 "-" "Mozilla/5.0 (Windows NT 6.1; Win64; x64; rv:61.0) Gecko/20100101 Firefox/61.0"
139.59.143.102 - - [30/Oct/2024:23:47:50 +0000] "GET / HTTP/1.1" 200 65536 "-" "-"
139.59.143.102 - - [30/Oct/2024:23:47:53 +0000] "GET / HTTP/1.1" 200 141694 "-" "Mozilla/5.0 (Linux; Android 6.0; HTC One M9 Build/MRA731125) AppleWebKit/537.36 (KHTML, like Gecko) Chrome/52.0.1835.98 Mobile Safari/537.3"
109.106.251.75 - - [30/Oct/2024:23:47:55 +0000] "POST /wp-cron.php?doing_wp_cron=1730332075.3669350147247314453125 HTTP/1.1" 200 0 "-" "WordPress/6.6.2; https://vucivillage.com"
139.59.143.102 - - [30/Oct/2024:23:47:54 +0000] "GET /server HTTP/1.1" 404 13787 "-" "Go-http-client/1.1"
109.106.251.75 - - [30/Oct/2024:23:47:55 +0000] "POST /wp-admin/admin-ajax.php?action=async_litespeed&nonce=xIxQwPoCcL36WsXmaYwYr60xosbQPbv5&litespeed_type=imgoptm HTTP/1.1" 200 21 "-" "WordPress/6.6.2; https://vucivillage.com"
139.59.143.102 - - [30/Oct/2024:23:47:55 +0000] "GET /.vscode/sftp.json HTTP/1.1" 404 13793 "-" "Go-http-client/1.1"
139.59.143.102 - - [30/Oct/2024:23:47:56 +0000] "GET /about HTTP/1.1" 404 13782 "-" "Go-http-client/1.1"
139.59.143.102 - - [30/Oct/2024:23:47:57 +0000] "GET /debug/default/view?panel=config HTTP/1.1" 404 13820 "-" "Go-http-client/1.1"
139.59.143.102 - - [30/Oct/2024:23:47:57 +0000] "GET /v2/_catalog HTTP/1.1" 404 13788 "-" "Go-http-client/1.1"
139.59.143.102 - - [30/Oct/2024:23:47:58 +0000] "GET /ecp/Current/exporttool/microsoft.exchange.ediscovery.exporttool.application HTTP/1.1" 404 13839 "-" "Go-http-client/1.1"
109.106.251.75 - - [30/Oct/2024:23:47:58 +0000] "POST /wp-admin/admin-ajax.php?action=async_litespeed&nonce=6RBi0MdiravNJwwoyYF5TC1mQetQRy9W&litespeed_type=imgoptm HTTP/1.1" 200 21 "-" "WordPress/6.6.2; https://vucivillage.com"
109.106.251.75 - - [30/Oct/2024:23:47:58 +0000] "POST /wp-cron.php?doing_wp_cron=1730332078.2424209117889404296875 HTTP/1.1" 200 0 "-" "WordPress/6.6.2; https://vucivillage.com"
139.59.143.102 - - [30/Oct/2024:23:47:58 +0000] "GET /server-status HTTP/1.1" 404 13788 "-" "Go-http-client/1.1"
139.59.143.102 - - [30/Oct/2024:23:47:59 +0000] "GET /login.action HTTP/1.1" 404 13787 "-" "Go-http-client/1.1"
139.59.143.102 - - [30/Oct/2024:23:47:59 +0000] "GET /_all_dbs HTTP/1.1" 404 13786 "-" "Mozilla/5.0 (l9scan/2.0.5373e2135323e2630313e2930313; +https://leakix.net)"
139.59.143.102 - - [30/Oct/2024:23:48:00 +0000] "GET /.DS_Store HTTP/1.1" 404 13787 "-" "Go-http-client/1.1"
139.59.143.102 - - [30/Oct/2024:23:48:01 +0000] "GET /.env HTTP/1.1" 403 1242 "-" "Go-http-client/1.1"
139.59.143.102 - - [30/Oct/2024:23:48:01 +0000] "GET /.git/config HTTP/1.1" 403 1242 "-" "Go-http-client/1.1"
139.59.143.102 - - [30/Oct/2024:23:48:02 +0000] "GET /config.json HTTP/1.1" 200 779 "-" "Go-http-client/1.1"
139.59.143.102 - - [30/Oct/2024:23:48:01 +0000] "GET /s/5373e2135323e2630313e2930313/_/;/META-INF/maven/com.atlassian.jira/jira-webapp-dist/pom.properties HTTP/1.1" 404 13880 "-" "Go-http-client/1.1"
139.59.143.102 - - [30/Oct/2024:23:48:03 +0000] "GET /telescope/requests HTTP/1.1" 404 13794 "-" "Go-http-client/1.1"
109.106.251.75 - - [30/Oct/2024:23:48:04 +0000] "POST /wp-cron.php?doing_wp_cron=1730332084.2045979499816894531250 HTTP/1.1" 200 0 "-" "WordPress/6.6.2; https://vucivillage.com"
139.59.143.102 - - [30/Oct/2024:23:48:04 +0000] "GET /?rest_route=/wp/v2/users/ HTTP/1.1" 200 261 "-" "Go-http-client/1.1"
109.106.251.75 - - [30/Oct/2024:23:55:34 +0000] "POST /wp-admin/admin-ajax.php?action=async_litespeed&nonce=Bm8b0Tm52REZP7AfN0fQyTh60PVBo3zM&litespeed_type=imgoptm HTTP/1.1" 200 21 "-" "WordPress/6.6.2; https://vucivillage.com"
40.77.167.12 - - [30/Oct/2024:23:58:56 +0000] "GET /wp-sitemap-posts-post-1.xml HTTP/2" 200 354 "-" "Mozilla/5.0 AppleWebKit/537.36 (KHTML, like Gecko; compatible; bingbot/2.0; +http://www.bing.com/bingbot.htm) Chrome/116.0.1938.76 Safari/537.36"
109.106.251.75 - - [30/Oct/2024:23:58:57 +0000] "POST /wp-cron.php?doing_wp_cron=1730332737.9072029590606689453125 HTTP/1.1" 200 0 "-" "WordPress/6.6.2; https://vucivillage.com"
109.106.251.75 - - [30/Oct/2024:23:58:58 +0000] "POST /wp-admin/admin-ajax.php?action=async_litespeed&nonce=du6CDQNTXMpjxDl4RQAF6e8s3aInCsxP&litespeed_type=imgoptm HTTP/1.1" 200 21 "-" "WordPress/6.6.2; https://vucivillage.com"
109.106.251.75 - - [31/Oct/2024:00:10:51 +0000] "POST /wp-cron.php?doing_wp_cron=1730333451.3323030471801757812500 HTTP/1.1" 200 0 "-" "WordPress/6.6.2; https://vucivillage.com"
109.106.251.75 - - [31/Oct/2024:00:10:51 +0000] "POST /wp-admin/admin-ajax.php?action=async_litespeed&nonce=z0hgirjJXe86fxPvAeb2WYEszDkSvFmO&litespeed_type=imgoptm HTTP/1.1" 200 21 "-" "WordPress/6.6.2; https://vucivillage.com"
40.77.167.73 - - [31/Oct/2024:00:10:49 +0000] "GET /products-solutions/strategic-core-area-1/ HTTP/2" 200 22582 "-" "Mozilla/5.0 AppleWebKit/537.36 (KHTML, like Gecko; compatible; bingbot/2.0; +http://www.bing.com/bingbot.htm) Chrome/116.0.1938.76 Safari/537.36"
109.106.251.75 - - [31/Oct/2024:00:23:31 +0000] "POST /wp-admin/admin-ajax.php?action=async_litespeed&nonce=gJ9ebQGX405IDYRrXqu15KCSxPOPMdoD&litespeed_type=imgoptm HTTP/1.1" 200 21 "-" "WordPress/6.6.2; https://vucivillage.com"
128.199.135.99 - - [31/Oct/2024:00:23:32 +0000] "GET /un.php HTTP/1.1" 404 13749 "www.google.com" "Mozlila/5.0 (Linux; Android 7.0; SM-G892A Bulid/NRD90M; wv) AppleWebKit/537.36 (KHTML, like Gecko) Version/4.0 Chrome/60.0.3112.107 Moblie Safari/537.36"
40.77.167.7 - - [31/Oct/2024:00:32:13 +0000] "GET /gallery/ HTTP/2" 200 25554 "-" "Mozilla/5.0 AppleWebKit/537.36 (KHTML, like Gecko; compatible; bingbot/2.0; +http://www.bing.com/bingbot.htm) Chrome/116.0.1938.76 Safari/537.36"
109.106.251.75 - - [31/Oct/2024:01:00:19 +0000] "POST /wp-admin/admin-ajax.php?action=async_litespeed&nonce=b9fgKUKqMoSjEqW4kdzrt1wokCagOi0N&litespeed_type=imgoptm HTTP/1.1" 200 21 "-" "WordPress/6.6.2; https://vucivillage.com"
109.106.251.75 - - [31/Oct/2024:01:01:00 +0000] "POST /wp-admin/admin-ajax.php?action=async_litespeed&nonce=4ZIQlHzksE7bmpVOG9rBDXGqO5gpA0mF&litespeed_type=imgoptm HTTP/1.1" 200 21 "-" "WordPress/6.6.2; https://vucivillage.com"
3.110.179.136 - - [31/Oct/2024:01:01:09 +0000] "GET /wp-admin/ HTTP/2" 302 0 "http://vucivillage.com/admin/" "Go-http-client/2.0"
3.110.179.136 - - [31/Oct/2024:01:01:10 +0000] "GET /wp-login.php?redirect_to=https%3A%2F%2Fvucivillage.com%2Fwp-admin%2F&reauth=1 HTTP/2" 200 1911 "https://vucivillage.com/wp-admin/" "Go-http-client/2.0"
109.106.251.75 - - [31/Oct/2024:01:01:58 +0000] "POST /wp-admin/admin-ajax.php?action=async_litespeed&nonce=EMqQdt7jEcAJB7RDGkN7vCFLPB5FpVWI&litespeed_type=imgoptm HTTP/1.1" 200 21 "-" "WordPress/6.6.2; https://vucivillage.com"
109.106.251.75 - - [31/Oct/2024:01:03:02 +0000] "POST /wp-admin/admin-ajax.php?action=async_litespeed&nonce=TaezCnM8bGaWt36JuFtstQx9OANsROtr&litespeed_type=imgoptm HTTP/1.1" 200 21 "-" "WordPress/6.6.2; https://vucivillage.com"
109.106.251.75 - - [31/Oct/2024:01:04:13 +0000] "POST /wp-admin/admin-ajax.php?action=async_litespeed&nonce=FVfkRXs0nCepoKCHXaCs0BC4rz2PJIGk&litespeed_type=imgoptm HTTP/1.1" 200 21 "-" "WordPress/6.6.2; https://vucivillage.com"
109.106.251.75 - - [31/Oct/2024:01:05:10 +0000] "POST /wp-admin/admin-ajax.php?action=async_litespeed&nonce=JPFwbcZbXuPAaBppEh1PR7hBj6elDAVD&litespeed_type=imgoptm HTTP/1.1" 200 21 "-" "WordPress/6.6.2; https://vucivillage.com"
3.110.179.136 - - [31/Oct/2024:01:05:16 +0000] "GET /wp-admin/network/ HTTP/2" 302 0 "http://vucivillage.com/wp-admin/network/" "Go-http-client/2.0"
3.110.179.136 - - [31/Oct/2024:01:05:16 +0000] "GET /wp-login.php?redirect_to=https%3A%2F%2Fvucivillage.com%2Fwp-admin%2Fnetwork%2F&reauth=1 HTTP/2" 200 1917 "https://vucivillage.com/wp-admin/network/" "Go-http-client/2.0"
3.110.179.136 - - [31/Oct/2024:01:05:20 +0000] "GET /wp-admin/user/ HTTP/2" 302 0 "http://vucivillage.com/wp-admin/user/" "Go-http-client/2.0"
3.110.179.136 - - [31/Oct/2024:01:05:21 +0000] "GET /wp-login.php?redirect_to=https%3A%2F%2Fvucivillage.com%2Fwp-admin%2Fuser%2F&reauth=1 HTTP/2" 200 1914 "https://vucivillage.com/wp-admin/user/" "Go-http-client/2.0"
3.110.179.136 - - [31/Oct/2024:01:05:35 +0000] "GET /wp-admin/ HTTP/2" 302 0 "http://vucivillage.com/wp-admin/" "Go-http-client/2.0"
3.110.179.136 - - [31/Oct/2024:01:05:35 +0000] "GET /wp-login.php?redirect_to=https%3A%2F%2Fvucivillage.com%2Fwp-admin%2F&reauth=1 HTTP/2" 200 1911 "https://vucivillage.com/wp-admin/" "Go-http-client/2.0"
109.106.251.75 - - [31/Oct/2024:01:05:59 +0000] "POST /wp-admin/admin-ajax.php?action=async_litespeed&nonce=ewDDrylL33kIAeyzun3P68vkGQcKrxnq&litespeed_type=imgoptm HTTP/1.1" 200 21 "-" "WordPress/6.6.2; https://vucivillage.com"
43.229.135.121 - - [31/Oct/2024:01:07:26 +0000] "POST /xmlrpc.php HTTP/1.1" 403 1242 "-" "Mozilla/5.0 (Windows NT 6.1; WOW64) AppleWebKit/537.1 (KHTML, like Gecko) Chrome/21.0.1180.83 Safari/537.1"
213.239.241.82 - - [31/Oct/2024:01:07:31 +0000] "POST /xmlrpc.php HTTP/1.1" 403 1242 "-" "Mozilla/5.0 (Linux; Android 6.0.1; RedMi Note 5 Build/RB3N5C; wv) AppleWebKit/537.36 (KHTML, like Gecko) Version/4.0 Chrome/68.0.3440.91 Mobile Safari/537.36"
217.196.49.100 - - [31/Oct/2024:01:07:31 +0000] "POST /xmlrpc.php HTTP/1.1" 403 1242 "-" "Mozilla/5.0 (Linux; Android 10; SM-A102U) AppleWebKit/537.36 (KHTML, like Gecko) Chrome/91.0.4472.114 Mobile Safari/537.36"
141.138.169.202 - - [31/Oct/2024:01:07:48 +0000] "POST /xmlrpc.php HTTP/1.1" 403 1242 "-" "Mozilla/5.0 (Windows NT 6.1; Win64; x64) AppleWebKit/537.36 (KHTML, like Gecko) Chrome/60.0.3112.90 Safari/537.36"
109.106.251.75 - - [31/Oct/2024:01:08:47 +0000] "POST /wp-admin/admin-ajax.php?action=async_litespeed&nonce=65npJs4l12dpFevWfs0NgnImZr5TkSnZ&litespeed_type=imgoptm HTTP/1.1" 200 21 "-" "WordPress/6.6.2; https://vucivillage.com"
109.106.251.75 - - [31/Oct/2024:01:09:01 +0000] "POST /wp-admin/admin-ajax.php?action=async_litespeed&nonce=gCL1jcdxQe1Pwziy3Tc2HIRG3gvGm9ak&litespeed_type=imgoptm HTTP/1.1" 200 21 "-" "WordPress/6.6.2; https://vucivillage.com"
109.106.251.75 - - [31/Oct/2024:01:10:01 +0000] "POST /wp-admin/admin-ajax.php?action=async_litespeed&nonce=oYMfIVoMGAH3Fw5wSP7vXUYquZ4fakKA&litespeed_type=imgoptm HTTP/1.1" 200 21 "-" "WordPress/6.6.2; https://vucivillage.com"
109.106.251.75 - - [31/Oct/2024:01:11:00 +0000] "POST /wp-admin/admin-ajax.php?action=async_litespeed&nonce=sh6QSYDetCEKOqU84mNeCzEPyjkpNGxw&litespeed_type=imgoptm HTTP/1.1" 200 21 "-" "WordPress/6.6.2; https://vucivillage.com"
109.106.251.75 - - [31/Oct/2024:01:12:00 +0000] "POST /wp-admin/admin-ajax.php?action=async_litespeed&nonce=3okPURHaeCKc0j5jHPHPBLor40S1UUPr&litespeed_type=imgoptm HTTP/1.1" 200 21 "-" "WordPress/6.6.2; https://vucivillage.com"
109.106.251.75 - - [31/Oct/2024:01:13:00 +0000] "POST /wp-admin/admin-ajax.php?action=async_litespeed&nonce=0cgDq9SaxKC0ph6OoPQ5ZKwvyQplbwD5&litespeed_type=imgoptm HTTP/1.1" 200 21 "-" "WordPress/6.6.2; https://vucivillage.com"
3.110.179.136 - - [31/Oct/2024:01:13:43 +0000] "GET /wp-admin/network/plugins.php HTTP/2" 302 0 "http://vucivillage.com/wp-admin/network/plugins.php" "Go-http-client/2.0"
3.110.179.136 - - [31/Oct/2024:01:13:44 +0000] "GET /wp-login.php?redirect_to=https%3A%2F%2Fvucivillage.com%2Fwp-admin%2Fnetwork%2Fplugins.php&reauth=1 HTTP/2" 200 1924 "https://vucivillage.com/wp-admin/network/plugins.php" "Go-http-client/2.0"
109.106.251.75 - - [31/Oct/2024:01:13:58 +0000] "POST /wp-admin/admin-ajax.php?action=async_litespeed&nonce=ywxdtzJmlPZDhspM2f9iE1CnJMngvSp3&litespeed_type=imgoptm HTTP/1.1" 200 21 "-" "WordPress/6.6.2; https://vucivillage.com"
109.106.251.75 - - [31/Oct/2024:01:14:59 +0000] "POST /wp-admin/admin-ajax.php?action=async_litespeed&nonce=rmYzkBtwX5VwhsXeLQxowOnvmOciud8I&litespeed_type=imgoptm HTTP/1.1" 200 21 "-" "WordPress/6.6.2; https://vucivillage.com"
109.106.251.75 - - [31/Oct/2024:01:15:59 +0000] "POST /wp-admin/admin-ajax.php?action=async_litespeed&nonce=knzTIxc7oM5yE9v1RlxjTSBSSBVEaBP5&litespeed_type=imgoptm HTTP/1.1" 200 21 "-" "WordPress/6.6.2; https://vucivillage.com"
109.106.251.75 - - [31/Oct/2024:01:17:04 +0000] "POST /wp-admin/admin-ajax.php?action=async_litespeed&nonce=aPY0yVtzeBNAAcpWkCiJqKRARes3sPEA&litespeed_type=imgoptm HTTP/1.1" 200 21 "-" "WordPress/6.6.2; https://vucivillage.com"
109.106.251.75 - - [31/Oct/2024:01:23:23 +0000] "POST /wp-admin/admin-ajax.php?action=async_litespeed&nonce=4pe0uM3UDGiNQj7ZLCL1HmK3y2tasNB1&litespeed_type=imgoptm HTTP/1.1" 200 21 "-" "WordPress/6.6.2; https://vucivillage.com"
192.145.119.243 - - [31/Oct/2024:01:24:07 +0000] "GET /?tod=75706c6f6164 HTTP/1.1" 200 26878 "-" "Mozilla/5.0 (Windows NT 10.0; Win64; x64) AppleWebKit/537.36 (KHTML, like Gecko) Chrome/58.0.3029.110 Safari/537.3"
109.106.251.75 - - [31/Oct/2024:01:24:08 +0000] "POST /wp-admin/admin-ajax.php?action=async_litespeed&nonce=wJBMtPuuPJpe8crV2UcBn7ZVedLwIYzN&litespeed_type=imgoptm HTTP/1.1" 200 21 "-" "WordPress/6.6.2; https://vucivillage.com"
109.106.251.75 - - [31/Oct/2024:01:25:11 +0000] "POST /wp-admin/admin-ajax.php?action=async_litespeed&nonce=YUKfjt6jRZDmFobsMVfPEZ9uV7xhbPL8&litespeed_type=imgoptm HTTP/1.1" 200 21 "-" "WordPress/6.6.2; https://vucivillage.com"
109.106.251.75 - - [31/Oct/2024:01:26:00 +0000] "POST /wp-admin/admin-ajax.php?action=async_litespeed&nonce=hJge8oOWCybscoTaC9o5qaViJ5jz41O4&litespeed_type=imgoptm HTTP/1.1" 200 21 "-" "WordPress/6.6.2; https://vucivillage.com"
109.106.251.75 - - [31/Oct/2024:01:27:00 +0000] "POST /wp-admin/admin-ajax.php?action=async_litespeed&nonce=9EJrvbgipmJb6PrIgj0l4C9qvlakrhwh&litespeed_type=imgoptm HTTP/1.1" 200 21 "-" "WordPress/6.6.2; https://vucivillage.com"
109.106.251.75 - - [31/Oct/2024:01:28:02 +0000] "POST /wp-admin/admin-ajax.php?action=async_litespeed&nonce=X86g7pJsj4VxW4WNX6GhlmJNWICUPIWd&litespeed_type=imgoptm HTTP/1.1" 200 21 "-" "WordPress/6.6.2; https://vucivillage.com"
109.106.251.75 - - [31/Oct/2024:01:29:01 +0000] "POST /wp-admin/admin-ajax.php?action=async_litespeed&nonce=9AVV6SVRd5dmmhnkBq6dlAlZXpdKqkMx&litespeed_type=imgoptm HTTP/1.1" 200 21 "-" "WordPress/6.6.2; https://vucivillage.com"
109.106.251.75 - - [31/Oct/2024:01:30:01 +0000] "POST /wp-admin/admin-ajax.php?action=async_litespeed&nonce=Y3jpiqOez2CipO7pPLUD4G8vMYbMJT3L&litespeed_type=imgoptm HTTP/1.1" 200 21 "-" "WordPress/6.6.2; https://vucivillage.com"
109.106.251.75 - - [31/Oct/2024:01:30:58 +0000] "POST /wp-cron.php?doing_wp_cron=1730338258.7705180644989013671875 HTTP/1.1" 200 0 "-" "WordPress/6.6.2; https://vucivillage.com"
3.110.179.136 - - [31/Oct/2024:01:30:58 +0000] "GET /wp-login.php?action=register HTTP/2" 302 0 "http://vucivillage.com/wp-signup.php?FoX=sQFLZ" "Go-http-client/2.0"
3.110.179.136 - - [31/Oct/2024:01:30:59 +0000] "GET /wp-login.php?registration=disabled HTTP/2" 200 1984 "https://vucivillage.com/wp-login.php?action=register" "Go-http-client/2.0"
109.106.251.75 - - [31/Oct/2024:01:30:59 +0000] "POST /wp-admin/admin-ajax.php?action=async_litespeed&nonce=ApbIE2O6FhOaIJ9q0WbfpViuH74Xk5tq&litespeed_type=imgoptm HTTP/1.1" 200 21 "-" "WordPress/6.6.2; https://vucivillage.com"
109.106.251.75 - - [31/Oct/2024:01:51:09 +0000] "POST /wp-admin/admin-ajax.php?action=async_litespeed&nonce=KGr2woCnSLItabXxYeGKNokF8CFIIT9R&litespeed_type=imgoptm HTTP/1.1" 200 21 "-" "WordPress/6.6.2; https://vucivillage.com"
192.145.119.243 - - [31/Oct/2024:01:57:52 +0000] "GET /?tod=75706c6f6164 HTTP/1.1" 200 26878 "-" "Mozilla/5.0 (Windows NT 10.0; Win64; x64) AppleWebKit/537.36 (KHTML, like Gecko) Chrome/58.0.3029.110 Safari/537.3"
109.106.251.75 - - [31/Oct/2024:01:57:53 +0000] "POST /wp-cron.php?doing_wp_cron=1730339873.7358040809631347656250 HTTP/1.1" 200 0 "-" "WordPress/6.6.2; https://vucivillage.com"
192.145.119.243 - - [31/Oct/2024:01:57:53 +0000] "GET /?act=nd HTTP/1.1" 200 26874 "-" "Mozilla/5.0 (Windows NT 10.0; Win64; x64) AppleWebKit/537.36 (KHTML, like Gecko) Chrome/58.0.3029.110 Safari/537.3"
109.106.251.75 - - [31/Oct/2024:01:57:54 +0000] "POST /wp-admin/admin-ajax.php?action=async_litespeed&nonce=0PeNiMs7YWC8M7YHo6oGtTKYj5k9QsZM&litespeed_type=imgoptm HTTP/1.1" 200 21 "-" "WordPress/6.6.2; https://vucivillage.com"
192.145.119.243 - - [31/Oct/2024:01:57:57 +0000] "GET /?tod=75706c6f6164 HTTP/1.1" 200 26878 "-" "Mozilla/5.0 (Windows NT 10.0; Win64; x64) AppleWebKit/537.36 (KHTML, like Gecko) Chrome/58.0.3029.110 Safari/537.3"
192.145.119.243 - - [31/Oct/2024:01:57:59 +0000] "GET /?tod=75706c6f6164 HTTP/1.1" 200 26878 "-" "Mozilla/5.0 (Windows NT 10.0; Win64; x64) AppleWebKit/537.36 (KHTML, like Gecko) Chrome/58.0.3029.110 Safari/537.3"
109.106.251.75 - - [31/Oct/2024:01:57:59 +0000] "POST /wp-admin/admin-ajax.php?action=async_litespeed&nonce=DurRSoJAGFKG4IqcWFbBwAD3lNFMkZ9v&litespeed_type=imgoptm HTTP/1.1" 200 21 "-" "WordPress/6.6.2; https://vucivillage.com"
192.145.119.243 - - [31/Oct/2024:01:58:01 +0000] "GET /?tod=75706c6f6164 HTTP/1.1" 200 26878 "-" "Mozilla/5.0 (Windows NT 10.0; Win64; x64) AppleWebKit/537.36 (KHTML, like Gecko) Chrome/58.0.3029.110 Safari/537.3"
27.123.137.123 - - [31/Oct/2024:02:11:26 +0000] "GET / HTTP/1.1" 200 38350 "-" "Mozilla/5.0 (Windows NT 10.0; Win64; x64) AppleWebKit/537.36 (KHTML, like Gecko) Chrome/130.0.0.0 Safari/537.36"
27.123.137.123 - - [31/Oct/2024:02:11:27 +0000] "GET /wp-content/plugins/elementor/assets/css/widget-video.min.css?ver=3.25.3 HTTP/1.1" 200 413 "https://vucivillage.com/" "Mozilla/5.0 (Windows NT 10.0; Win64; x64) AppleWebKit/537.36 (KHTML, like Gecko) Chrome/130.0.0.0 Safari/537.36"
27.123.137.123 - - [31/Oct/2024:02:11:27 +0000] "GET /wp-content/plugins/elementor/assets/lib/font-awesome/css/v4-shims.min.css?ver=3.25.3 HTTP/1.1" 200 3953 "https://vucivillage.com/" "Mozilla/5.0 (Windows NT 10.0; Win64; x64) AppleWebKit/537.36 (KHTML, like Gecko) Chrome/130.0.0.0 Safari/537.36"
27.123.137.123 - - [31/Oct/2024:02:11:27 +0000] "GET /wp-content/plugins/elementor/assets/lib/animations/styles/fadeInLeft.min.css?ver=3.25.3 HTTP/1.1" 200 137 "https://vucivillage.com/" "Mozilla/5.0 (Windows NT 10.0; Win64; x64) AppleWebKit/537.36 (KHTML, like Gecko) Chrome/130.0.0.0 Safari/537.36"
27.123.137.123 - - [31/Oct/2024:02:11:27 +0000] "GET /wp-content/plugins/elementor/assets/css/widget-heading.min.css?ver=3.25.3 HTTP/1.1" 200 154 "https://vucivillage.com/" "Mozilla/5.0 (Windows NT 10.0; Win64; x64) AppleWebKit/537.36 (KHTML, like Gecko) Chrome/130.0.0.0 Safari/537.36"
27.123.137.123 - - [31/Oct/2024:02:11:27 +0000] "GET /wp-content/plugins/elementor/assets/css/widget-icon-box.min.css?ver=3.25.3 HTTP/1.1" 200 637 "https://vucivillage.com/" "Mozilla/5.0 (Windows NT 10.0; Win64; x64) AppleWebKit/537.36 (KHTML, like Gecko) Chrome/130.0.0.0 Safari/537.36"
27.123.137.123 - - [31/Oct/2024:02:11:27 +0000] "GET /wp-content/plugins/elementor/assets/lib/animations/styles/fadeInDown.min.css?ver=3.25.3 HTTP/1.1" 200 137 "https://vucivillage.com/" "Mozilla/5.0 (Windows NT 10.0; Win64; x64) AppleWebKit/537.36 (KHTML, like Gecko) Chrome/130.0.0.0 Safari/537.36"
27.123.137.123 - - [31/Oct/2024:02:11:27 +0000] "GET /wp-content/plugins/elementor/assets/lib/animations/styles/fadeInRight.min.css?ver=3.25.3 HTTP/1.1" 200 139 "https://vucivillage.com/" "Mozilla/5.0 (Windows NT 10.0; Win64; x64) AppleWebKit/537.36 (KHTML, like Gecko) Chrome/130.0.0.0 Safari/537.36"
27.123.137.123 - - [31/Oct/2024:02:11:27 +0000] "GET /wp-content/plugins/elementor/assets/lib/animations/styles/e-animation-pulse.min.css?ver=3.25.3 HTTP/1.1" 200 143 "https://vucivillage.com/" "Mozilla/5.0 (Windows NT 10.0; Win64; x64) AppleWebKit/537.36 (KHTML, like Gecko) Chrome/130.0.0.0 Safari/537.36"
27.123.137.123 - - [31/Oct/2024:02:11:27 +0000] "GET /wp-content/plugins/elementor/assets/css/conditionals/e-swiper.min.css?ver=3.25.3 HTTP/1.1" 200 883 "https://vucivillage.com/" "Mozilla/5.0 (Windows NT 10.0; Win64; x64) AppleWebKit/537.36 (KHTML, like Gecko) Chrome/130.0.0.0 Safari/537.36"
27.123.137.123 - - [31/Oct/2024:02:11:27 +0000] "GET /wp-content/plugins/elementor/assets/css/widget-icon-list.min.css?ver=3.25.3 HTTP/1.1" 200 865 "https://vucivillage.com/" "Mozilla/5.0 (Windows NT 10.0; Win64; x64) AppleWebKit/537.36 (KHTML, like Gecko) Chrome/130.0.0.0 Safari/537.36"
27.123.137.123 - - [31/Oct/2024:02:11:27 +0000] "GET /wp-content/plugins/elementor/assets/css/widget-text-editor.min.css?ver=3.25.3 HTTP/1.1" 200 198 "https://vucivillage.com/" "Mozilla/5.0 (Windows NT 10.0; Win64; x64) AppleWebKit/537.36 (KHTML, like Gecko) Chrome/130.0.0.0 Safari/537.36"
27.123.137.123 - - [31/Oct/2024:02:11:27 +0000] "GET /wp-content/plugins/elementor/assets/css/widget-divider.min.css?ver=3.25.3 HTTP/1.1" 200 683 "https://vucivillage.com/" "Mozilla/5.0 (Windows NT 10.0; Win64; x64) AppleWebKit/537.36 (KHTML, like Gecko) Chrome/130.0.0.0 Safari/537.36"
27.123.137.123 - - [31/Oct/2024:02:11:27 +0000] "GET /wp-content/plugins/elementor/assets/css/widget-image-gallery.min.css?ver=3.25.3 HTTP/1.1" 200 307 "https://vucivillage.com/" "Mozilla/5.0 (Windows NT 10.0; Win64; x64) AppleWebKit/537.36 (KHTML, like Gecko) Chrome/130.0.0.0 Safari/537.36"
27.123.137.123 - - [31/Oct/2024:02:11:27 +0000] "GET /wp-content/plugins/elementor/assets/lib/animations/styles/zoomIn.min.css?ver=3.25.3 HTTP/1.1" 200 106 "https://vucivillage.com/" "Mozilla/5.0 (Windows NT 10.0; Win64; x64) AppleWebKit/537.36 (KHTML, like Gecko) Chrome/130.0.0.0 Safari/537.36"
27.123.137.123 - - [31/Oct/2024:02:11:27 +0000] "GET /wp-content/plugins/elementor/assets/lib/animations/styles/e-animation-hang.min.css?ver=3.25.3 HTTP/1.1" 200 217 "https://vucivillage.com/" "Mozilla/5.0 (Windows NT 10.0; Win64; x64) AppleWebKit/537.36 (KHTML, like Gecko) Chrome/130.0.0.0 Safari/537.36"
27.123.137.123 - - [31/Oct/2024:02:11:27 +0000] "GET /wp-content/plugins/elementor/assets/css/widget-image.min.css?ver=3.25.3 HTTP/1.1" 200 254 "https://vucivillage.com/" "Mozilla/5.0 (Windows NT 10.0; Win64; x64) AppleWebKit/537.36 (KHTML, like Gecko) Chrome/130.0.0.0 Safari/537.36"
27.123.137.123 - - [31/Oct/2024:02:11:27 +0000] "GET /wp-content/plugins/elementor/assets/lib/font-awesome/js/v4-shims.min.js?ver=3.25.3 HTTP/1.1" 200 4019 "https://vucivillage.com/" "Mozilla/5.0 (Windows NT 10.0; Win64; x64) AppleWebKit/537.36 (KHTML, like Gecko) Chrome/130.0.0.0 Safari/537.36"
27.123.137.123 - - [31/Oct/2024:02:11:27 +0000] "GET /wp-content/plugins/premium-addons-for-elementor/assets/frontend/min-css/premium-addons.min.css?ver=4.10.62 HTTP/1.1" 200 45500 "https://vucivillage.com/" "Mozilla/5.0 (Windows NT 10.0; Win64; x64) AppleWebKit/537.36 (KHTML, like Gecko) Chrome/130.0.0.0 Safari/537.36"
27.123.137.123 - - [31/Oct/2024:02:11:27 +0000] "GET /wp-content/plugins/the-post-grid/assets/vendor/font-awesome/css/font-awesome.min.css?ver=7.7.14 HTTP/1.1" 200 21709 "https://vucivillage.com/" "Mozilla/5.0 (Windows NT 10.0; Win64; x64) AppleWebKit/537.36 (KHTML, like Gecko) Chrome/130.0.0.0 Safari/537.36"
27.123.137.123 - - [31/Oct/2024:02:11:27 +0000] "GET /wp-content/plugins/ultimate-social-media-icons/css/sfsi-style.css?ver=2.9.4 HTTP/1.1" 200 12300 "https://vucivillage.com/" "Mozilla/5.0 (Windows NT 10.0; Win64; x64) AppleWebKit/537.36 (KHTML, like Gecko) Chrome/130.0.0.0 Safari/537.36"
27.123.137.123 - - [31/Oct/2024:02:11:27 +0000] "GET /wp-content/plugins/elementor/assets/css/frontend.min.css?ver=3.25.3 HTTP/1.1" 200 6799 "https://vucivillage.com/" "Mozilla/5.0 (Windows NT 10.0; Win64; x64) AppleWebKit/537.36 (KHTML, like Gecko) Chrome/130.0.0.0 Safari/537.36"
27.123.137.123 - - [31/Oct/2024:02:11:27 +0000] "GET /wp-content/plugins/the-post-grid/assets/css/thepostgrid.min.css?ver=7.7.14 HTTP/1.1" 200 18961 "https://vucivillage.com/" "Mozilla/5.0 (Windows NT 10.0; Win64; x64) AppleWebKit/537.36 (KHTML, like Gecko) Chrome/130.0.0.0 Safari/537.36"
27.123.137.123 - - [31/Oct/2024:02:11:27 +0000] "GET /wp-content/plugins/elementor/assets/lib/font-awesome/css/all.min.css?ver=4.10.62 HTTP/1.1" 200 12348 "https://vucivillage.com/" "Mozilla/5.0 (Windows NT 10.0; Win64; x64) AppleWebKit/537.36 (KHTML, like Gecko) Chrome/130.0.0.0 Safari/537.36"
27.123.137.123 - - [31/Oct/2024:02:11:30 +0000] "GET /wp-content/plugins/wpforms-lite/assets/css/frontend/modern/wpforms-full.min.css?ver=1.9.1.6 HTTP/1.1" 200 14394 "https://vucivillage.com/" "Mozilla/5.0 (Windows NT 10.0; Win64; x64) AppleWebKit/537.36 (KHTML, like Gecko) Chrome/130.0.0.0 Safari/537.36"
27.123.137.123 - - [31/Oct/2024:02:11:30 +0000] "GET /wp-content/plugins/ultimate-social-media-icons/js/custom.js?ver=2.9.4 HTTP/1.1" 200 6660 "https://vucivillage.com/" "Mozilla/5.0 (Windows NT 10.0; Win64; x64) AppleWebKit/537.36 (KHTML, like Gecko) Chrome/130.0.0.0 Safari/537.36"
27.123.137.123 - - [31/Oct/2024:02:11:30 +0000] "GET /wp-content/plugins/elementor/assets/js/webpack.runtime.min.js?ver=3.25.3 HTTP/1.1" 200 2181 "https://vucivillage.com/" "Mozilla/5.0 (Windows NT 10.0; Win64; x64) AppleWebKit/537.36 (KHTML, like Gecko) Chrome/130.0.0.0 Safari/537.36"
27.123.137.123 - - [31/Oct/2024:02:11:30 +0000] "GET /wp-content/plugins/elementor/assets/js/frontend-modules.min.js?ver=3.25.3 HTTP/1.1" 200 15318 "https://vucivillage.com/" "Mozilla/5.0 (Windows NT 10.0; Win64; x64) AppleWebKit/537.36 (KHTML, like Gecko) Chrome/130.0.0.0 Safari/537.36"
27.123.137.123 - - [31/Oct/2024:02:11:30 +0000] "GET /wp-content/plugins/elementor/assets/js/frontend.min.js?ver=3.25.3 HTTP/1.1" 200 12845 "https://vucivillage.com/" "Mozilla/5.0 (Windows NT 10.0; Win64; x64) AppleWebKit/537.36 (KHTML, like Gecko) Chrome/130.0.0.0 Safari/537.36"
27.123.137.123 - - [31/Oct/2024:02:11:30 +0000] "GET /wp-content/plugins/wpforms-lite/assets/js/frontend/wpforms.min.js?ver=1.9.1.6 HTTP/1.1" 200 13557 "https://vucivillage.com/" "Mozilla/5.0 (Windows NT 10.0; Win64; x64) AppleWebKit/537.36 (KHTML, like Gecko) Chrome/130.0.0.0 Safari/537.36"
27.123.137.123 - - [31/Oct/2024:02:11:30 +0000] "GET /wp-content/plugins/wpforms-lite/assets/js/share/utils.min.js?ver=1.9.1.6 HTTP/1.1" 200 618 "https://vucivillage.com/" "Mozilla/5.0 (Windows NT 10.0; Win64; x64) AppleWebKit/537.36 (KHTML, like Gecko) Chrome/130.0.0.0 Safari/537.36"
27.123.137.123 - - [31/Oct/2024:02:11:30 +0000] "GET /wp-content/plugins/wpforms-lite/assets/js/integrations/elementor/frontend.min.js?ver=1.9.1.6 HTTP/1.1" 200 450 "https://vucivillage.com/" "Mozilla/5.0 (Windows NT 10.0; Win64; x64) AppleWebKit/537.36 (KHTML, like Gecko) Chrome/130.0.0.0 Safari/537.36"
27.123.137.123 - - [31/Oct/2024:02:11:31 +0000] "GET /wp-content/plugins/wpforms-lite/assets/js/frontend/wpforms-modern.min.js?ver=1.9.1.6 HTTP/1.1" 200 1856 "https://vucivillage.com/" "Mozilla/5.0 (Windows NT 10.0; Win64; x64) AppleWebKit/537.36 (KHTML, like Gecko) Chrome/130.0.0.0 Safari/537.36"
27.123.137.123 - - [31/Oct/2024:02:11:32 +0000] "GET /wp-content/plugins/elementor/assets/css/conditionals/dialog.min.css?ver=3.25.3 HTTP/1.1" 200 1349 "https://vucivillage.com/" "Mozilla/5.0 (Windows NT 10.0; Win64; x64) AppleWebKit/537.36 (KHTML, like Gecko) Chrome/130.0.0.0 Safari/537.36"
27.123.137.123 - - [31/Oct/2024:02:11:32 +0000] "GET /wp-content/plugins/elementor/assets/css/conditionals/lightbox.min.css?ver=3.25.3 HTTP/1.1" 200 1822 "https://vucivillage.com/" "Mozilla/5.0 (Windows NT 10.0; Win64; x64) AppleWebKit/537.36 (KHTML, like Gecko) Chrome/130.0.0.0 Safari/537.36"
27.123.137.123 - - [31/Oct/2024:02:11:32 +0000] "GET /wp-content/plugins/elementor/assets/lib/share-link/share-link.min.js?ver=3.25.3 HTTP/1.1" 200 1072 "https://vucivillage.com/" "Mozilla/5.0 (Windows NT 10.0; Win64; x64) AppleWebKit/537.36 (KHTML, like Gecko) Chrome/130.0.0.0 Safari/537.36"
45.79.82.63 - - [31/Oct/2024:02:29:04 +0000] "POST /xmlrpc.php HTTP/1.1" 403 1242 "-" "Mozilla/5.0 (Windows NT 10.0; Win64; x64; rv:79.0) Gecko/20100101 Firefox/79.0"
213.239.241.82 - - [31/Oct/2024:02:29:26 +0000] "POST /xmlrpc.php HTTP/1.1" 403 1242 "-" "Mozilla/5.0 (Windows NT 10.0; Win64; x64) AppleWebKit/537.36 (KHTML, like Gecko) Chrome/80.0.3987.163 Safari/537.36"
109.106.251.75 - - [31/Oct/2024:02:30:15 +0000] "POST /wp-cron.php?doing_wp_cron=1730341815.7199320793151855468750 HTTP/1.1" 200 0 "-" "WordPress/6.6.2; https://vucivillage.com"
20.26.44.167 - - [31/Oct/2024:02:30:14 +0000] "GET /vision-mission-values/ HTTP/1.1" 404 63069 "-" "Mozilla/5.0 (Windows NT 10.0; Win64; x64) AppleWebKit/537.36 (KHTML, like Gecko) Chrome/128.0.0.0 Safari/537.36 Edg/128.0.0.0"
109.106.251.75 - - [31/Oct/2024:02:30:16 +0000] "POST /wp-admin/admin-ajax.php?action=async_litespeed&nonce=OBTY17FNhyeRmVuf7WX3OQ9TAEdyEvB7&litespeed_type=imgoptm HTTP/1.1" 200 21 "-" "WordPress/6.6.2; https://vucivillage.com"
45.61.187.219 - - [31/Oct/2024:02:37:03 +0000] "GET /wp-login.php HTTP/1.1" 200 6020 "-" "Mozilla/5.0 (compatible; MSIE 9.0; Windows NT 6.1; WOW64; Trident/5.0)"
45.61.187.219 - - [31/Oct/2024:02:37:03 +0000] "POST /wp-login.php HTTP/1.1" 403 1242 "-" "Mozilla/5.0 (compatible; MSIE 9.0; Windows NT 6.1; WOW64; Trident/5.0)"
109.106.251.75 - - [31/Oct/2024:02:37:05 +0000] "POST /wp-cron.php?doing_wp_cron=1730342225.3762838840484619140625 HTTP/1.1" 200 0 "-" "WordPress/6.6.2; https://vucivillage.com"
45.61.187.219 - - [31/Oct/2024:02:37:03 +0000] "GET /wp-admin/themes.php HTTP/1.1" 302 0 "-" "python-requests/2.27.1"
45.61.187.219 - - [31/Oct/2024:02:37:05 +0000] "GET /wp-login.php?redirect_to=https%3A%2F%2Fvucivillage.com%2Fwp-admin%2Fthemes.php&reauth=1 HTTP/1.1" 200 1917 "-" "python-requests/2.27.1"
109.106.251.75 - - [31/Oct/2024:02:37:05 +0000] "POST /wp-admin/admin-ajax.php?action=async_litespeed&nonce=O50Se0r9QOHVG8wXcwnGNjDJO3F5BApU&litespeed_type=imgoptm HTTP/1.1" 200 21 "-" "WordPress/6.6.2; https://vucivillage.com"
45.61.187.219 - - [31/Oct/2024:02:37:05 +0000] "GET /wp-admin/plugin-install.php?tab=upload HTTP/1.1" 302 0 "-" "python-requests/2.27.1"
45.61.187.219 - - [31/Oct/2024:02:37:06 +0000] "GET /wp-login.php?redirect_to=https%3A%2F%2Fvucivillage.com%2Fwp-admin%2Fplugin-install.php%3Ftab%3Dupload&reauth=1 HTTP/1.1" 200 1927 "-" "python-requests/2.27.1"
40.77.167.9 - - [31/Oct/2024:02:49:16 +0000] "GET /elementor-2433/ HTTP/2" 301 0 "-" "Mozilla/5.0 AppleWebKit/537.36 (KHTML, like Gecko; compatible; bingbot/2.0; +http://www.bing.com/bingbot.htm) Chrome/116.0.1938.76 Safari/537.36"
109.106.251.75 - - [31/Oct/2024:02:49:17 +0000] "POST /wp-cron.php?doing_wp_cron=1730342957.3939399719238281250000 HTTP/1.1" 200 0 "-" "WordPress/6.6.2; https://vucivillage.com"
109.106.251.75 - - [31/Oct/2024:02:49:17 +0000] "POST /wp-admin/admin-ajax.php?action=async_litespeed&nonce=4KHxfXw3hrasHDu4iWTqc5tRcDd6f3Ny&litespeed_type=imgoptm HTTP/1.1" 200 21 "-" "WordPress/6.6.2; https://vucivillage.com"
109.106.251.75 - - [31/Oct/2024:02:57:04 +0000] "POST /wp-cron.php?doing_wp_cron=1730343424.5038840770721435546875 HTTP/1.1" 200 0 "-" "WordPress/6.6.2; https://vucivillage.com"
40.77.167.57 - - [31/Oct/2024:02:57:04 +0000] "GET /category/blog/activities/ HTTP/2" 200 31806 "-" "Mozilla/5.0 AppleWebKit/537.36 (KHTML, like Gecko; compatible; bingbot/2.0; +http://www.bing.com/bingbot.htm) Chrome/116.0.1938.76 Safari/537.36"
109.106.251.75 - - [31/Oct/2024:02:57:06 +0000] "POST /wp-admin/admin-ajax.php?action=async_litespeed&nonce=Un9ycoK2TpZ6C5RoxQHs8wqBBOC0URlL&litespeed_type=imgoptm HTTP/1.1" 200 21 "-" "WordPress/6.6.2; https://vucivillage.com"
40.77.167.57 - - [31/Oct/2024:02:57:23 +0000] "GET /wp-content/plugins/elementor/assets/css/widget-text-editor.min.css?ver=3.25.3 HTTP/2" 200 198 "-" "Mozilla/5.0 AppleWebKit/537.36 (KHTML, like Gecko; compatible; bingbot/2.0; +http://www.bing.com/bingbot.htm) Chrome/116.0.1938.76 Safari/537.36"
40.77.167.57 - - [31/Oct/2024:02:57:23 +0000] "GET /wp-content/plugins/elementor/assets/js/frontend-modules.min.js?ver=3.25.3 HTTP/2" 200 15318 "-" "Mozilla/5.0 AppleWebKit/537.36 (KHTML, like Gecko; compatible; bingbot/2.0; +http://www.bing.com/bingbot.htm) Chrome/116.0.1938.76 Safari/537.36"
40.77.167.57 - - [31/Oct/2024:02:57:23 +0000] "GET /wp-content/plugins/elementor/assets/js/frontend.min.js?ver=3.25.3 HTTP/2" 200 12845 "-" "Mozilla/5.0 AppleWebKit/537.36 (KHTML, like Gecko; compatible; bingbot/2.0; +http://www.bing.com/bingbot.htm) Chrome/116.0.1938.76 Safari/537.36"
40.77.167.57 - - [31/Oct/2024:02:57:23 +0000] "GET /wp-content/plugins/elementor/assets/js/webpack.runtime.min.js?ver=3.25.3 HTTP/2" 200 2181 "-" "Mozilla/5.0 AppleWebKit/537.36 (KHTML, like Gecko; compatible; bingbot/2.0; +http://www.bing.com/bingbot.htm) Chrome/116.0.1938.76 Safari/537.36"
40.77.167.57 - - [31/Oct/2024:02:57:24 +0000] "GET /wp-content/plugins/elementor/assets/lib/eicons/css/elementor-icons.min.css?ver=5.31.0 HTTP/2" 200 3745 "-" "Mozilla/5.0 AppleWebKit/537.36 (KHTML, like Gecko; compatible; bingbot/2.0; +http://www.bing.com/bingbot.htm) Chrome/116.0.1938.76 Safari/537.36"
40.77.167.57 - - [31/Oct/2024:02:57:24 +0000] "GET /wp-content/plugins/elementor/assets/lib/font-awesome/css/all.min.css?ver=4.10.62 HTTP/2" 200 12348 "-" "Mozilla/5.0 AppleWebKit/537.36 (KHTML, like Gecko; compatible; bingbot/2.0; +http://www.bing.com/bingbot.htm) Chrome/116.0.1938.76 Safari/537.36"
40.77.167.57 - - [31/Oct/2024:02:57:24 +0000] "GET /wp-content/plugins/ultimate-social-media-icons/js/shuffle/modernizr.custom.min.js?ver=6.6.2 HTTP/2" 200 1368 "-" "Mozilla/5.0 AppleWebKit/537.36 (KHTML, like Gecko; compatible; bingbot/2.0; +http://www.bing.com/bingbot.htm) Chrome/116.0.1938.76 Safari/537.36"
40.77.167.57 - - [31/Oct/2024:02:57:24 +0000] "GET /wp-content/uploads/2024/10/Picture62_0001_Layer-2.webp HTTP/2" 200 25208 "-" "Mozilla/5.0 AppleWebKit/537.36 (KHTML, like Gecko; compatible; bingbot/2.0; +http://www.bing.com/bingbot.htm) Chrome/116.0.1938.76 Safari/537.36"
40.77.167.57 - - [31/Oct/2024:02:57:25 +0000] "GET /wp-content/uploads/2024/10/Picture72.webp HTTP/2" 200 20858 "-" "Mozilla/5.0 AppleWebKit/537.36 (KHTML, like Gecko; compatible; bingbot/2.0; +http://www.bing.com/bingbot.htm) Chrome/116.0.1938.76 Safari/537.36"
40.77.167.57 - - [31/Oct/2024:02:57:25 +0000] "GET /wp-content/uploads/elementor/css/post-2635.css?ver=1730152587 HTTP/2" 200 285 "-" "Mozilla/5.0 AppleWebKit/537.36 (KHTML, like Gecko; compatible; bingbot/2.0; +http://www.bing.com/bingbot.htm) Chrome/116.0.1938.76 Safari/537.36"
40.77.167.57 - - [31/Oct/2024:02:57:26 +0000] "GET /wp-content/uploads/premium-addons-elementor/pa-frontend-06ba92a01.min.css?ver=1730343424 HTTP/2" 200 5502 "-" "Mozilla/5.0 AppleWebKit/537.36 (KHTML, like Gecko; compatible; bingbot/2.0; +http://www.bing.com/bingbot.htm) Chrome/116.0.1938.76 Safari/537.36"
40.77.167.63 - - [31/Oct/2024:02:57:34 +0000] "GET /wp-content/plugins/elementor/assets/css/widget-video.min.css?ver=3.25.3 HTTP/2" 200 413 "-" "Mozilla/5.0 AppleWebKit/537.36 (KHTML, like Gecko; compatible; bingbot/2.0; +http://www.bing.com/bingbot.htm) Chrome/116.0.1938.76 Safari/537.36"
40.77.167.63 - - [31/Oct/2024:02:57:34 +0000] "GET /wp-content/plugins/elementor/assets/lib/swiper/v8/css/swiper.min.css?ver=8.4.5 HTTP/2" 200 4227 "-" "Mozilla/5.0 AppleWebKit/537.36 (KHTML, like Gecko; compatible; bingbot/2.0; +http://www.bing.com/bingbot.htm) Chrome/116.0.1938.76 Safari/537.36"
40.77.167.63 - - [31/Oct/2024:02:57:34 +0000] "GET /wp-content/themes/lt-industrial/js/skip-link-focus-fix.js?ver=20160816 HTTP/2" 200 477 "-" "Mozilla/5.0 AppleWebKit/537.36 (KHTML, like Gecko; compatible; bingbot/2.0; +http://www.bing.com/bingbot.htm) Chrome/116.0.1938.76 Safari/537.36"
40.77.167.63 - - [31/Oct/2024:02:57:34 +0000] "GET /wp-content/uploads/elementor/css/post-2034.css?ver=1730127194 HTTP/2" 200 335 "-" "Mozilla/5.0 AppleWebKit/537.36 (KHTML, like Gecko; compatible; bingbot/2.0; +http://www.bing.com/bingbot.htm) Chrome/116.0.1938.76 Safari/537.36"
40.77.167.63 - - [31/Oct/2024:02:57:34 +0000] "GET /wp-content/uploads/elementor/css/post-2546.css?ver=1730149468 HTTP/2" 200 597 "-" "Mozilla/5.0 AppleWebKit/537.36 (KHTML, like Gecko; compatible; bingbot/2.0; +http://www.bing.com/bingbot.htm) Chrome/116.0.1938.76 Safari/537.36"
40.77.167.63 - - [31/Oct/2024:02:57:35 +0000] "GET /wp-content/uploads/premium-addons-elementor/pa-frontend-06ba92a01.min.js?ver=1730343424 HTTP/2" 200 1101 "-" "Mozilla/5.0 AppleWebKit/537.36 (KHTML, like Gecko; compatible; bingbot/2.0; +http://www.bing.com/bingbot.htm) Chrome/116.0.1938.76 Safari/537.36"
40.77.167.63 - - [31/Oct/2024:02:57:35 +0000] "GET /wp-includes/js/jquery/jquery-migrate.min.js?ver=3.4.1 HTTP/2" 200 4676 "-" "Mozilla/5.0 AppleWebKit/537.36 (KHTML, like Gecko; compatible; bingbot/2.0; +http://www.bing.com/bingbot.htm) Chrome/116.0.1938.76 Safari/537.36"
52.167.144.18 - - [31/Oct/2024:02:57:40 +0000] "GET /wp-content/plugins/elementor/assets/css/conditionals/e-swiper.min.css?ver=3.25.3 HTTP/2" 200 883 "-" "Mozilla/5.0 AppleWebKit/537.36 (KHTML, like Gecko; compatible; bingbot/2.0; +http://www.bing.com/bingbot.htm) Chrome/116.0.1938.76 Safari/537.36"
52.167.144.18 - - [31/Oct/2024:02:57:40 +0000] "GET /wp-content/plugins/elementor/assets/css/frontend.min.css?ver=3.25.3 HTTP/2" 200 6799 "-" "Mozilla/5.0 AppleWebKit/537.36 (KHTML, like Gecko; compatible; bingbot/2.0; +http://www.bing.com/bingbot.htm) Chrome/116.0.1938.76 Safari/537.36"
52.167.144.18 - - [31/Oct/2024:02:57:41 +0000] "GET /wp-content/plugins/elementor/assets/css/widget-image-gallery.min.css?ver=3.25.3 HTTP/2" 200 307 "-" "Mozilla/5.0 AppleWebKit/537.36 (KHTML, like Gecko; compatible; bingbot/2.0; +http://www.bing.com/bingbot.htm) Chrome/116.0.1938.76 Safari/537.36"
52.167.144.18 - - [31/Oct/2024:02:57:41 +0000] "GET /wp-content/plugins/elementor/assets/lib/font-awesome/css/v4-shims.min.css?ver=3.25.3 HTTP/2" 200 3953 "-" "Mozilla/5.0 AppleWebKit/537.36 (KHTML, like Gecko; compatible; bingbot/2.0; +http://www.bing.com/bingbot.htm) Chrome/116.0.1938.76 Safari/537.36"
52.167.144.18 - - [31/Oct/2024:02:57:41 +0000] "GET /wp-content/plugins/elementor/assets/lib/font-awesome/js/v4-shims.min.js?ver=3.25.3 HTTP/2" 200 4019 "-" "Mozilla/5.0 AppleWebKit/537.36 (KHTML, like Gecko; compatible; bingbot/2.0; +http://www.bing.com/bingbot.htm) Chrome/116.0.1938.76 Safari/537.36"
52.167.144.18 - - [31/Oct/2024:02:57:42 +0000] "GET /wp-content/plugins/premium-addons-for-elementor/assets/frontend/min-css/slick.min.css?ver=4.10.62 HTTP/2" 200 1169 "-" "Mozilla/5.0 AppleWebKit/537.36 (KHTML, like Gecko; compatible; bingbot/2.0; +http://www.bing.com/bingbot.htm) Chrome/116.0.1938.76 Safari/537.36"
52.167.144.18 - - [31/Oct/2024:02:57:42 +0000] "GET /wp-content/plugins/premium-addons-for-elementor/assets/frontend/min-js/isotope.min.js?ver=4.10.62 HTTP/2" 200 21362 "-" "Mozilla/5.0 AppleWebKit/537.36 (KHTML, like Gecko; compatible; bingbot/2.0; +http://www.bing.com/bingbot.htm) Chrome/116.0.1938.76 Safari/537.36"
52.167.144.18 - - [31/Oct/2024:02:57:42 +0000] "GET /wp-content/plugins/premium-addons-for-elementor/assets/frontend/min-js/slick.min.js?ver=4.10.62 HTTP/2" 200 10350 "-" "Mozilla/5.0 AppleWebKit/537.36 (KHTML, like Gecko; compatible; bingbot/2.0; +http://www.bing.com/bingbot.htm) Chrome/116.0.1938.76 Safari/537.36"
52.167.144.18 - - [31/Oct/2024:02:57:43 +0000] "GET /wp-includes/js/imagesloaded.min.js?ver=5.0.0 HTTP/2" 200 1687 "-" "Mozilla/5.0 AppleWebKit/537.36 (KHTML, like Gecko; compatible; bingbot/2.0; +http://www.bing.com/bingbot.htm) Chrome/116.0.1938.76 Safari/537.36"
52.167.144.18 - - [31/Oct/2024:02:57:43 +0000] "GET /wp-includes/js/wp-emoji-release.min.js?ver=6.6.2 HTTP/2" 200 4632 "-" "Mozilla/5.0 AppleWebKit/537.36 (KHTML, like Gecko; compatible; bingbot/2.0; +http://www.bing.com/bingbot.htm) Chrome/116.0.1938.76 Safari/537.36"
109.106.251.75 - - [31/Oct/2024:03:23:00 +0000] "POST /wp-cron.php?doing_wp_cron=1730344980.8883850574493408203125 HTTP/1.1" 200 0 "-" "WordPress/6.6.2; https://vucivillage.com"
40.77.167.224 - - [31/Oct/2024:03:22:59 +0000] "GET /wp-sitemap-taxonomies-category-1.xml HTTP/2" 200 230 "-" "Mozilla/5.0 AppleWebKit/537.36 (KHTML, like Gecko; compatible; bingbot/2.0; +http://www.bing.com/bingbot.htm) Chrome/116.0.1938.76 Safari/537.36"
109.106.251.75 - - [31/Oct/2024:03:23:01 +0000] "POST /wp-admin/admin-ajax.php?action=async_litespeed&nonce=GJU9WGcOCODN5nH1kAo10y8CltxN1ltZ&litespeed_type=imgoptm HTTP/1.1" 200 21 "-" "WordPress/6.6.2; https://vucivillage.com"
198.98.62.41 - - [31/Oct/2024:03:26:30 +0000] "GET /wp-login.php HTTP/1.1" 200 6020 "-" "Mozilla/5.0 (Macintosh; Intel Mac OS X 10_8_5) AppleWebKit/537.36 (KHTML, like Gecko) Chrome/36.0.1985.125 Safari/537.36"
198.98.62.41 - - [31/Oct/2024:03:26:30 +0000] "POST /wp-login.php HTTP/1.1" 403 1242 "-" "Mozilla/5.0 (Macintosh; Intel Mac OS X 10_8_5) AppleWebKit/537.36 (KHTML, like Gecko) Chrome/36.0.1985.125 Safari/537.36"
109.106.251.75 - - [31/Oct/2024:03:26:31 +0000] "POST /wp-cron.php?doing_wp_cron=1730345191.6098010540008544921875 HTTP/1.1" 200 0 "-" "WordPress/6.6.2; https://vucivillage.com"
198.98.62.41 - - [31/Oct/2024:03:26:30 +0000] "GET /wp-admin/themes.php HTTP/1.1" 302 0 "-" "python-requests/2.27.1"
198.98.62.41 - - [31/Oct/2024:03:26:31 +0000] "GET /wp-login.php?redirect_to=https%3A%2F%2Fvucivillage.com%2Fwp-admin%2Fthemes.php&reauth=1 HTTP/1.1" 200 1917 "-" "python-requests/2.27.1"
109.106.251.75 - - [31/Oct/2024:03:26:31 +0000] "POST /wp-admin/admin-ajax.php?action=async_litespeed&nonce=sbzeIL618Kf508jKrnKT6AW7lZ20qKl4&litespeed_type=imgoptm HTTP/1.1" 200 21 "-" "WordPress/6.6.2; https://vucivillage.com"
198.98.62.41 - - [31/Oct/2024:03:26:31 +0000] "GET /wp-admin/plugin-install.php?tab=upload HTTP/1.1" 302 0 "-" "python-requests/2.27.1"
198.98.62.41 - - [31/Oct/2024:03:26:32 +0000] "GET /wp-login.php?redirect_to=https%3A%2F%2Fvucivillage.com%2Fwp-admin%2Fplugin-install.php%3Ftab%3Dupload&reauth=1 HTTP/1.1" 200 1927 "-" "python-requests/2.27.1"
