210.7.29.154 - - [31/Oct/2024:09:36:15 +0000] "GET /wp-content/plugins/wordpress-popular-posts/assets/css/wpp.css?ver=7.1.0 HTTP/1.1" 200 517 "https://vucivillage.com/" "Mozilla/5.0 (Linux; Android 10; K) AppleWebKit/537.36 (KHTML, like Gecko) Chrome/130.0.0.0 Mobile Safari/537.36"
210.7.29.154 - - [31/Oct/2024:09:36:15 +0000] "GET /wp-content/plugins/elementor/assets/css/widget-heading.min.css?ver=3.25.3 HTTP/1.1" 200 154 "https://vucivillage.com/" "Mozilla/5.0 (Linux; Android 10; K) AppleWebKit/537.36 (KHTML, like Gecko) Chrome/130.0.0.0 Mobile Safari/537.36"
210.7.29.154 - - [31/Oct/2024:09:36:15 +0000] "GET /wp-content/plugins/elementor/assets/css/widget-icon-list.min.css?ver=3.25.3 HTTP/1.1" 200 865 "https://vucivillage.com/" "Mozilla/5.0 (Linux; Android 10; K) AppleWebKit/537.36 (KHTML, like Gecko) Chrome/130.0.0.0 Mobile Safari/537.36"
210.7.29.154 - - [31/Oct/2024:09:36:15 +0000] "GET /wp-content/themes/lt-industrial/css/custom-layout.css?ver=20160816 HTTP/1.1" 200 985 "https://vucivillage.com/" "Mozilla/5.0 (Linux; Android 10; K) AppleWebKit/537.36 (KHTML, like Gecko) Chrome/130.0.0.0 Mobile Safari/537.36"
210.7.29.154 - - [31/Oct/2024:09:36:15 +0000] "GET /wp-content/plugins/elementor/assets/lib/animations/styles/fadeInLeft.min.css?ver=3.25.3 HTTP/1.1" 200 137 "https://vucivillage.com/" "Mozilla/5.0 (Linux; Android 10; K) AppleWebKit/537.36 (KHTML, like Gecko) Chrome/130.0.0.0 Mobile Safari/537.36"
210.7.29.154 - - [31/Oct/2024:09:36:15 +0000] "GET /wp-content/plugins/elementor/assets/lib/animations/styles/e-animation-pulse.min.css?ver=3.25.3 HTTP/1.1" 200 143 "https://vucivillage.com/" "Mozilla/5.0 (Linux; Android 10; K) AppleWebKit/537.36 (KHTML, like Gecko) Chrome/130.0.0.0 Mobile Safari/537.36"
210.7.29.154 - - [31/Oct/2024:09:36:15 +0000] "GET /wp-content/plugins/wp-live-chat-support/public/css/wplc-plugin-public.css?ver=10.0.14 HTTP/1.1" 200 98 "https://vucivillage.com/" "Mozilla/5.0 (Linux; Android 10; K) AppleWebKit/537.36 (KHTML, like Gecko) Chrome/130.0.0.0 Mobile Safari/537.36"
210.7.29.154 - - [31/Oct/2024:09:36:15 +0000] "GET /wp-content/plugins/elementor/assets/lib/animations/styles/fadeInDown.min.css?ver=3.25.3 HTTP/1.1" 200 137 "https://vucivillage.com/" "Mozilla/5.0 (Linux; Android 10; K) AppleWebKit/537.36 (KHTML, like Gecko) Chrome/130.0.0.0 Mobile Safari/537.36"
210.7.29.154 - - [31/Oct/2024:09:36:15 +0000] "GET /wp-content/plugins/elementor/assets/lib/font-awesome/css/solid.min.css?ver=5.15.3 HTTP/1.1" 200 286 "https://vucivillage.com/" "Mozilla/5.0 (Linux; Android 10; K) AppleWebKit/537.36 (KHTML, like Gecko) Chrome/130.0.0.0 Mobile Safari/537.36"
210.7.29.154 - - [31/Oct/2024:09:36:15 +0000] "GET /wp-content/plugins/elementor/assets/css/widget-image.min.css?ver=3.25.3 HTTP/1.1" 200 254 "https://vucivillage.com/" "Mozilla/5.0 (Linux; Android 10; K) AppleWebKit/537.36 (KHTML, like Gecko) Chrome/130.0.0.0 Mobile Safari/537.36"
210.7.29.154 - - [31/Oct/2024:09:36:15 +0000] "GET /wp-content/uploads/elementor/css/post-2034.css?ver=1730127194 HTTP/1.1" 200 335 "https://vucivillage.com/" "Mozilla/5.0 (Linux; Android 10; K) AppleWebKit/537.36 (KHTML, like Gecko) Chrome/130.0.0.0 Mobile Safari/537.36"
210.7.29.154 - - [31/Oct/2024:09:36:15 +0000] "GET /wp-content/plugins/elementor/assets/css/widget-text-editor.min.css?ver=3.25.3 HTTP/1.1" 200 198 "https://vucivillage.com/" "Mozilla/5.0 (Linux; Android 10; K) AppleWebKit/537.36 (KHTML, like Gecko) Chrome/130.0.0.0 Mobile Safari/537.36"
210.7.29.154 - - [31/Oct/2024:09:36:15 +0000] "GET /wp-content/plugins/elementor/assets/lib/animations/styles/fadeInRight.min.css?ver=3.25.3 HTTP/1.1" 200 139 "https://vucivillage.com/" "Mozilla/5.0 (Linux; Android 10; K) AppleWebKit/537.36 (KHTML, like Gecko) Chrome/130.0.0.0 Mobile Safari/537.36"
210.7.29.154 - - [31/Oct/2024:09:36:15 +0000] "GET /wp-content/plugins/elementor/assets/css/widget-icon-box.min.css?ver=3.25.3 HTTP/1.1" 200 637 "https://vucivillage.com/" "Mozilla/5.0 (Linux; Android 10; K) AppleWebKit/537.36 (KHTML, like Gecko) Chrome/130.0.0.0 Mobile Safari/537.36"
210.7.29.154 - - [31/Oct/2024:09:36:15 +0000] "GET /wp-content/plugins/elementor/assets/css/widget-video.min.css?ver=3.25.3 HTTP/1.1" 200 413 "https://vucivillage.com/" "Mozilla/5.0 (Linux; Android 10; K) AppleWebKit/537.36 (KHTML, like Gecko) Chrome/130.0.0.0 Mobile Safari/537.36"
210.7.29.154 - - [31/Oct/2024:09:36:15 +0000] "GET /wp-content/plugins/elementor/assets/css/widget-divider.min.css?ver=3.25.3 HTTP/1.1" 200 683 "https://vucivillage.com/" "Mozilla/5.0 (Linux; Android 10; K) AppleWebKit/537.36 (KHTML, like Gecko) Chrome/130.0.0.0 Mobile Safari/537.36"
210.7.29.154 - - [31/Oct/2024:09:36:15 +0000] "GET /wp-content/plugins/elementor/assets/lib/animations/styles/zoomIn.min.css?ver=3.25.3 HTTP/1.1" 200 106 "https://vucivillage.com/" "Mozilla/5.0 (Linux; Android 10; K) AppleWebKit/537.36 (KHTML, like Gecko) Chrome/130.0.0.0 Mobile Safari/537.36"
210.7.29.154 - - [31/Oct/2024:09:36:15 +0000] "GET /wp-content/plugins/elementor/assets/lib/animations/styles/e-animation-hang.min.css?ver=3.25.3 HTTP/1.1" 200 217 "https://vucivillage.com/" "Mozilla/5.0 (Linux; Android 10; K) AppleWebKit/537.36 (KHTML, like Gecko) Chrome/130.0.0.0 Mobile Safari/537.36"
210.7.29.154 - - [31/Oct/2024:09:36:15 +0000] "GET /wp-content/plugins/elementor/assets/css/widget-image-gallery.min.css?ver=3.25.3 HTTP/1.1" 200 307 "https://vucivillage.com/" "Mozilla/5.0 (Linux; Android 10; K) AppleWebKit/537.36 (KHTML, like Gecko) Chrome/130.0.0.0 Mobile Safari/537.36"
210.7.29.154 - - [31/Oct/2024:09:36:15 +0000] "GET /wp-content/plugins/premium-addons-for-elementor/assets/frontend/min-css/premium-addons.min.css?ver=4.10.62 HTTP/1.1" 200 45500 "https://vucivillage.com/" "Mozilla/5.0 (Linux; Android 10; K) AppleWebKit/537.36 (KHTML, like Gecko) Chrome/130.0.0.0 Mobile Safari/537.36"
210.7.29.154 - - [31/Oct/2024:09:36:15 +0000] "GET /wp-content/plugins/the-post-grid/assets/vendor/font-awesome/css/font-awesome.min.css?ver=7.7.14 HTTP/1.1" 200 21709 "https://vucivillage.com/" "Mozilla/5.0 (Linux; Android 10; K) AppleWebKit/537.36 (KHTML, like Gecko) Chrome/130.0.0.0 Mobile Safari/537.36"
210.7.29.154 - - [31/Oct/2024:09:36:15 +0000] "GET /wp-content/plugins/the-post-grid/assets/css/thepostgrid.min.css?ver=7.7.14 HTTP/1.1" 200 18961 "https://vucivillage.com/" "Mozilla/5.0 (Linux; Android 10; K) AppleWebKit/537.36 (KHTML, like Gecko) Chrome/130.0.0.0 Mobile Safari/537.36"
210.7.29.154 - - [31/Oct/2024:09:36:15 +0000] "GET /wp-content/plugins/ultimate-social-media-icons/css/sfsi-style.css?ver=2.9.4 HTTP/1.1" 200 12300 "https://vucivillage.com/" "Mozilla/5.0 (Linux; Android 10; K) AppleWebKit/537.36 (KHTML, like Gecko) Chrome/130.0.0.0 Mobile Safari/537.36"
210.7.29.154 - - [31/Oct/2024:09:36:15 +0000] "GET /wp-content/themes/lt-industrial/genericons/genericons.css?ver=3.4.1 HTTP/1.1" 200 15966 "https://vucivillage.com/" "Mozilla/5.0 (Linux; Android 10; K) AppleWebKit/537.36 (KHTML, like Gecko) Chrome/130.0.0.0 Mobile Safari/537.36"
210.7.29.154 - - [31/Oct/2024:09:36:15 +0000] "GET /wp-content/themes/lt-industrial/css/blocks.css?ver=20181230 HTTP/1.1" 200 1658 "https://vucivillage.com/" "Mozilla/5.0 (Linux; Android 10; K) AppleWebKit/537.36 (KHTML, like Gecko) Chrome/130.0.0.0 Mobile Safari/537.36"
210.7.29.154 - - [31/Oct/2024:09:36:15 +0000] "GET /wp-content/themes/lt-industrial/style.css?ver=6.6.2 HTTP/1.1" 200 12115 "https://vucivillage.com/" "Mozilla/5.0 (Linux; Android 10; K) AppleWebKit/537.36 (KHTML, like Gecko) Chrome/130.0.0.0 Mobile Safari/537.36"
210.7.29.154 - - [31/Oct/2024:09:36:15 +0000] "GET /wp-content/themes/lt-industrial/css/woocommerce.css?ver=20160816 HTTP/1.1" 200 3494 "https://vucivillage.com/" "Mozilla/5.0 (Linux; Android 10; K) AppleWebKit/537.36 (KHTML, like Gecko) Chrome/130.0.0.0 Mobile Safari/537.36"
210.7.29.154 - - [31/Oct/2024:09:36:15 +0000] "GET /wp-content/themes/lt-industrial/css/custom.css?ver=20160816 HTTP/1.1" 200 2419 "https://vucivillage.com/" "Mozilla/5.0 (Linux; Android 10; K) AppleWebKit/537.36 (KHTML, like Gecko) Chrome/130.0.0.0 Mobile Safari/537.36"
210.7.29.154 - - [31/Oct/2024:09:36:15 +0000] "GET /wp-content/plugins/elementor/assets/lib/eicons/css/elementor-icons.min.css?ver=5.31.0 HTTP/1.1" 200 3745 "https://vucivillage.com/" "Mozilla/5.0 (Linux; Android 10; K) AppleWebKit/537.36 (KHTML, like Gecko) Chrome/130.0.0.0 Mobile Safari/537.36"
210.7.29.154 - - [31/Oct/2024:09:36:15 +0000] "GET /wp-content/plugins/elementor/assets/css/frontend.min.css?ver=3.25.3 HTTP/1.1" 200 6799 "https://vucivillage.com/" "Mozilla/5.0 (Linux; Android 10; K) AppleWebKit/537.36 (KHTML, like Gecko) Chrome/130.0.0.0 Mobile Safari/537.36"
210.7.29.154 - - [31/Oct/2024:09:36:15 +0000] "GET /wp-content/plugins/elementor/assets/lib/swiper/v8/css/swiper.min.css?ver=8.4.5 HTTP/1.1" 200 4227 "https://vucivillage.com/" "Mozilla/5.0 (Linux; Android 10; K) AppleWebKit/537.36 (KHTML, like Gecko) Chrome/130.0.0.0 Mobile Safari/537.36"
210.7.29.154 - - [31/Oct/2024:09:36:15 +0000] "GET /wp-content/plugins/elementor/assets/lib/font-awesome/css/all.min.css?ver=4.10.62 HTTP/1.1" 200 12348 "https://vucivillage.com/" "Mozilla/5.0 (Linux; Android 10; K) AppleWebKit/537.36 (KHTML, like Gecko) Chrome/130.0.0.0 Mobile Safari/537.36"
210.7.29.154 - - [31/Oct/2024:09:36:15 +0000] "GET /wp-content/plugins/elementor/assets/lib/font-awesome/css/v4-shims.min.css?ver=3.25.3 HTTP/1.1" 200 3953 "https://vucivillage.com/" "Mozilla/5.0 (Linux; Android 10; K) AppleWebKit/537.36 (KHTML, like Gecko) Chrome/130.0.0.0 Mobile Safari/537.36"
210.7.29.154 - - [31/Oct/2024:09:36:15 +0000] "GET /wp-content/uploads/elementor/css/post-2.css?ver=1730127196 HTTP/1.1" 200 2374 "https://vucivillage.com/" "Mozilla/5.0 (Linux; Android 10; K) AppleWebKit/537.36 (KHTML, like Gecko) Chrome/130.0.0.0 Mobile Safari/537.36"
210.7.29.154 - - [31/Oct/2024:09:36:15 +0000] "GET /wp-content/plugins/elementor/assets/lib/font-awesome/css/fontawesome.min.css?ver=5.15.3 HTTP/1.1" 200 12129 "https://vucivillage.com/" "Mozilla/5.0 (Linux; Android 10; K) AppleWebKit/537.36 (KHTML, like Gecko) Chrome/130.0.0.0 Mobile Safari/537.36"
210.7.29.154 - - [31/Oct/2024:09:36:15 +0000] "GET /wp-content/plugins/smart-slider-3/Public/SmartSlider3/Application/Frontend/Assets/dist/smartslider.min.css?ver=40b842f2 HTTP/1.1" 200 3768 "https://vucivillage.com/" "Mozilla/5.0 (Linux; Android 10; K) AppleWebKit/537.36 (KHTML, like Gecko) Chrome/130.0.0.0 Mobile Safari/537.36"
210.7.29.154 - - [31/Oct/2024:09:36:15 +0000] "GET /wp-includes/js/jquery/jquery.min.js?ver=3.7.1 HTTP/1.1" 200 29576 "https://vucivillage.com/" "Mozilla/5.0 (Linux; Android 10; K) AppleWebKit/537.36 (KHTML, like Gecko) Chrome/130.0.0.0 Mobile Safari/537.36"
210.7.29.154 - - [31/Oct/2024:09:36:15 +0000] "GET /wp-content/plugins/elementor/assets/lib/font-awesome/js/v4-shims.min.js?ver=3.25.3 HTTP/1.1" 200 4019 "https://vucivillage.com/" "Mozilla/5.0 (Linux; Android 10; K) AppleWebKit/537.36 (KHTML, like Gecko) Chrome/130.0.0.0 Mobile Safari/537.36"
210.7.29.154 - - [31/Oct/2024:09:36:15 +0000] "GET /wp-includes/js/jquery/jquery-migrate.min.js?ver=3.4.1 HTTP/1.1" 200 4676 "https://vucivillage.com/" "Mozilla/5.0 (Linux; Android 10; K) AppleWebKit/537.36 (KHTML, like Gecko) Chrome/130.0.0.0 Mobile Safari/537.36"
210.7.29.154 - - [31/Oct/2024:09:36:15 +0000] "GET /wp-content/uploads/2024/10/vuci-village-logo.png HTTP/1.1" 200 2774 "https://vucivillage.com/" "Mozilla/5.0 (Linux; Android 10; K) AppleWebKit/537.36 (KHTML, like Gecko) Chrome/130.0.0.0 Mobile Safari/537.36"
210.7.29.154 - - [31/Oct/2024:09:36:17 +0000] "GET /wp-content/uploads/2024/10/viber_image_2024-10-15_15-44-50-181.webp HTTP/1.1" 200 90674 "https://vucivillage.com/" "Mozilla/5.0 (Linux; Android 10; K) AppleWebKit/537.36 (KHTML, like Gecko) Chrome/130.0.0.0 Mobile Safari/537.36"
210.7.29.154 - - [31/Oct/2024:09:36:15 +0000] "GET /wp-content/uploads/2024/10/viber_image_2024-10-15_15-45-14-229-edit-scaled.webp HTTP/1.1" 200 323150 "https://vucivillage.com/" "Mozilla/5.0 (Linux; Android 10; K) AppleWebKit/537.36 (KHTML, like Gecko) Chrome/130.0.0.0 Mobile Safari/537.36"
210.7.29.154 - - [31/Oct/2024:09:36:20 +0000] "GET /wp-content/uploads/2024/10/Picture2.jpg HTTP/1.1" 200 89729 "https://vucivillage.com/" "Mozilla/5.0 (Linux; Android 10; K) AppleWebKit/537.36 (KHTML, like Gecko) Chrome/130.0.0.0 Mobile Safari/537.36"
210.7.29.154 - - [31/Oct/2024:09:36:19 +0000] "GET /wp-content/uploads/2024/10/Picture1.jpg HTTP/1.1" 200 111996 "https://vucivillage.com/" "Mozilla/5.0 (Linux; Android 10; K) AppleWebKit/537.36 (KHTML, like Gecko) Chrome/130.0.0.0 Mobile Safari/537.36"
210.7.29.154 - - [31/Oct/2024:09:36:21 +0000] "GET /wp-content/plugins/wpforms-lite/assets/css/frontend/modern/wpforms-full.min.css?ver=1.9.1.6 HTTP/1.1" 200 14394 "https://vucivillage.com/" "Mozilla/5.0 (Linux; Android 10; K) AppleWebKit/537.36 (KHTML, like Gecko) Chrome/130.0.0.0 Mobile Safari/537.36"
210.7.29.154 - - [31/Oct/2024:09:36:21 +0000] "GET /wp-includes/js/jquery/ui/core.min.js?ver=1.13.3 HTTP/1.1" 200 6791 "https://vucivillage.com/" "Mozilla/5.0 (Linux; Android 10; K) AppleWebKit/537.36 (KHTML, like Gecko) Chrome/130.0.0.0 Mobile Safari/537.36"
210.7.29.154 - - [31/Oct/2024:09:36:21 +0000] "GET /wp-content/plugins/ultimate-social-media-icons/js/shuffle/modernizr.custom.min.js?ver=6.6.2 HTTP/1.1" 200 1368 "https://vucivillage.com/" "Mozilla/5.0 (Linux; Android 10; K) AppleWebKit/537.36 (KHTML, like Gecko) Chrome/130.0.0.0 Mobile Safari/537.36"
210.7.29.154 - - [31/Oct/2024:09:36:21 +0000] "GET /wp-content/plugins/ultimate-social-media-icons/js/shuffle/jquery.shuffle.min.js?ver=6.6.2 HTTP/1.1" 200 3932 "https://vucivillage.com/" "Mozilla/5.0 (Linux; Android 10; K) AppleWebKit/537.36 (KHTML, like Gecko) Chrome/130.0.0.0 Mobile Safari/537.36"
210.7.29.154 - - [31/Oct/2024:09:36:21 +0000] "GET /wp-content/plugins/ultimate-social-media-icons/js/shuffle/random-shuffle-min.js?ver=6.6.2 HTTP/1.1" 200 617 "https://vucivillage.com/" "Mozilla/5.0 (Linux; Android 10; K) AppleWebKit/537.36 (KHTML, like Gecko) Chrome/130.0.0.0 Mobile Safari/537.36"
210.7.29.154 - - [31/Oct/2024:09:36:21 +0000] "GET /wp-content/themes/lt-industrial/js/skip-link-focus-fix.js?ver=20160816 HTTP/1.1" 200 477 "https://vucivillage.com/" "Mozilla/5.0 (Linux; Android 10; K) AppleWebKit/537.36 (KHTML, like Gecko) Chrome/130.0.0.0 Mobile Safari/537.36"
210.7.29.154 - - [31/Oct/2024:09:36:21 +0000] "GET /wp-content/plugins/ultimate-social-media-icons/js/custom.js?ver=2.9.4 HTTP/1.1" 200 6660 "https://vucivillage.com/" "Mozilla/5.0 (Linux; Android 10; K) AppleWebKit/537.36 (KHTML, like Gecko) Chrome/130.0.0.0 Mobile Safari/537.36"
210.7.29.154 - - [31/Oct/2024:09:36:21 +0000] "GET /wp-content/plugins/elementor/assets/js/webpack.runtime.min.js?ver=3.25.3 HTTP/1.1" 200 2181 "https://vucivillage.com/" "Mozilla/5.0 (Linux; Android 10; K) AppleWebKit/537.36 (KHTML, like Gecko) Chrome/130.0.0.0 Mobile Safari/537.36"
210.7.29.154 - - [31/Oct/2024:09:36:21 +0000] "GET /wp-content/plugins/elementor/assets/js/frontend-modules.min.js?ver=3.25.3 HTTP/1.1" 200 15318 "https://vucivillage.com/" "Mozilla/5.0 (Linux; Android 10; K) AppleWebKit/537.36 (KHTML, like Gecko) Chrome/130.0.0.0 Mobile Safari/537.36"
210.7.29.154 - - [31/Oct/2024:09:36:21 +0000] "GET /wp-content/themes/lt-industrial/js/custom.js?ver=20181230 HTTP/1.1" 200 599 "https://vucivillage.com/" "Mozilla/5.0 (Linux; Android 10; K) AppleWebKit/537.36 (KHTML, like Gecko) Chrome/130.0.0.0 Mobile Safari/537.36"
210.7.29.154 - - [31/Oct/2024:09:36:21 +0000] "GET /wp-content/themes/lt-industrial/js/functions.js?ver=20181230 HTTP/1.1" 200 1906 "https://vucivillage.com/" "Mozilla/5.0 (Linux; Android 10; K) AppleWebKit/537.36 (KHTML, like Gecko) Chrome/130.0.0.0 Mobile Safari/537.36"
210.7.29.154 - - [31/Oct/2024:09:36:22 +0000] "GET /wp-includes/js/wp-util.min.js?ver=6.6.2 HTTP/1.1" 200 690 "https://vucivillage.com/" "Mozilla/5.0 (Linux; Android 10; K) AppleWebKit/537.36 (KHTML, like Gecko) Chrome/130.0.0.0 Mobile Safari/537.36"
210.7.29.154 - - [31/Oct/2024:09:36:22 +0000] "GET /wp-content/plugins/wpforms-lite/assets/js/integrations/elementor/frontend.min.js?ver=1.9.1.6 HTTP/1.1" 200 450 "https://vucivillage.com/" "Mozilla/5.0 (Linux; Android 10; K) AppleWebKit/537.36 (KHTML, like Gecko) Chrome/130.0.0.0 Mobile Safari/537.36"
210.7.29.154 - - [31/Oct/2024:09:36:22 +0000] "GET /wp-content/plugins/wpforms-lite/assets/images/submit-spin.svg HTTP/1.1" 200 309 "https://vucivillage.com/" "Mozilla/5.0 (Linux; Android 10; K) AppleWebKit/537.36 (KHTML, like Gecko) Chrome/130.0.0.0 Mobile Safari/537.36"
210.7.29.154 - - [31/Oct/2024:09:36:22 +0000] "GET /wp-content/plugins/ultimate-social-media-icons/images/icons_theme/default/default_facebook.png HTTP/1.1" 200 1357 "https://vucivillage.com/" "Mozilla/5.0 (Linux; Android 10; K) AppleWebKit/537.36 (KHTML, like Gecko) Chrome/130.0.0.0 Mobile Safari/537.36"
210.7.29.154 - - [31/Oct/2024:09:36:22 +0000] "GET /wp-content/plugins/wpforms-lite/assets/js/share/utils.min.js?ver=1.9.1.6 HTTP/1.1" 200 618 "https://vucivillage.com/" "Mozilla/5.0 (Linux; Android 10; K) AppleWebKit/537.36 (KHTML, like Gecko) Chrome/130.0.0.0 Mobile Safari/537.36"
210.7.29.154 - - [31/Oct/2024:09:36:22 +0000] "GET /wp-content/plugins/smart-slider-3/Public/SmartSlider3/Widget/Arrow/ArrowImage/Assets/dist/w-arrow-image.min.js?ver=40b842f2 HTTP/1.1" 200 561 "https://vucivillage.com/" "Mozilla/5.0 (Linux; Android 10; K) AppleWebKit/537.36 (KHTML, like Gecko) Chrome/130.0.0.0 Mobile Safari/537.36"
210.7.29.154 - - [31/Oct/2024:09:36:22 +0000] "GET /wp-content/plugins/wpforms-lite/assets/lib/punycode.min.js?ver=1.0.0 HTTP/1.1" 200 833 "https://vucivillage.com/" "Mozilla/5.0 (Linux; Android 10; K) AppleWebKit/537.36 (KHTML, like Gecko) Chrome/130.0.0.0 Mobile Safari/537.36"
210.7.29.154 - - [31/Oct/2024:09:36:22 +0000] "GET /wp-content/plugins/elementor/assets/js/frontend.min.js?ver=3.25.3 HTTP/1.1" 200 12845 "https://vucivillage.com/" "Mozilla/5.0 (Linux; Android 10; K) AppleWebKit/537.36 (KHTML, like Gecko) Chrome/130.0.0.0 Mobile Safari/537.36"
210.7.29.154 - - [31/Oct/2024:09:36:22 +0000] "GET /wp-content/plugins/ultimate-social-media-icons/images/share_icons/Twitter_Tweet/en_US_Tweet.svg HTTP/1.1" 200 1038 "https://vucivillage.com/" "Mozilla/5.0 (Linux; Android 10; K) AppleWebKit/537.36 (KHTML, like Gecko) Chrome/130.0.0.0 Mobile Safari/537.36"
210.7.29.154 - - [31/Oct/2024:09:36:22 +0000] "GET /wp-content/plugins/elementor/assets/lib/font-awesome/webfonts/fa-solid-900.woff2 HTTP/1.1" 200 78196 "https://vucivillage.com/wp-content/plugins/elementor/assets/lib/font-awesome/css/all.min.css?ver=4.10.62" "Mozilla/5.0 (Linux; Android 10; K) AppleWebKit/537.36 (KHTML, like Gecko) Chrome/130.0.0.0 Mobile Safari/537.36"
210.7.29.154 - - [31/Oct/2024:09:36:22 +0000] "GET /wp-content/plugins/ultimate-social-media-icons/images/icons_theme/default/default_email.png HTTP/1.1" 200 1566 "https://vucivillage.com/" "Mozilla/5.0 (Linux; Android 10; K) AppleWebKit/537.36 (KHTML, like Gecko) Chrome/130.0.0.0 Mobile Safari/537.36"
210.7.29.154 - - [31/Oct/2024:09:36:22 +0000] "GET /wp-includes/js/underscore.min.js?ver=1.13.4 HTTP/1.1" 200 7156 "https://vucivillage.com/" "Mozilla/5.0 (Linux; Android 10; K) AppleWebKit/537.36 (KHTML, like Gecko) Chrome/130.0.0.0 Mobile Safari/537.36"
210.7.29.154 - - [31/Oct/2024:09:36:22 +0000] "GET /wp-content/plugins/wpforms-lite/assets/js/frontend/wpforms.min.js?ver=1.9.1.6 HTTP/1.1" 200 13557 "https://vucivillage.com/" "Mozilla/5.0 (Linux; Android 10; K) AppleWebKit/537.36 (KHTML, like Gecko) Chrome/130.0.0.0 Mobile Safari/537.36"
210.7.29.154 - - [31/Oct/2024:09:36:22 +0000] "GET /wp-content/plugins/wpforms-lite/assets/lib/mailcheck.min.js?ver=1.1.2 HTTP/1.1" 200 1615 "https://vucivillage.com/" "Mozilla/5.0 (Linux; Android 10; K) AppleWebKit/537.36 (KHTML, like Gecko) Chrome/130.0.0.0 Mobile Safari/537.36"
210.7.29.154 - - [31/Oct/2024:09:36:22 +0000] "GET /wp-content/plugins/wpforms-lite/assets/lib/jquery.validate.min.js?ver=1.20.1 HTTP/1.1" 200 7724 "https://vucivillage.com/" "Mozilla/5.0 (Linux; Android 10; K) AppleWebKit/537.36 (KHTML, like Gecko) Chrome/130.0.0.0 Mobile Safari/537.36"
210.7.29.154 - - [31/Oct/2024:09:36:22 +0000] "GET /wp-content/plugins/wpforms-lite/assets/js/frontend/wpforms-modern.min.js?ver=1.9.1.6 HTTP/1.1" 200 1856 "https://vucivillage.com/" "Mozilla/5.0 (Linux; Android 10; K) AppleWebKit/537.36 (KHTML, like Gecko) Chrome/130.0.0.0 Mobile Safari/537.36"
210.7.29.154 - - [31/Oct/2024:09:36:22 +0000] "GET /wp-content/plugins/smart-slider-3/Public/SmartSlider3/Application/Frontend/Assets/dist/n2.min.js?ver=40b842f2 HTTP/1.1" 200 11968 "https://vucivillage.com/" "Mozilla/5.0 (Linux; Android 10; K) AppleWebKit/537.36 (KHTML, like Gecko) Chrome/130.0.0.0 Mobile Safari/537.36"
210.7.29.154 - - [31/Oct/2024:09:36:22 +0000] "GET /wp-content/plugins/smart-slider-3/Public/SmartSlider3/Application/Frontend/Assets/dist/smartslider-frontend.min.js?ver=40b842f2 HTTP/1.1" 200 25348 "https://vucivillage.com/" "Mozilla/5.0 (Linux; Android 10; K) AppleWebKit/537.36 (KHTML, like Gecko) Chrome/130.0.0.0 Mobile Safari/537.36"
210.7.29.154 - - [31/Oct/2024:09:36:22 +0000] "GET /wp-content/plugins/smart-slider-3/Public/SmartSlider3/Slider/SliderType/Simple/Assets/dist/ss-simple.min.js?ver=40b842f2 HTTP/1.1" 200 2950 "https://vucivillage.com/" "Mozilla/5.0 (Linux; Android 10; K) AppleWebKit/537.36 (KHTML, like Gecko) Chrome/130.0.0.0 Mobile Safari/537.36"
210.7.29.154 - - [31/Oct/2024:09:36:23 +0000] "GET /wp-content/plugins/the-post-grid/assets/vendor/font-awesome/webfonts/fa-solid-900.woff2 HTTP/1.1" 200 150020 "https://vucivillage.com/wp-content/plugins/the-post-grid/assets/vendor/font-awesome/css/font-awesome.min.css?ver=7.7.14" "Mozilla/5.0 (Linux; Android 10; K) AppleWebKit/537.36 (KHTML, like Gecko) Chrome/130.0.0.0 Mobile Safari/537.36"
210.7.29.154 - - [31/Oct/2024:09:36:22 +0000] "GET /wp-content/plugins/smart-slider-3/Public/SmartSlider3/Slider/SliderType/Simple/Assets/dist/smartslider-backgroundanimation.min.js?ver=40b842f2 HTTP/1.1" 200 149241 "https://vucivillage.com/" "Mozilla/5.0 (Linux; Android 10; K) AppleWebKit/537.36 (KHTML, like Gecko) Chrome/130.0.0.0 Mobile Safari/537.36"
210.7.29.154 - - [31/Oct/2024:09:36:22 +0000] "GET /wp-content/plugins/ultimate-social-media-icons/images/icons_theme/default/default_fbmessenger.png HTTP/1.1" 200 3357 "https://vucivillage.com/" "Mozilla/5.0 (Linux; Android 10; K) AppleWebKit/537.36 (KHTML, like Gecko) Chrome/130.0.0.0 Mobile Safari/537.36"
210.7.29.154 - - [31/Oct/2024:09:36:22 +0000] "GET /wp-content/plugins/ultimate-social-media-icons/images/icons_theme/default/default_copylink.png HTTP/1.1" 200 9668 "https://vucivillage.com/" "Mozilla/5.0 (Linux; Android 10; K) AppleWebKit/537.36 (KHTML, like Gecko) Chrome/130.0.0.0 Mobile Safari/537.36"
210.7.29.154 - - [31/Oct/2024:09:36:22 +0000] "GET /wp-content/plugins/wp-live-chat-support/public/js/callus.js?ver=10.0.14 HTTP/1.1" 200 194549 "https://vucivillage.com/" "Mozilla/5.0 (Linux; Android 10; K) AppleWebKit/537.36 (KHTML, like Gecko) Chrome/130.0.0.0 Mobile Safari/537.36"
210.7.29.154 - - [31/Oct/2024:09:36:22 +0000] "GET /wp-content/plugins/ultimate-social-media-icons/images/icons_theme/default/default_rss.png HTTP/1.1" 200 1644 "https://vucivillage.com/" "Mozilla/5.0 (Linux; Android 10; K) AppleWebKit/537.36 (KHTML, like Gecko) Chrome/130.0.0.0 Mobile Safari/537.36"
210.7.29.154 - - [31/Oct/2024:09:36:22 +0000] "GET /wp-content/plugins/ultimate-social-media-icons/images/share_icons/fb_icons/en_US.svg HTTP/1.1" 200 1779 "https://vucivillage.com/" "Mozilla/5.0 (Linux; Android 10; K) AppleWebKit/537.36 (KHTML, like Gecko) Chrome/130.0.0.0 Mobile Safari/537.36"
210.7.29.154 - - [31/Oct/2024:09:36:22 +0000] "GET /wp-content/plugins/ultimate-social-media-icons/images/icons_theme/default/default_twitter.png HTTP/1.1" 200 3304 "https://vucivillage.com/" "Mozilla/5.0 (Linux; Android 10; K) AppleWebKit/537.36 (KHTML, like Gecko) Chrome/130.0.0.0 Mobile Safari/537.36"
210.7.29.154 - - [31/Oct/2024:09:36:22 +0000] "GET /wp-content/uploads/2024/10/Picture5-1.webp HTTP/1.1" 200 24378 "https://vucivillage.com/" "Mozilla/5.0 (Linux; Android 10; K) AppleWebKit/537.36 (KHTML, like Gecko) Chrome/130.0.0.0 Mobile Safari/537.36"
210.7.29.154 - - [31/Oct/2024:09:36:22 +0000] "GET /wp-content/uploads/2024/10/Picture6-1.webp HTTP/1.1" 200 31058 "https://vucivillage.com/" "Mozilla/5.0 (Linux; Android 10; K) AppleWebKit/537.36 (KHTML, like Gecko) Chrome/130.0.0.0 Mobile Safari/537.36"
210.7.29.154 - - [31/Oct/2024:09:36:22 +0000] "GET /wp-content/themes/lt-industrial/images/6.jpg HTTP/1.1" 200 64383 "https://vucivillage.com/wp-content/themes/lt-industrial/css/custom.css?ver=20160816" "Mozilla/5.0 (Linux; Android 10; K) AppleWebKit/537.36 (KHTML, like Gecko) Chrome/130.0.0.0 Mobile Safari/537.36"
210.7.29.154 - - [31/Oct/2024:09:36:22 +0000] "GET /wp-content/uploads/2024/10/Picture4.jpg HTTP/1.1" 200 80893 "https://vucivillage.com/" "Mozilla/5.0 (Linux; Android 10; K) AppleWebKit/537.36 (KHTML, like Gecko) Chrome/130.0.0.0 Mobile Safari/537.36"
210.7.29.154 - - [31/Oct/2024:09:36:22 +0000] "GET /wp-content/uploads/2024/10/Picture3.jpg HTTP/1.1" 200 97795 "https://vucivillage.com/" "Mozilla/5.0 (Linux; Android 10; K) AppleWebKit/537.36 (KHTML, like Gecko) Chrome/130.0.0.0 Mobile Safari/537.36"
210.7.29.154 - - [31/Oct/2024:09:36:22 +0000] "GET /wp-content/uploads/2024/10/166297696_236209078296850_5744603209485361981_n.webp HTTP/1.1" 200 204150 "https://vucivillage.com/wp-content/uploads/elementor/css/post-2.css?ver=1730127196" "Mozilla/5.0 (Linux; Android 10; K) AppleWebKit/537.36 (KHTML, like Gecko) Chrome/130.0.0.0 Mobile Safari/537.36"
210.7.29.154 - - [31/Oct/2024:09:36:22 +0000] "GET /wp-content/uploads/2024/10/img_0664.jpg HTTP/1.1" 200 481887 "https://vucivillage.com/" "Mozilla/5.0 (Linux; Android 10; K) AppleWebKit/537.36 (KHTML, like Gecko) Chrome/130.0.0.0 Mobile Safari/537.36"
210.7.29.154 - - [31/Oct/2024:09:36:35 +0000] "GET /wp-content/plugins/elementor/assets/lib/dialog/dialog.min.js?ver=4.9.3 HTTP/1.1" 200 3481 "https://vucivillage.com/" "Mozilla/5.0 (Linux; Android 10; K) AppleWebKit/537.36 (KHTML, like Gecko) Chrome/130.0.0.0 Mobile Safari/537.36"
210.7.29.154 - - [31/Oct/2024:09:36:35 +0000] "GET /wp-content/plugins/elementor/assets/js/lightbox.01a419d1fcdd47a75a77.bundle.min.js HTTP/1.1" 200 9410 "https://vucivillage.com/" "Mozilla/5.0 (Linux; Android 10; K) AppleWebKit/537.36 (KHTML, like Gecko) Chrome/130.0.0.0 Mobile Safari/537.36"
210.7.29.154 - - [31/Oct/2024:09:36:35 +0000] "GET /wp-content/plugins/elementor/assets/css/conditionals/dialog.min.css?ver=3.25.3 HTTP/1.1" 200 1349 "https://vucivillage.com/" "Mozilla/5.0 (Linux; Android 10; K) AppleWebKit/537.36 (KHTML, like Gecko) Chrome/130.0.0.0 Mobile Safari/537.36"
210.7.29.154 - - [31/Oct/2024:09:36:35 +0000] "GET /wp-content/plugins/elementor/assets/css/conditionals/lightbox.min.css?ver=3.25.3 HTTP/1.1" 200 1822 "https://vucivillage.com/" "Mozilla/5.0 (Linux; Android 10; K) AppleWebKit/537.36 (KHTML, like Gecko) Chrome/130.0.0.0 Mobile Safari/537.36"
210.7.29.154 - - [31/Oct/2024:09:36:35 +0000] "GET /wp-content/plugins/elementor/assets/lib/share-link/share-link.min.js?ver=3.25.3 HTTP/1.1" 200 1072 "https://vucivillage.com/" "Mozilla/5.0 (Linux; Android 10; K) AppleWebKit/537.36 (KHTML, like Gecko) Chrome/130.0.0.0 Mobile Safari/537.36"
210.7.29.154 - - [31/Oct/2024:09:36:36 +0000] "GET /wp-content/plugins/elementor/assets/js/text-editor.2c35aafbe5bf0e127950.bundle.min.js HTTP/1.1" 200 601 "https://vucivillage.com/" "Mozilla/5.0 (Linux; Android 10; K) AppleWebKit/537.36 (KHTML, like Gecko) Chrome/130.0.0.0 Mobile Safari/537.36"
210.7.29.154 - - [31/Oct/2024:09:36:36 +0000] "GET /wp-content/plugins/elementor/assets/js/video.78c625e89ab767d621c5.bundle.min.js HTTP/1.1" 200 1203 "https://vucivillage.com/" "Mozilla/5.0 (Linux; Android 10; K) AppleWebKit/537.36 (KHTML, like Gecko) Chrome/130.0.0.0 Mobile Safari/537.36"
210.7.29.154 - - [31/Oct/2024:09:36:40 +0000] "GET /wp-content/uploads/2024/10/cropped-vuci-logo-192x192.png HTTP/1.1" 200 13256 "https://vucivillage.com/" "Mozilla/5.0 (Linux; Android 10; K) AppleWebKit/537.36 (KHTML, like Gecko) Chrome/130.0.0.0 Mobile Safari/537.36"
210.7.29.154 - - [31/Oct/2024:09:36:40 +0000] "GET /wp-content/plugins/elementor/assets/lib/font-awesome/webfonts/fa-brands-400.woff2 HTTP/1.1" 200 81612 "https://vucivillage.com/wp-content/plugins/elementor/assets/lib/font-awesome/css/all.min.css?ver=4.10.62" "Mozilla/5.0 (Linux; Android 10; K) AppleWebKit/537.36 (KHTML, like Gecko) Chrome/130.0.0.0 Mobile Safari/537.36"
210.7.29.154 - - [31/Oct/2024:09:36:40 +0000] "GET /wp-content/uploads/2024/10/cropped-vuci-logo-180x180.png HTTP/1.1" 200 11990 "https://vucivillage.com/" "Mozilla/5.0 (Linux; Android 10; K) AppleWebKit/537.36 (KHTML, like Gecko) Chrome/130.0.0.0 Mobile Safari/537.36"
109.106.251.75 - - [31/Oct/2024:09:43:41 +0000] "POST /wp-cron.php?doing_wp_cron=1730367821.7701969146728515625000 HTTP/1.1" 200 0 "-" "WordPress/6.6.2; https://vucivillage.com"
109.106.251.75 - - [31/Oct/2024:09:43:41 +0000] "POST /wp-admin/admin-ajax.php?action=async_litespeed&nonce=L7fw4VAokG3bbhf1gl6x0aot7PiTUWyr&litespeed_type=imgoptm HTTP/1.1" 200 21 "-" "WordPress/6.6.2; https://vucivillage.com"
210.7.29.154 - - [31/Oct/2024:09:43:40 +0000] "GET /yavusa-naivirivosa/ HTTP/1.1" 200 18953 "https://vucivillage.com/" "Mozilla/5.0 (Linux; Android 10; K) AppleWebKit/537.36 (KHTML, like Gecko) Chrome/130.0.0.0 Mobile Safari/537.36"
210.7.29.154 - - [31/Oct/2024:09:43:43 +0000] "POST /wp-json/wordpress-popular-posts/v2/views/2525 HTTP/1.1" 201 59 "https://vucivillage.com/yavusa-naivirivosa/" "Mozilla/5.0 (Linux; Android 10; K) AppleWebKit/537.36 (KHTML, like Gecko) Chrome/130.0.0.0 Mobile Safari/537.36"
200.58.127.245 - - [31/Oct/2024:10:10:41 +0000] "POST /xmlrpc.php HTTP/1.1" 403 1242 "-" "Mozilla/5.0 (Windows; U; Windows NT 5.1; en-US; rv:1.7.10) Gecko/20050716 Firefox/1.0.6"
212.27.63.153 - - [31/Oct/2024:10:11:02 +0000] "POST /xmlrpc.php HTTP/1.1" 403 1242 "-" "Mozilla/5.0 (Windows NT 10.0; Win64; x64) AppleWebKit/537.36 (KHTML, like Gecko) Chrome/79.0.3945.117 Safari/537.36"
109.106.251.75 - - [31/Oct/2024:10:16:57 +0000] "POST /wp-cron.php?doing_wp_cron=1730369817.7864840030670166015625 HTTP/1.1" 200 0 "-" "WordPress/6.6.2; https://vucivillage.com"
210.7.29.154 - - [31/Oct/2024:10:16:56 +0000] "POST /wp-json/wordpress-popular-posts/v2/views/2525 HTTP/2" 201 59 "https://vucivillage.com/yavusa-naivirivosa/" "Mozilla/5.0 (Linux; Android 10; K) AppleWebKit/537.36 (KHTML, like Gecko) Chrome/130.0.0.0 Mobile Safari/537.36"
109.106.251.75 - - [31/Oct/2024:10:16:57 +0000] "POST /wp-admin/admin-ajax.php?action=async_litespeed&nonce=dErTUDbQbEWfNjjih2EXmTCSw7omm8zz&litespeed_type=imgoptm HTTP/1.1" 200 21 "-" "WordPress/6.6.2; https://vucivillage.com"
209.141.57.223 - - [31/Oct/2024:10:23:23 +0000] "GET /wp-login.php HTTP/1.1" 200 6020 "-" "Mozilla/5.0 (Windows NT 6.1) AppleWebKit/537.36 (KHTML, like Gecko) Chrome/36.0.1985.125 Safari/537.36"
209.141.57.223 - - [31/Oct/2024:10:23:23 +0000] "POST /wp-login.php HTTP/1.1" 403 1242 "-" "Mozilla/5.0 (Windows NT 6.1) AppleWebKit/537.36 (KHTML, like Gecko) Chrome/36.0.1985.125 Safari/537.36"
209.141.57.223 - - [31/Oct/2024:10:23:23 +0000] "GET /wp-admin/themes.php HTTP/1.1" 302 0 "-" "python-requests/2.27.1"
209.141.57.223 - - [31/Oct/2024:10:23:25 +0000] "GET /wp-login.php?redirect_to=https%3A%2F%2Fvucivillage.com%2Fwp-admin%2Fthemes.php&reauth=1 HTTP/1.1" 200 1917 "-" "python-requests/2.27.1"
209.141.57.223 - - [31/Oct/2024:10:23:25 +0000] "GET /wp-admin/plugin-install.php?tab=upload HTTP/1.1" 302 0 "-" "python-requests/2.27.1"
109.106.251.75 - - [31/Oct/2024:10:23:25 +0000] "POST /wp-cron.php?doing_wp_cron=1730370205.1967580318450927734375 HTTP/1.1" 200 0 "-" "WordPress/6.6.2; https://vucivillage.com"
109.106.251.75 - - [31/Oct/2024:10:23:25 +0000] "POST /wp-admin/admin-ajax.php?action=async_litespeed&nonce=q2YL2ecsjfyESQRom0gmuPalWPW0MpUw&litespeed_type=imgoptm HTTP/1.1" 200 21 "-" "WordPress/6.6.2; https://vucivillage.com"
209.141.57.223 - - [31/Oct/2024:10:23:25 +0000] "GET /wp-login.php?redirect_to=https%3A%2F%2Fvucivillage.com%2Fwp-admin%2Fplugin-install.php%3Ftab%3Dupload&reauth=1 HTTP/1.1" 200 1927 "-" "python-requests/2.27.1"
205.185.125.62 - - [31/Oct/2024:10:45:43 +0000] "GET /wp-login.php HTTP/1.1" 200 6020 "-" "Mozilla/5.0 (Macintosh; Intel Mac OS X 10.6; rv:31.0) Gecko/20100101 Firefox/31.0"
205.185.125.62 - - [31/Oct/2024:10:45:43 +0000] "POST /wp-login.php HTTP/1.1" 403 1242 "-" "Mozilla/5.0 (Macintosh; Intel Mac OS X 10.6; rv:31.0) Gecko/20100101 Firefox/31.0"
205.185.125.62 - - [31/Oct/2024:10:45:43 +0000] "GET /wp-admin/themes.php HTTP/1.1" 302 0 "-" "python-requests/2.27.1"
109.106.251.75 - - [31/Oct/2024:10:45:44 +0000] "POST /wp-admin/admin-ajax.php?action=async_litespeed&nonce=EOM5K6E3jkl2ttBAXYMkA4sz4wByebVj&litespeed_type=imgoptm HTTP/1.1" 200 21 "-" "WordPress/6.6.2; https://vucivillage.com"
205.185.125.62 - - [31/Oct/2024:10:45:44 +0000] "GET /wp-login.php?redirect_to=https%3A%2F%2Fvucivillage.com%2Fwp-admin%2Fthemes.php&reauth=1 HTTP/1.1" 200 1917 "-" "python-requests/2.27.1"
109.106.251.75 - - [31/Oct/2024:10:45:44 +0000] "POST /wp-cron.php?doing_wp_cron=1730371544.6663460731506347656250 HTTP/1.1" 200 0 "-" "WordPress/6.6.2; https://vucivillage.com"
205.185.125.62 - - [31/Oct/2024:10:45:45 +0000] "GET /wp-admin/plugin-install.php?tab=upload HTTP/1.1" 302 0 "-" "python-requests/2.27.1"
205.185.125.62 - - [31/Oct/2024:10:45:45 +0000] "GET /wp-login.php?redirect_to=https%3A%2F%2Fvucivillage.com%2Fwp-admin%2Fplugin-install.php%3Ftab%3Dupload&reauth=1 HTTP/1.1" 200 1927 "-" "python-requests/2.27.1"
109.106.251.75 - - [31/Oct/2024:10:58:19 +0000] "POST /wp-admin/admin-ajax.php?action=async_litespeed&nonce=q2GuOPeuEm7Ua6JwvDvzIkuMRYfwWa2N&litespeed_type=imgoptm HTTP/1.1" 200 21 "-" "WordPress/6.6.2; https://vucivillage.com"
175.138.115.158 - - [31/Oct/2024:10:58:20 +0000] "GET / HTTP/1.1" 200 26816 "-" "python-requests/2.27.1"
109.106.251.75 - - [31/Oct/2024:11:21:56 +0000] "POST /wp-admin/admin-ajax.php?action=async_litespeed&nonce=e7Wmgl3rBhFSXlPXnZRGKepLkmRHWDgZ&litespeed_type=imgoptm HTTP/1.1" 200 21 "-" "WordPress/6.6.2; https://vucivillage.com"
109.106.251.75 - - [31/Oct/2024:11:22:00 +0000] "POST /wp-admin/admin-ajax.php?action=async_litespeed&nonce=TbshItY5Qa0vHEYc0srpERddAr4QjPn1&litespeed_type=imgoptm HTTP/1.1" 200 21 "-" "WordPress/6.6.2; https://vucivillage.com"
143.244.138.190 - - [31/Oct/2024:11:22:47 +0000] "GET /wp-login.php HTTP/1.1" 200 1913 "-" "Mozilla/5.0 (Macintosh; Intel Mac OS X 10_15_7) AppleWebKit/605.1.15 (KHTML, like Gecko) Version/14.1.2 Safari/605.1.15"
109.106.251.75 - - [31/Oct/2024:11:23:00 +0000] "POST /wp-admin/admin-ajax.php?action=async_litespeed&nonce=lwdxrPjWU4gG3bZyDt8NeKtUS0cMv6ga&litespeed_type=imgoptm HTTP/1.1" 200 21 "-" "WordPress/6.6.2; https://vucivillage.com"
143.244.138.190 - - [31/Oct/2024:11:23:30 +0000] "GET /wp-admin/admin.php HTTP/1.1" 302 0 "-" "Mozilla/5.0 (Macintosh; Intel Mac OS X 10_15_7) AppleWebKit/605.1.15 (KHTML, like Gecko) Version/14.1.2 Safari/605.1.15"
143.244.138.190 - - [31/Oct/2024:11:23:32 +0000] "GET /wp-login.php?redirect_to=https%3A%2F%2Fvucivillage.com%2Fwp-admin%2Fadmin.php&reauth=1 HTTP/1.1" 200 1918 "-" "Mozilla/5.0 (Macintosh; Intel Mac OS X 10_15_7) AppleWebKit/605.1.15 (KHTML, like Gecko) Version/14.1.2 Safari/605.1.15"
143.244.138.190 - - [31/Oct/2024:11:23:47 +0000] "GET /wp-login.php HTTP/1.1" 200 1913 "-" "Mozilla/5.0 (Macintosh; Intel Mac OS X 10_15_7) AppleWebKit/605.1.15 (KHTML, like Gecko) Version/14.1.2 Safari/605.1.15"
109.106.251.75 - - [31/Oct/2024:11:24:00 +0000] "POST /wp-admin/admin-ajax.php?action=async_litespeed&nonce=mAvKd5NAP9BjZvScyBPgOBs22m4dNuS8&litespeed_type=imgoptm HTTP/1.1" 200 21 "-" "WordPress/6.6.2; https://vucivillage.com"
143.244.138.190 - - [31/Oct/2024:11:24:25 +0000] "GET /wp-admin/index.php HTTP/1.1" 302 0 "-" "Mozilla/5.0 (Macintosh; Intel Mac OS X 10_15_7) AppleWebKit/605.1.15 (KHTML, like Gecko) Version/14.1.2 Safari/605.1.15"
143.244.138.190 - - [31/Oct/2024:11:24:26 +0000] "GET /wp-login.php?redirect_to=https%3A%2F%2Fvucivillage.com%2Fwp-admin%2Findex.php&reauth=1 HTTP/1.1" 200 1916 "-" "Mozilla/5.0 (Macintosh; Intel Mac OS X 10_15_7) AppleWebKit/605.1.15 (KHTML, like Gecko) Version/14.1.2 Safari/605.1.15"
109.106.251.75 - - [31/Oct/2024:11:24:59 +0000] "POST /wp-admin/admin-ajax.php?action=async_litespeed&nonce=dmAdoh23Iyjek0OZ6A2HupZ3DT1ayL9X&litespeed_type=imgoptm HTTP/1.1" 200 21 "-" "WordPress/6.6.2; https://vucivillage.com"
143.244.138.190 - - [31/Oct/2024:11:25:17 +0000] "GET /wp-admin/user/index.php HTTP/1.1" 302 0 "-" "Mozilla/5.0 (Macintosh; Intel Mac OS X 10_15_7) AppleWebKit/605.1.15 (KHTML, like Gecko) Version/14.1.2 Safari/605.1.15"
143.244.138.190 - - [31/Oct/2024:11:25:18 +0000] "GET /wp-login.php?redirect_to=https%3A%2F%2Fvucivillage.com%2Fwp-admin%2Fuser%2Findex.php&reauth=1 HTTP/1.1" 200 1918 "-" "Mozilla/5.0 (Macintosh; Intel Mac OS X 10_15_7) AppleWebKit/605.1.15 (KHTML, like Gecko) Version/14.1.2 Safari/605.1.15"
143.244.138.190 - - [31/Oct/2024:11:25:37 +0000] "GET /wp-admin/network/index.php HTTP/1.1" 302 0 "-" "Mozilla/5.0 (Macintosh; Intel Mac OS X 10_15_7) AppleWebKit/605.1.15 (KHTML, like Gecko) Version/14.1.2 Safari/605.1.15"
143.244.138.190 - - [31/Oct/2024:11:25:38 +0000] "GET /wp-login.php?redirect_to=https%3A%2F%2Fvucivillage.com%2Fwp-admin%2Fnetwork%2Findex.php&reauth=1 HTTP/1.1" 200 1921 "-" "Mozilla/5.0 (Macintosh; Intel Mac OS X 10_15_7) AppleWebKit/605.1.15 (KHTML, like Gecko) Version/14.1.2 Safari/605.1.15"
109.106.251.75 - - [31/Oct/2024:11:25:59 +0000] "POST /wp-admin/admin-ajax.php?action=async_litespeed&nonce=noTU1IcWGReq6lHZ9oYY0XoGneVvDnAB&litespeed_type=imgoptm HTTP/1.1" 200 21 "-" "WordPress/6.6.2; https://vucivillage.com"
109.106.251.75 - - [31/Oct/2024:11:33:31 +0000] "POST /wp-admin/admin-ajax.php?action=async_litespeed&nonce=diQG1va9P2JvMIVCuz17GZ4hw7K4fyye&litespeed_type=imgoptm HTTP/1.1" 200 21 "-" "WordPress/6.6.2; https://vucivillage.com"
85.208.102.225 - - [31/Oct/2024:11:53:39 +0000] "POST /xmlrpc.php HTTP/1.1" 403 1242 "-" "Mozilla/5.0 (Linux; Android 10; LM-Q720) AppleWebKit/537.36 (KHTML, like Gecko) Chrome/91.0.4472.114 Mobile Safari/537.36"
109.106.251.75 - - [31/Oct/2024:12:41:40 +0000] "POST /wp-cron.php?doing_wp_cron=1730378500.7894229888916015625000 HTTP/1.1" 200 0 "-" "WordPress/6.6.2; https://vucivillage.com"
66.70.181.5 - - [31/Oct/2024:12:41:39 +0000] "GET /wp-content/plugins/simple-local-avatars/sldebar.php HTTP/2" 404 63327 "-" "Mozilla/5.0 (Windows NT 10.0; Win64; x64) AppleWebKit/537.36 (KHTML, like Gecko) Chrome/127.0.0.0 Safari/537.36"
109.106.251.75 - - [31/Oct/2024:12:41:41 +0000] "POST /wp-admin/admin-ajax.php?action=async_litespeed&nonce=3elwQIkINcCwArfcme7ZovySuhWVNGQm&litespeed_type=imgoptm HTTP/1.1" 200 21 "-" "WordPress/6.6.2; https://vucivillage.com"
66.70.181.5 - - [31/Oct/2024:12:41:41 +0000] "GET /wp-content/plugins/change-admin-email-setting-without-outbound-email/wp-config-sample.php HTTP/2" 404 63441 "-" "Mozilla/5.0 (Windows NT 10.0; Win64; x64) AppleWebKit/537.36 (KHTML, like Gecko) Chrome/127.0.0.0 Safari/537.36"
66.70.181.5 - - [31/Oct/2024:12:41:42 +0000] "GET /wp-content/plugins/comet-cache/functlons.php HTTP/2" 404 63306 "-" "Mozilla/5.0 (Windows NT 10.0; Win64; x64) AppleWebKit/537.36 (KHTML, like Gecko) Chrome/127.0.0.0 Safari/537.36"
66.70.181.5 - - [31/Oct/2024:12:41:43 +0000] "GET /wp-content/plugins/automatic-translator-addon-for-loco-translate/styIe.php HTTP/2" 404 63396 "-" "Mozilla/5.0 (Windows NT 10.0; Win64; x64) AppleWebKit/537.36 (KHTML, like Gecko) Chrome/127.0.0.0 Safari/537.36"
66.70.181.5 - - [31/Oct/2024:12:41:42 +0000] "GET /wp-content/plugins/nextgen-gallery/styIe.php HTTP/2" 404 63306 "-" "Mozilla/5.0 (Windows NT 10.0; Win64; x64) AppleWebKit/537.36 (KHTML, like Gecko) Chrome/127.0.0.0 Safari/537.36"
66.70.181.5 - - [31/Oct/2024:12:41:44 +0000] "GET /wp-content/plugins/mystickyelements/lndex.php HTTP/2" 404 63309 "-" "Mozilla/5.0 (Windows NT 10.0; Win64; x64) AppleWebKit/537.36 (KHTML, like Gecko) Chrome/127.0.0.0 Safari/537.36"
66.70.181.5 - - [31/Oct/2024:12:41:45 +0000] "GET /wp-content/plugins/api-key-for-google-maps/connents.php HTTP/2" 404 63339 "-" "Mozilla/5.0 (Windows NT 10.0; Win64; x64) AppleWebKit/537.36 (KHTML, like Gecko) Chrome/127.0.0.0 Safari/537.36"
66.70.181.5 - - [31/Oct/2024:12:41:44 +0000] "GET /wp-content/plugins/feed-them-social/styIe.php HTTP/2" 404 63309 "-" "Mozilla/5.0 (Windows NT 10.0; Win64; x64) AppleWebKit/537.36 (KHTML, like Gecko) Chrome/127.0.0.0 Safari/537.36"
66.70.181.5 - - [31/Oct/2024:12:41:46 +0000] "GET /wp-content/plugins/bookly-responsive-appointment-booking-tool/archlve.php HTTP/2" 404 63393 "-" "Mozilla/5.0 (Windows NT 10.0; Win64; x64) AppleWebKit/537.36 (KHTML, like Gecko) Chrome/127.0.0.0 Safari/537.36"
66.70.181.5 - - [31/Oct/2024:12:41:46 +0000] "GET /wp-content/plugins/wpvivid-backuprestore/functlons.php HTTP/2" 404 63336 "-" "Mozilla/5.0 (Windows NT 10.0; Win64; x64) AppleWebKit/537.36 (KHTML, like Gecko) Chrome/127.0.0.0 Safari/537.36"
66.70.181.5 - - [31/Oct/2024:12:41:47 +0000] "GET /wp-content/plugins/the-plus-addons-for-elementor-page-builder/wp-config.php HTTP/2" 404 63399 "-" "Mozilla/5.0 (Windows NT 10.0; Win64; x64) AppleWebKit/537.36 (KHTML, like Gecko) Chrome/127.0.0.0 Safari/537.36"
66.70.181.5 - - [31/Oct/2024:12:41:47 +0000] "GET /wp-content/plugins/wp-content-copy-protector/sldebar.php HTTP/2" 404 63342 "-" "Mozilla/5.0 (Windows NT 10.0; Win64; x64) AppleWebKit/537.36 (KHTML, like Gecko) Chrome/127.0.0.0 Safari/537.36"
66.70.181.5 - - [31/Oct/2024:12:41:48 +0000] "GET /wp-content/plugins/master-addons/functlons.php HTTP/2" 404 63312 "-" "Mozilla/5.0 (Windows NT 10.0; Win64; x64) AppleWebKit/537.36 (KHTML, like Gecko) Chrome/127.0.0.0 Safari/537.36"
66.70.181.5 - - [31/Oct/2024:12:41:49 +0000] "GET /wp-content/plugins/facebook-conversion-pixel/wp-config.php HTTP/2" 404 63348 "-" "Mozilla/5.0 (Windows NT 10.0; Win64; x64) AppleWebKit/537.36 (KHTML, like Gecko) Chrome/127.0.0.0 Safari/537.36"
45.61.187.219 - - [31/Oct/2024:12:42:01 +0000] "GET /wp-login.php HTTP/1.1" 200 6020 "-" "Mozilla/5.0 (X11; Linux x86_64) AppleWebKit/537.36 (KHTML, like Gecko) Chrome/35.0.1916.153 Safari/537.36"
45.61.187.219 - - [31/Oct/2024:12:42:01 +0000] "POST /wp-login.php HTTP/1.1" 403 1242 "-" "Mozilla/5.0 (X11; Linux x86_64) AppleWebKit/537.36 (KHTML, like Gecko) Chrome/35.0.1916.153 Safari/537.36"
109.106.251.75 - - [31/Oct/2024:12:42:02 +0000] "POST /wp-cron.php?doing_wp_cron=1730378522.2351460456848144531250 HTTP/1.1" 200 0 "-" "WordPress/6.6.2; https://vucivillage.com"
45.61.187.219 - - [31/Oct/2024:12:42:01 +0000] "GET /wp-admin/themes.php HTTP/1.1" 302 0 "-" "python-requests/2.27.1"
45.61.187.219 - - [31/Oct/2024:12:42:02 +0000] "GET /wp-login.php?redirect_to=https%3A%2F%2Fvucivillage.com%2Fwp-admin%2Fthemes.php&reauth=1 HTTP/1.1" 200 1918 "-" "python-requests/2.27.1"
109.106.251.75 - - [31/Oct/2024:12:42:02 +0000] "POST /wp-admin/admin-ajax.php?action=async_litespeed&nonce=MIjAc9D9FegYHSVGJi2R8Wzbdhq3umRy&litespeed_type=imgoptm HTTP/1.1" 200 21 "-" "WordPress/6.6.2; https://vucivillage.com"
45.61.187.219 - - [31/Oct/2024:12:42:02 +0000] "GET /wp-admin/plugin-install.php?tab=upload HTTP/1.1" 302 0 "-" "python-requests/2.27.1"
109.106.251.75 - - [31/Oct/2024:12:42:04 +0000] "POST /wp-cron.php?doing_wp_cron=1730378524.4475350379943847656250 HTTP/1.1" 200 0 "-" "WordPress/6.6.2; https://vucivillage.com"
45.61.187.219 - - [31/Oct/2024:12:42:04 +0000] "GET /wp-login.php?redirect_to=https%3A%2F%2Fvucivillage.com%2Fwp-admin%2Fplugin-install.php%3Ftab%3Dupload&reauth=1 HTTP/1.1" 200 1929 "-" "python-requests/2.27.1"
109.106.251.75 - - [31/Oct/2024:12:43:51 +0000] "POST /wp-admin/admin-ajax.php?action=async_litespeed&nonce=uwIkPPs7wrF4zIhGq3uuY9faovGjPiYh&litespeed_type=imgoptm HTTP/1.1" 200 21 "-" "WordPress/6.6.2; https://vucivillage.com"
82.80.249.211 - - [31/Oct/2024:12:43:52 +0000] "GET / HTTP/1.1" 200 26816 "-" "Mozilla/5.0 (Windows NT 5.1; rv:25.0) Gecko/20100101 Firefox/25.0"
82.80.249.159 - - [31/Oct/2024:12:43:58 +0000] "GET / HTTP/1.1" 200 26816 "-" "Mozilla/5.0 (Windows NT 6.1; Trident/7.0; rv:11.0) like Gecko"
82.80.249.159 - - [31/Oct/2024:12:44:00 +0000] "GET /wp-content/plugins/the-post-grid/assets/vendor/font-awesome/css/font-awesome.min.css?ver=7.7.14 HTTP/1.1" 200 22280 "http://www.vucivillage.com/" "Mozilla/5.0 (X11; Linux x86_64; rv:26.0) Gecko/20100101 Firefox/26.0"
82.80.249.159 - - [31/Oct/2024:12:44:00 +0000] "GET /wp-content/plugins/premium-addons-for-elementor/assets/frontend/min-css/premium-addons.min.css?ver=4.10.62 HTTP/1.1" 200 48761 "http://www.vucivillage.com/" "Mozilla/5.0 (Macintosh; Intel Mac OS X 10_7_5) AppleWebKit/537.73.11 (KHTML, like Gecko) Version/6.1.1 Safari/537.73.11"
82.80.249.159 - - [31/Oct/2024:12:44:01 +0000] "GET /wp-content/plugins/the-post-grid/assets/css/thepostgrid.min.css?ver=7.7.14 HTTP/1.1" 200 20365 "http://www.vucivillage.com/" "Mozilla/5.0 (Windows NT 6.0; WOW64) AppleWebKit/534.30 (KHTML, like Gecko) Chrome/12.0.742.91 Safari/534.30"
82.80.249.159 - - [31/Oct/2024:12:44:04 +0000] "GET /wp-content/plugins/wp-live-chat-support/public/css/wplc-plugin-public.css?ver=10.0.14 HTTP/1.1" 200 98 "http://www.vucivillage.com/" "Mozilla/5.0 (Macintosh; Intel Mac OS X 10.9; rv:25.0) Gecko/20100101 Firefox/25.0"
82.80.249.159 - - [31/Oct/2024:12:44:04 +0000] "GET /wp-content/plugins/ultimate-social-media-icons/css/sfsi-style.css?ver=2.9.4 HTTP/1.1" 200 12747 "http://www.vucivillage.com/" "Mozilla/5.0 (Windows NT 6.1; WOW64; rv:25.0) Gecko/20100101 Firefox/25.0"
82.80.249.159 - - [31/Oct/2024:12:44:06 +0000] "GET /wp-content/plugins/wordpress-popular-posts/assets/css/wpp.css?ver=7.1.0 HTTP/1.1" 200 565 "http://www.vucivillage.com/" "Mozilla/5.0 (Windows NT 6.1; WOW64) AppleWebKit/537.36 (KHTML, like Gecko) Chrome/31.0.1650.63 Safari/537.36"
82.80.249.159 - - [31/Oct/2024:12:44:08 +0000] "GET /wp-content/themes/lt-industrial/genericons/genericons.css?ver=3.4.1 HTTP/1.1" 200 16258 "http://www.vucivillage.com/" "Mozilla/5.0 (compatible, MSIE 11, Windows NT 6.3; Trident/7.0; rv:11.0) like Gecko"
82.80.249.159 - - [31/Oct/2024:12:44:11 +0000] "GET /wp-content/themes/lt-industrial/style.css?ver=6.6.2 HTTP/1.1" 200 12856 "http://www.vucivillage.com/" "Mozilla/5.0 (Macintosh; Intel Mac OS X 10_9) AppleWebKit/537.71 (KHTML, like Gecko) Version/7.0 Safari/537.71"
82.80.249.159 - - [31/Oct/2024:12:44:11 +0000] "GET /wp-content/themes/lt-industrial/css/woocommerce.css?ver=20160816 HTTP/1.1" 200 3730 "http://www.vucivillage.com/" "Mozilla/5.0 (compatible; MSIE 10.0; Windows NT 6.2; WOW64; Trident/6.0)"
82.80.249.159 - - [31/Oct/2024:12:44:11 +0000] "GET /wp-content/themes/lt-industrial/css/blocks.css?ver=20181230 HTTP/1.1" 200 1807 "http://www.vucivillage.com/" "Mozilla/5.0 (Windows NT 6.3; WOW64) AppleWebKit/537.36 (KHTML, like Gecko) Chrome/31.0.1650.63 Safari/537.36"
82.80.249.159 - - [31/Oct/2024:12:44:13 +0000] "GET /wp-content/themes/lt-industrial/css/custom-layout.css?ver=20160816 HTTP/1.1" 200 1112 "http://www.vucivillage.com/" "Mozilla/5.0 (Macintosh; Intel Mac OS X 10_7_5) AppleWebKit/537.73.11 (KHTML, like Gecko) Version/6.1.1 Safari/537.73.11"
82.80.249.159 - - [31/Oct/2024:12:44:14 +0000] "GET /wp-content/themes/lt-industrial/css/custom.css?ver=20160816 HTTP/1.1" 200 2601 "http://www.vucivillage.com/" "Mozilla/5.0 (Windows NT 6.1) AppleWebKit/537.36 (KHTML, like Gecko) Chrome/31.0.1650.63 Safari/537.36"
82.80.249.159 - - [31/Oct/2024:12:44:14 +0000] "GET /wp-content/plugins/elementor/assets/lib/eicons/css/elementor-icons.min.css?ver=5.31.0 HTTP/1.1" 200 4037 "http://www.vucivillage.com/" "Mozilla/5.0 (compatible; MSIE 10.0; Windows NT 6.2; WOW64; Trident/6.0)"
82.80.249.159 - - [31/Oct/2024:12:44:15 +0000] "GET /wp-content/plugins/elementor/assets/css/frontend.min.css?ver=3.25.3 HTTP/1.1" 200 7500 "http://www.vucivillage.com/" "Mozilla/5.0 (Windows NT 5.1) AppleWebKit/537.36 (KHTML, like Gecko) Chrome/31.0.1650.63 Safari/537.36"
82.80.249.159 - - [31/Oct/2024:12:44:18 +0000] "GET /wp-content/plugins/elementor/assets/lib/swiper/v8/css/swiper.min.css?ver=8.4.5 HTTP/1.1" 200 4588 "http://www.vucivillage.com/" "Mozilla/5.0 (Windows NT 6.1; WOW64) AppleWebKit/537.36 (KHTML, like Gecko) Chrome/40.0.2214.111 Safari/537.36"
82.80.249.159 - - [31/Oct/2024:12:44:19 +0000] "GET /wp-content/plugins/elementor/assets/css/conditionals/e-swiper.min.css?ver=3.25.3 HTTP/1.1" 200 987 "http://www.vucivillage.com/" "Mozilla/5.0 (compatible; MSIE 10.0; Windows NT 6.1; Trident/6.0)"
82.80.249.159 - - [31/Oct/2024:12:44:20 +0000] "GET /wp-content/uploads/elementor/css/post-2034.css?ver=1730127194 HTTP/1.1" 200 381 "http://www.vucivillage.com/" "Mozilla/5.0 (Macintosh; Intel Mac OS X 10_8_5) AppleWebKit/537.36 (KHTML, like Gecko) Chrome/31.0.1650.63 Safari/537.36"
82.80.249.159 - - [31/Oct/2024:12:44:24 +0000] "GET /wp-content/plugins/elementor/assets/css/widget-heading.min.css?ver=3.25.3 HTTP/1.1" 200 187 "http://www.vucivillage.com/" "Mozilla/5.0 (Windows NT 6.1; WOW64; rv:25.0) Gecko/20100101 Firefox/25.0"
82.80.249.159 - - [31/Oct/2024:12:44:24 +0000] "GET /wp-content/plugins/elementor/assets/lib/font-awesome/css/all.min.css?ver=4.10.62 HTTP/1.1" 200 12839 "http://www.vucivillage.com/" "Mozilla/5.0 (Windows NT 6.2; Win64; x64; rv:27.0) Gecko/20100101 Firefox/27.0"
82.80.249.159 - - [31/Oct/2024:12:44:24 +0000] "GET /wp-content/plugins/elementor/assets/lib/font-awesome/css/v4-shims.min.css?ver=3.25.3 HTTP/1.1" 200 4189 "http://www.vucivillage.com/" "Mozilla/5.0 (Macintosh; Intel Mac OS X 10_6_8) AppleWebKit/534.59.10 (KHTML, like Gecko) Version/5.1.9 Safari/534.59.10"
