Файловый менеджер - Редактировать - /usr/local/apache/domlogs/lakoyani/vucivillage.com.lakoyanimedia.tech-ssl_log
Назад
176.9.99.89 - - [30/Oct/2024:11:29:57 +0000] "POST /xmlrpc.php HTTP/1.1" 403 1242 "-" "Mozilla/5.0 (Windows; U; Windows NT 5.1; en-US; rv:1.7.10) Gecko/20050716 Firefox/1.0.6"
82.100.220.41 - - [30/Oct/2024:11:29:57 +0000] "POST /xmlrpc.php HTTP/1.1" 403 1242 "-" "Mozilla/5.0 (iPad; CPU OS 14_6 like Mac OS X) AppleWebKit/605.1.15 (KHTML, like Gecko) CriOS/91.0.4472.80 Mobile/15E148 Safari/604.1"
45.79.82.63 - - [30/Oct/2024:11:30:07 +0000] "POST /xmlrpc.php HTTP/1.1" 403 1242 "-" "Mozilla/5.0 (Windows NT 6.1; WOW64; rv:18.0) Gecko/20100101 Firefox/18.0"
82.100.220.41 - - [30/Oct/2024:11:30:12 +0000] "POST /xmlrpc.php HTTP/1.1" 403 1242 "-" "Mozilla/5.0 (Linux; Android 10; LM-Q720) AppleWebKit/537.36 (KHTML, like Gecko) Chrome/91.0.4472.114 Mobile Safari/537.36"
109.106.251.75 - - [30/Oct/2024:11:34:24 +0000] "POST /wp-admin/admin-ajax.php?action=async_litespeed&nonce=5ymSIbNXUvyRC8rJRTWdF7xLTI761F9z&litespeed_type=imgoptm HTTP/1.1" 200 21 "-" "WordPress/6.6.2; https://vucivillage.com"
37.114.50.154 - - [30/Oct/2024:11:34:24 +0000] "GET / HTTP/1.1" 200 26816 "http://vucivillage.com" "Mozilla/5.0 (X11; Linux i686; rv:12.0) Gecko/20100101 Firefox/12.0"
37.114.50.154 - - [30/Oct/2024:11:36:42 +0000] "GET / HTTP/1.1" 200 26816 "http://vucivillage.com" "Mozilla/5.0 (iPhone; CPU iPhone OS 15_4 like Mac OS X) AppleWebKit/605.1.15 (KHTML, like Gecko) CriOS/100.0.4896.77 Mobile/15E148 Safari/604.1"
109.106.251.75 - - [30/Oct/2024:11:36:42 +0000] "POST /wp-admin/admin-ajax.php?action=async_litespeed&nonce=qmyq7d6h6L1nIZwEEtkl8ikUizgmMFXQ&litespeed_type=imgoptm HTTP/1.1" 200 21 "-" "WordPress/6.6.2; https://vucivillage.com"
37.114.50.154 - - [30/Oct/2024:11:40:52 +0000] "GET / HTTP/1.1" 200 26816 "http://vucivillage.com" "Mozilla/5.0 (Linux; Android 10; POCO F1) AppleWebKit/537.36 (KHTML, like Gecko) Chrome/101.0.4951.41 Mobile Safari/537.36"
109.106.251.75 - - [30/Oct/2024:11:40:52 +0000] "POST /wp-admin/admin-ajax.php?action=async_litespeed&nonce=8P5AEW32uNgsE93PAHZSAVemL7kHgEuU&litespeed_type=imgoptm HTTP/1.1" 200 21 "-" "WordPress/6.6.2; https://vucivillage.com"
66.249.70.2 - - [30/Oct/2024:11:58:12 +0000] "GET /wp-content/uploads/2024/10/Picture3.jpg HTTP/1.1" 200 97795 "-" "Googlebot-Image/1.0"
66.249.70.4 - - [30/Oct/2024:12:00:44 +0000] "GET /assets/images/icon-40x40.svg HTTP/1.1" 404 16879 "-" "Googlebot-Image/1.0"
109.106.251.75 - - [30/Oct/2024:12:00:45 +0000] "POST /wp-admin/admin-ajax.php?action=async_litespeed&nonce=cjW04J6rG9XyVEhZQg1WeE0u8E5nDPSf&litespeed_type=imgoptm HTTP/1.1" 200 21 "-" "WordPress/6.6.2; https://vucivillage.com"
109.106.251.75 - - [30/Oct/2024:12:00:45 +0000] "POST /wp-cron.php?doing_wp_cron=1730289645.4118220806121826171875 HTTP/1.1" 200 0 "-" "WordPress/6.6.2; https://vucivillage.com"
213.239.241.82 - - [30/Oct/2024:12:50:41 +0000] "POST /xmlrpc.php HTTP/1.1" 403 1242 "-" "Mozilla/5.0 (Windows NT 5.1; rv:52.0) Gecko/20100101 Firefox/52.0"
213.239.241.82 - - [30/Oct/2024:12:51:07 +0000] "POST /xmlrpc.php HTTP/1.1" 403 1242 "-" "Mozilla/5.0 (Windows NT 10.0) AppleWebKit/537.36 (KHTML, like Gecko) Chrome/91.0.4472.114 Safari/537.36"
213.239.241.82 - - [30/Oct/2024:12:51:07 +0000] "POST /xmlrpc.php HTTP/1.1" 403 1242 "-" "Mozilla/5.0 (Windows NT 6.1; WOW64; rv:47.0) Gecko/20100101 Firefox/47.0"
82.100.220.41 - - [30/Oct/2024:12:51:14 +0000] "POST /xmlrpc.php HTTP/1.1" 403 1242 "-" "Mozilla/5.0 (Windows NT 10.0; Win64; x64; rv:78.0) Gecko/20100101 Firefox/78.0"
198.98.58.40 - - [30/Oct/2024:14:00:21 +0000] "GET /wp-login.php HTTP/1.1" 200 6020 "-" "Mozilla/5.0 (Windows NT 6.1; WOW64; Trident/7.0; rv:11.0) like Gecko"
198.98.58.40 - - [30/Oct/2024:14:00:21 +0000] "POST /wp-login.php HTTP/1.1" 403 1242 "-" "Mozilla/5.0 (Windows NT 6.1; WOW64; Trident/7.0; rv:11.0) like Gecko"
109.106.251.75 - - [30/Oct/2024:14:00:23 +0000] "POST /wp-cron.php?doing_wp_cron=1730296823.2322928905487060546875 HTTP/1.1" 200 0 "-" "WordPress/6.6.2; https://vucivillage.com"
198.98.58.40 - - [30/Oct/2024:14:00:21 +0000] "GET /wp-admin/themes.php HTTP/1.1" 302 0 "-" "python-requests/2.27.1"
198.98.58.40 - - [30/Oct/2024:14:00:23 +0000] "GET /wp-login.php?redirect_to=https%3A%2F%2Fvucivillage.com%2Fwp-admin%2Fthemes.php&reauth=1 HTTP/1.1" 200 1919 "-" "python-requests/2.27.1"
198.98.58.40 - - [30/Oct/2024:14:00:23 +0000] "GET /wp-admin/plugin-install.php?tab=upload HTTP/1.1" 302 0 "-" "python-requests/2.27.1"
109.106.251.75 - - [30/Oct/2024:14:00:23 +0000] "POST /wp-admin/admin-ajax.php?action=async_litespeed&nonce=UFjcfNnmMjTSdAjrLl5AYL7MBf9Rp20x&litespeed_type=imgoptm HTTP/1.1" 200 21 "-" "WordPress/6.6.2; https://vucivillage.com"
198.98.58.40 - - [30/Oct/2024:14:00:23 +0000] "GET /wp-login.php?redirect_to=https%3A%2F%2Fvucivillage.com%2Fwp-admin%2Fplugin-install.php%3Ftab%3Dupload&reauth=1 HTTP/1.1" 200 1929 "-" "python-requests/2.27.1"
109.106.251.75 - - [30/Oct/2024:14:06:03 +0000] "POST /wp-cron.php?doing_wp_cron=1730297162.9878311157226562500000 HTTP/1.1" 200 0 "-" "WordPress/6.6.2; https://vucivillage.com"
66.220.149.19 - - [30/Oct/2024:14:06:02 +0000] "GET /robots.txt HTTP/2" 200 116 "-" "facebookexternalhit/1.1 (+http://www.facebook.com/externalhit_uatext.php)"
109.106.251.75 - - [30/Oct/2024:14:06:03 +0000] "POST /wp-admin/admin-ajax.php?action=async_litespeed&nonce=POs0j9O2j6QfgCclQKREN7MiGFV138vY&litespeed_type=imgoptm HTTP/1.1" 200 21 "-" "WordPress/6.6.2; https://vucivillage.com"
109.106.251.75 - - [30/Oct/2024:14:06:04 +0000] "POST /wp-cron.php?doing_wp_cron=1730297164.5162649154663085937500 HTTP/1.1" 200 0 "-" "WordPress/6.6.2; https://vucivillage.com"
57.141.7.13 - - [30/Oct/2024:14:06:03 +0000] "GET /gallery HTTP/2" 301 0 "-" "facebookexternalhit/1.1 (+http://www.facebook.com/externalhit_uatext.php)"
57.141.7.14 - - [30/Oct/2024:14:06:11 +0000] "GET /gallery/ HTTP/2" 200 93166 "-" "facebookexternalhit/1.1 (+http://www.facebook.com/externalhit_uatext.php)"
109.106.251.75 - - [30/Oct/2024:14:37:00 +0000] "POST /wp-cron.php?doing_wp_cron=1730299020.8608050346374511718750 HTTP/1.1" 200 0 "-" "WordPress/6.6.2; https://vucivillage.com"
109.106.251.75 - - [30/Oct/2024:14:37:01 +0000] "POST /wp-admin/admin-ajax.php?action=async_litespeed&nonce=bPgo1b9nVma4NEhPevTc06L4xIXIJyh8&litespeed_type=imgoptm HTTP/1.1" 200 21 "-" "WordPress/6.6.2; https://vucivillage.com"
57.141.7.25 - - [30/Oct/2024:14:36:59 +0000] "GET /category/blog/general/ HTTP/2" 200 122970 "-" "facebookexternalhit/1.1 (+http://www.facebook.com/externalhit_uatext.php)"
45.79.82.63 - - [30/Oct/2024:15:01:07 +0000] "POST /xmlrpc.php HTTP/1.1" 403 1242 "-" "Mozilla/5.0 (Windows NT 10.0; Win64; x64) AppleWebKit/537.36 (KHTML, like Gecko) Chrome/87.0.4280.88 Safari/537.36"
122.201.124.7 - - [30/Oct/2024:15:01:10 +0000] "POST /xmlrpc.php HTTP/1.1" 403 1242 "-" "Mozilla/5.0 (Windows NT 10.0; Win64; x64) AppleWebKit/537.36 (KHTML, like Gecko) Chrome/90.0.4430.93 Safari/537.36"
91.234.195.193 - - [30/Oct/2024:15:01:19 +0000] "POST /xmlrpc.php HTTP/1.1" 403 1242 "-" "Mozilla/5.0 (Windows NT 10.0; Win64; x64) AppleWebKit/537.36 (KHTML, like Gecko) Chrome/63.0.3239.132 Safari/537.36"
103.179.255.4 - - [30/Oct/2024:15:01:26 +0000] "POST /xmlrpc.php HTTP/1.1" 403 1242 "-" "Mozilla/5.0 (X11; Linux x86_64) AppleWebKit/537.36 (KHTML, like Gecko) Chrome/44.0.2403.157 Safari/537.36"
57.141.7.10 - - [30/Oct/2024:15:04:11 +0000] "GET / HTTP/2" 200 141694 "-" "meta-externalagent/1.1 (+https://developers.facebook.com/docs/sharing/webmasters/crawler)"
213.239.241.82 - - [30/Oct/2024:16:04:50 +0000] "POST /xmlrpc.php HTTP/1.1" 403 1242 "-" "Mozilla/5.0 (Windows NT 6.1; Win64; x64) AppleWebKit/537.36 (KHTML, like Gecko) Chrome/79.0.3945.88 Safari/537.36"
128.140.86.186 - - [30/Oct/2024:16:05:05 +0000] "POST /xmlrpc.php HTTP/1.1" 403 1242 "-" "Mozilla/5.0 (Windows NT 6.1; Win64; x64) AppleWebKit/537.36 (KHTML, like Gecko) Chrome/60.0.3112.90 Safari/537.36"
45.79.82.63 - - [30/Oct/2024:16:05:26 +0000] "POST /xmlrpc.php HTTP/1.1" 403 1242 "-" "Mozilla/5.0 (Windows NT 10.0; Win64; x64; rv:62.0) Gecko/20100101 Firefox/62.0"
146.70.189.48 - - [30/Oct/2024:16:14:08 +0000] "GET / HTTP/1.1" 200 26816 "-" "Mozilla/5.0 (Windows NT 10.0; Win64; x64) AppleWebKit/537.36 (KHTML, like Gecko) Chrome/64.0.3282.140 Safari/537.36 Edge/17.17134"
209.141.44.130 - - [30/Oct/2024:16:51:45 +0000] "GET /wp-login.php HTTP/1.1" 200 6020 "-" "Mozilla/5.0 (Windows NT 6.3; WOW64; rv:30.0) Gecko/20100101 Firefox/30.0"
209.141.44.130 - - [30/Oct/2024:16:51:45 +0000] "POST /wp-login.php HTTP/1.1" 403 1242 "-" "Mozilla/5.0 (Windows NT 6.3; WOW64; rv:30.0) Gecko/20100101 Firefox/30.0"
109.106.251.75 - - [30/Oct/2024:16:51:46 +0000] "POST /wp-cron.php?doing_wp_cron=1730307106.9093530178070068359375 HTTP/1.1" 200 0 "-" "WordPress/6.6.2; https://vucivillage.com"
209.141.44.130 - - [30/Oct/2024:16:51:45 +0000] "GET /wp-admin/themes.php HTTP/1.1" 302 0 "-" "python-requests/2.27.1"
109.106.251.75 - - [30/Oct/2024:16:51:47 +0000] "POST /wp-admin/admin-ajax.php?action=async_litespeed&nonce=tXEvw9uwCKJvp5slqDuoxmyMFMFRoWWi&litespeed_type=imgoptm HTTP/1.1" 200 21 "-" "WordPress/6.6.2; https://vucivillage.com"
209.141.44.130 - - [30/Oct/2024:16:51:47 +0000] "GET /wp-login.php?redirect_to=https%3A%2F%2Fvucivillage.com%2Fwp-admin%2Fthemes.php&reauth=1 HTTP/1.1" 200 1919 "-" "python-requests/2.27.1"
209.141.44.130 - - [30/Oct/2024:16:51:47 +0000] "GET /wp-admin/plugin-install.php?tab=upload HTTP/1.1" 302 0 "-" "python-requests/2.27.1"
209.141.44.130 - - [30/Oct/2024:16:51:47 +0000] "GET /wp-login.php?redirect_to=https%3A%2F%2Fvucivillage.com%2Fwp-admin%2Fplugin-install.php%3Ftab%3Dupload&reauth=1 HTTP/1.1" 200 1929 "-" "python-requests/2.27.1"
107.189.1.73 - - [30/Oct/2024:17:16:57 +0000] "GET /wp-login.php HTTP/1.1" 200 6020 "-" "Mozilla/5.0 (Windows NT 5.1; rv:31.0) Gecko/20100101 Firefox/31.0"
107.189.1.73 - - [30/Oct/2024:17:19:17 +0000] "POST /wp-login.php HTTP/1.1" 403 1242 "-" "Mozilla/5.0 (Windows NT 5.1; rv:31.0) Gecko/20100101 Firefox/31.0"
109.106.251.75 - - [30/Oct/2024:17:19:19 +0000] "POST /wp-cron.php?doing_wp_cron=1730308759.8958868980407714843750 HTTP/1.1" 200 0 "-" "WordPress/6.6.2; https://vucivillage.com"
107.189.1.73 - - [30/Oct/2024:17:19:18 +0000] "GET /wp-admin/themes.php HTTP/1.1" 302 0 "-" "python-requests/2.27.1"
107.189.1.73 - - [30/Oct/2024:17:19:20 +0000] "GET /wp-login.php?redirect_to=https%3A%2F%2Fvucivillage.com%2Fwp-admin%2Fthemes.php&reauth=1 HTTP/1.1" 200 1919 "-" "python-requests/2.27.1"
109.106.251.75 - - [30/Oct/2024:17:19:20 +0000] "POST /wp-admin/admin-ajax.php?action=async_litespeed&nonce=FYw42sSabYos4jDMcVpPWVcWeFgYYTD0&litespeed_type=imgoptm HTTP/1.1" 200 21 "-" "WordPress/6.6.2; https://vucivillage.com"
107.189.1.73 - - [30/Oct/2024:17:19:20 +0000] "GET /wp-admin/plugin-install.php?tab=upload HTTP/1.1" 302 0 "-" "python-requests/2.27.1"
107.189.1.73 - - [30/Oct/2024:17:19:21 +0000] "GET /wp-login.php?redirect_to=https%3A%2F%2Fvucivillage.com%2Fwp-admin%2Fplugin-install.php%3Ftab%3Dupload&reauth=1 HTTP/1.1" 200 1929 "-" "python-requests/2.27.1"
109.106.251.75 - - [30/Oct/2024:17:24:52 +0000] "POST /wp-cron.php?doing_wp_cron=1730309092.8216168880462646484375 HTTP/1.1" 200 0 "-" "WordPress/6.6.2; https://vucivillage.com"
40.77.167.143 - - [30/Oct/2024:17:24:51 +0000] "GET /vision-mission-values/ HTTP/2" 301 0 "-" "Mozilla/5.0 AppleWebKit/537.36 (KHTML, like Gecko; compatible; bingbot/2.0; +http://www.bing.com/bingbot.htm) Chrome/116.0.1938.76 Safari/537.36"
109.106.251.75 - - [30/Oct/2024:17:24:53 +0000] "POST /wp-admin/admin-ajax.php?action=async_litespeed&nonce=L0UlezJHO5hAZ6IXYQDHATLpVoHo43pK&litespeed_type=imgoptm HTTP/1.1" 200 21 "-" "WordPress/6.6.2; https://vucivillage.com"
91.134.248.230 - - [30/Oct/2024:17:29:02 +0000] "POST /xmlrpc.php HTTP/1.1" 403 1242 "-" "Mozilla/5.0 (Windows NT 10.0; Win64; x64) AppleWebKit/537.36 (KHTML, like Gecko) Chrome/68.0.3440.106 Safari/537.36"
109.106.251.75 - - [30/Oct/2024:17:29:10 +0000] "POST /wp-cron.php?doing_wp_cron=1730309350.8057339191436767578125 HTTP/1.1" 200 0 "-" "WordPress/6.6.2; https://vucivillage.com"
109.106.251.75 - - [30/Oct/2024:17:29:10 +0000] "POST /wp-admin/admin-ajax.php?action=async_litespeed&nonce=mhvEJ8iAocgSheB8NbcV2rc43BNpdM1i&litespeed_type=imgoptm HTTP/1.1" 200 21 "-" "WordPress/6.6.2; https://vucivillage.com"
40.77.167.70 - - [30/Oct/2024:17:29:09 +0000] "GET /category/blog/ HTTP/2" 200 36179 "-" "Mozilla/5.0 AppleWebKit/537.36 (KHTML, like Gecko; compatible; bingbot/2.0; +http://www.bing.com/bingbot.htm) Chrome/116.0.1938.76 Safari/537.36"
45.79.82.63 - - [30/Oct/2024:17:29:15 +0000] "POST /xmlrpc.php HTTP/1.1" 403 1242 "-" "Mozilla/5.0 (Windows NT 6.2; Win64; x64) AppleWebKit/537.36 (KHTML, like Gecko) Chrome/60.0.3112.90 Safari/537.36"
89.161.196.239 - - [30/Oct/2024:17:29:17 +0000] "POST /xmlrpc.php HTTP/1.1" 403 1242 "-" "Mozilla/5.0 (Windows NT 6.1; WOW64) AppleWebKit/537.1 (KHTML, like Gecko) Chrome/21.0.1180.83 Safari/537.1"
109.106.251.75 - - [30/Oct/2024:17:52:38 +0000] "POST /wp-admin/admin-ajax.php?action=async_litespeed&nonce=97HxhWKmWemnZoVtziqhgQc2hmkjc88L&litespeed_type=imgoptm HTTP/1.1" 200 21 "-" "WordPress/6.6.2; https://vucivillage.com"
109.106.251.75 - - [30/Oct/2024:17:53:05 +0000] "POST /wp-admin/admin-ajax.php?action=async_litespeed&nonce=7ixKMIYVubjkvXiI6KpgjmLrg1RVVgIA&litespeed_type=imgoptm HTTP/1.1" 200 21 "-" "WordPress/6.6.2; https://vucivillage.com"
157.245.216.203 - - [30/Oct/2024:18:04:58 +0000] "GET / HTTP/1.1" 200 26816 "-" "Mozilla/5.0 (compatible; InternetMeasurement/1.0; +https://internet-measurement.com/)"
87.236.176.98 - - [30/Oct/2024:18:05:00 +0000] "GET /wp-content/uploads/2024/10/cropped-vuci-logo-180x180.png HTTP/2" 200 11990 "-" "Mozilla/5.0 (compatible; InternetMeasurement/1.0; +https://internet-measurement.com/)"
87.236.176.41 - - [30/Oct/2024:18:05:00 +0000] "GET /wp-content/uploads/2024/10/cropped-vuci-logo-270x270.png HTTP/2" 200 21711 "-" "Mozilla/5.0 (compatible; InternetMeasurement/1.0; +https://internet-measurement.com/)"
87.236.176.106 - - [30/Oct/2024:18:05:00 +0000] "GET /wp-content/uploads/2024/10/cropped-vuci-logo-32x32.png HTTP/2" 200 1329 "-" "Mozilla/5.0 (compatible; InternetMeasurement/1.0; +https://internet-measurement.com/)"
87.236.176.239 - - [30/Oct/2024:18:05:01 +0000] "GET /wp-content/uploads/2024/10/cropped-vuci-logo-192x192.png HTTP/2" 200 13256 "-" "Mozilla/5.0 (compatible; InternetMeasurement/1.0; +https://internet-measurement.com/)"
174.64.199.79 - - [30/Oct/2024:19:52:52 +0000] "POST /wp-admin/wp-admin.php HTTP/1.1" 403 1242 "-" "Mozilla/5.0 (Macintosh; Intel Mac OS X 10_15_7) AppleWebKit/537.36 (KHTML, like Gecko) Chrome/120.0.0.0 Safari/537.36"
2.59.181.125 - - [30/Oct/2024:19:53:06 +0000] "POST /wp-admin/wp-admin.php HTTP/2" 403 1242 "-" "Mozilla/5.0 (Macintosh; Intel Mac OS X 10_15_7) AppleWebKit/537.36 (KHTML, like Gecko) Chrome/120.0.0.0 Safari/537.36"
198.98.58.40 - - [30/Oct/2024:20:11:00 +0000] "GET /wp-login.php HTTP/1.1" 200 6020 "-" "Mozilla/5.0 (iPhone; CPU iPhone OS 7_1_2 like Mac OS X) AppleWebKit/537.51.2 (KHTML, like Gecko) Version/7.0 Mobile/11D257 Safari/9537.53"
198.98.58.40 - - [30/Oct/2024:20:11:00 +0000] "POST /wp-login.php HTTP/1.1" 403 1242 "-" "Mozilla/5.0 (iPhone; CPU iPhone OS 7_1_2 like Mac OS X) AppleWebKit/537.51.2 (KHTML, like Gecko) Version/7.0 Mobile/11D257 Safari/9537.53"
109.106.251.75 - - [30/Oct/2024:20:11:03 +0000] "POST /wp-cron.php?doing_wp_cron=1730319062.7244729995727539062500 HTTP/1.1" 200 0 "-" "WordPress/6.6.2; https://vucivillage.com"
198.98.58.40 - - [30/Oct/2024:20:11:00 +0000] "GET /wp-admin/themes.php HTTP/1.1" 302 0 "-" "python-requests/2.27.1"
198.98.58.40 - - [30/Oct/2024:20:11:04 +0000] "GET /wp-login.php?redirect_to=https%3A%2F%2Fvucivillage.com%2Fwp-admin%2Fthemes.php&reauth=1 HTTP/1.1" 200 1919 "-" "python-requests/2.27.1"
109.106.251.75 - - [30/Oct/2024:20:11:04 +0000] "POST /wp-admin/admin-ajax.php?action=async_litespeed&nonce=pcUQi8WJcuqhUOyXqBdaQIumHYCk0Gtx&litespeed_type=imgoptm HTTP/1.1" 200 21 "-" "WordPress/6.6.2; https://vucivillage.com"
198.98.58.40 - - [30/Oct/2024:20:11:04 +0000] "GET /wp-admin/plugin-install.php?tab=upload HTTP/1.1" 302 0 "-" "python-requests/2.27.1"
198.98.58.40 - - [30/Oct/2024:20:11:04 +0000] "GET /wp-login.php?redirect_to=https%3A%2F%2Fvucivillage.com%2Fwp-admin%2Fplugin-install.php%3Ftab%3Dupload&reauth=1 HTTP/1.1" 200 1929 "-" "python-requests/2.27.1"
109.106.251.75 - - [30/Oct/2024:20:23:47 +0000] "POST /wp-admin/admin-ajax.php?action=async_litespeed&nonce=ptnz2ylayIS8QMcenJ4dDdy6Qw4njWsU&litespeed_type=imgoptm HTTP/1.1" 200 21 "-" "WordPress/6.6.2; https://vucivillage.com"
43.153.123.4 - - [30/Oct/2024:20:23:48 +0000] "GET / HTTP/1.1" 200 26816 "http://www.vucivillage.com" "Mozilla/5.0 (iPhone; CPU iPhone OS 13_2_3 like Mac OS X) AppleWebKit/605.1.15 (KHTML, like Gecko) Version/13.0.3 Mobile/15E148 Safari/604.1"
187.1.136.120 - - [30/Oct/2024:20:52:46 +0000] "POST /xmlrpc.php HTTP/1.1" 403 1242 "-" "Mozilla/5.0 (Windows NT 10.0; Win64; x64; rv:61.0) Gecko/20100101 Firefox/61.0"
82.100.220.41 - - [30/Oct/2024:20:53:02 +0000] "POST /xmlrpc.php HTTP/1.1" 403 1242 "-" "Mozilla/5.0 (Windows NT 5.1; rv:40.0) Gecko/20100101 Firefox/40.0"
109.106.251.75 - - [30/Oct/2024:21:03:34 +0000] "POST /wp-admin/admin-ajax.php?action=async_litespeed&nonce=fruIpPIspsiXIPjy5IheywM85N0onVsj&litespeed_type=imgoptm HTTP/1.1" 200 21 "-" "WordPress/6.6.2; https://vucivillage.com"
109.106.251.75 - - [30/Oct/2024:21:03:34 +0000] "POST /wp-admin/admin-ajax.php?action=as_async_request_queue_runner&nonce=e4125f9477 HTTP/1.1" 200 0 "-" "WordPress/6.6.2; https://vucivillage.com"
52.167.144.206 - - [30/Oct/2024:21:09:43 +0000] "GET /wp-json/wp/v2/pages/2433 HTTP/2" 200 1053 "-" "Mozilla/5.0 AppleWebKit/537.36 (KHTML, like Gecko; compatible; bingbot/2.0; +http://www.bing.com/bingbot.htm) Chrome/116.0.1938.76 Safari/537.36"
109.106.251.75 - - [30/Oct/2024:21:09:44 +0000] "POST /wp-cron.php?doing_wp_cron=1730322584.3169360160827636718750 HTTP/1.1" 200 0 "-" "WordPress/6.6.2; https://vucivillage.com"
109.106.251.75 - - [30/Oct/2024:21:09:44 +0000] "POST /wp-admin/admin-ajax.php?action=async_litespeed&nonce=l6tWFB66KAmaUI5jJC0pcFWim0AaYNme&litespeed_type=imgoptm HTTP/1.1" 200 21 "-" "WordPress/6.6.2; https://vucivillage.com"
109.106.251.75 - - [30/Oct/2024:21:55:09 +0000] "POST /wp-cron.php?doing_wp_cron=1730325309.7519259452819824218750 HTTP/1.1" 200 0 "-" "WordPress/6.6.2; https://vucivillage.com"
51.8.102.176 - - [30/Oct/2024:21:55:08 +0000] "GET /robots.txt HTTP/2" 301 0 "-" "Mozilla/5.0 AppleWebKit/537.36 (KHTML, like Gecko); compatible; OAI-SearchBot/1.0; +https://openai.com/searchbot"
109.106.251.75 - - [30/Oct/2024:21:55:10 +0000] "POST /wp-admin/admin-ajax.php?action=async_litespeed&nonce=mBA66nkS4n9ZuEEph4rgteGZ5GpCDWEO&litespeed_type=imgoptm HTTP/1.1" 200 21 "-" "WordPress/6.6.2; https://vucivillage.com"
45.79.82.63 - - [30/Oct/2024:22:04:14 +0000] "POST /xmlrpc.php HTTP/1.1" 403 1242 "-" "Mozilla/5.0 (iPad; CPU OS 14_6 like Mac OS X) AppleWebKit/605.1.15 (KHTML, like Gecko) CriOS/91.0.4472.80 Mobile/15E148 Safari/604.1"
213.239.241.82 - - [30/Oct/2024:22:04:38 +0000] "POST /xmlrpc.php HTTP/1.1" 403 1242 "-" "Mozilla/5.0 (Windows NT 6.1; Win64; x64) AppleWebKit/537.36 (KHTML, like Gecko) Chrome/74.0.3729.169 Safari/537.36"
109.106.251.75 - - [30/Oct/2024:22:22:28 +0000] "POST /wp-cron.php?doing_wp_cron=1730326948.1360750198364257812500 HTTP/1.1" 200 0 "-" "WordPress/6.6.2; https://vucivillage.com"
40.77.167.63 - - [30/Oct/2024:22:22:27 +0000] "GET /wp-sitemap-users-1.xml HTTP/2" 200 196 "-" "Mozilla/5.0 AppleWebKit/537.36 (KHTML, like Gecko; compatible; bingbot/2.0; +http://www.bing.com/bingbot.htm) Chrome/116.0.1938.76 Safari/537.36"
109.106.251.75 - - [30/Oct/2024:22:22:28 +0000] "POST /wp-admin/admin-ajax.php?action=async_litespeed&nonce=rIj4qujeBkvJWBfElxYxnj0PcmKbqZrb&litespeed_type=imgoptm HTTP/1.1" 200 21 "-" "WordPress/6.6.2; https://vucivillage.com"
109.106.251.75 - - [30/Oct/2024:22:32:29 +0000] "POST /wp-cron.php?doing_wp_cron=1730327549.3779189586639404296875 HTTP/1.1" 200 0 "-" "WordPress/6.6.2; https://vucivillage.com"
40.77.167.12 - - [30/Oct/2024:22:32:28 +0000] "GET /vision-mission-values/ HTTP/2" 404 16809 "-" "Mozilla/5.0 AppleWebKit/537.36 (KHTML, like Gecko; compatible; bingbot/2.0; +http://www.bing.com/bingbot.htm) Chrome/116.0.1938.76 Safari/537.36"
109.106.251.75 - - [30/Oct/2024:22:32:30 +0000] "POST /wp-admin/admin-ajax.php?action=async_litespeed&nonce=6wBOAJF0E9mZSmD2YIp8GtdnOg3F7hST&litespeed_type=imgoptm HTTP/1.1" 200 21 "-" "WordPress/6.6.2; https://vucivillage.com"
62.122.184.194 - - [30/Oct/2024:22:38:58 +0000] "GET / HTTP/1.0" 200 141694 "https://vucivillage.com/" "Mozilla/5.0 (Windows NT 10.0.0; Win64; x64; ) AppleWebKit/537.36 (KHTML, like Gecko) Chrome/124.0.6367.60 Chrome/124.0.6367.60 Not-A.Brand/99 Safari/537.36"
109.106.251.75 - - [30/Oct/2024:22:38:58 +0000] "POST /wp-admin/admin-ajax.php?action=async_litespeed&nonce=K4wXPhrgJkdjER0jZ75tsN4NIu2qMgDo&litespeed_type=imgoptm HTTP/1.1" 200 21 "-" "WordPress/6.6.2; https://vucivillage.com"
109.106.251.75 - - [30/Oct/2024:22:39:07 +0000] "POST /wp-cron.php?doing_wp_cron=1730327947.9873759746551513671875 HTTP/1.1" 200 0 "-" "WordPress/6.6.2; https://vucivillage.com"
62.122.184.194 - - [30/Oct/2024:22:39:07 +0000] "POST /wp-admin/admin-ajax.php HTTP/1.0" 200 235 "https://vucivillage.com/" "Mozilla/5.0 (Windows NT 10.0.0; Win64; x64; ) AppleWebKit/537.36 (KHTML, like Gecko) Chrome/124.0.6367.60 Chrome/124.0.6367.60 Not-A.Brand/99 Safari/537.36"
27.123.172.21 - - [30/Oct/2024:23:29:39 +0000] "GET /wp-content/plugins/wordpress-popular-posts/assets/js/wpp.min.js?ver=7.1.0 HTTP/2" 304 0 "https://vucivillage.com/" "Mozilla/5.0 (Linux; Android 14; SAMSUNG SM-A235F) AppleWebKit/537.36 (KHTML, like Gecko) SamsungBrowser/16.0 Chrome/92.0.4515.166 Mobile Safari/537.36"
27.123.172.21 - - [30/Oct/2024:23:29:39 +0000] "GET /wp-content/plugins/premium-addons-for-elementor/assets/frontend/min-css/premium-addons.min.css?ver=4.10.59 HTTP/2" 200 45500 "https://vucivillage.com/" "Mozilla/5.0 (Linux; Android 14; SAMSUNG SM-A235F) AppleWebKit/537.36 (KHTML, like Gecko) SamsungBrowser/16.0 Chrome/92.0.4515.166 Mobile Safari/537.36"
27.123.172.21 - - [30/Oct/2024:23:29:39 +0000] "GET /wp-content/plugins/the-post-grid/assets/vendor/font-awesome/css/font-awesome.min.css?ver=7.7.13 HTTP/2" 200 21709 "https://vucivillage.com/" "Mozilla/5.0 (Linux; Android 14; SAMSUNG SM-A235F) AppleWebKit/537.36 (KHTML, like Gecko) SamsungBrowser/16.0 Chrome/92.0.4515.166 Mobile Safari/537.36"
27.123.172.21 - - [30/Oct/2024:23:29:40 +0000] "GET /wp-content/plugins/the-post-grid/assets/css/thepostgrid.min.css?ver=7.7.13 HTTP/2" 200 18961 "https://vucivillage.com/" "Mozilla/5.0 (Linux; Android 14; SAMSUNG SM-A235F) AppleWebKit/537.36 (KHTML, like Gecko) SamsungBrowser/16.0 Chrome/92.0.4515.166 Mobile Safari/537.36"
27.123.172.21 - - [30/Oct/2024:23:29:40 +0000] "GET /wp-content/plugins/ultimate-social-media-icons/css/sfsi-style.css?ver=2.9.3 HTTP/2" 200 12300 "https://vucivillage.com/" "Mozilla/5.0 (Linux; Android 14; SAMSUNG SM-A235F) AppleWebKit/537.36 (KHTML, like Gecko) SamsungBrowser/16.0 Chrome/92.0.4515.166 Mobile Safari/537.36"
27.123.172.21 - - [30/Oct/2024:23:29:40 +0000] "GET /wp-content/plugins/wp-live-chat-support/public/css/wplc-plugin-public.css?ver=10.0.14 HTTP/2" 304 0 "https://vucivillage.com/" "Mozilla/5.0 (Linux; Android 14; SAMSUNG SM-A235F) AppleWebKit/537.36 (KHTML, like Gecko) SamsungBrowser/16.0 Chrome/92.0.4515.166 Mobile Safari/537.36"
27.123.172.21 - - [30/Oct/2024:23:29:41 +0000] "GET /wp-content/plugins/wordpress-popular-posts/assets/css/wpp.css?ver=7.1.0 HTTP/2" 304 0 "https://vucivillage.com/" "Mozilla/5.0 (Linux; Android 14; SAMSUNG SM-A235F) AppleWebKit/537.36 (KHTML, like Gecko) SamsungBrowser/16.0 Chrome/92.0.4515.166 Mobile Safari/537.36"
27.123.172.21 - - [30/Oct/2024:23:29:41 +0000] "GET /wp-content/themes/lt-industrial/genericons/genericons.css?ver=3.4.1 HTTP/2" 304 0 "https://vucivillage.com/" "Mozilla/5.0 (Linux; Android 14; SAMSUNG SM-A235F) AppleWebKit/537.36 (KHTML, like Gecko) SamsungBrowser/16.0 Chrome/92.0.4515.166 Mobile Safari/537.36"
27.123.172.21 - - [30/Oct/2024:23:29:41 +0000] "GET /wp-content/themes/lt-industrial/style.css?ver=6.6.2 HTTP/2" 304 0 "https://vucivillage.com/" "Mozilla/5.0 (Linux; Android 14; SAMSUNG SM-A235F) AppleWebKit/537.36 (KHTML, like Gecko) SamsungBrowser/16.0 Chrome/92.0.4515.166 Mobile Safari/537.36"
27.123.172.21 - - [30/Oct/2024:23:29:41 +0000] "GET /wp-content/themes/lt-industrial/css/blocks.css?ver=20181230 HTTP/2" 304 0 "https://vucivillage.com/" "Mozilla/5.0 (Linux; Android 14; SAMSUNG SM-A235F) AppleWebKit/537.36 (KHTML, like Gecko) SamsungBrowser/16.0 Chrome/92.0.4515.166 Mobile Safari/537.36"
27.123.172.21 - - [30/Oct/2024:23:29:41 +0000] "GET /wp-content/themes/lt-industrial/css/woocommerce.css?ver=20160816 HTTP/2" 304 0 "https://vucivillage.com/" "Mozilla/5.0 (Linux; Android 14; SAMSUNG SM-A235F) AppleWebKit/537.36 (KHTML, like Gecko) SamsungBrowser/16.0 Chrome/92.0.4515.166 Mobile Safari/537.36"
27.123.172.21 - - [30/Oct/2024:23:29:41 +0000] "GET /wp-content/themes/lt-industrial/css/custom-layout.css?ver=20160816 HTTP/2" 304 0 "https://vucivillage.com/" "Mozilla/5.0 (Linux; Android 14; SAMSUNG SM-A235F) AppleWebKit/537.36 (KHTML, like Gecko) SamsungBrowser/16.0 Chrome/92.0.4515.166 Mobile Safari/537.36"
27.123.172.21 - - [30/Oct/2024:23:29:41 +0000] "GET /wp-content/themes/lt-industrial/css/custom.css?ver=20160816 HTTP/2" 304 0 "https://vucivillage.com/" "Mozilla/5.0 (Linux; Android 14; SAMSUNG SM-A235F) AppleWebKit/537.36 (KHTML, like Gecko) SamsungBrowser/16.0 Chrome/92.0.4515.166 Mobile Safari/537.36"
27.123.172.21 - - [30/Oct/2024:23:29:41 +0000] "GET /wp-content/plugins/elementor/assets/lib/eicons/css/elementor-icons.min.css?ver=5.31.0 HTTP/2" 200 3745 "https://vucivillage.com/" "Mozilla/5.0 (Linux; Android 14; SAMSUNG SM-A235F) AppleWebKit/537.36 (KHTML, like Gecko) SamsungBrowser/16.0 Chrome/92.0.4515.166 Mobile Safari/537.36"
27.123.172.21 - - [30/Oct/2024:23:29:41 +0000] "GET /wp-content/plugins/elementor/assets/css/frontend.min.css?ver=3.24.7 HTTP/2" 200 6799 "https://vucivillage.com/" "Mozilla/5.0 (Linux; Android 14; SAMSUNG SM-A235F) AppleWebKit/537.36 (KHTML, like Gecko) SamsungBrowser/16.0 Chrome/92.0.4515.166 Mobile Safari/537.36"
27.123.172.21 - - [30/Oct/2024:23:29:42 +0000] "GET /wp-content/plugins/elementor/assets/lib/swiper/v8/css/swiper.min.css?ver=8.4.5 HTTP/2" 200 4227 "https://vucivillage.com/" "Mozilla/5.0 (Linux; Android 14; SAMSUNG SM-A235F) AppleWebKit/537.36 (KHTML, like Gecko) SamsungBrowser/16.0 Chrome/92.0.4515.166 Mobile Safari/537.36"
27.123.172.21 - - [30/Oct/2024:23:29:42 +0000] "GET /wp-content/plugins/elementor/assets/css/conditionals/e-swiper.min.css?ver=3.24.7 HTTP/2" 200 883 "https://vucivillage.com/" "Mozilla/5.0 (Linux; Android 14; SAMSUNG SM-A235F) AppleWebKit/537.36 (KHTML, like Gecko) SamsungBrowser/16.0 Chrome/92.0.4515.166 Mobile Safari/537.36"
27.123.172.21 - - [30/Oct/2024:23:29:42 +0000] "GET /wp-content/uploads/elementor/css/post-2034.css?ver=1729221375 HTTP/2" 200 335 "https://vucivillage.com/" "Mozilla/5.0 (Linux; Android 14; SAMSUNG SM-A235F) AppleWebKit/537.36 (KHTML, like Gecko) SamsungBrowser/16.0 Chrome/92.0.4515.166 Mobile Safari/537.36"
27.123.172.21 - - [30/Oct/2024:23:29:42 +0000] "GET /wp-content/plugins/elementor/assets/lib/font-awesome/css/all.min.css?ver=4.10.59 HTTP/2" 200 12348 "https://vucivillage.com/" "Mozilla/5.0 (Linux; Android 14; SAMSUNG SM-A235F) AppleWebKit/537.36 (KHTML, like Gecko) SamsungBrowser/16.0 Chrome/92.0.4515.166 Mobile Safari/537.36"
27.123.172.21 - - [30/Oct/2024:23:29:42 +0000] "GET /wp-content/plugins/elementor/assets/lib/font-awesome/css/v4-shims.min.css?ver=3.24.7 HTTP/2" 200 3953 "https://vucivillage.com/" "Mozilla/5.0 (Linux; Android 14; SAMSUNG SM-A235F) AppleWebKit/537.36 (KHTML, like Gecko) SamsungBrowser/16.0 Chrome/92.0.4515.166 Mobile Safari/537.36"
27.123.172.21 - - [30/Oct/2024:23:29:42 +0000] "GET /wp-content/plugins/elementor/assets/css/widget-heading.min.css?ver=3.24.7 HTTP/2" 200 154 "https://vucivillage.com/" "Mozilla/5.0 (Linux; Android 14; SAMSUNG SM-A235F) AppleWebKit/537.36 (KHTML, like Gecko) SamsungBrowser/16.0 Chrome/92.0.4515.166 Mobile Safari/537.36"
27.123.172.21 - - [30/Oct/2024:23:29:42 +0000] "GET /wp-content/plugins/elementor/assets/lib/animations/styles/e-animation-pulse.min.css?ver=3.24.7 HTTP/2" 200 143 "https://vucivillage.com/" "Mozilla/5.0 (Linux; Android 14; SAMSUNG SM-A235F) AppleWebKit/537.36 (KHTML, like Gecko) SamsungBrowser/16.0 Chrome/92.0.4515.166 Mobile Safari/537.36"
27.123.172.21 - - [30/Oct/2024:23:29:43 +0000] "GET /wp-content/plugins/elementor/assets/lib/animations/styles/fadeInDown.min.css?ver=3.24.7 HTTP/2" 200 137 "https://vucivillage.com/" "Mozilla/5.0 (Linux; Android 14; SAMSUNG SM-A235F) AppleWebKit/537.36 (KHTML, like Gecko) SamsungBrowser/16.0 Chrome/92.0.4515.166 Mobile Safari/537.36"
27.123.172.21 - - [30/Oct/2024:23:29:43 +0000] "GET /wp-content/plugins/elementor/assets/css/widget-text-editor.min.css?ver=3.24.7 HTTP/2" 200 198 "https://vucivillage.com/" "Mozilla/5.0 (Linux; Android 14; SAMSUNG SM-A235F) AppleWebKit/537.36 (KHTML, like Gecko) SamsungBrowser/16.0 Chrome/92.0.4515.166 Mobile Safari/537.36"
27.123.172.21 - - [30/Oct/2024:23:29:43 +0000] "GET /wp-content/plugins/elementor/assets/css/widget-icon-list.min.css?ver=3.24.7 HTTP/2" 200 865 "https://vucivillage.com/" "Mozilla/5.0 (Linux; Android 14; SAMSUNG SM-A235F) AppleWebKit/537.36 (KHTML, like Gecko) SamsungBrowser/16.0 Chrome/92.0.4515.166 Mobile Safari/537.36"
27.123.172.21 - - [30/Oct/2024:23:29:43 +0000] "GET /wp-content/plugins/elementor/assets/lib/animations/styles/fadeInLeft.min.css?ver=3.24.7 HTTP/2" 200 137 "https://vucivillage.com/" "Mozilla/5.0 (Linux; Android 14; SAMSUNG SM-A235F) AppleWebKit/537.36 (KHTML, like Gecko) SamsungBrowser/16.0 Chrome/92.0.4515.166 Mobile Safari/537.36"
27.123.172.21 - - [30/Oct/2024:23:29:43 +0000] "GET /wp-content/plugins/elementor/assets/css/widget-video.min.css?ver=3.24.7 HTTP/2" 200 413 "https://vucivillage.com/" "Mozilla/5.0 (Linux; Android 14; SAMSUNG SM-A235F) AppleWebKit/537.36 (KHTML, like Gecko) SamsungBrowser/16.0 Chrome/92.0.4515.166 Mobile Safari/537.36"
27.123.172.21 - - [30/Oct/2024:23:29:43 +0000] "GET /wp-content/plugins/elementor/assets/lib/animations/styles/fadeInRight.min.css?ver=3.24.7 HTTP/2" 200 139 "https://vucivillage.com/" "Mozilla/5.0 (Linux; Android 14; SAMSUNG SM-A235F) AppleWebKit/537.36 (KHTML, like Gecko) SamsungBrowser/16.0 Chrome/92.0.4515.166 Mobile Safari/537.36"
109.106.251.75 - - [30/Oct/2024:23:29:43 +0000] "POST /wp-cron.php?doing_wp_cron=1730330983.8339350223541259765625 HTTP/1.1" 200 0 "-" "WordPress/6.6.2; https://vucivillage.com"
27.123.172.21 - - [30/Oct/2024:23:29:42 +0000] "GET /wp-content/uploads/elementor/css/global.css?ver=1729221377 HTTP/2" 404 16872 "https://vucivillage.com/" "Mozilla/5.0 (Linux; Android 14; SAMSUNG SM-A235F) AppleWebKit/537.36 (KHTML, like Gecko) SamsungBrowser/16.0 Chrome/92.0.4515.166 Mobile Safari/537.36"
27.123.172.21 - - [30/Oct/2024:23:29:44 +0000] "GET /wp-content/plugins/elementor/assets/css/widget-divider.min.css?ver=3.24.7 HTTP/2" 200 683 "https://vucivillage.com/" "Mozilla/5.0 (Linux; Android 14; SAMSUNG SM-A235F) AppleWebKit/537.36 (KHTML, like Gecko) SamsungBrowser/16.0 Chrome/92.0.4515.166 Mobile Safari/537.36"
27.123.172.21 - - [30/Oct/2024:23:29:44 +0000] "GET /wp-content/plugins/elementor/assets/css/widget-icon-box.min.css?ver=3.24.7 HTTP/2" 200 637 "https://vucivillage.com/" "Mozilla/5.0 (Linux; Android 14; SAMSUNG SM-A235F) AppleWebKit/537.36 (KHTML, like Gecko) SamsungBrowser/16.0 Chrome/92.0.4515.166 Mobile Safari/537.36"
27.123.172.21 - - [30/Oct/2024:23:29:44 +0000] "GET /wp-content/plugins/elementor/assets/css/widget-image-gallery.min.css?ver=3.24.7 HTTP/2" 200 307 "https://vucivillage.com/" "Mozilla/5.0 (Linux; Android 14; SAMSUNG SM-A235F) AppleWebKit/537.36 (KHTML, like Gecko) SamsungBrowser/16.0 Chrome/92.0.4515.166 Mobile Safari/537.36"
27.123.172.21 - - [30/Oct/2024:23:29:44 +0000] "GET /wp-content/plugins/elementor/assets/lib/animations/styles/zoomIn.min.css?ver=3.24.7 HTTP/2" 200 106 "https://vucivillage.com/" "Mozilla/5.0 (Linux; Android 14; SAMSUNG SM-A235F) AppleWebKit/537.36 (KHTML, like Gecko) SamsungBrowser/16.0 Chrome/92.0.4515.166 Mobile Safari/537.36"
27.123.172.21 - - [30/Oct/2024:23:29:44 +0000] "GET /wp-content/plugins/elementor/assets/lib/animations/styles/e-animation-hang.min.css?ver=3.24.7 HTTP/2" 200 217 "https://vucivillage.com/" "Mozilla/5.0 (Linux; Android 14; SAMSUNG SM-A235F) AppleWebKit/537.36 (KHTML, like Gecko) SamsungBrowser/16.0 Chrome/92.0.4515.166 Mobile Safari/537.36"
27.123.172.21 - - [30/Oct/2024:23:29:44 +0000] "GET /wp-content/plugins/elementor/assets/css/widget-image.min.css?ver=3.24.7 HTTP/2" 200 254 "https://vucivillage.com/" "Mozilla/5.0 (Linux; Android 14; SAMSUNG SM-A235F) AppleWebKit/537.36 (KHTML, like Gecko) SamsungBrowser/16.0 Chrome/92.0.4515.166 Mobile Safari/537.36"
27.123.172.21 - - [30/Oct/2024:23:29:44 +0000] "GET /wp-content/uploads/elementor/css/post-2.css?ver=1729221377 HTTP/2" 200 2374 "https://vucivillage.com/" "Mozilla/5.0 (Linux; Android 14; SAMSUNG SM-A235F) AppleWebKit/537.36 (KHTML, like Gecko) SamsungBrowser/16.0 Chrome/92.0.4515.166 Mobile Safari/537.36"
27.123.172.21 - - [30/Oct/2024:23:29:45 +0000] "GET /wp-content/plugins/elementor/assets/lib/font-awesome/css/fontawesome.min.css?ver=5.15.3 HTTP/2" 200 12129 "https://vucivillage.com/" "Mozilla/5.0 (Linux; Android 14; SAMSUNG SM-A235F) AppleWebKit/537.36 (KHTML, like Gecko) SamsungBrowser/16.0 Chrome/92.0.4515.166 Mobile Safari/537.36"
27.123.172.21 - - [30/Oct/2024:23:29:45 +0000] "GET /wp-content/plugins/elementor/assets/lib/font-awesome/css/solid.min.css?ver=5.15.3 HTTP/2" 200 286 "https://vucivillage.com/" "Mozilla/5.0 (Linux; Android 14; SAMSUNG SM-A235F) AppleWebKit/537.36 (KHTML, like Gecko) SamsungBrowser/16.0 Chrome/92.0.4515.166 Mobile Safari/537.36"
27.123.172.21 - - [30/Oct/2024:23:29:45 +0000] "GET /wp-content/plugins/smart-slider-3/Public/SmartSlider3/Application/Frontend/Assets/dist/smartslider.min.css?ver=40b842f2 HTTP/2" 304 0 "https://vucivillage.com/" "Mozilla/5.0 (Linux; Android 14; SAMSUNG SM-A235F) AppleWebKit/537.36 (KHTML, like Gecko) SamsungBrowser/16.0 Chrome/92.0.4515.166 Mobile Safari/537.36"
109.106.251.75 - - [30/Oct/2024:23:29:44 +0000] "POST /wp-admin/admin-ajax.php?action=async_litespeed&nonce=7W3aVjb8KXaOQhtva3zRhj0fjOhMuGc2&litespeed_type=imgoptm HTTP/1.1" 200 21 "-" "WordPress/6.6.2; https://vucivillage.com"
27.123.172.21 - - [30/Oct/2024:23:29:45 +0000] "GET /wp-includes/js/jquery/jquery.min.js?ver=3.7.1 HTTP/2" 304 0 "https://vucivillage.com/" "Mozilla/5.0 (Linux; Android 14; SAMSUNG SM-A235F) AppleWebKit/537.36 (KHTML, like Gecko) SamsungBrowser/16.0 Chrome/92.0.4515.166 Mobile Safari/537.36"
27.123.172.21 - - [30/Oct/2024:23:29:45 +0000] "GET /wp-includes/js/jquery/jquery-migrate.min.js?ver=3.4.1 HTTP/2" 304 0 "https://vucivillage.com/" "Mozilla/5.0 (Linux; Android 14; SAMSUNG SM-A235F) AppleWebKit/537.36 (KHTML, like Gecko) SamsungBrowser/16.0 Chrome/92.0.4515.166 Mobile Safari/537.36"
27.123.172.21 - - [30/Oct/2024:23:29:45 +0000] "GET /wp-content/plugins/elementor/assets/lib/font-awesome/js/v4-shims.min.js?ver=3.24.7 HTTP/2" 200 4019 "https://vucivillage.com/" "Mozilla/5.0 (Linux; Android 14; SAMSUNG SM-A235F) AppleWebKit/537.36 (KHTML, like Gecko) SamsungBrowser/16.0 Chrome/92.0.4515.166 Mobile Safari/537.36"
27.123.172.21 - - [30/Oct/2024:23:29:45 +0000] "GET /wp-content/plugins/wpforms-lite/assets/css/frontend/modern/wpforms-full.min.css?ver=1.9.1.3 HTTP/2" 200 14394 "https://vucivillage.com/" "Mozilla/5.0 (Linux; Android 14; SAMSUNG SM-A235F) AppleWebKit/537.36 (KHTML, like Gecko) SamsungBrowser/16.0 Chrome/92.0.4515.166 Mobile Safari/537.36"
27.123.172.21 - - [30/Oct/2024:23:29:45 +0000] "GET /wp-includes/js/jquery/ui/core.min.js?ver=1.13.3 HTTP/2" 304 0 "https://vucivillage.com/" "Mozilla/5.0 (Linux; Android 14; SAMSUNG SM-A235F) AppleWebKit/537.36 (KHTML, like Gecko) SamsungBrowser/16.0 Chrome/92.0.4515.166 Mobile Safari/537.36"
27.123.172.21 - - [30/Oct/2024:23:29:45 +0000] "GET /wp-content/plugins/ultimate-social-media-icons/js/shuffle/modernizr.custom.min.js?ver=6.6.2 HTTP/2" 200 1368 "https://vucivillage.com/" "Mozilla/5.0 (Linux; Android 14; SAMSUNG SM-A235F) AppleWebKit/537.36 (KHTML, like Gecko) SamsungBrowser/16.0 Chrome/92.0.4515.166 Mobile Safari/537.36"
27.123.172.21 - - [30/Oct/2024:23:29:46 +0000] "GET /wp-content/plugins/ultimate-social-media-icons/js/shuffle/jquery.shuffle.min.js?ver=6.6.2 HTTP/2" 200 3932 "https://vucivillage.com/" "Mozilla/5.0 (Linux; Android 14; SAMSUNG SM-A235F) AppleWebKit/537.36 (KHTML, like Gecko) SamsungBrowser/16.0 Chrome/92.0.4515.166 Mobile Safari/537.36"
27.123.172.21 - - [30/Oct/2024:23:29:46 +0000] "GET /wp-content/plugins/ultimate-social-media-icons/js/custom.js?ver=2.9.3 HTTP/2" 200 6660 "https://vucivillage.com/" "Mozilla/5.0 (Linux; Android 14; SAMSUNG SM-A235F) AppleWebKit/537.36 (KHTML, like Gecko) SamsungBrowser/16.0 Chrome/92.0.4515.166 Mobile Safari/537.36"
27.123.172.21 - - [30/Oct/2024:23:29:46 +0000] "GET /wp-content/plugins/ultimate-social-media-icons/js/shuffle/random-shuffle-min.js?ver=6.6.2 HTTP/2" 200 617 "https://vucivillage.com/" "Mozilla/5.0 (Linux; Android 14; SAMSUNG SM-A235F) AppleWebKit/537.36 (KHTML, like Gecko) SamsungBrowser/16.0 Chrome/92.0.4515.166 Mobile Safari/537.36"
27.123.172.21 - - [30/Oct/2024:23:29:47 +0000] "GET /wp-content/plugins/elementor/assets/lib/font-awesome/webfonts/fa-solid-900.woff2 HTTP/2" 200 78196 "https://vucivillage.com/wp-content/plugins/elementor/assets/lib/font-awesome/css/all.min.css?ver=4.10.59" "Mozilla/5.0 (Linux; Android 14; SAMSUNG SM-A235F) AppleWebKit/537.36 (KHTML, like Gecko) SamsungBrowser/16.0 Chrome/92.0.4515.166 Mobile Safari/537.36"
27.123.172.21 - - [30/Oct/2024:23:29:47 +0000] "GET /wp-content/themes/lt-industrial/js/skip-link-focus-fix.js?ver=20160816 HTTP/2" 304 0 "https://vucivillage.com/" "Mozilla/5.0 (Linux; Android 14; SAMSUNG SM-A235F) AppleWebKit/537.36 (KHTML, like Gecko) SamsungBrowser/16.0 Chrome/92.0.4515.166 Mobile Safari/537.36"
27.123.172.21 - - [30/Oct/2024:23:29:47 +0000] "GET /wp-content/themes/lt-industrial/js/functions.js?ver=20181230 HTTP/2" 304 0 "https://vucivillage.com/" "Mozilla/5.0 (Linux; Android 14; SAMSUNG SM-A235F) AppleWebKit/537.36 (KHTML, like Gecko) SamsungBrowser/16.0 Chrome/92.0.4515.166 Mobile Safari/537.36"
27.123.172.21 - - [30/Oct/2024:23:29:47 +0000] "GET /wp-content/themes/lt-industrial/js/custom.js?ver=20181230 HTTP/2" 304 0 "https://vucivillage.com/" "Mozilla/5.0 (Linux; Android 14; SAMSUNG SM-A235F) AppleWebKit/537.36 (KHTML, like Gecko) SamsungBrowser/16.0 Chrome/92.0.4515.166 Mobile Safari/537.36"
27.123.172.21 - - [30/Oct/2024:23:29:47 +0000] "GET /wp-content/plugins/premium-addons-for-elementor/assets/frontend/min-js/premium-wrapper-link.min.js?ver=4.10.59 HTTP/2" 200 387 "https://vucivillage.com/" "Mozilla/5.0 (Linux; Android 14; SAMSUNG SM-A235F) AppleWebKit/537.36 (KHTML, like Gecko) SamsungBrowser/16.0 Chrome/92.0.4515.166 Mobile Safari/537.36"
27.123.172.21 - - [30/Oct/2024:23:29:47 +0000] "GET /wp-content/plugins/elementor/assets/js/webpack.runtime.min.js?ver=3.24.7 HTTP/2" 200 2181 "https://vucivillage.com/" "Mozilla/5.0 (Linux; Android 14; SAMSUNG SM-A235F) AppleWebKit/537.36 (KHTML, like Gecko) SamsungBrowser/16.0 Chrome/92.0.4515.166 Mobile Safari/537.36"
27.123.172.21 - - [30/Oct/2024:23:29:48 +0000] "GET /wp-content/plugins/the-post-grid/assets/vendor/font-awesome/webfonts/fa-solid-900.woff2 HTTP/2" 200 150020 "https://vucivillage.com/wp-content/plugins/the-post-grid/assets/vendor/font-awesome/css/font-awesome.min.css?ver=7.7.13" "Mozilla/5.0 (Linux; Android 14; SAMSUNG SM-A235F) AppleWebKit/537.36 (KHTML, like Gecko) SamsungBrowser/16.0 Chrome/92.0.4515.166 Mobile Safari/537.36"
27.123.172.21 - - [30/Oct/2024:23:29:48 +0000] "GET /wp-content/plugins/elementor/assets/js/frontend-modules.min.js?ver=3.24.7 HTTP/2" 200 15318 "https://vucivillage.com/" "Mozilla/5.0 (Linux; Android 14; SAMSUNG SM-A235F) AppleWebKit/537.36 (KHTML, like Gecko) SamsungBrowser/16.0 Chrome/92.0.4515.166 Mobile Safari/537.36"
27.123.172.21 - - [30/Oct/2024:23:29:48 +0000] "GET /wp-content/plugins/elementor/assets/js/frontend.min.js?ver=3.24.7 HTTP/2" 200 12845 "https://vucivillage.com/" "Mozilla/5.0 (Linux; Android 14; SAMSUNG SM-A235F) AppleWebKit/537.36 (KHTML, like Gecko) SamsungBrowser/16.0 Chrome/92.0.4515.166 Mobile Safari/537.36"
27.123.172.21 - - [30/Oct/2024:23:29:48 +0000] "GET /wp-includes/js/underscore.min.js?ver=1.13.4 HTTP/2" 304 0 "https://vucivillage.com/" "Mozilla/5.0 (Linux; Android 14; SAMSUNG SM-A235F) AppleWebKit/537.36 (KHTML, like Gecko) SamsungBrowser/16.0 Chrome/92.0.4515.166 Mobile Safari/537.36"
27.123.172.21 - - [30/Oct/2024:23:29:49 +0000] "GET /wp-includes/js/wp-util.min.js?ver=6.6.2 HTTP/2" 304 0 "https://vucivillage.com/" "Mozilla/5.0 (Linux; Android 14; SAMSUNG SM-A235F) AppleWebKit/537.36 (KHTML, like Gecko) SamsungBrowser/16.0 Chrome/92.0.4515.166 Mobile Safari/537.36"
27.123.172.21 - - [30/Oct/2024:23:29:49 +0000] "GET /wp-content/plugins/wpforms-lite/assets/js/frontend/wpforms.min.js?ver=1.9.1.3 HTTP/2" 200 13557 "https://vucivillage.com/" "Mozilla/5.0 (Linux; Android 14; SAMSUNG SM-A235F) AppleWebKit/537.36 (KHTML, like Gecko) SamsungBrowser/16.0 Chrome/92.0.4515.166 Mobile Safari/537.36"
27.123.172.21 - - [30/Oct/2024:23:29:49 +0000] "GET /wp-content/plugins/wpforms-lite/assets/js/integrations/elementor/frontend.min.js?ver=1.9.1.3 HTTP/2" 200 450 "https://vucivillage.com/" "Mozilla/5.0 (Linux; Android 14; SAMSUNG SM-A235F) AppleWebKit/537.36 (KHTML, like Gecko) SamsungBrowser/16.0 Chrome/92.0.4515.166 Mobile Safari/537.36"
27.123.172.21 - - [30/Oct/2024:23:29:49 +0000] "GET /wp-content/plugins/wpforms-lite/assets/lib/jquery.validate.min.js?ver=1.20.1 HTTP/2" 200 7724 "https://vucivillage.com/" "Mozilla/5.0 (Linux; Android 14; SAMSUNG SM-A235F) AppleWebKit/537.36 (KHTML, like Gecko) SamsungBrowser/16.0 Chrome/92.0.4515.166 Mobile Safari/537.36"
27.123.172.21 - - [30/Oct/2024:23:29:49 +0000] "GET /wp-content/plugins/wpforms-lite/assets/lib/mailcheck.min.js?ver=1.1.2 HTTP/2" 200 1615 "https://vucivillage.com/" "Mozilla/5.0 (Linux; Android 14; SAMSUNG SM-A235F) AppleWebKit/537.36 (KHTML, like Gecko) SamsungBrowser/16.0 Chrome/92.0.4515.166 Mobile Safari/537.36"
27.123.172.21 - - [30/Oct/2024:23:29:50 +0000] "GET /wp-content/plugins/wpforms-lite/assets/lib/punycode.min.js?ver=1.0.0 HTTP/2" 200 833 "https://vucivillage.com/" "Mozilla/5.0 (Linux; Android 14; SAMSUNG SM-A235F) AppleWebKit/537.36 (KHTML, like Gecko) SamsungBrowser/16.0 Chrome/92.0.4515.166 Mobile Safari/537.36"
27.123.172.21 - - [30/Oct/2024:23:29:50 +0000] "GET /wp-content/plugins/wpforms-lite/assets/js/share/utils.min.js?ver=1.9.1.3 HTTP/2" 200 618 "https://vucivillage.com/" "Mozilla/5.0 (Linux; Android 14; SAMSUNG SM-A235F) AppleWebKit/537.36 (KHTML, like Gecko) SamsungBrowser/16.0 Chrome/92.0.4515.166 Mobile Safari/537.36"
27.123.172.21 - - [30/Oct/2024:23:29:50 +0000] "GET /wp-content/plugins/wpforms-lite/assets/js/frontend/wpforms-modern.min.js?ver=1.9.1.3 HTTP/2" 200 1856 "https://vucivillage.com/" "Mozilla/5.0 (Linux; Android 14; SAMSUNG SM-A235F) AppleWebKit/537.36 (KHTML, like Gecko) SamsungBrowser/16.0 Chrome/92.0.4515.166 Mobile Safari/537.36"
27.123.172.21 - - [30/Oct/2024:23:29:50 +0000] "GET /wp-content/plugins/smart-slider-3/Public/SmartSlider3/Application/Frontend/Assets/dist/n2.min.js?ver=40b842f2 HTTP/2" 304 0 "https://vucivillage.com/" "Mozilla/5.0 (Linux; Android 14; SAMSUNG SM-A235F) AppleWebKit/537.36 (KHTML, like Gecko) SamsungBrowser/16.0 Chrome/92.0.4515.166 Mobile Safari/537.36"
27.123.172.21 - - [30/Oct/2024:23:29:50 +0000] "GET /wp-content/plugins/smart-slider-3/Public/SmartSlider3/Application/Frontend/Assets/dist/smartslider-frontend.min.js?ver=40b842f2 HTTP/2" 304 0 "https://vucivillage.com/" "Mozilla/5.0 (Linux; Android 14; SAMSUNG SM-A235F) AppleWebKit/537.36 (KHTML, like Gecko) SamsungBrowser/16.0 Chrome/92.0.4515.166 Mobile Safari/537.36"
27.123.172.21 - - [30/Oct/2024:23:29:50 +0000] "GET /wp-content/uploads/2024/10/vuci-village-logo.png HTTP/2" 304 0 "https://vucivillage.com/" "Mozilla/5.0 (Linux; Android 14; SAMSUNG SM-A235F) AppleWebKit/537.36 (KHTML, like Gecko) SamsungBrowser/16.0 Chrome/92.0.4515.166 Mobile Safari/537.36"
27.123.172.21 - - [30/Oct/2024:23:29:50 +0000] "GET /wp-content/plugins/wpforms-lite/assets/images/submit-spin.svg HTTP/2" 200 309 "https://vucivillage.com/" "Mozilla/5.0 (Linux; Android 14; SAMSUNG SM-A235F) AppleWebKit/537.36 (KHTML, like Gecko) SamsungBrowser/16.0 Chrome/92.0.4515.166 Mobile Safari/537.36"
27.123.172.21 - - [30/Oct/2024:23:29:50 +0000] "GET /wp-content/plugins/smart-slider-3/Public/SmartSlider3/Slider/SliderType/Simple/Assets/dist/ss-simple.min.js?ver=40b842f2 HTTP/2" 304 0 "https://vucivillage.com/" "Mozilla/5.0 (Linux; Android 14; SAMSUNG SM-A235F) AppleWebKit/537.36 (KHTML, like Gecko) SamsungBrowser/16.0 Chrome/92.0.4515.166 Mobile Safari/537.36"
27.123.172.21 - - [30/Oct/2024:23:29:50 +0000] "GET /wp-content/uploads/2024/10/viber_image_2024-10-15_15-45-14-229-edit-scaled.webp HTTP/2" 304 0 "https://vucivillage.com/" "Mozilla/5.0 (Linux; Android 14; SAMSUNG SM-A235F) AppleWebKit/537.36 (KHTML, like Gecko) SamsungBrowser/16.0 Chrome/92.0.4515.166 Mobile Safari/537.36"
27.123.172.21 - - [30/Oct/2024:23:29:50 +0000] "GET /wp-content/uploads/2024/10/viber_image_2024-10-15_15-44-50-181.webp HTTP/2" 304 0 "https://vucivillage.com/" "Mozilla/5.0 (Linux; Android 14; SAMSUNG SM-A235F) AppleWebKit/537.36 (KHTML, like Gecko) SamsungBrowser/16.0 Chrome/92.0.4515.166 Mobile Safari/537.36"
27.123.172.21 - - [30/Oct/2024:23:29:50 +0000] "GET /wp-content/plugins/smart-slider-3/Public/SmartSlider3/Slider/SliderType/Simple/Assets/dist/smartslider-backgroundanimation.min.js?ver=40b842f2 HTTP/2" 304 0 "https://vucivillage.com/" "Mozilla/5.0 (Linux; Android 14; SAMSUNG SM-A235F) AppleWebKit/537.36 (KHTML, like Gecko) SamsungBrowser/16.0 Chrome/92.0.4515.166 Mobile Safari/537.36"
27.123.172.21 - - [30/Oct/2024:23:29:50 +0000] "GET /wp-content/uploads/2024/10/Picture4.jpg HTTP/2" 304 0 "https://vucivillage.com/" "Mozilla/5.0 (Linux; Android 14; SAMSUNG SM-A235F) AppleWebKit/537.36 (KHTML, like Gecko) SamsungBrowser/16.0 Chrome/92.0.4515.166 Mobile Safari/537.36"
27.123.172.21 - - [30/Oct/2024:23:29:50 +0000] "GET /wp-content/uploads/2024/10/Picture3.jpg HTTP/2" 304 0 "https://vucivillage.com/" "Mozilla/5.0 (Linux; Android 14; SAMSUNG SM-A235F) AppleWebKit/537.36 (KHTML, like Gecko) SamsungBrowser/16.0 Chrome/92.0.4515.166 Mobile Safari/537.36"
27.123.172.21 - - [30/Oct/2024:23:29:50 +0000] "GET /wp-content/uploads/2024/10/Picture1.jpg HTTP/2" 304 0 "https://vucivillage.com/" "Mozilla/5.0 (Linux; Android 14; SAMSUNG SM-A235F) AppleWebKit/537.36 (KHTML, like Gecko) SamsungBrowser/16.0 Chrome/92.0.4515.166 Mobile Safari/537.36"
27.123.172.21 - - [30/Oct/2024:23:29:50 +0000] "GET /wp-content/plugins/smart-slider-3/Public/SmartSlider3/Widget/Arrow/ArrowImage/Assets/dist/w-arrow-image.min.js?ver=40b842f2 HTTP/2" 304 0 "https://vucivillage.com/" "Mozilla/5.0 (Linux; Android 14; SAMSUNG SM-A235F) AppleWebKit/537.36 (KHTML, like Gecko) SamsungBrowser/16.0 Chrome/92.0.4515.166 Mobile Safari/537.36"
27.123.172.21 - - [30/Oct/2024:23:29:50 +0000] "GET /wp-content/uploads/2024/10/Picture2.jpg HTTP/2" 304 0 "https://vucivillage.com/" "Mozilla/5.0 (Linux; Android 14; SAMSUNG SM-A235F) AppleWebKit/537.36 (KHTML, like Gecko) SamsungBrowser/16.0 Chrome/92.0.4515.166 Mobile Safari/537.36"
27.123.172.21 - - [30/Oct/2024:23:29:50 +0000] "GET /wp-content/uploads/2024/10/img_0664.jpg HTTP/2" 304 0 "https://vucivillage.com/" "Mozilla/5.0 (Linux; Android 14; SAMSUNG SM-A235F) AppleWebKit/537.36 (KHTML, like Gecko) SamsungBrowser/16.0 Chrome/92.0.4515.166 Mobile Safari/537.36"
27.123.172.21 - - [30/Oct/2024:23:29:50 +0000] "GET /wp-content/uploads/2024/10/Picture6-1.webp HTTP/2" 304 0 "https://vucivillage.com/" "Mozilla/5.0 (Linux; Android 14; SAMSUNG SM-A235F) AppleWebKit/537.36 (KHTML, like Gecko) SamsungBrowser/16.0 Chrome/92.0.4515.166 Mobile Safari/537.36"
27.123.172.21 - - [30/Oct/2024:23:29:50 +0000] "GET /wp-content/uploads/2024/10/Picture5-1.webp HTTP/2" 304 0 "https://vucivillage.com/" "Mozilla/5.0 (Linux; Android 14; SAMSUNG SM-A235F) AppleWebKit/537.36 (KHTML, like Gecko) SamsungBrowser/16.0 Chrome/92.0.4515.166 Mobile Safari/537.36"
27.123.172.21 - - [30/Oct/2024:23:29:50 +0000] "GET /wp-content/plugins/ultimate-social-media-icons/images/icons_theme/default/default_email.png HTTP/2" 200 1566 "https://vucivillage.com/" "Mozilla/5.0 (Linux; Android 14; SAMSUNG SM-A235F) AppleWebKit/537.36 (KHTML, like Gecko) SamsungBrowser/16.0 Chrome/92.0.4515.166 Mobile Safari/537.36"
27.123.172.21 - - [30/Oct/2024:23:29:50 +0000] "GET /wp-content/plugins/ultimate-social-media-icons/images/icons_theme/default/default_rss.png HTTP/2" 200 1644 "https://vucivillage.com/" "Mozilla/5.0 (Linux; Android 14; SAMSUNG SM-A235F) AppleWebKit/537.36 (KHTML, like Gecko) SamsungBrowser/16.0 Chrome/92.0.4515.166 Mobile Safari/537.36"
27.123.172.21 - - [30/Oct/2024:23:29:50 +0000] "GET /wp-content/plugins/ultimate-social-media-icons/images/icons_theme/default/default_facebook.png HTTP/2" 200 1357 "https://vucivillage.com/" "Mozilla/5.0 (Linux; Android 14; SAMSUNG SM-A235F) AppleWebKit/537.36 (KHTML, like Gecko) SamsungBrowser/16.0 Chrome/92.0.4515.166 Mobile Safari/537.36"
