3.110.179.136 - - [31/Oct/2024:01:15:40 +0000] "GET /wp-content/plugins/core/include.php HTTP/1.1" 404 13831 "-" "Go-http-client/1.1"
3.110.179.136 - - [31/Oct/2024:01:15:41 +0000] "GET /ws.php HTTP/1.1" 404 13795 "-" "Go-http-client/1.1"
3.110.179.136 - - [31/Oct/2024:01:15:46 +0000] "GET /404.php HTTP/1.1" 404 13797 "-" "Go-http-client/1.1"
3.110.179.136 - - [31/Oct/2024:01:15:50 +0000] "GET /wp.php HTTP/1.1" 404 13802 "-" "Go-http-client/1.1"
3.110.179.136 - - [31/Oct/2024:01:15:54 +0000] "GET /wp-head.php HTTP/1.1" 404 13804 "-" "Go-http-client/1.1"
109.106.251.75 - - [31/Oct/2024:01:15:59 +0000] "POST /wp-cron.php?doing_wp_cron=1730337359.1450829505920410156250 HTTP/1.1" 200 0 "-" "WordPress/6.6.2; https://vucivillage.com"
3.110.179.136 - - [31/Oct/2024:01:15:58 +0000] "GET /wp-includes/wp-class.php HTTP/1.1" 404 13804 "-" "Go-http-client/1.1"
3.110.179.136 - - [31/Oct/2024:01:16:00 +0000] "GET /wp-content/themes/twenty/twenty.php HTTP/1.1" 404 13822 "-" "Go-http-client/1.1"
3.110.179.136 - - [31/Oct/2024:01:16:05 +0000] "GET /wp-content/plugins/press/wp-class.php HTTP/1.1" 404 13822 "-" "Go-http-client/1.1"
109.106.251.75 - - [31/Oct/2024:01:16:05 +0000] "POST /wp-cron.php?doing_wp_cron=1730337365.6680130958557128906250 HTTP/1.1" 200 0 "-" "WordPress/6.6.2; https://vucivillage.com"
3.110.179.136 - - [31/Oct/2024:01:16:08 +0000] "GET /fm1.php HTTP/1.1" 404 13796 "-" "Go-http-client/1.1"
3.110.179.136 - - [31/Oct/2024:01:16:11 +0000] "GET /alfadheat.php HTTP/1.1" 404 13801 "-" "Go-http-client/1.1"
3.110.179.136 - - [31/Oct/2024:01:16:15 +0000] "GET /M1.php HTTP/1.1" 404 13802 "-" "Go-http-client/1.1"
3.110.179.136 - - [31/Oct/2024:01:16:18 +0000] "GET /admin.php HTTP/1.1" 404 13802 "-" "Go-http-client/1.1"
3.110.179.136 - - [31/Oct/2024:01:16:21 +0000] "GET /wp-admin/images/admin.php HTTP/1.1" 404 13826 "-" "Go-http-client/1.1"
3.110.179.136 - - [31/Oct/2024:01:16:23 +0000] "GET /alfanew.php7 HTTP/1.1" 404 13807 "-" "Go-http-client/1.1"
3.110.179.136 - - [31/Oct/2024:01:16:27 +0000] "GET /.well-known/wso112233.php HTTP/1.1" 403 1242 "-" "Go-http-client/1.1"
3.110.179.136 - - [31/Oct/2024:01:16:30 +0000] "GET /about.php HTTP/1.1" 404 13804 "-" "Go-http-client/1.1"
3.110.179.136 - - [31/Oct/2024:01:16:34 +0000] "GET /wp-content/shell20211028.php HTTP/1.1" 404 13816 "-" "Go-http-client/1.1"
3.110.179.136 - - [31/Oct/2024:01:16:37 +0000] "GET /repeater.php HTTP/1.1" 404 13798 "-" "Go-http-client/1.1"
3.110.179.136 - - [31/Oct/2024:01:16:39 +0000] "GET /wp-content/themes/finley/min.php HTTP/1.1" 404 13826 "-" "Go-http-client/1.1"
3.110.179.136 - - [31/Oct/2024:01:16:42 +0000] "GET /wso112233.php HTTP/1.1" 403 1242 "-" "Go-http-client/1.1"
3.110.179.136 - - [31/Oct/2024:01:16:45 +0000] "GET /dropdown.php HTTP/1.1" 404 13801 "-" "Go-http-client/1.1"
3.110.179.136 - - [31/Oct/2024:01:16:49 +0000] "GET /wp-admin/dropdown.php HTTP/1.1" 404 13815 "-" "Go-http-client/1.1"
3.110.179.136 - - [31/Oct/2024:01:16:53 +0000] "GET /shell20211028.php HTTP/1.1" 404 13811 "-" "Go-http-client/1.1"
3.110.179.136 - - [31/Oct/2024:01:16:56 +0000] "GET /wp-content/plugins/Cache/Cache.php HTTP/1.1" 404 13828 "-" "Go-http-client/1.1"
3.110.179.136 - - [31/Oct/2024:01:16:59 +0000] "GET /wp-includes/IXR/themes.php HTTP/1.1" 404 13824 "-" "Go-http-client/1.1"
3.110.179.136 - - [31/Oct/2024:01:16:59 +0000] "GET /.well-known/pki-validation/about.php HTTP/1.1" 404 1251 "-" "Go-http-client/1.1"
109.106.251.75 - - [31/Oct/2024:01:17:03 +0000] "POST /wp-cron.php?doing_wp_cron=1730337423.0202760696411132812500 HTTP/1.1" 200 0 "-" "WordPress/6.6.2; https://vucivillage.com"
3.110.179.136 - - [31/Oct/2024:01:17:02 +0000] "GET /wp-header.php HTTP/1.1" 404 13800 "-" "Go-http-client/1.1"
3.110.179.136 - - [31/Oct/2024:01:17:05 +0000] "GET /alfanew.php HTTP/1.1" 404 13800 "-" "Go-http-client/1.1"
3.110.179.136 - - [31/Oct/2024:01:17:07 +0000] "GET /wp-includes/ID3/about.php HTTP/1.1" 404 13831 "-" "Go-http-client/1.1"
3.110.179.136 - - [31/Oct/2024:01:17:09 +0000] "GET /wp-2019.php HTTP/1.1" 404 13800 "-" "Go-http-client/1.1"
3.110.179.136 - - [31/Oct/2024:01:17:11 +0000] "GET /autoload_classmap.php HTTP/1.1" 404 13805 "-" "Go-http-client/1.1"
3.110.179.136 - - [31/Oct/2024:01:17:12 +0000] "GET /wp-includes/ID3/wp-login.php HTTP/1.1" 404 13825 "-" "Go-http-client/1.1"
3.110.179.136 - - [31/Oct/2024:01:17:14 +0000] "GET /wp-includes/SimplePie/plugins.php HTTP/1.1" 404 13833 "-" "Go-http-client/1.1"
3.110.179.136 - - [31/Oct/2024:01:17:14 +0000] "GET /wp-content/plugins/alfa-rex.php HTTP/1.1" 404 13823 "-" "Go-http-client/1.1"
3.110.179.136 - - [31/Oct/2024:01:17:15 +0000] "GET /wp-content/plugins/about.php HTTP/1.1" 404 13821 "-" "Go-http-client/1.1"
3.110.179.136 - - [31/Oct/2024:01:17:16 +0000] "GET /wp-content/themes/about.php HTTP/1.1" 404 13821 "-" "Go-http-client/1.1"
3.110.179.136 - - [31/Oct/2024:01:23:22 +0000] "GET /wp-content/plugins/pwnd/pwnd.php HTTP/1.1" 403 1242 "-" "Go-http-client/1.1"
3.110.179.136 - - [31/Oct/2024:01:23:22 +0000] "GET /wp-content/plugins/pwnd-1/pwnd.php HTTP/1.1" 404 13821 "-" "Go-http-client/1.1"
109.106.251.75 - - [31/Oct/2024:01:23:23 +0000] "POST /wp-cron.php?doing_wp_cron=1730337803.1906349658966064453125 HTTP/1.1" 200 0 "-" "WordPress/6.6.2; https://vucivillage.com"
3.110.179.136 - - [31/Oct/2024:01:23:24 +0000] "GET /wp-content/plugins/pwnd-2/pwnd.php HTTP/1.1" 404 13828 "-" "Go-http-client/1.1"
3.110.179.136 - - [31/Oct/2024:01:23:25 +0000] "GET /wp-content/plugins/fix/up.php HTTP/1.1" 404 13831 "-" "Go-http-client/1.1"
109.106.251.75 - - [31/Oct/2024:01:24:07 +0000] "POST /wp-cron.php?doing_wp_cron=1730337847.6807880401611328125000 HTTP/1.1" 200 0 "-" "WordPress/6.6.2; https://vucivillage.com"
192.145.119.243 - - [31/Oct/2024:01:24:07 +0000] "GET /simple.php?p=2f7661722f7777772f6365616661736961&tod=75706c6f6164 HTTP/1.1" 301 0 "-" "Mozilla/5.0 (Windows NT 10.0; Win64; x64) AppleWebKit/537.36 (KHTML, like Gecko) Chrome/58.0.3029.110 Safari/537.3"
192.145.119.243 - - [31/Oct/2024:01:24:12 +0000] "GET /mt/ninja.php?p=2f686f6d652f68656c6c6f6f6f2f7777772f6d742f6c69622f&act=nd HTTP/1.1" 301 0 "-" "Mozilla/5.0 (Windows NT 10.0; Win64; x64) AppleWebKit/537.36 (KHTML, like Gecko) Chrome/58.0.3029.110 Safari/537.3"
3.110.179.136 - - [31/Oct/2024:01:25:07 +0000] "GET /wp-includes/plugins/instabuilder2/cache/plugins/moon.php HTTP/1.1" 403 1242 "-" "Go-http-client/1.1"
3.110.179.136 - - [31/Oct/2024:01:25:08 +0000] "GET /repeater.php HTTP/1.1" 404 13798 "-" "Go-http-client/1.1"
3.110.179.136 - - [31/Oct/2024:01:25:10 +0000] "GET /xx.php HTTP/1.1" 404 13796 "-" "Go-http-client/1.1"
109.106.251.75 - - [31/Oct/2024:01:25:11 +0000] "POST /wp-cron.php?doing_wp_cron=1730337911.0754048824310302734375 HTTP/1.1" 200 0 "-" "WordPress/6.6.2; https://vucivillage.com"
3.110.179.136 - - [31/Oct/2024:01:25:13 +0000] "GET /wso112233.php HTTP/1.1" 403 1242 "-" "Go-http-client/1.1"
3.110.179.136 - - [31/Oct/2024:01:25:15 +0000] "GET /shell20211028.php HTTP/1.1" 404 13811 "-" "Go-http-client/1.1"
3.110.179.136 - - [31/Oct/2024:01:25:15 +0000] "GET /wp-includes/wso112233.php HTTP/1.1" 403 1242 "-" "Go-http-client/1.1"
3.110.179.136 - - [31/Oct/2024:01:25:17 +0000] "GET /wp-content/wso112233.php HTTP/1.1" 403 1242 "-" "Go-http-client/1.1"
3.110.179.136 - - [31/Oct/2024:01:25:17 +0000] "GET /wp-admin/wso112233.php HTTP/1.1" 403 1242 "-" "Go-http-client/1.1"
3.110.179.136 - - [31/Oct/2024:01:25:21 +0000] "GET /wp-includes/shell20211028.php HTTP/1.1" 404 13819 "-" "Go-http-client/1.1"
3.110.179.136 - - [31/Oct/2024:01:25:22 +0000] "GET /wp-content/shell20211028.php HTTP/1.1" 404 13816 "-" "Go-http-client/1.1"
3.110.179.136 - - [31/Oct/2024:01:25:24 +0000] "GET /wp-admin/shell20211028.php HTTP/1.1" 404 13818 "-" "Go-http-client/1.1"
3.110.179.136 - - [31/Oct/2024:01:25:27 +0000] "GET /wp-admin/uwgqdecp.php HTTP/1.1" 404 13809 "-" "Go-http-client/1.1"
3.110.179.136 - - [31/Oct/2024:01:25:32 +0000] "GET /wp-includes/plugins/instabuilder2/cache/up.php HTTP/1.1" 404 13840 "-" "Go-http-client/1.1"
3.110.179.136 - - [31/Oct/2024:01:25:33 +0000] "GET /wp-admin/includes/eXport.php HTTP/1.1" 404 13831 "-" "Go-http-client/1.1"
3.110.179.136 - - [31/Oct/2024:01:25:37 +0000] "GET /wp-admin/wp-includes/fw.php HTTP/1.1" 404 13821 "-" "Go-http-client/1.1"
3.110.179.136 - - [31/Oct/2024:01:25:39 +0000] "GET /wp-admin/Xleet.php HTTP/1.1" 403 1242 "-" "Go-http-client/1.1"
3.110.179.136 - - [31/Oct/2024:01:25:43 +0000] "GET /wp-admin/wp-22.php HTTP/1.1" 404 13809 "-" "Go-http-client/1.1"
3.110.179.136 - - [31/Oct/2024:01:25:45 +0000] "GET /wp-admin/ws.php HTTP/1.1" 404 13808 "-" "Go-http-client/1.1"
3.110.179.136 - - [31/Oct/2024:01:25:47 +0000] "GET /wp-content/wp-wso.php HTTP/1.1" 403 1242 "-" "Go-http-client/1.1"
3.110.179.136 - - [31/Oct/2024:01:25:48 +0000] "GET /wp-content/bypass.php HTTP/1.1" 404 13806 "-" "Go-http-client/1.1"
3.110.179.136 - - [31/Oct/2024:01:25:52 +0000] "GET /wp-content/aleXus.php HTTP/1.1" 404 13805 "-" "Go-http-client/1.1"
3.110.179.136 - - [31/Oct/2024:01:25:53 +0000] "GET /image/Xleet.php HTTP/1.1" 403 1242 "-" "Go-http-client/1.1"
3.110.179.136 - - [31/Oct/2024:01:25:55 +0000] "GET /image/hello.php HTTP/1.1" 404 13803 "-" "Go-http-client/1.1"
3.110.179.136 - - [31/Oct/2024:01:25:59 +0000] "GET /images/Xleet.php HTTP/1.1" 403 1242 "-" "Go-http-client/1.1"
109.106.251.75 - - [31/Oct/2024:01:26:00 +0000] "POST /wp-cron.php?doing_wp_cron=1730337960.2105960845947265625000 HTTP/1.1" 200 0 "-" "WordPress/6.6.2; https://vucivillage.com"
3.110.179.136 - - [31/Oct/2024:01:25:59 +0000] "GET /image/upload.php HTTP/1.1" 404 13802 "-" "Go-http-client/1.1"
3.110.179.136 - - [31/Oct/2024:01:26:03 +0000] "GET /c99.php HTTP/1.1" 403 1242 "-" "Go-http-client/1.1"
109.106.251.75 - - [31/Oct/2024:01:26:07 +0000] "POST /wp-cron.php?doing_wp_cron=1730337967.7448511123657226562500 HTTP/1.1" 200 0 "-" "WordPress/6.6.2; https://vucivillage.com"
3.110.179.136 - - [31/Oct/2024:01:26:07 +0000] "GET /up.php HTTP/1.1" 404 13802 "-" "Go-http-client/1.1"
3.110.179.136 - - [31/Oct/2024:01:26:09 +0000] "GET /haXor.php HTTP/1.1" 404 13804 "-" "Go-http-client/1.1"
3.110.179.136 - - [31/Oct/2024:01:26:13 +0000] "GET /100.php HTTP/1.1" 404 13796 "-" "Go-http-client/1.1"
3.110.179.136 - - [31/Oct/2024:01:26:18 +0000] "GET /FoXWSOv1.phpXX.php HTTP/1.1" 404 13807 "-" "Go-http-client/1.1"
3.110.179.136 - - [31/Oct/2024:01:26:20 +0000] "GET /upload.php HTTP/1.1" 404 13797 "-" "Go-http-client/1.1"
3.110.179.136 - - [31/Oct/2024:01:26:24 +0000] "GET /nasgor.php HTTP/1.1" 404 13798 "-" "Go-http-client/1.1"
3.110.179.136 - - [31/Oct/2024:01:26:26 +0000] "GET /wp-one.php HTTP/1.1" 404 13805 "-" "Go-http-client/1.1"
109.106.251.75 - - [31/Oct/2024:01:26:27 +0000] "POST /wp-cron.php?doing_wp_cron=1730337987.0541079044342041015625 HTTP/1.1" 200 0 "-" "WordPress/6.6.2; https://vucivillage.com"
3.110.179.136 - - [31/Oct/2024:01:26:31 +0000] "GET /aleXus.php HTTP/1.1" 404 13799 "-" "Go-http-client/1.1"
3.110.179.136 - - [31/Oct/2024:01:26:33 +0000] "GET /wso1337.php HTTP/1.1" 403 1242 "-" "Go-http-client/1.1"
3.110.179.136 - - [31/Oct/2024:01:26:40 +0000] "GET /minimo.php HTTP/1.1" 404 13805 "-" "Go-http-client/1.1"
3.110.179.136 - - [31/Oct/2024:01:26:42 +0000] "GET /priv8.php HTTP/1.1" 404 13805 "-" "Go-http-client/1.1"
3.110.179.136 - - [31/Oct/2024:01:26:46 +0000] "GET /ws.php HTTP/1.1" 404 13795 "-" "Go-http-client/1.1"
3.110.179.136 - - [31/Oct/2024:01:26:49 +0000] "GET /root.php HTTP/1.1" 404 13803 "-" "Go-http-client/1.1"
3.110.179.136 - - [31/Oct/2024:01:26:53 +0000] "GET /wp-content/upload.php HTTP/1.1" 404 13803 "-" "Go-http-client/1.1"
3.110.179.136 - - [31/Oct/2024:01:26:57 +0000] "GET /wp-content/mrjn.php HTTP/1.1" 404 13804 "-" "Go-http-client/1.1"
109.106.251.75 - - [31/Oct/2024:01:27:00 +0000] "POST /wp-cron.php?doing_wp_cron=1730338020.1928930282592773437500 HTTP/1.1" 200 0 "-" "WordPress/6.6.2; https://vucivillage.com"
3.110.179.136 - - [31/Oct/2024:01:26:59 +0000] "GET /alfa.php HTTP/1.1" 404 13797 "-" "Go-http-client/1.1"
109.106.251.75 - - [31/Oct/2024:01:27:04 +0000] "POST /wp-cron.php?doing_wp_cron=1730338024.9218719005584716796875 HTTP/1.1" 200 0 "-" "WordPress/6.6.2; https://vucivillage.com"
3.110.179.136 - - [31/Oct/2024:01:27:04 +0000] "GET /wp-content/plugins/wordpresss3cll/up.php HTTP/1.1" 404 13827 "-" "Go-http-client/1.1"
3.110.179.136 - - [31/Oct/2024:01:27:08 +0000] "GET /wp-content/plugins/anttt/simple.php HTTP/1.1" 404 13825 "-" "Go-http-client/1.1"
3.110.179.136 - - [31/Oct/2024:01:27:12 +0000] "GET /wp-content/alfa.php HTTP/1.1" 404 13803 "-" "Go-http-client/1.1"
3.110.179.136 - - [31/Oct/2024:01:27:16 +0000] "GET /wp-content/themes/ccX/indeX.php HTTP/1.1" 404 13827 "-" "Go-http-client/1.1"
3.110.179.136 - - [31/Oct/2024:01:27:20 +0000] "GET /ccX/indeX.php HTTP/1.1" 404 13811 "-" "Go-http-client/1.1"
3.110.179.136 - - [31/Oct/2024:01:27:26 +0000] "GET /wp-content/plugins/ccX/indeX.php HTTP/1.1" 404 13826 "-" "Go-http-client/1.1"
3.110.179.136 - - [31/Oct/2024:01:27:29 +0000] "GET /wp-includes/feed-rss-meta.php HTTP/1.1" 404 13818 "-" "Go-http-client/1.1"
3.110.179.136 - - [31/Oct/2024:01:27:32 +0000] "GET /.well-known/pki-validation/iR7SzrsOUEP.php HTTP/1.1" 404 1251 "-" "Go-http-client/1.1"
3.110.179.136 - - [31/Oct/2024:01:27:34 +0000] "GET /.well-known/pki-validation/set.php HTTP/1.1" 404 1251 "-" "Go-http-client/1.1"
3.110.179.136 - - [31/Oct/2024:01:27:37 +0000] "GET /wp-includes/TeXt/Diff/Renderer/recet.php HTTP/1.1" 404 13847 "-" "Go-http-client/1.1"
3.110.179.136 - - [31/Oct/2024:01:27:41 +0000] "GET /wp-includes/css/core.php HTTP/1.1" 404 13820 "-" "Go-http-client/1.1"
3.110.179.136 - - [31/Oct/2024:01:27:45 +0000] "GET /wp-includes/PHPMailer/PHPSmtp.php HTTP/1.1" 404 13835 "-" "Go-http-client/1.1"
3.110.179.136 - - [31/Oct/2024:01:27:49 +0000] "GET /wp-admin/css/colors/ectoplasm/contact.php HTTP/1.1" 404 13839 "-" "Go-http-client/1.1"
3.110.179.136 - - [31/Oct/2024:01:27:53 +0000] "GET /wp-admin/images/bypass403.php HTTP/1.1" 403 1242 "-" "Go-http-client/1.1"
3.110.179.136 - - [31/Oct/2024:01:27:56 +0000] "GET /wp-includes/js/codemirror/dir.php HTTP/1.1" 404 13836 "-" "Go-http-client/1.1"
109.106.251.75 - - [31/Oct/2024:01:28:01 +0000] "POST /wp-cron.php?doing_wp_cron=1730338081.4079420566558837890625 HTTP/1.1" 200 0 "-" "WordPress/6.6.2; https://vucivillage.com"
3.110.179.136 - - [31/Oct/2024:01:28:00 +0000] "GET /wp-includes/pomo/pomo.php HTTP/1.1" 404 13827 "-" "Go-http-client/1.1"
109.106.251.75 - - [31/Oct/2024:01:28:05 +0000] "POST /wp-cron.php?doing_wp_cron=1730338085.7995231151580810546875 HTTP/1.1" 200 0 "-" "WordPress/6.6.2; https://vucivillage.com"
3.110.179.136 - - [31/Oct/2024:01:28:05 +0000] "GET /wp-admin/includes/class-wp-page-nOvW9p.php HTTP/1.1" 404 13832 "-" "Go-http-client/1.1"
3.110.179.136 - - [31/Oct/2024:01:28:09 +0000] "GET /wp-includes/rest-api/alfa-reX.php7 HTTP/1.1" 404 13831 "-" "Go-http-client/1.1"
3.110.179.136 - - [31/Oct/2024:01:28:10 +0000] "GET /wp-content/plugins/ROOBOTS.php HTTP/1.1" 404 13825 "-" "Go-http-client/1.1"
3.110.179.136 - - [31/Oct/2024:01:28:13 +0000] "GET /1975.php?shell=1975 HTTP/1.1" 404 13817 "-" "Go-http-client/1.1"
3.110.179.136 - - [31/Oct/2024:01:28:18 +0000] "GET /wp-content/plugins/TOPXOH/wDR.php HTTP/1.1" 403 1242 "-" "Go-http-client/1.1"
3.110.179.136 - - [31/Oct/2024:01:28:21 +0000] "GET /wp-content/plugins/ioptimization/IOptimize.php?rchk HTTP/1.1" 403 1242 "-" "Go-http-client/1.1"
3.110.179.136 - - [31/Oct/2024:01:28:24 +0000] "GET /wp-info.php HTTP/1.1" 404 13805 "-" "Go-http-client/1.1"
3.110.179.136 - - [31/Oct/2024:01:28:30 +0000] "GET /wp-content/plugins/hello.php HTTP/1.1" 500 0 "-" "Go-http-client/1.1"
3.110.179.136 - - [31/Oct/2024:01:28:30 +0000] "GET /wp-admin/css/default.php HTTP/1.1" 404 13828 "-" "Go-http-client/1.1"
3.110.179.136 - - [31/Oct/2024:01:28:35 +0000] "GET /wp-content/mu-plugins/blog.php HTTP/1.1" 404 13822 "-" "Go-http-client/1.1"
3.110.179.136 - - [31/Oct/2024:01:28:39 +0000] "GET /wp-content/themes/pridmag/mar.php HTTP/1.1" 403 1242 "-" "Go-http-client/1.1"
3.110.179.136 - - [31/Oct/2024:01:28:42 +0000] "GET /wp-content/plugins/w0rdpr3ssnew/about.php HTTP/1.1" 404 13836 "-" "Go-http-client/1.1"
3.110.179.136 - - [31/Oct/2024:01:28:45 +0000] "GET /wp-content/plugins/w0rdpr3ssnew/wp-login.php HTTP/1.1" 404 13837 "-" "Go-http-client/1.1"
3.110.179.136 - - [31/Oct/2024:01:28:47 +0000] "GET /wp-content/3X.php HTTP/1.1" 404 13809 "-" "Go-http-client/1.1"
3.110.179.136 - - [31/Oct/2024:01:28:51 +0000] "GET /mini.php HTTP/1.1" 404 13803 "-" "Go-http-client/1.1"
3.110.179.136 - - [31/Oct/2024:01:28:56 +0000] "GET /wp-content/1.php HTTP/1.1" 404 13807 "-" "Go-http-client/1.1"
109.106.251.75 - - [31/Oct/2024:01:29:00 +0000] "POST /wp-cron.php?doing_wp_cron=1730338140.8463039398193359375000 HTTP/1.1" 200 0 "-" "WordPress/6.6.2; https://vucivillage.com"
3.110.179.136 - - [31/Oct/2024:01:28:59 +0000] "GET /wp-admin/1.php HTTP/1.1" 404 13803 "-" "Go-http-client/1.1"
3.110.179.136 - - [31/Oct/2024:01:29:03 +0000] "GET /1.php HTTP/1.1" 404 13800 "-" "Go-http-client/1.1"
109.106.251.75 - - [31/Oct/2024:01:29:04 +0000] "POST /wp-cron.php?doing_wp_cron=1730338144.0771939754486083984375 HTTP/1.1" 200 0 "-" "WordPress/6.6.2; https://vucivillage.com"
3.110.179.136 - - [31/Oct/2024:01:29:07 +0000] "GET /wp-content/plugins/instabuilder2/cache/up.php HTTP/1.1" 404 13843 "-" "Go-http-client/1.1"
3.110.179.136 - - [31/Oct/2024:01:29:10 +0000] "GET /wp-content/plugins/w3-total-cache/up.php?db HTTP/1.1" 404 13841 "-" "Go-http-client/1.1"
3.110.179.136 - - [31/Oct/2024:01:29:11 +0000] "GET /404.php HTTP/1.1" 404 13797 "-" "Go-http-client/1.1"
3.110.179.136 - - [31/Oct/2024:01:29:14 +0000] "GET /wp-content/ave.php HTTP/1.1" 404 13809 "-" "Go-http-client/1.1"
3.110.179.136 - - [31/Oct/2024:01:29:20 +0000] "GET /.well-known/radio.php HTTP/1.1" 404 13810 "-" "Go-http-client/1.1"
3.110.179.136 - - [31/Oct/2024:01:29:24 +0000] "GET /radio.php HTTP/1.1" 404 13804 "-" "Go-http-client/1.1"
3.110.179.136 - - [31/Oct/2024:01:29:28 +0000] "GET /old-indeX.php HTTP/1.1" 404 13807 "-" "Go-http-client/1.1"
3.110.179.136 - - [31/Oct/2024:01:29:32 +0000] "GET /wtf.php HTTP/1.1" 404 13803 "-" "Go-http-client/1.1"
3.110.179.136 - - [31/Oct/2024:01:29:36 +0000] "GET /3X.php HTTP/1.1" 404 13803 "-" "Go-http-client/1.1"
3.110.179.136 - - [31/Oct/2024:01:29:40 +0000] "GET /wp-2019.php HTTP/1.1" 404 13800 "-" "Go-http-client/1.1"
3.110.179.136 - - [31/Oct/2024:01:29:43 +0000] "GET /wp-admin/css/colors/blue/bypass403.php HTTP/1.1" 404 13839 "-" "Go-http-client/1.1"
3.110.179.136 - - [31/Oct/2024:01:29:48 +0000] "GET /wp-admin/css/colors/blue/load-scripts.php HTTP/1.1" 404 13841 "-" "Go-http-client/1.1"
3.110.179.136 - - [31/Oct/2024:01:29:49 +0000] "GET /wp-admin/css/about.php HTTP/1.1" 404 13823 "-" "Go-http-client/1.1"
3.110.179.136 - - [31/Oct/2024:01:29:53 +0000] "GET /wp-admin/wso.php HTTP/1.1" 403 1242 "-" "Go-http-client/1.1"
3.110.179.136 - - [31/Oct/2024:01:29:56 +0000] "GET /wso.php HTTP/1.1" 403 1242 "-" "Go-http-client/1.1"
109.106.251.75 - - [31/Oct/2024:01:30:00 +0000] "POST /wp-cron.php?doing_wp_cron=1730338200.7963469028472900390625 HTTP/1.1" 200 0 "-" "WordPress/6.6.2; https://vucivillage.com"
3.110.179.136 - - [31/Oct/2024:01:29:59 +0000] "GET /wp-content/mu-plugins/a.php HTTP/1.1" 404 13820 "-" "Go-http-client/1.1"
3.110.179.136 - - [31/Oct/2024:01:30:04 +0000] "GET /wp-content/mu-plugins/s.php HTTP/1.1" 404 13820 "-" "Go-http-client/1.1"
109.106.251.75 - - [31/Oct/2024:01:30:06 +0000] "POST /wp-cron.php?doing_wp_cron=1730338206.3366229534149169921875 HTTP/1.1" 200 0 "-" "WordPress/6.6.2; https://vucivillage.com"
3.110.179.136 - - [31/Oct/2024:01:30:08 +0000] "GET /x.php HTTP/1.1" 404 13801 "-" "Go-http-client/1.1"
3.110.179.136 - - [31/Oct/2024:01:30:13 +0000] "GET /241.php HTTP/1.1" 404 13803 "-" "Go-http-client/1.1"
3.110.179.136 - - [31/Oct/2024:01:30:18 +0000] "GET /wp-content/themes/pridmag/24.php HTTP/1.1" 404 13828 "-" "Go-http-client/1.1"
3.110.179.136 - - [31/Oct/2024:01:30:20 +0000] "GET /24.php HTTP/1.1" 404 13802 "-" "Go-http-client/1.1"
3.110.179.136 - - [31/Oct/2024:01:30:25 +0000] "GET /406 HTTP/1.1" 404 13795 "-" "Go-http-client/1.1"
3.110.179.136 - - [31/Oct/2024:01:30:28 +0000] "GET /c.php HTTP/1.1" 404 13801 "-" "Go-http-client/1.1"
3.110.179.136 - - [31/Oct/2024:01:30:33 +0000] "GET /bp.php HTTP/1.1" 404 13796 "-" "Go-http-client/1.1"
3.110.179.136 - - [31/Oct/2024:01:30:34 +0000] "GET /backups-dup-lite/dup-installer/main.installer.php HTTP/1.1" 404 13836 "-" "Go-http-client/1.1"
3.110.179.136 - - [31/Oct/2024:01:30:36 +0000] "GET /wp-content/themes/sketch/404.php HTTP/1.1" 404 13834 "-" "Go-http-client/1.1"
3.110.179.136 - - [31/Oct/2024:01:30:40 +0000] "GET /wp-content/themes/twentyfive/include.php HTTP/1.1" 404 13835 "-" "Go-http-client/1.1"
3.110.179.136 - - [31/Oct/2024:01:30:42 +0000] "GET /wp-includes/wp-class.php HTTP/1.1" 404 13804 "-" "Go-http-client/1.1"
3.110.179.136 - - [31/Oct/2024:01:30:46 +0000] "GET /wp-class.php HTTP/1.1" 404 13805 "-" "Go-http-client/1.1"
3.110.179.136 - - [31/Oct/2024:01:30:49 +0000] "GET /fw.php HTTP/1.1" 404 13796 "-" "Go-http-client/1.1"
3.110.179.136 - - [31/Oct/2024:01:30:52 +0000] "GET /Xl2023.php HTTP/1.1" 403 1242 "-" "Go-http-client/1.1"
3.110.179.136 - - [31/Oct/2024:01:30:53 +0000] "GET /wp-signup.php?FoX=sQFLZ HTTP/1.1" 302 0 "-" "Go-http-client/1.1"
3.110.179.136 - - [31/Oct/2024:01:31:00 +0000] "GET /wp-content/uploads/ac_assets/IndoSec.php HTTP/1.1" 403 1242 "-" "Go-http-client/1.1"
109.106.251.75 - - [31/Oct/2024:01:31:04 +0000] "POST /wp-cron.php?doing_wp_cron=1730338264.2133190631866455078125 HTTP/1.1" 200 0 "-" "WordPress/6.6.2; https://vucivillage.com"
3.110.179.136 - - [31/Oct/2024:01:31:03 +0000] "GET /wp-content/themes/mero-magazine/ws.php HTTP/1.1" 404 13836 "-" "Go-http-client/1.1"
3.110.179.136 - - [31/Oct/2024:01:31:08 +0000] "GET /wp-commentin.php?pass=f0aab4595a024d626315fb786dce8282 HTTP/1.1" 404 13844 "-" "Go-http-client/1.1"
109.106.251.75 - - [31/Oct/2024:01:43:56 +0000] "GET /.well-known/acme-challenge/330X56NZ50O4VQAWBXZ-7-W7VK5E64M- HTTP/1.1" 200 64 "-" "Cpanel-HTTP-Client/1.0"
109.106.251.75 - - [31/Oct/2024:01:43:56 +0000] "GET /.well-known/acme-challenge/YYHHQGE4ZUDN0E7-3MGONEJF2GNC8N44 HTTP/1.1" 200 64 "-" "Cpanel-HTTP-Client/1.0"
109.106.251.75 - - [31/Oct/2024:01:43:56 +0000] "GET /.well-known/acme-challenge/R1XTCU9215ADSTCHTFY7UZXUA8T9PK3K HTTP/1.1" 200 64 "-" "Cpanel-HTTP-Client/1.0"
109.106.251.75 - - [31/Oct/2024:01:43:57 +0000] "GET /.well-known/acme-challenge/M9M48DZN-9-L3I593PIN76FI9WK55YRH HTTP/1.1" 200 64 "-" "Cpanel-HTTP-Client/1.0"
109.106.251.75 - - [31/Oct/2024:01:43:57 +0000] "GET /.well-known/acme-challenge/U9S8OHAZI7P5790RVJYH35CT5MY0-42E HTTP/1.1" 200 64 "-" "Cpanel-HTTP-Client/1.0"
109.106.251.75 - - [31/Oct/2024:01:43:57 +0000] "GET /.well-known/acme-challenge/RUUKIH4C41_JCIRMTIB1BZU8629DZ4KS HTTP/1.1" 200 64 "-" "Cpanel-HTTP-Client/1.0"
109.106.251.75 - - [31/Oct/2024:01:43:58 +0000] "GET /.well-known/acme-challenge/ABTD78SN9SGPF76RZ3JUW5H-7Q2RNU5K HTTP/1.1" 200 64 "-" "Cpanel-HTTP-Client/1.0"
109.106.251.75 - - [31/Oct/2024:01:43:59 +0000] "GET /.well-known/acme-challenge/S8K6APEX1CZLQ7-LK86FAB_AD8T583G6 HTTP/1.1" 200 64 "-" "Cpanel-HTTP-Client/1.0"
109.106.251.75 - - [31/Oct/2024:01:43:59 +0000] "GET /.well-known/acme-challenge/9Y-B85NFJL1GW9-LR8-22DEQ43O_GQMC HTTP/1.1" 200 64 "-" "Cpanel-HTTP-Client/1.0"
74.234.38.97 - - [31/Oct/2024:01:50:38 +0000] "GET /.env HTTP/1.1" 403 1242 "-" "Mozilla/5.0 (Macintosh; Intel Mac OS X 10_15; rv:77.0) Gecko/20100101 Firefox/77.0"
74.234.38.97 - - [31/Oct/2024:01:51:07 +0000] "GET /.env HTTP/1.1" 403 1242 "-" "python-requests/2.32.3"
109.106.251.75 - - [31/Oct/2024:01:51:08 +0000] "POST /wp-cron.php?doing_wp_cron=1730339468.4969949722290039062500 HTTP/1.1" 200 0 "-" "WordPress/6.6.2; https://vucivillage.com"
74.234.38.97 - - [31/Oct/2024:01:51:07 +0000] "GET /.env.example HTTP/1.1" 404 13808 "-" "python-requests/2.32.3"
192.145.119.243 - - [31/Oct/2024:01:57:51 +0000] "GET /simple.php?p=2f7661722f7777772f6365616661736961&tod=75706c6f6164 HTTP/1.1" 301 0 "-" "Mozilla/5.0 (Windows NT 10.0; Win64; x64) AppleWebKit/537.36 (KHTML, like Gecko) Chrome/58.0.3029.110 Safari/537.3"
192.145.119.243 - - [31/Oct/2024:01:57:52 +0000] "GET /mt/ninja.php?p=2f686f6d652f68656c6c6f6f6f2f7777772f6d742f6c69622f&act=nd HTTP/1.1" 301 0 "-" "Mozilla/5.0 (Windows NT 10.0; Win64; x64) AppleWebKit/537.36 (KHTML, like Gecko) Chrome/58.0.3029.110 Safari/537.3"
192.145.119.243 - - [31/Oct/2024:01:57:55 +0000] "GET /classwithtostring.php?p=2f686f6d652f662f66697273746d657461342f66697273746d6574616c2f7075626c69635f68746d6c2f77702d696e636c756465732f637373&tod=75706c6f6164 HTTP/1.1" 301 0 "-" "Mozilla/5.0 (Windows NT 10.0; Win64; x64) AppleWebKit/537.36 (KHTML, like Gecko) Chrome/58.0.3029.110 Safari/537.3"
109.106.251.75 - - [31/Oct/2024:01:57:59 +0000] "POST /wp-cron.php?doing_wp_cron=1730339879.2149989604949951171875 HTTP/1.1" 200 0 "-" "WordPress/6.6.2; https://vucivillage.com"
192.145.119.243 - - [31/Oct/2024:01:57:58 +0000] "GET /wp-includes/sodium_compat/index.php?p=2f6d6e742f48435f566f6c756d655f3130303939303038382f736974652f617364313936706c2e636f6d2f77702d696e636c756465732f736f6469756d5f636f6d706174&tod=75706c6f6164 HTTP/1.1" 301 0 "-" "Mozilla/5.0 (Windows NT 10.0; Win64; x64) AppleWebKit/537.36 (KHTML, like Gecko) Chrome/58.0.3029.110 Safari/537.3"
192.145.119.243 - - [31/Oct/2024:01:57:59 +0000] "GET /link.php?p=2f7661722f7777772f76686f7374732f61717561616e616c79746963732e757a2f68747470646f6373&tod=75706c6f6164 HTTP/1.1" 301 0 "-" "Mozilla/5.0 (Windows NT 10.0; Win64; x64) AppleWebKit/537.36 (KHTML, like Gecko) Chrome/58.0.3029.110 Safari/537.3"
109.106.251.75 - - [31/Oct/2024:01:58:09 +0000] "POST /wp-cron.php?doing_wp_cron=1730339889.4078629016876220703125 HTTP/1.1" 200 0 "-" "WordPress/6.6.2; https://vucivillage.com"
192.145.119.243 - - [31/Oct/2024:01:58:08 +0000] "GET /wp-atom.php?p=2f686f6d652f61726d616f732f7075626c69635f68746d6c&tod=75706c6f6164 HTTP/1.1" 301 0 "-" "Mozilla/5.0 (Windows NT 10.0; Win64; x64) AppleWebKit/537.36 (KHTML, like Gecko) Chrome/58.0.3029.110 Safari/537.3"
192.145.119.243 - - [31/Oct/2024:01:58:10 +0000] "GET /wp-atom.php?p=2f686f6d652f61726d616f732f7075626c69635f68746d6c&tod=75706c6f6164 HTTP/1.1" 301 0 "-" "Mozilla/5.0 (Windows NT 10.0; Win64; x64) AppleWebKit/537.36 (KHTML, like Gecko) Chrome/58.0.3029.110 Safari/537.3"
192.145.119.243 - - [31/Oct/2024:01:58:10 +0000] "GET /sample-page/feed/old/?tod=75706c6f6164 HTTP/1.1" 404 13847 "-" "Mozilla/5.0 (Windows NT 10.0; Win64; x64) AppleWebKit/537.36 (KHTML, like Gecko) Chrome/58.0.3029.110 Safari/537.3"
192.145.119.243 - - [31/Oct/2024:01:58:09 +0000] "GET /sample-page/feed/old/?tod=75706c6f6164 HTTP/1.1" 404 13847 "-" "Mozilla/5.0 (Windows NT 10.0; Win64; x64) AppleWebKit/537.36 (KHTML, like Gecko) Chrome/58.0.3029.110 Safari/537.3"
192.145.119.243 - - [31/Oct/2024:01:58:10 +0000] "GET /chosen/function.php?upload HTTP/1.1" 404 13818 "-" "Mozilla/5.0 (Windows NT 10.0; Win64; x64) AppleWebKit/537.36 (KHTML, like Gecko) Chrome/58.0.3029.110 Safari/537.3"
192.145.119.243 - - [31/Oct/2024:01:58:11 +0000] "GET /style.php HTTP/1.1" 404 13803 "-" "Mozilla/5.0 (Windows NT 10.0; Win64; x64) AppleWebKit/537.36 (KHTML, like Gecko) Chrome/58.0.3029.110 Safari/537.3"
192.145.119.243 - - [31/Oct/2024:01:58:12 +0000] "GET /admin.php HTTP/1.1" 404 13802 "-" "Mozilla/5.0 (Windows NT 10.0; Win64; x64) AppleWebKit/537.36 (KHTML, like Gecko) Chrome/58.0.3029.110 Safari/537.3"
74.234.38.97 - - [31/Oct/2024:03:00:29 +0000] "GET /.env HTTP/1.1" 403 1242 "-" "Mozilla/5.0 (Macintosh; Intel Mac OS X 10_15; rv:77.0) Gecko/20100101 Firefox/77.0"
109.106.251.75 - - [31/Oct/2024:04:30:26 +0000] "POST /wp-cron.php?doing_wp_cron=1730349026.0416240692138671875000 HTTP/1.1" 200 0 "-" "WordPress/6.6.2; https://vucivillage.com"
109.108.109.227 - - [31/Oct/2024:04:30:24 +0000] "GET / HTTP/1.1" 301 0 "-" "Mozilla/5.0 (Windows NT 10.0; Win64; x64) AppleWebKit/537.36 (KHTML, like Gecko) Chrome/120.0.0.0 Safari/537.36"
109.106.251.75 - - [31/Oct/2024:04:43:27 +0000] "GET /.well-known/acme-challenge/7UTOVAX1N5VQQG_JJYU38YORYWSWY_X- HTTP/1.1" 200 64 "-" "Cpanel-HTTP-Client/1.0"
109.106.251.75 - - [31/Oct/2024:04:43:27 +0000] "GET /.well-known/acme-challenge/8MV72CEM7UEA3-G476KQWSQVWBEJNIDM HTTP/1.1" 200 64 "-" "Cpanel-HTTP-Client/1.0"
109.106.251.75 - - [31/Oct/2024:04:43:27 +0000] "GET /.well-known/acme-challenge/WXSWF_7OCJB6WG6U0I0MEDKLC3O6PCMD HTTP/1.1" 200 64 "-" "Cpanel-HTTP-Client/1.0"
109.106.251.75 - - [31/Oct/2024:04:43:28 +0000] "GET /.well-known/acme-challenge/PCNHVPH_5-GFMN5KGDC-JDG2N118LS85 HTTP/1.1" 200 64 "-" "Cpanel-HTTP-Client/1.0"
109.106.251.75 - - [31/Oct/2024:04:43:29 +0000] "GET /.well-known/acme-challenge/11LYUBY60K_CGY-1K-EEZ35DB4UEKCM3 HTTP/1.1" 200 64 "-" "Cpanel-HTTP-Client/1.0"
109.106.251.75 - - [31/Oct/2024:04:43:29 +0000] "GET /.well-known/acme-challenge/P87ZV1NK_VBMY5DUV9L0QRA_V_F1FH8W HTTP/1.1" 200 64 "-" "Cpanel-HTTP-Client/1.0"
109.106.251.75 - - [31/Oct/2024:04:43:29 +0000] "GET /.well-known/acme-challenge/OBJENJB0XOC-YT0HF_X3C95RVAJJJZKE HTTP/1.1" 200 64 "-" "Cpanel-HTTP-Client/1.0"
109.106.251.75 - - [31/Oct/2024:04:43:30 +0000] "GET /.well-known/acme-challenge/J0_ZV6PH3VJ_JKB68K6VHQA87-N78H0C HTTP/1.1" 200 64 "-" "Cpanel-HTTP-Client/1.0"
109.106.251.75 - - [31/Oct/2024:04:43:30 +0000] "GET /.well-known/acme-challenge/XGQ3VS0ZKDNJ1EF9VL3-F6GIMRFW5QAD HTTP/1.1" 200 64 "-" "Cpanel-HTTP-Client/1.0"
109.106.251.75 - - [31/Oct/2024:05:05:50 +0000] "POST /wp-cron.php?doing_wp_cron=1730351150.0044410228729248046875 HTTP/1.1" 200 0 "-" "WordPress/6.6.2; https://vucivillage.com"
34.96.44.60 - - [31/Oct/2024:05:05:48 +0000] "GET /robots.txt HTTP/1.1" 200 116 "-" "Python-urllib/3.8"
34.96.44.60 - - [31/Oct/2024:05:05:50 +0000] "GET / HTTP/1.1" 301 0 "-" "Mozilla/5.0 (Windows NT 10.0; Win64; x64) AppleWebKit/537.36 (KHTML, like Gecko) Chrome/70.0.3538.102 Safari/537.36 Edge/18.19582"
109.106.251.75 - - [31/Oct/2024:06:14:02 +0000] "POST /wp-cron.php?doing_wp_cron=1730355242.7584800720214843750000 HTTP/1.1" 200 0 "-" "WordPress/6.6.2; https://vucivillage.com"
194.38.23.16 - - [31/Oct/2024:06:14:02 +0000] "GET /assets/js/uploadify/uploadify.css HTTP/1.1" 404 63233 "-" "ALittle Client"
194.38.23.16 - - [31/Oct/2024:06:14:01 +0000] "GET /js/uploadify/uploadify.css HTTP/1.1" 404 63206 "-" "ALittle Client"
194.38.23.16 - - [31/Oct/2024:06:14:02 +0000] "GET /admin/plugins/uploadify/uploadify.css HTTP/1.1" 404 63245 "-" "ALittle Client"
109.106.251.75 - - [31/Oct/2024:06:47:00 +0000] "POST /wp-cron.php?doing_wp_cron=1730357220.2506070137023925781250 HTTP/1.1" 200 0 "-" "WordPress/6.6.2; https://vucivillage.com"
129.226.147.7 - - [31/Oct/2024:06:46:59 +0000] "GET / HTTP/1.1" 301 0 "-" "Mozilla/5.0 (iPhone; CPU iPhone OS 13_2_3 like Mac OS X) AppleWebKit/605.1.15 (KHTML, like Gecko) Version/13.0.3 Mobile/15E148 Safari/604.1"
109.106.251.75 - - [31/Oct/2024:07:18:36 +0000] "POST /wp-cron.php?doing_wp_cron=1730359116.1517701148986816406250 HTTP/1.1" 200 0 "-" "WordPress/6.6.2; https://vucivillage.com"
206.189.25.187 - - [31/Oct/2024:07:18:35 +0000] "GET / HTTP/1.1" 301 0 "-" "Mozilla/5.0 (X11; Linux x86_64) AppleWebKit/537.36 (KHTML, like Gecko) Chrome/129.0.0.0 Safari/537.36"
134.209.155.29 - - [31/Oct/2024:07:29:59 +0000] "GET / HTTP/1.1" 301 0 "-" "Mozilla/5.0 (X11; Linux x86_64) AppleWebKit/537.36 (KHTML, like Gecko) Chrome/129.0.0.0 Safari/537.36"
109.106.251.75 - - [31/Oct/2024:07:30:00 +0000] "POST /wp-cron.php?doing_wp_cron=1730359800.0734100341796875000000 HTTP/1.1" 200 0 "-" "WordPress/6.6.2; https://vucivillage.com"
109.106.251.75 - - [31/Oct/2024:07:49:26 +0000] "GET /.well-known/acme-challenge/SN7B9K41JX8FS1_05GB-BWIX6WHOZZXH HTTP/1.1" 200 64 "-" "Cpanel-HTTP-Client/1.0"
109.106.251.75 - - [31/Oct/2024:07:49:26 +0000] "GET /.well-known/acme-challenge/SNZ47UVBZVUBYQ_2UEI9K85NRAIRRD4B HTTP/1.1" 200 64 "-" "Cpanel-HTTP-Client/1.0"
109.106.251.75 - - [31/Oct/2024:07:49:27 +0000] "GET /.well-known/acme-challenge/47YEIGBVP8GGW52OP9QAE5WTP99PSHDQ HTTP/1.1" 200 64 "-" "Cpanel-HTTP-Client/1.0"
109.106.251.75 - - [31/Oct/2024:07:49:27 +0000] "GET /.well-known/acme-challenge/XHG9KDUPOQ_HPEM3R8ZMDZ_GH-TPP-Q5 HTTP/1.1" 200 64 "-" "Cpanel-HTTP-Client/1.0"
109.106.251.75 - - [31/Oct/2024:07:49:28 +0000] "GET /.well-known/acme-challenge/ROWKFTD5QNHYIJF0AS6WFPG6M5LJ2A_D HTTP/1.1" 200 64 "-" "Cpanel-HTTP-Client/1.0"
109.106.251.75 - - [31/Oct/2024:07:49:28 +0000] "GET /.well-known/acme-challenge/WIS2D9HZVKIIAPW68KE-2IT8TS6R8C0W HTTP/1.1" 200 64 "-" "Cpanel-HTTP-Client/1.0"
109.106.251.75 - - [31/Oct/2024:07:49:29 +0000] "GET /.well-known/acme-challenge/L36WD08HGRMTKN0646OH-GB98Z70F27R HTTP/1.1" 200 64 "-" "Cpanel-HTTP-Client/1.0"
109.106.251.75 - - [31/Oct/2024:07:49:29 +0000] "GET /.well-known/acme-challenge/RFCQEB1USDSKFRNREQNTTIAJBPG9CNKP HTTP/1.1" 200 64 "-" "Cpanel-HTTP-Client/1.0"
109.106.251.75 - - [31/Oct/2024:07:49:30 +0000] "GET /.well-known/acme-challenge/ZO200ENTRAAXHDEBLALXGEX8SQUDDVDS HTTP/1.1" 200 64 "-" "Cpanel-HTTP-Client/1.0"
109.106.251.75 - - [31/Oct/2024:10:44:17 +0000] "GET /.well-known/acme-challenge/DA1Y_WRMS9LEWF4N4_3MBMVQKN0EYX9T HTTP/1.1" 200 64 "-" "Cpanel-HTTP-Client/1.0"
109.106.251.75 - - [31/Oct/2024:10:44:17 +0000] "GET /.well-known/acme-challenge/VG2TFGTEGEWWZS1KS5Z7W099SPEWTTOW HTTP/1.1" 200 64 "-" "Cpanel-HTTP-Client/1.0"
109.106.251.75 - - [31/Oct/2024:10:44:18 +0000] "GET /.well-known/acme-challenge/-8NWZKQVJI1_-OAX1AC99RRIPXEI1M39 HTTP/1.1" 200 64 "-" "Cpanel-HTTP-Client/1.0"
109.106.251.75 - - [31/Oct/2024:10:44:18 +0000] "GET /.well-known/acme-challenge/OEUGEHRRQ7B8G1EEN5N7OAVUSRD3KQNM HTTP/1.1" 200 64 "-" "Cpanel-HTTP-Client/1.0"
109.106.251.75 - - [31/Oct/2024:10:44:19 +0000] "GET /.well-known/acme-challenge/7ERVIQPVUC_YEX74A43PT3NFE8AAX792 HTTP/1.1" 200 64 "-" "Cpanel-HTTP-Client/1.0"
109.106.251.75 - - [31/Oct/2024:10:44:19 +0000] "GET /.well-known/acme-challenge/CSWMNNALP3BZGMS9RAWF_MGXZ63X8-UF HTTP/1.1" 200 64 "-" "Cpanel-HTTP-Client/1.0"
109.106.251.75 - - [31/Oct/2024:10:44:20 +0000] "GET /.well-known/acme-challenge/GN1247PM-I2RPM0YO1KNO66TKHGJ0NJU HTTP/1.1" 200 64 "-" "Cpanel-HTTP-Client/1.0"
109.106.251.75 - - [31/Oct/2024:10:44:20 +0000] "GET /.well-known/acme-challenge/Y_H_6JHF4Y7Y1HL4A-WIGO-UMBRR-5RY HTTP/1.1" 200 64 "-" "Cpanel-HTTP-Client/1.0"
109.106.251.75 - - [31/Oct/2024:10:44:21 +0000] "GET /.well-known/acme-challenge/FR3LEPATCEPK9QTAG9BWY2BHD8-2XF2P HTTP/1.1" 200 64 "-" "Cpanel-HTTP-Client/1.0"
175.138.115.158 - - [31/Oct/2024:10:56:43 +0000] "POST /wp-content/plugins/backup-backup/includes/backup-heart.php HTTP/1.1" 403 1242 "-" "Mozilla/5.0 (Windows NT 10.0; Win64; x64) AppleWebKit/537.36 (KHTML, like Gecko) Chrome/90.0.4430.85 Safari/537.36"
175.138.115.158 - - [31/Oct/2024:10:56:43 +0000] "POST /wp-content/plugins/backup-backup/includes/backup-heart.php HTTP/1.1" 403 1242 "-" "Mozilla/5.0 (Windows NT 10.0; Win64; x64) AppleWebKit/537.36 (KHTML, like Gecko) Chrome/90.0.4430.85 Safari/537.36"
175.138.115.158 - - [31/Oct/2024:10:58:17 +0000] "GET / HTTP/1.1" 301 0 "-" "python-requests/2.27.1"
109.106.251.75 - - [31/Oct/2024:10:58:19 +0000] "POST /wp-cron.php?doing_wp_cron=1730372299.5876469612121582031250 HTTP/1.1" 200 0 "-" "WordPress/6.6.2; https://vucivillage.com"
109.106.251.75 - - [31/Oct/2024:11:21:55 +0000] "POST /wp-cron.php?doing_wp_cron=1730373715.4692869186401367187500 HTTP/1.1" 200 0 "-" "WordPress/6.6.2; https://vucivillage.com"
143.244.138.190 - - [31/Oct/2024:11:21:54 +0000] "GET /wp-includes/rest-api/about.php HTTP/1.1" 404 13827 "-" "Mozilla/5.0 (Macintosh; Intel Mac OS X 10_15_7) AppleWebKit/605.1.15 (KHTML, like Gecko) Version/14.1.2 Safari/605.1.15"
143.244.138.190 - - [31/Oct/2024:11:21:57 +0000] "GET /wp-content/plugins/linkpreview/db.php?ahmad HTTP/1.1" 404 13842 "-" "Mozilla/5.0 (Macintosh; Intel Mac OS X 10_15_7) AppleWebKit/605.1.15 (KHTML, like Gecko) Version/14.1.2 Safari/605.1.15"
143.244.138.190 - - [31/Oct/2024:11:21:59 +0000] "GET /wp-content/themes/pridmag/db.php?ahmad HTTP/1.1" 404 13841 "-" "Mozilla/5.0 (Macintosh; Intel Mac OS X 10_15_7) AppleWebKit/605.1.15 (KHTML, like Gecko) Version/14.1.2 Safari/605.1.15"
109.106.251.75 - - [31/Oct/2024:11:21:59 +0000] "POST /wp-cron.php?doing_wp_cron=1730373719.7270259857177734375000 HTTP/1.1" 200 0 "-" "WordPress/6.6.2; https://vucivillage.com"
143.244.138.190 - - [31/Oct/2024:11:22:04 +0000] "GET /wp-content/languages/about.php HTTP/1.1" 404 13831 "-" "Mozilla/5.0 (Macintosh; Intel Mac OS X 10_15_7) AppleWebKit/605.1.15 (KHTML, like Gecko) Version/14.1.2 Safari/605.1.15"
109.106.251.75 - - [31/Oct/2024:11:22:05 +0000] "POST /wp-cron.php?doing_wp_cron=1730373725.6293590068817138671875 HTTP/1.1" 200 0 "-" "WordPress/6.6.2; https://vucivillage.com"
143.244.138.190 - - [31/Oct/2024:11:22:07 +0000] "GET /wp-content/banners/about.php HTTP/1.1" 404 13822 "-" "Mozilla/5.0 (Macintosh; Intel Mac OS X 10_15_7) AppleWebKit/605.1.15 (KHTML, like Gecko) Version/14.1.2 Safari/605.1.15"
143.244.138.190 - - [31/Oct/2024:11:22:11 +0000] "GET /wp-includes/Text/about.php HTTP/1.1" 404 13830 "-" "Mozilla/5.0 (Macintosh; Intel Mac OS X 10_15_7) AppleWebKit/605.1.15 (KHTML, like Gecko) Version/14.1.2 Safari/605.1.15"
143.244.138.190 - - [31/Oct/2024:11:22:13 +0000] "GET /wp-includes/css/dist/niil.php HTTP/1.1" 404 13832 "-" "Mozilla/5.0 (Macintosh; Intel Mac OS X 10_15_7) AppleWebKit/605.1.15 (KHTML, like Gecko) Version/14.1.2 Safari/605.1.15"
143.244.138.190 - - [31/Oct/2024:11:22:15 +0000] "GET /asd.php HTTP/1.1" 404 13796 "-" "Mozilla/5.0 (Macintosh; Intel Mac OS X 10_15_7) AppleWebKit/605.1.15 (KHTML, like Gecko) Version/14.1.2 Safari/605.1.15"
143.244.138.190 - - [31/Oct/2024:11:22:17 +0000] "GET /1.php HTTP/1.1" 404 13801 "-" "Mozilla/5.0 (Macintosh; Intel Mac OS X 10_15_7) AppleWebKit/605.1.15 (KHTML, like Gecko) Version/14.1.2 Safari/605.1.15"
143.244.138.190 - - [31/Oct/2024:11:22:23 +0000] "GET /ws.php HTTP/1.1" 404 13796 "-" "Mozilla/5.0 (Macintosh; Intel Mac OS X 10_15_7) AppleWebKit/605.1.15 (KHTML, like Gecko) Version/14.1.2 Safari/605.1.15"
143.244.138.190 - - [31/Oct/2024:11:22:26 +0000] "GET /wp-includes/css/index.php HTTP/1.1" 301 0 "-" "Mozilla/5.0 (Macintosh; Intel Mac OS X 10_15_7) AppleWebKit/605.1.15 (KHTML, like Gecko) Version/14.1.2 Safari/605.1.15"
143.244.138.190 - - [31/Oct/2024:11:22:28 +0000] "GET /wp-includes/css/ HTTP/1.1" 200 2062 "-" "Mozilla/5.0 (Macintosh; Intel Mac OS X 10_15_7) AppleWebKit/605.1.15 (KHTML, like Gecko) Version/14.1.2 Safari/605.1.15"
143.244.138.190 - - [31/Oct/2024:11:22:29 +0000] "GET /cgi-bin/wp-login.php HTTP/1.1" 404 13810 "-" "Mozilla/5.0 (Macintosh; Intel Mac OS X 10_15_7) AppleWebKit/605.1.15 (KHTML, like Gecko) Version/14.1.2 Safari/605.1.15"
143.244.138.190 - - [31/Oct/2024:11:22:31 +0000] "GET /wp-content/cong.php HTTP/1.1" 404 13804 "-" "Mozilla/5.0 (Macintosh; Intel Mac OS X 10_15_7) AppleWebKit/605.1.15 (KHTML, like Gecko) Version/14.1.2 Safari/605.1.15"
143.244.138.190 - - [31/Oct/2024:11:22:34 +0000] "GET /wp-admin/classwithtostring.php HTTP/1.1" 404 13820 "-" "Mozilla/5.0 (Macintosh; Intel Mac OS X 10_15_7) AppleWebKit/605.1.15 (KHTML, like Gecko) Version/14.1.2 Safari/605.1.15"
143.244.138.190 - - [31/Oct/2024:11:22:36 +0000] "GET /wp-includes/images/wp-login.php HTTP/1.1" 403 1242 "-" "Mozilla/5.0 (Macintosh; Intel Mac OS X 10_15_7) AppleWebKit/605.1.15 (KHTML, like Gecko) Version/14.1.2 Safari/605.1.15"
143.244.138.190 - - [31/Oct/2024:11:22:37 +0000] "GET /wp-includes/Requests/network.php HTTP/1.1" 404 13829 "-" "Mozilla/5.0 (Macintosh; Intel Mac OS X 10_15_7) AppleWebKit/605.1.15 (KHTML, like Gecko) Version/14.1.2 Safari/605.1.15"
143.244.138.190 - - [31/Oct/2024:11:22:40 +0000] "GET /wp-content/radio.php HTTP/1.1" 404 13810 "-" "Mozilla/5.0 (Macintosh; Intel Mac OS X 10_15_7) AppleWebKit/605.1.15 (KHTML, like Gecko) Version/14.1.2 Safari/605.1.15"
143.244.138.190 - - [31/Oct/2024:11:22:43 +0000] "GET /wp-admin/dropdown.php HTTP/1.1" 404 13816 "-" "Mozilla/5.0 (Macintosh; Intel Mac OS X 10_15_7) AppleWebKit/605.1.15 (KHTML, like Gecko) Version/14.1.2 Safari/605.1.15"
143.244.138.190 - - [31/Oct/2024:11:22:45 +0000] "GET /login.php HTTP/1.1" 302 0 "-" "Mozilla/5.0 (Macintosh; Intel Mac OS X 10_15_7) AppleWebKit/605.1.15 (KHTML, like Gecko) Version/14.1.2 Safari/605.1.15"
143.244.138.190 - - [31/Oct/2024:11:22:49 +0000] "GET /hehehehe.php HTTP/1.1" 404 13805 "-" "Mozilla/5.0 (Macintosh; Intel Mac OS X 10_15_7) AppleWebKit/605.1.15 (KHTML, like Gecko) Version/14.1.2 Safari/605.1.15"
143.244.138.190 - - [31/Oct/2024:11:22:54 +0000] "GET /simple.php HTTP/1.1" 404 13805 "-" "Mozilla/5.0 (Macintosh; Intel Mac OS X 10_15_7) AppleWebKit/605.1.15 (KHTML, like Gecko) Version/14.1.2 Safari/605.1.15"
143.244.138.190 - - [31/Oct/2024:11:22:56 +0000] "GET /wp-includes/fonts/about.php HTTP/1.1" 404 13831 "-" "Mozilla/5.0 (Macintosh; Intel Mac OS X 10_15_7) AppleWebKit/605.1.15 (KHTML, like Gecko) Version/14.1.2 Safari/605.1.15"
109.106.251.75 - - [31/Oct/2024:11:22:59 +0000] "POST /wp-cron.php?doing_wp_cron=1730373779.7935230731964111328125 HTTP/1.1" 200 0 "-" "WordPress/6.6.2; https://vucivillage.com"
143.244.138.190 - - [31/Oct/2024:11:22:58 +0000] "GET /wp-content/admin.php HTTP/1.1" 404 13809 "-" "Mozilla/5.0 (Macintosh; Intel Mac OS X 10_15_7) AppleWebKit/605.1.15 (KHTML, like Gecko) Version/14.1.2 Safari/605.1.15"
143.244.138.190 - - [31/Oct/2024:11:23:01 +0000] "GET /xmlrpc.php HTTP/1.1" 405 62 "-" "Mozilla/5.0 (Macintosh; Intel Mac OS X 10_15_7) AppleWebKit/605.1.15 (KHTML, like Gecko) Version/14.1.2 Safari/605.1.15"
109.106.251.75 - - [31/Oct/2024:11:23:04 +0000] "POST /wp-cron.php?doing_wp_cron=1730373784.8122889995574951171875 HTTP/1.1" 200 0 "-" "WordPress/6.6.2; https://vucivillage.com"
143.244.138.190 - - [31/Oct/2024:11:23:03 +0000] "GET /atomlib.php HTTP/1.1" 404 13800 "-" "Mozilla/5.0 (Macintosh; Intel Mac OS X 10_15_7) AppleWebKit/605.1.15 (KHTML, like Gecko) Version/14.1.2 Safari/605.1.15"
143.244.138.190 - - [31/Oct/2024:11:23:06 +0000] "GET /lv.php HTTP/1.1" 404 13802 "-" "Mozilla/5.0 (Macintosh; Intel Mac OS X 10_15_7) AppleWebKit/605.1.15 (KHTML, like Gecko) Version/14.1.2 Safari/605.1.15"
143.244.138.190 - - [31/Oct/2024:11:23:08 +0000] "GET /wp-includes/Text/index.php HTTP/1.1" 301 0 "-" "Mozilla/5.0 (Macintosh; Intel Mac OS X 10_15_7) AppleWebKit/605.1.15 (KHTML, like Gecko) Version/14.1.2 Safari/605.1.15"
143.244.138.190 - - [31/Oct/2024:11:23:09 +0000] "GET /wp-includes/Text/ HTTP/1.1" 200 808 "-" "Mozilla/5.0 (Macintosh; Intel Mac OS X 10_15_7) AppleWebKit/605.1.15 (KHTML, like Gecko) Version/14.1.2 Safari/605.1.15"
143.244.138.190 - - [31/Oct/2024:11:23:11 +0000] "GET /content.php HTTP/1.1" 404 13797 "-" "Mozilla/5.0 (Macintosh; Intel Mac OS X 10_15_7) AppleWebKit/605.1.15 (KHTML, like Gecko) Version/14.1.2 Safari/605.1.15"
143.244.138.190 - - [31/Oct/2024:11:23:13 +0000] "GET /.well-known/acme-challenge/about.php HTTP/1.1" 404 1251 "-" "Mozilla/5.0 (Macintosh; Intel Mac OS X 10_15_7) AppleWebKit/605.1.15 (KHTML, like Gecko) Version/14.1.2 Safari/605.1.15"
143.244.138.190 - - [31/Oct/2024:11:23:15 +0000] "GET /goat.php HTTP/1.1" 404 13797 "-" "Mozilla/5.0 (Macintosh; Intel Mac OS X 10_15_7) AppleWebKit/605.1.15 (KHTML, like Gecko) Version/14.1.2 Safari/605.1.15"
143.244.138.190 - - [31/Oct/2024:11:23:17 +0000] "GET /.well-known/acme-challenge/admin.php HTTP/1.1" 404 1251 "-" "Mozilla/5.0 (Macintosh; Intel Mac OS X 10_15_7) AppleWebKit/605.1.15 (KHTML, like Gecko) Version/14.1.2 Safari/605.1.15"
143.244.138.190 - - [31/Oct/2024:11:23:19 +0000] "GET /wp-content/uploads/about.php HTTP/1.1" 403 1242 "-" "Mozilla/5.0 (Macintosh; Intel Mac OS X 10_15_7) AppleWebKit/605.1.15 (KHTML, like Gecko) Version/14.1.2 Safari/605.1.15"
143.244.138.190 - - [31/Oct/2024:11:23:20 +0000] "GET /wp-admin/maint/index.php HTTP/1.1" 403 1242 "-" "Mozilla/5.0 (Macintosh; Intel Mac OS X 10_15_7) AppleWebKit/605.1.15 (KHTML, like Gecko) Version/14.1.2 Safari/605.1.15"
143.244.138.190 - - [31/Oct/2024:11:23:21 +0000] "GET /dropdown.php HTTP/1.1" 404 13801 "-" "Mozilla/5.0 (Macintosh; Intel Mac OS X 10_15_7) AppleWebKit/605.1.15 (KHTML, like Gecko) Version/14.1.2 Safari/605.1.15"
143.244.138.190 - - [31/Oct/2024:11:23:24 +0000] "GET /sad/about.php HTTP/1.1" 404 13803 "-" "Mozilla/5.0 (Macintosh; Intel Mac OS X 10_15_7) AppleWebKit/605.1.15 (KHTML, like Gecko) Version/14.1.2 Safari/605.1.15"
143.244.138.190 - - [31/Oct/2024:11:23:26 +0000] "GET /radio.php HTTP/1.1" 404 13798 "-" "Mozilla/5.0 (Macintosh; Intel Mac OS X 10_15_7) AppleWebKit/605.1.15 (KHTML, like Gecko) Version/14.1.2 Safari/605.1.15"
143.244.138.190 - - [31/Oct/2024:11:23:28 +0000] "GET /wp-admin/admin.php HTTP/1.1" 302 0 "-" "Mozilla/5.0 (Macintosh; Intel Mac OS X 10_15_7) AppleWebKit/605.1.15 (KHTML, like Gecko) Version/14.1.2 Safari/605.1.15"
143.244.138.190 - - [31/Oct/2024:11:23:33 +0000] "GET /wp-includes/IXR/index.php HTTP/1.1" 301 0 "-" "Mozilla/5.0 (Macintosh; Intel Mac OS X 10_15_7) AppleWebKit/605.1.15 (KHTML, like Gecko) Version/14.1.2 Safari/605.1.15"
143.244.138.190 - - [31/Oct/2024:11:23:34 +0000] "GET /wp-includes/IXR/ HTTP/1.1" 200 1368 "-" "Mozilla/5.0 (Macintosh; Intel Mac OS X 10_15_7) AppleWebKit/605.1.15 (KHTML, like Gecko) Version/14.1.2 Safari/605.1.15"
143.244.138.190 - - [31/Oct/2024:11:23:35 +0000] "GET /classwithtostring.php HTTP/1.1" 404 13813 "-" "Mozilla/5.0 (Macintosh; Intel Mac OS X 10_15_7) AppleWebKit/605.1.15 (KHTML, like Gecko) Version/14.1.2 Safari/605.1.15"
143.244.138.190 - - [31/Oct/2024:11:23:37 +0000] "GET /install.php HTTP/1.1" 404 13799 "-" "Mozilla/5.0 (Macintosh; Intel Mac OS X 10_15_7) AppleWebKit/605.1.15 (KHTML, like Gecko) Version/14.1.2 Safari/605.1.15"
143.244.138.190 - - [31/Oct/2024:11:23:39 +0000] "GET /wp-content/x/index.php HTTP/1.1" 301 0 "-" "Mozilla/5.0 (Macintosh; Intel Mac OS X 10_15_7) AppleWebKit/605.1.15 (KHTML, like Gecko) Version/14.1.2 Safari/605.1.15"
143.244.138.190 - - [31/Oct/2024:11:23:40 +0000] "GET /wp-content/x/ HTTP/1.1" 404 13806 "-" "Mozilla/5.0 (Macintosh; Intel Mac OS X 10_15_7) AppleWebKit/605.1.15 (KHTML, like Gecko) Version/14.1.2 Safari/605.1.15"
143.244.138.190 - - [31/Oct/2024:11:23:42 +0000] "GET /wp-includes/Requests/about.php HTTP/1.1" 404 13826 "-" "Mozilla/5.0 (Macintosh; Intel Mac OS X 10_15_7) AppleWebKit/605.1.15 (KHTML, like Gecko) Version/14.1.2 Safari/605.1.15"
143.244.138.190 - - [31/Oct/2024:11:23:44 +0000] "GET /wp-admin/includes/index.php HTTP/1.1" 403 1242 "-" "Mozilla/5.0 (Macintosh; Intel Mac OS X 10_15_7) AppleWebKit/605.1.15 (KHTML, like Gecko) Version/14.1.2 Safari/605.1.15"
143.244.138.190 - - [31/Oct/2024:11:23:46 +0000] "GET /wp-login.php HTTP/1.1" 302 0 "-" "Mozilla/5.0 (Macintosh; Intel Mac OS X 10_15_7) AppleWebKit/605.1.15 (KHTML, like Gecko) Version/14.1.2 Safari/605.1.15"
143.244.138.190 - - [31/Oct/2024:11:23:49 +0000] "GET /wp-includes/js/jcrop/Jcrop.php HTTP/1.1" 404 13834 "-" "Mozilla/5.0 (Macintosh; Intel Mac OS X 10_15_7) AppleWebKit/605.1.15 (KHTML, like Gecko) Version/14.1.2 Safari/605.1.15"
143.244.138.190 - - [31/Oct/2024:11:23:52 +0000] "GET /wp-admin/images/about.php HTTP/1.1" 403 1242 "-" "Mozilla/5.0 (Macintosh; Intel Mac OS X 10_15_7) AppleWebKit/605.1.15 (KHTML, like Gecko) Version/14.1.2 Safari/605.1.15"
143.244.138.190 - - [31/Oct/2024:11:23:53 +0000] "GET /wp-includes/ID3/index.php HTTP/1.1" 301 0 "-" "Mozilla/5.0 (Macintosh; Intel Mac OS X 10_15_7) AppleWebKit/605.1.15 (KHTML, like Gecko) Version/14.1.2 Safari/605.1.15"
143.244.138.190 - - [31/Oct/2024:11:23:55 +0000] "GET /wp-includes/ID3/ HTTP/1.1" 200 1556 "-" "Mozilla/5.0 (Macintosh; Intel Mac OS X 10_15_7) AppleWebKit/605.1.15 (KHTML, like Gecko) Version/14.1.2 Safari/605.1.15"
143.244.138.190 - - [31/Oct/2024:11:23:56 +0000] "GET /wp-admin.php HTTP/1.1" 404 13805 "-" "Mozilla/5.0 (Macintosh; Intel Mac OS X 10_15_7) AppleWebKit/605.1.15 (KHTML, like Gecko) Version/14.1.2 Safari/605.1.15"
109.106.251.75 - - [31/Oct/2024:11:23:59 +0000] "POST /wp-cron.php?doing_wp_cron=1730373839.3646769523620605468750 HTTP/1.1" 200 0 "-" "WordPress/6.6.2; https://vucivillage.com"
143.244.138.190 - - [31/Oct/2024:11:23:58 +0000] "GET /wp-includes/assets/index.php HTTP/1.1" 301 0 "-" "Mozilla/5.0 (Macintosh; Intel Mac OS X 10_15_7) AppleWebKit/605.1.15 (KHTML, like Gecko) Version/14.1.2 Safari/605.1.15"
143.244.138.190 - - [31/Oct/2024:11:23:59 +0000] "GET /wp-includes/assets/ HTTP/1.1" 200 1180 "-" "Mozilla/5.0 (Macintosh; Intel Mac OS X 10_15_7) AppleWebKit/605.1.15 (KHTML, like Gecko) Version/14.1.2 Safari/605.1.15"
143.244.138.190 - - [31/Oct/2024:11:24:01 +0000] "GET /lock.php HTTP/1.1" 404 13797 "-" "Mozilla/5.0 (Macintosh; Intel Mac OS X 10_15_7) AppleWebKit/605.1.15 (KHTML, like Gecko) Version/14.1.2 Safari/605.1.15"
109.106.251.75 - - [31/Oct/2024:11:24:05 +0000] "POST /wp-cron.php?doing_wp_cron=1730373845.0575408935546875000000 HTTP/1.1" 200 0 "-" "WordPress/6.6.2; https://vucivillage.com"
143.244.138.190 - - [31/Oct/2024:11:24:04 +0000] "GET /index/function.php HTTP/1.1" 404 13809 "-" "Mozilla/5.0 (Macintosh; Intel Mac OS X 10_15_7) AppleWebKit/605.1.15 (KHTML, like Gecko) Version/14.1.2 Safari/605.1.15"
143.244.138.190 - - [31/Oct/2024:11:24:07 +0000] "GET /.well-known/content.php HTTP/1.1" 404 13816 "-" "Mozilla/5.0 (Macintosh; Intel Mac OS X 10_15_7) AppleWebKit/605.1.15 (KHTML, like Gecko) Version/14.1.2 Safari/605.1.15"
143.244.138.190 - - [31/Oct/2024:11:24:09 +0000] "GET /cong.php HTTP/1.1" 404 13797 "-" "Mozilla/5.0 (Macintosh; Intel Mac OS X 10_15_7) AppleWebKit/605.1.15 (KHTML, like Gecko) Version/14.1.2 Safari/605.1.15"
143.244.138.190 - - [31/Oct/2024:11:24:11 +0000] "GET /wp-includes/js/index.php HTTP/1.1" 301 0 "-" "Mozilla/5.0 (Macintosh; Intel Mac OS X 10_15_7) AppleWebKit/605.1.15 (KHTML, like Gecko) Version/14.1.2 Safari/605.1.15"
