Файловый менеджер - Редактировать - /usr/local/apache/domlogs/lakoyani/mltcfiji.lakoyanimedia.tech-ssl_log
Назад
104.219.215.231 - - [30/Oct/2024:11:29:35 +0000] "GET / HTTP/1.1" 200 0 "https://mltcfiji.com" "Mozilla/5.0 (Windows NT 10.0; Win64; x64) AppleWebKit/537.36 (KHTML, like Gecko) Chrome/58.0.3029.110 Safari/537.3"
104.219.215.231 - - [30/Oct/2024:11:29:27 +0000] "GET /wp-includes/admin.php HTTP/1.1" 200 0 "https://mltcfiji.com/wp-includes/admin.php" "Mozilla/5.0 (Windows NT 10.0; Win64; x64) AppleWebKit/537.36 (KHTML, like Gecko) Chrome/58.0.3029.110 Safari/537.3"
51.38.41.215 - - [30/Oct/2024:11:34:42 +0000] "POST /wp-login.php HTTP/1.1" 404 1251 "-" "Mozilla/5.0 (Windows NT 6.1; Win64; x64) AppleWebKit/537.36 (KHTML, like Gecko) Chrome/55.0.2883.87 Safari/537.36"
157.55.39.54 - - [30/Oct/2024:11:35:07 +0000] "GET /2023/03/25/citrato-de-calcio-vitamina-d3-60-cap-joy-natura-gg-zGgNrztQ/ HTTP/2" 404 1251 "-" "Mozilla/5.0 AppleWebKit/537.36 (KHTML, like Gecko; compatible; bingbot/2.0; +http://www.bing.com/bingbot.htm) Chrome/116.0.1938.76 Safari/537.36"
69.197.187.111 - - [30/Oct/2024:11:35:20 +0000] "GET / HTTP/1.1" 200 0 "https://mltcfiji.com" "Mozilla/5.0 (Windows NT 10.0; Win64; x64) AppleWebKit/537.36 (KHTML, like Gecko) Chrome/58.0.3029.110 Safari/537.3"
69.197.187.111 - - [30/Oct/2024:11:35:13 +0000] "GET /wp-includes/admin.php HTTP/1.1" 200 0 "https://mltcfiji.com/wp-includes/admin.php" "Mozilla/5.0 (Windows NT 10.0; Win64; x64) AppleWebKit/537.36 (KHTML, like Gecko) Chrome/58.0.3029.110 Safari/537.3"
69.197.182.50 - - [30/Oct/2024:11:41:29 +0000] "GET / HTTP/1.1" 200 0 "https://mltcfiji.com" "Mozilla/5.0 (Windows NT 10.0; Win64; x64) AppleWebKit/537.36 (KHTML, like Gecko) Chrome/58.0.3029.110 Safari/537.3"
69.197.182.50 - - [30/Oct/2024:11:41:23 +0000] "GET /wp-includes/admin.php HTTP/1.1" 200 0 "https://mltcfiji.com/wp-includes/admin.php" "Mozilla/5.0 (Windows NT 10.0; Win64; x64) AppleWebKit/537.36 (KHTML, like Gecko) Chrome/58.0.3029.110 Safari/537.3"
173.252.107.5 - - [30/Oct/2024:11:41:48 +0000] "GET /robots.txt HTTP/2" 200 423 "-" "facebookexternalhit/1.1 (+http://www.facebook.com/externalhit_uatext.php)"
57.141.7.25 - - [30/Oct/2024:11:41:49 +0000] "GET /other-services/ HTTP/2" 404 1251 "-" "facebookexternalhit/1.1 (+http://www.facebook.com/externalhit_uatext.php)"
107.148.30.4 - - [30/Oct/2024:11:44:13 +0000] "GET /wp-includes/admin.php HTTP/1.1" 200 0 "https://mltcfiji.com/wp-includes/admin.php" "Mozilla/4.0 (compatible; MSIE 7.0; Windows NT 5.1; SV1; .NET CLR 1.1.4322)"
107.148.30.4 - - [30/Oct/2024:11:44:35 +0000] "GET /wp-includes/admin.php HTTP/1.1" 200 0 "https://mltcfiji.com/wp-includes/admin.php" "Mozilla/5.0 (compatible; MSIE 9.0; Windows NT 6.1; WOW64; Trident/5.0; SLCC2; .NET CLR 2.0.50727; .NET CLR 3.5.30729; .NET CLR 3.0.30729; Media Center PC 6.0; MAGW; .NET4.0C; Lunascape 6.5.8.24780)"
107.148.30.4 - - [30/Oct/2024:11:44:56 +0000] "GET /wp-includes/admin.php HTTP/1.1" 200 0 "https://mltcfiji.com/wp-includes/admin.php" "Mozilla/4.0 (compatible; MSIE 7.0; Windows NT 5.1; SV1)"
107.148.90.103 - - [30/Oct/2024:11:47:19 +0000] "GET / HTTP/1.1" 200 0 "https://mltcfiji.com" "Mozilla/5.0 (Windows NT 10.0; Win64; x64) AppleWebKit/537.36 (KHTML, like Gecko) Chrome/58.0.3029.110 Safari/537.3"
107.148.90.103 - - [30/Oct/2024:11:47:13 +0000] "GET /wp-includes/admin.php HTTP/1.1" 200 0 "https://mltcfiji.com/wp-includes/admin.php" "Mozilla/5.0 (Windows NT 10.0; Win64; x64) AppleWebKit/537.36 (KHTML, like Gecko) Chrome/58.0.3029.110 Safari/537.3"
91.121.168.91 - - [30/Oct/2024:11:52:50 +0000] "POST /wp-login.php HTTP/1.1" 404 1251 "-" "Mozilla/5.0 (Windows NT 6.1; Win64; x64) AppleWebKit/537.36 (KHTML, like Gecko) Chrome/60.0.3112.113 Safari/537.36"
107.148.90.103 - - [30/Oct/2024:11:53:21 +0000] "GET / HTTP/1.1" 200 0 "https://mltcfiji.com" "Mozilla/5.0 (Windows NT 10.0; Win64; x64) AppleWebKit/537.36 (KHTML, like Gecko) Chrome/58.0.3029.110 Safari/537.3"
107.148.90.103 - - [30/Oct/2024:11:53:14 +0000] "GET /wp-includes/admin.php HTTP/1.1" 200 0 "https://mltcfiji.com/wp-includes/admin.php" "Mozilla/5.0 (Windows NT 10.0; Win64; x64) AppleWebKit/537.36 (KHTML, like Gecko) Chrome/58.0.3029.110 Safari/537.3"
69.30.234.10 - - [30/Oct/2024:11:59:25 +0000] "GET / HTTP/1.1" 200 0 "https://mltcfiji.com" "Mozilla/5.0 (Windows NT 10.0; Win64; x64) AppleWebKit/537.36 (KHTML, like Gecko) Chrome/58.0.3029.110 Safari/537.3"
69.30.234.10 - - [30/Oct/2024:11:59:19 +0000] "GET /wp-includes/admin.php HTTP/1.1" 200 0 "https://mltcfiji.com/wp-includes/admin.php" "Mozilla/5.0 (Windows NT 10.0; Win64; x64) AppleWebKit/537.36 (KHTML, like Gecko) Chrome/58.0.3029.110 Safari/537.3"
66.249.64.38 - - [30/Oct/2024:12:00:51 +0000] "GET / HTTP/1.1" 200 115736 "-" "Mozilla/5.0 (compatible; Googlebot/2.1; +http://www.google.com/bot.html)"
66.249.64.39 - - [30/Oct/2024:12:00:56 +0000] "GET /product/qfmp144?goods_id=11256 HTTP/1.1" 404 1251 "-" "Mozilla/5.0 (Linux; Android 6.0.1; Nexus 5X Build/MMB29P) AppleWebKit/537.36 (KHTML, like Gecko) Chrome/130.0.6723.69 Mobile Safari/537.36 (compatible; Googlebot/2.1; +http://www.google.com/bot.html)"
66.249.64.39 - - [30/Oct/2024:12:00:57 +0000] "GET /product/yas169?goods_id=47140 HTTP/1.1" 404 1251 "-" "Mozilla/5.0 (Linux; Android 6.0.1; Nexus 5X Build/MMB29P) AppleWebKit/537.36 (KHTML, like Gecko) Chrome/130.0.6723.69 Mobile Safari/537.36 (compatible; Googlebot/2.1; +http://www.google.com/bot.html)"
66.249.64.39 - - [30/Oct/2024:12:00:58 +0000] "GET /product/sxxt49?goods_id=14914 HTTP/1.1" 404 1251 "-" "Mozilla/5.0 (Linux; Android 6.0.1; Nexus 5X Build/MMB29P) AppleWebKit/537.36 (KHTML, like Gecko) Chrome/130.0.6723.69 Mobile Safari/537.36 (compatible; Googlebot/2.1; +http://www.google.com/bot.html)"
66.249.64.38 - - [30/Oct/2024:12:00:59 +0000] "GET /product/uwax75?goods_id=714 HTTP/1.1" 404 1251 "-" "Mozilla/5.0 (Linux; Android 6.0.1; Nexus 5X Build/MMB29P) AppleWebKit/537.36 (KHTML, like Gecko) Chrome/130.0.6723.69 Mobile Safari/537.36 (compatible; Googlebot/2.1; +http://www.google.com/bot.html)"
66.249.64.39 - - [30/Oct/2024:12:01:00 +0000] "GET /product/ujfp10?goods_id=17238 HTTP/1.1" 404 1251 "-" "Mozilla/5.0 (Linux; Android 6.0.1; Nexus 5X Build/MMB29P) AppleWebKit/537.36 (KHTML, like Gecko) Chrome/130.0.6723.69 Mobile Safari/537.36 (compatible; Googlebot/2.1; +http://www.google.com/bot.html)"
66.249.64.38 - - [30/Oct/2024:12:01:00 +0000] "GET /product/dcws261?goods_id=34406 HTTP/1.1" 404 1251 "-" "Mozilla/5.0 (Linux; Android 6.0.1; Nexus 5X Build/MMB29P) AppleWebKit/537.36 (KHTML, like Gecko) Chrome/130.0.6723.69 Mobile Safari/537.36 (compatible; Googlebot/2.1; +http://www.google.com/bot.html)"
66.249.64.38 - - [30/Oct/2024:12:01:01 +0000] "GET /product/yugi68?goods_id=22952 HTTP/1.1" 404 1251 "-" "Mozilla/5.0 (Linux; Android 6.0.1; Nexus 5X Build/MMB29P) AppleWebKit/537.36 (KHTML, like Gecko) Chrome/130.0.6723.69 Mobile Safari/537.36 (compatible; Googlebot/2.1; +http://www.google.com/bot.html)"
66.249.64.38 - - [30/Oct/2024:12:01:02 +0000] "GET /product/ywco184?goods_id=38726 HTTP/1.1" 404 1251 "-" "Mozilla/5.0 (Linux; Android 6.0.1; Nexus 5X Build/MMB29P) AppleWebKit/537.36 (KHTML, like Gecko) Chrome/130.0.6723.69 Mobile Safari/537.36 (compatible; Googlebot/2.1; +http://www.google.com/bot.html)"
66.249.64.38 - - [30/Oct/2024:12:01:03 +0000] "GET /product/ukblj241?goods_id=34389 HTTP/1.1" 404 1251 "-" "Mozilla/5.0 (Linux; Android 6.0.1; Nexus 5X Build/MMB29P) AppleWebKit/537.36 (KHTML, like Gecko) Chrome/130.0.6723.69 Mobile Safari/537.36 (compatible; Googlebot/2.1; +http://www.google.com/bot.html)"
66.249.64.38 - - [30/Oct/2024:12:01:04 +0000] "GET /product/udi171?goods_id=33664 HTTP/1.1" 404 1251 "-" "Mozilla/5.0 (Linux; Android 6.0.1; Nexus 5X Build/MMB29P) AppleWebKit/537.36 (KHTML, like Gecko) Chrome/130.0.6723.69 Mobile Safari/537.36 (compatible; Googlebot/2.1; +http://www.google.com/bot.html)"
69.30.234.10 - - [30/Oct/2024:12:05:13 +0000] "GET / HTTP/1.1" 200 0 "https://mltcfiji.com" "Mozilla/5.0 (Windows NT 10.0; Win64; x64) AppleWebKit/537.36 (KHTML, like Gecko) Chrome/58.0.3029.110 Safari/537.3"
69.30.234.10 - - [30/Oct/2024:12:05:07 +0000] "GET /wp-includes/admin.php HTTP/1.1" 200 0 "https://mltcfiji.com/wp-includes/admin.php" "Mozilla/5.0 (Windows NT 10.0; Win64; x64) AppleWebKit/537.36 (KHTML, like Gecko) Chrome/58.0.3029.110 Safari/537.3"
40.77.167.243 - - [30/Oct/2024:12:07:44 +0000] "GET /?g=2012-town-and-country-transmission-fluid-type-g-YXwXaocA HTTP/2" 200 115663 "-" "Mozilla/5.0 AppleWebKit/537.36 (KHTML, like Gecko; compatible; bingbot/2.0; +http://www.bing.com/bingbot.htm) Chrome/116.0.1938.76 Safari/537.36"
107.148.95.76 - - [30/Oct/2024:12:11:16 +0000] "GET / HTTP/1.1" 200 0 "https://mltcfiji.com" "Mozilla/5.0 (Windows NT 10.0; Win64; x64) AppleWebKit/537.36 (KHTML, like Gecko) Chrome/58.0.3029.110 Safari/537.3"
188.166.1.163 - - [30/Oct/2024:12:11:17 +0000] "POST /wp-login.php HTTP/1.1" 404 1251 "-" "Mozilla/5.0 (Windows NT 10.0; WOW64) AppleWebKit/537.36 (KHTML, like Gecko) Chrome/57.0.2987.133 Safari/537.36"
107.148.95.76 - - [30/Oct/2024:12:11:10 +0000] "GET /wp-includes/admin.php HTTP/1.1" 200 0 "https://mltcfiji.com/wp-includes/admin.php" "Mozilla/5.0 (Windows NT 10.0; Win64; x64) AppleWebKit/537.36 (KHTML, like Gecko) Chrome/58.0.3029.110 Safari/537.3"
107.148.30.4 - - [30/Oct/2024:12:13:22 +0000] "GET /wp-includes/admin.php HTTP/1.1" 200 0 "https://mltcfiji.com/wp-includes/admin.php" "Mozilla/5.0 (Macintosh; U; Intel Mac OS X 10_5_3; ja-jp) AppleWebKit/525.18 (KHTML, like Gecko) Version/3.1.1 Safari/525.20"
107.148.30.4 - - [30/Oct/2024:12:13:42 +0000] "GET /wp-includes/admin.php HTTP/1.1" 200 0 "https://mltcfiji.com/wp-includes/admin.php" "Mozilla/5.0 (Windows; U; Windows NT 5.1; en-US) AppleWebKit/534.16 (KHTML, like Gecko) Chrome/10.0.648.151 Safari/534.16"
107.148.30.4 - - [30/Oct/2024:12:14:03 +0000] "GET /wp-includes/admin.php HTTP/1.1" 200 0 "https://mltcfiji.com/wp-includes/admin.php" "Mozilla/4.0 (compatible; GoogleToolbar 5.0.2124.2070; Windows 6.0; MSIE 8.0.6001.18241)"
69.197.182.50 - - [30/Oct/2024:12:17:08 +0000] "GET / HTTP/1.1" 200 0 "https://mltcfiji.com" "Mozilla/5.0 (Windows NT 10.0; Win64; x64) AppleWebKit/537.36 (KHTML, like Gecko) Chrome/58.0.3029.110 Safari/537.3"
69.197.182.50 - - [30/Oct/2024:12:17:02 +0000] "GET /wp-includes/admin.php HTTP/1.1" 200 0 "https://mltcfiji.com/wp-includes/admin.php" "Mozilla/5.0 (Windows NT 10.0; Win64; x64) AppleWebKit/537.36 (KHTML, like Gecko) Chrome/58.0.3029.110 Safari/537.3"
69.197.182.50 - - [30/Oct/2024:12:23:03 +0000] "GET / HTTP/1.1" 200 0 "https://mltcfiji.com" "Mozilla/5.0 (Windows NT 10.0; Win64; x64) AppleWebKit/537.36 (KHTML, like Gecko) Chrome/58.0.3029.110 Safari/537.3"
69.197.182.50 - - [30/Oct/2024:12:22:57 +0000] "GET /wp-includes/admin.php HTTP/1.1" 200 0 "https://mltcfiji.com/wp-includes/admin.php" "Mozilla/5.0 (Windows NT 10.0; Win64; x64) AppleWebKit/537.36 (KHTML, like Gecko) Chrome/58.0.3029.110 Safari/537.3"
104.219.215.231 - - [30/Oct/2024:12:28:07 +0000] "GET / HTTP/1.1" 200 0 "https://mltcfiji.com" "Mozilla/5.0 (Windows NT 10.0; Win64; x64) AppleWebKit/537.36 (KHTML, like Gecko) Chrome/58.0.3029.110 Safari/537.3"
104.219.215.231 - - [30/Oct/2024:12:28:01 +0000] "GET /wp-includes/admin.php HTTP/1.1" 200 0 "https://mltcfiji.com/wp-includes/admin.php" "Mozilla/5.0 (Windows NT 10.0; Win64; x64) AppleWebKit/537.36 (KHTML, like Gecko) Chrome/58.0.3029.110 Safari/537.3"
31.24.44.12 - - [30/Oct/2024:12:29:11 +0000] "POST /wp-login.php HTTP/1.1" 404 1251 "-" "Mozilla/5.0 (Windows NT 10.0; Win64; x64) AppleWebKit/537.36 (KHTML, like Gecko) Chrome/87.0.4280.88 Safari/537.36"
107.148.95.76 - - [30/Oct/2024:12:34:11 +0000] "GET / HTTP/1.1" 200 0 "https://mltcfiji.com" "Mozilla/5.0 (Windows NT 10.0; Win64; x64) AppleWebKit/537.36 (KHTML, like Gecko) Chrome/58.0.3029.110 Safari/537.3"
107.148.95.76 - - [30/Oct/2024:12:34:04 +0000] "GET /wp-includes/admin.php HTTP/1.1" 200 0 "https://mltcfiji.com/wp-includes/admin.php" "Mozilla/5.0 (Windows NT 10.0; Win64; x64) AppleWebKit/537.36 (KHTML, like Gecko) Chrome/58.0.3029.110 Safari/537.3"
57.141.7.24 - - [30/Oct/2024:12:38:37 +0000] "GET /category/blog/announcements/ HTTP/2" 404 1251 "-" "meta-externalagent/1.1 (+https://developers.facebook.com/docs/sharing/webmasters/crawler)"
69.197.182.50 - - [30/Oct/2024:12:40:05 +0000] "GET / HTTP/1.1" 200 0 "https://mltcfiji.com" "Mozilla/5.0 (Windows NT 10.0; Win64; x64) AppleWebKit/537.36 (KHTML, like Gecko) Chrome/58.0.3029.110 Safari/537.3"
69.197.182.50 - - [30/Oct/2024:12:39:59 +0000] "GET /wp-includes/admin.php HTTP/1.1" 200 0 "https://mltcfiji.com/wp-includes/admin.php" "Mozilla/5.0 (Windows NT 10.0; Win64; x64) AppleWebKit/537.36 (KHTML, like Gecko) Chrome/58.0.3029.110 Safari/537.3"
107.148.30.4 - - [30/Oct/2024:12:40:39 +0000] "GET /wp-includes/admin.php HTTP/1.1" 200 0 "https://mltcfiji.com/wp-includes/admin.php" "Mozilla/4.0 (compatible; MSIE 7.0; Windows NT 5.1; SV1)"
107.148.30.4 - - [30/Oct/2024:12:41:19 +0000] "GET /wp-includes/admin.php HTTP/1.1" 200 26 "https://mltcfiji.com/wp-includes/admin.php" "Mozilla/5.0 (Macintosh; Intel Mac OS X 10_6_8) AppleWebKit/535.1 (KHTML, like Gecko) Chrome/13.0.782.220 Safari/535.1"
107.148.30.4 - - [30/Oct/2024:12:40:58 +0000] "GET /wp-includes/admin.php HTTP/1.1" 200 0 "https://mltcfiji.com/wp-includes/admin.php" "Mozilla/4.0 (compatible; MSIE 7.0; Windows NT 5.1; .NET CLR 1.1.4322; .NET CLR 2.0.50727)"
107.148.90.103 - - [30/Oct/2024:12:46:11 +0000] "GET / HTTP/1.1" 200 0 "https://mltcfiji.com" "Mozilla/5.0 (Windows NT 10.0; Win64; x64) AppleWebKit/537.36 (KHTML, like Gecko) Chrome/58.0.3029.110 Safari/537.3"
107.148.90.103 - - [30/Oct/2024:12:46:05 +0000] "GET /wp-includes/admin.php HTTP/1.1" 200 0 "https://mltcfiji.com/wp-includes/admin.php" "Mozilla/5.0 (Windows NT 10.0; Win64; x64) AppleWebKit/537.36 (KHTML, like Gecko) Chrome/58.0.3029.110 Safari/537.3"
107.148.90.102 - - [30/Oct/2024:12:52:17 +0000] "GET / HTTP/1.1" 200 0 "https://mltcfiji.com" "Mozilla/5.0 (Windows NT 10.0; Win64; x64) AppleWebKit/537.36 (KHTML, like Gecko) Chrome/58.0.3029.110 Safari/537.3"
107.148.90.102 - - [30/Oct/2024:12:52:10 +0000] "GET /wp-includes/admin.php HTTP/1.1" 200 0 "https://mltcfiji.com/wp-includes/admin.php" "Mozilla/5.0 (Windows NT 10.0; Win64; x64) AppleWebKit/537.36 (KHTML, like Gecko) Chrome/58.0.3029.110 Safari/537.3"
69.197.182.50 - - [30/Oct/2024:12:58:19 +0000] "GET / HTTP/1.1" 200 0 "https://mltcfiji.com" "Mozilla/5.0 (Windows NT 10.0; Win64; x64) AppleWebKit/537.36 (KHTML, like Gecko) Chrome/58.0.3029.110 Safari/537.3"
69.197.182.50 - - [30/Oct/2024:12:58:13 +0000] "GET /wp-includes/admin.php HTTP/1.1" 200 0 "https://mltcfiji.com/wp-includes/admin.php" "Mozilla/5.0 (Windows NT 10.0; Win64; x64) AppleWebKit/537.36 (KHTML, like Gecko) Chrome/58.0.3029.110 Safari/537.3"
69.30.234.10 - - [30/Oct/2024:13:04:36 +0000] "GET / HTTP/1.1" 200 0 "https://mltcfiji.com" "Mozilla/5.0 (Windows NT 10.0; Win64; x64) AppleWebKit/537.36 (KHTML, like Gecko) Chrome/58.0.3029.110 Safari/537.3"
69.30.234.10 - - [30/Oct/2024:13:04:30 +0000] "GET /wp-includes/admin.php HTTP/1.1" 200 0 "https://mltcfiji.com/wp-includes/admin.php" "Mozilla/5.0 (Windows NT 10.0; Win64; x64) AppleWebKit/537.36 (KHTML, like Gecko) Chrome/58.0.3029.110 Safari/537.3"
107.148.30.4 - - [30/Oct/2024:13:07:58 +0000] "GET /wp-includes/admin.php HTTP/1.1" 200 0 "https://mltcfiji.com/wp-includes/admin.php" "Mozilla/5.0 (compatible; MSIE 9.0; Windows NT 6.1; WOW64; Trident/5.0; SLCC2; .NET CLR 2.0.50727; .NET CLR 3.5.30729; .NET CLR 3.0.30729; Media Center PC 6.0; MAGW; .NET4.0C; Lunascape 6.5.8.24780)"
107.148.30.4 - - [30/Oct/2024:13:08:35 +0000] "GET /wp-includes/admin.php HTTP/1.1" 200 0 "https://mltcfiji.com/wp-includes/admin.php" "Mozilla/5.0 (Windows NT 10.0; WOW64) AppleWebKit/537.36 (KHTML, like Gecko) Chrome/74.0.3729.131 Safari/537.36"
107.148.30.4 - - [30/Oct/2024:13:08:47 +0000] "GET /wp-includes/admin.php HTTP/1.1" 200 0 "https://mltcfiji.com/wp-includes/admin.php" "Mozilla/5.0 (Macintosh; U; Intel Mac OS X 10_6_3; ja-jp) AppleWebKit/531.21.11 (KHTML, like Gecko) Version/4.0.4 Safari/531.21.10"
69.197.182.50 - - [30/Oct/2024:13:10:49 +0000] "GET / HTTP/1.1" 200 0 "https://mltcfiji.com" "Mozilla/5.0 (Windows NT 10.0; Win64; x64) AppleWebKit/537.36 (KHTML, like Gecko) Chrome/58.0.3029.110 Safari/537.3"
69.197.182.50 - - [30/Oct/2024:13:10:42 +0000] "GET /wp-includes/admin.php HTTP/1.1" 200 0 "https://mltcfiji.com/wp-includes/admin.php" "Mozilla/5.0 (Windows NT 10.0; Win64; x64) AppleWebKit/537.36 (KHTML, like Gecko) Chrome/58.0.3029.110 Safari/537.3"
66.249.64.39 - - [30/Oct/2024:13:13:27 +0000] "GET /tag/class-b-rv-4x4-for-sale-t-kLDwqGsy/ HTTP/1.1" 404 1251 "-" "Mozilla/5.0 (Linux; Android 6.0.1; Nexus 5X Build/MMB29P) AppleWebKit/537.36 (KHTML, like Gecko) Chrome/130.0.6723.69 Mobile Safari/537.36 (compatible; Googlebot/2.1; +http://www.google.com/bot.html)"
69.30.234.10 - - [30/Oct/2024:13:16:54 +0000] "GET / HTTP/1.1" 200 0 "https://mltcfiji.com" "Mozilla/5.0 (Windows NT 10.0; Win64; x64) AppleWebKit/537.36 (KHTML, like Gecko) Chrome/58.0.3029.110 Safari/537.3"
69.30.234.10 - - [30/Oct/2024:13:16:48 +0000] "GET /wp-includes/admin.php HTTP/1.1" 200 0 "https://mltcfiji.com/wp-includes/admin.php" "Mozilla/5.0 (Windows NT 10.0; Win64; x64) AppleWebKit/537.36 (KHTML, like Gecko) Chrome/58.0.3029.110 Safari/537.3"
47.106.133.35 - - [30/Oct/2024:13:20:45 +0000] "POST /wp-login.php HTTP/1.1" 404 1251 "-" "Mozilla/5.0 (Windows NT 10.0; Win64; x64) AppleWebKit/537.36 (KHTML, like Gecko) Chrome/73.0.3683.86 Safari/537.36"
69.197.182.50 - - [30/Oct/2024:13:22:56 +0000] "GET / HTTP/1.1" 200 0 "https://mltcfiji.com" "Mozilla/5.0 (Windows NT 10.0; Win64; x64) AppleWebKit/537.36 (KHTML, like Gecko) Chrome/58.0.3029.110 Safari/537.3"
69.197.182.50 - - [30/Oct/2024:13:22:50 +0000] "GET /wp-includes/admin.php HTTP/1.1" 200 0 "https://mltcfiji.com/wp-includes/admin.php" "Mozilla/5.0 (Windows NT 10.0; Win64; x64) AppleWebKit/537.36 (KHTML, like Gecko) Chrome/58.0.3029.110 Safari/537.3"
66.249.64.39 - - [30/Oct/2024:13:23:52 +0000] "GET /2023/02/04/nintendo-switch-lite-console-coral-tt-dXE9x8T3/ HTTP/1.1" 404 1251 "-" "Mozilla/5.0 (Linux; Android 6.0.1; Nexus 5X Build/MMB29P) AppleWebKit/537.36 (KHTML, like Gecko) Chrome/130.0.6723.69 Mobile Safari/537.36 (compatible; Googlebot/2.1; +http://www.google.com/bot.html)"
45.80.236.30 - - [30/Oct/2024:13:27:51 +0000] "GET /wp-content/uploads/2023/02/MLTC-organisational-structuture-e1675701795322-1024x579.jpg HTTP/2" 200 36626 "https://www.bing.com/" "Mozilla/5.0 (Windows NT 10.0; Win64; x64) AppleWebKit/537.36 (KHTML, like Gecko) Chrome/130.0.0.0 Safari/537.36 Edg/130.0.0.0"
104.219.215.231 - - [30/Oct/2024:13:29:23 +0000] "GET / HTTP/1.1" 200 0 "https://mltcfiji.com" "Mozilla/5.0 (Windows NT 10.0; Win64; x64) AppleWebKit/537.36 (KHTML, like Gecko) Chrome/58.0.3029.110 Safari/537.3"
104.219.215.231 - - [30/Oct/2024:13:29:16 +0000] "GET /wp-includes/admin.php HTTP/1.1" 200 0 "https://mltcfiji.com/wp-includes/admin.php" "Mozilla/5.0 (Windows NT 10.0; Win64; x64) AppleWebKit/537.36 (KHTML, like Gecko) Chrome/58.0.3029.110 Safari/537.3"
198.98.50.182 - - [30/Oct/2024:13:33:43 +0000] "GET /wp-login.php HTTP/1.1" 404 1251 "http://www.google.com.hk" "Mozilla/5.0 (Windows NT 6.1; WOW64) AppleWebKit/537.36 (KHTML, like Gecko) Chrome/42.0.2311.90 Safari/537.36"
107.148.30.4 - - [30/Oct/2024:13:35:27 +0000] "GET /wp-includes/admin.php HTTP/1.1" 200 0 "https://mltcfiji.com/wp-includes/admin.php" "Mozilla/5.0 (Macintosh; U; PPC Mac OS X 10_4_11; ja-jp) AppleWebKit/525.13 (KHTML, like Gecko) Version/3.1 Safari/525.13"
107.148.42.152 - - [30/Oct/2024:13:36:08 +0000] "GET /wp-includes/admin.php HTTP/1.1" 200 26 "https://mltcfiji.com/wp-includes/admin.php" "Mozilla/5.0 (Windows NT 10.0; Win64; x64) AppleWebKit/537.36 (KHTML, like Gecko) Chrome/58.0.3029.110 Safari/537.3"
107.148.42.152 - - [30/Oct/2024:13:36:12 +0000] "GET / HTTP/1.1" 200 0 "https://mltcfiji.com" "Mozilla/5.0 (Windows NT 10.0; Win64; x64) AppleWebKit/537.36 (KHTML, like Gecko) Chrome/58.0.3029.110 Safari/537.3"
107.148.30.4 - - [30/Oct/2024:13:35:53 +0000] "GET /wp-includes/admin.php HTTP/1.1" 200 0 "https://mltcfiji.com/wp-includes/admin.php" "Mozilla/4.0 (compatible; MSIE 8.0; Windows NT 5.1; Trident/4.0; .NET CLR 2.0.50727; InfoPath.1"
107.148.30.4 - - [30/Oct/2024:13:36:11 +0000] "GET /wp-includes/admin.php HTTP/1.1" 200 0 "https://mltcfiji.com/wp-includes/admin.php" "Mozilla/5.0 (Windows NT 6.1; WOW64; rv:5.0) Gecko/20100101 Firefox/5.0"
47.105.43.240 - - [30/Oct/2024:13:42:38 +0000] "POST /wp-login.php HTTP/1.1" 404 1251 "-" "Mozilla/5.0 (Windows NT 6.1) AppleWebKit/537.36 (KHTML, like Gecko) Chrome/59.0.3071.115 Safari/537.36"
69.197.182.50 - - [30/Oct/2024:13:43:03 +0000] "GET / HTTP/1.1" 200 0 "https://mltcfiji.com" "Mozilla/5.0 (Windows NT 10.0; Win64; x64) AppleWebKit/537.36 (KHTML, like Gecko) Chrome/58.0.3029.110 Safari/537.3"
69.197.182.50 - - [30/Oct/2024:13:42:57 +0000] "GET /wp-includes/admin.php HTTP/1.1" 200 0 "https://mltcfiji.com/wp-includes/admin.php" "Mozilla/5.0 (Windows NT 10.0; Win64; x64) AppleWebKit/537.36 (KHTML, like Gecko) Chrome/58.0.3029.110 Safari/537.3"
107.148.42.152 - - [30/Oct/2024:13:50:07 +0000] "GET / HTTP/1.1" 200 0 "https://mltcfiji.com" "Mozilla/5.0 (Windows NT 10.0; Win64; x64) AppleWebKit/537.36 (KHTML, like Gecko) Chrome/58.0.3029.110 Safari/537.3"
107.148.42.152 - - [30/Oct/2024:13:49:59 +0000] "GET /wp-includes/admin.php HTTP/1.1" 200 0 "https://mltcfiji.com/wp-includes/admin.php" "Mozilla/5.0 (Windows NT 10.0; Win64; x64) AppleWebKit/537.36 (KHTML, like Gecko) Chrome/58.0.3029.110 Safari/537.3"
69.197.182.50 - - [30/Oct/2024:13:56:13 +0000] "GET / HTTP/1.1" 200 0 "https://mltcfiji.com" "Mozilla/5.0 (Windows NT 10.0; Win64; x64) AppleWebKit/537.36 (KHTML, like Gecko) Chrome/58.0.3029.110 Safari/537.3"
69.197.182.50 - - [30/Oct/2024:13:56:07 +0000] "GET /wp-includes/admin.php HTTP/1.1" 200 0 "https://mltcfiji.com/wp-includes/admin.php" "Mozilla/5.0 (Windows NT 10.0; Win64; x64) AppleWebKit/537.36 (KHTML, like Gecko) Chrome/58.0.3029.110 Safari/537.3"
141.94.107.204 - - [30/Oct/2024:14:00:41 +0000] "GET / HTTP/1.1" 200 0 "-" "Mozilla/5.0 (Windows NT 10.0; Win64; x64) AppleWebKit/537.36 (KHTML, like Gecko) Chrome/116.0.0.0 Safari/537.36 OPR/102.0.0.0"
69.197.182.50 - - [30/Oct/2024:14:03:01 +0000] "GET / HTTP/1.1" 200 0 "https://mltcfiji.com" "Mozilla/5.0 (Windows NT 10.0; Win64; x64) AppleWebKit/537.36 (KHTML, like Gecko) Chrome/58.0.3029.110 Safari/537.3"
69.197.182.50 - - [30/Oct/2024:14:02:54 +0000] "GET /wp-includes/admin.php HTTP/1.1" 200 0 "https://mltcfiji.com/wp-includes/admin.php" "Mozilla/5.0 (Windows NT 10.0; Win64; x64) AppleWebKit/537.36 (KHTML, like Gecko) Chrome/58.0.3029.110 Safari/537.3"
107.148.30.4 - - [30/Oct/2024:14:05:41 +0000] "GET /wp-includes/admin.php HTTP/1.1" 200 26 "https://mltcfiji.com/wp-includes/admin.php" "Mozilla/5.0 (Macintosh; Intel Mac OS X 10.7; rv:9.0.1) Gecko/20100101 Firefox/9.0.1"
107.148.30.4 - - [30/Oct/2024:14:05:20 +0000] "GET /wp-includes/admin.php HTTP/1.1" 200 0 "https://mltcfiji.com/wp-includes/admin.php" "Mozilla/4.0 (compatible; MSIE 8.0; Windows NT 5.1; Trident/4.0; .NET CLR 2.0.50727; InfoPath.1"
69.30.234.10 - - [30/Oct/2024:14:09:08 +0000] "GET / HTTP/1.1" 200 0 "https://mltcfiji.com" "Mozilla/5.0 (Windows NT 10.0; Win64; x64) AppleWebKit/537.36 (KHTML, like Gecko) Chrome/58.0.3029.110 Safari/537.3"
69.30.234.10 - - [30/Oct/2024:14:09:02 +0000] "GET /wp-includes/admin.php HTTP/1.1" 200 0 "https://mltcfiji.com/wp-includes/admin.php" "Mozilla/5.0 (Windows NT 10.0; Win64; x64) AppleWebKit/537.36 (KHTML, like Gecko) Chrome/58.0.3029.110 Safari/537.3"
58.187.185.40 - - [30/Oct/2024:14:15:07 +0000] "GET /our-organisational-structure/ HTTP/2" 404 1251 "https://www.bing.com/" "Mozilla/5.0 (Windows NT 10.0; Win64; x64) AppleWebKit/537.36 (KHTML, like Gecko) Chrome/130.0.0.0 Safari/537.36 Edg/130.0.0.0"
58.187.185.40 - - [30/Oct/2024:14:15:07 +0000] "GET /favicon.ico HTTP/2" 404 1251 "https://mltcfiji.com/our-organisational-structure/" "Mozilla/5.0 (Windows NT 10.0; Win64; x64) AppleWebKit/537.36 (KHTML, like Gecko) Chrome/130.0.0.0 Safari/537.36 Edg/130.0.0.0"
69.197.187.111 - - [30/Oct/2024:14:16:06 +0000] "GET / HTTP/1.1" 200 0 "https://mltcfiji.com" "Mozilla/5.0 (Windows NT 10.0; Win64; x64) AppleWebKit/537.36 (KHTML, like Gecko) Chrome/58.0.3029.110 Safari/537.3"
69.197.187.111 - - [30/Oct/2024:14:16:00 +0000] "GET /wp-includes/admin.php HTTP/1.1" 200 0 "https://mltcfiji.com/wp-includes/admin.php" "Mozilla/5.0 (Windows NT 10.0; Win64; x64) AppleWebKit/537.36 (KHTML, like Gecko) Chrome/58.0.3029.110 Safari/537.3"
104.219.215.231 - - [30/Oct/2024:14:23:16 +0000] "GET / HTTP/1.1" 200 0 "https://mltcfiji.com" "Mozilla/5.0 (Windows NT 10.0; Win64; x64) AppleWebKit/537.36 (KHTML, like Gecko) Chrome/58.0.3029.110 Safari/537.3"
104.219.215.231 - - [30/Oct/2024:14:23:08 +0000] "GET /wp-includes/admin.php HTTP/1.1" 200 0 "https://mltcfiji.com/wp-includes/admin.php" "Mozilla/5.0 (Windows NT 10.0; Win64; x64) AppleWebKit/537.36 (KHTML, like Gecko) Chrome/58.0.3029.110 Safari/537.3"
104.219.215.231 - - [30/Oct/2024:14:30:13 +0000] "GET / HTTP/1.1" 200 0 "https://mltcfiji.com" "Mozilla/5.0 (Windows NT 10.0; Win64; x64) AppleWebKit/537.36 (KHTML, like Gecko) Chrome/58.0.3029.110 Safari/537.3"
104.219.215.231 - - [30/Oct/2024:14:30:07 +0000] "GET /wp-includes/admin.php HTTP/1.1" 200 0 "https://mltcfiji.com/wp-includes/admin.php" "Mozilla/5.0 (Windows NT 10.0; Win64; x64) AppleWebKit/537.36 (KHTML, like Gecko) Chrome/58.0.3029.110 Safari/537.3"
107.148.30.4 - - [30/Oct/2024:14:32:49 +0000] "GET /wp-includes/admin.php HTTP/1.1" 200 26 "https://mltcfiji.com/wp-includes/admin.php" "Mozilla/5.0 (Windows NT 5.1) AppleWebKit/535.2 (KHTML, like Gecko) Chrome/15.0.874.120 Safari/535.2"
107.148.30.4 - - [30/Oct/2024:14:32:29 +0000] "GET /wp-includes/admin.php HTTP/1.1" 200 0 "https://mltcfiji.com/wp-includes/admin.php" "Opera/9.80 (Windows NT 6.1; U; ja) Presto/2.10.229 Version/11.60"
69.197.182.50 - - [30/Oct/2024:14:36:54 +0000] "GET / HTTP/1.1" 200 0 "https://mltcfiji.com" "Mozilla/5.0 (Windows NT 10.0; Win64; x64) AppleWebKit/537.36 (KHTML, like Gecko) Chrome/58.0.3029.110 Safari/537.3"
69.197.182.50 - - [30/Oct/2024:14:36:48 +0000] "GET /wp-includes/admin.php HTTP/1.1" 200 0 "https://mltcfiji.com/wp-includes/admin.php" "Mozilla/5.0 (Windows NT 10.0; Win64; x64) AppleWebKit/537.36 (KHTML, like Gecko) Chrome/58.0.3029.110 Safari/537.3"
69.30.234.10 - - [30/Oct/2024:14:42:55 +0000] "GET / HTTP/1.1" 200 0 "https://mltcfiji.com" "Mozilla/5.0 (Windows NT 10.0; Win64; x64) AppleWebKit/537.36 (KHTML, like Gecko) Chrome/58.0.3029.110 Safari/537.3"
69.30.234.10 - - [30/Oct/2024:14:42:49 +0000] "GET /wp-includes/admin.php HTTP/1.1" 200 0 "https://mltcfiji.com/wp-includes/admin.php" "Mozilla/5.0 (Windows NT 10.0; Win64; x64) AppleWebKit/537.36 (KHTML, like Gecko) Chrome/58.0.3029.110 Safari/537.3"
69.197.187.111 - - [30/Oct/2024:14:48:58 +0000] "GET / HTTP/1.1" 200 0 "https://mltcfiji.com" "Mozilla/5.0 (Windows NT 10.0; Win64; x64) AppleWebKit/537.36 (KHTML, like Gecko) Chrome/58.0.3029.110 Safari/537.3"
69.197.187.111 - - [30/Oct/2024:14:48:51 +0000] "GET /wp-includes/admin.php HTTP/1.1" 200 0 "https://mltcfiji.com/wp-includes/admin.php" "Mozilla/5.0 (Windows NT 10.0; Win64; x64) AppleWebKit/537.36 (KHTML, like Gecko) Chrome/58.0.3029.110 Safari/537.3"
69.197.187.111 - - [30/Oct/2024:14:56:07 +0000] "GET / HTTP/1.1" 200 0 "https://mltcfiji.com" "Mozilla/5.0 (Windows NT 10.0; Win64; x64) AppleWebKit/537.36 (KHTML, like Gecko) Chrome/58.0.3029.110 Safari/537.3"
69.197.187.111 - - [30/Oct/2024:14:56:01 +0000] "GET /wp-includes/admin.php HTTP/1.1" 200 0 "https://mltcfiji.com/wp-includes/admin.php" "Mozilla/5.0 (Windows NT 10.0; Win64; x64) AppleWebKit/537.36 (KHTML, like Gecko) Chrome/58.0.3029.110 Safari/537.3"
66.249.64.38 - - [30/Oct/2024:15:00:59 +0000] "GET /?k=acer-ha0-series-27-t-xPEWL4Fb HTTP/1.1" 200 116462 "-" "Mozilla/5.0 (Linux; Android 6.0.1; Nexus 5X Build/MMB29P) AppleWebKit/537.36 (KHTML, like Gecko) Chrome/130.0.6723.69 Mobile Safari/537.36 (compatible; Googlebot/2.1; +http://www.google.com/bot.html)"
107.148.30.4 - - [30/Oct/2024:15:02:01 +0000] "GET /wp-includes/admin.php HTTP/1.1" 200 0 "https://mltcfiji.com/wp-includes/admin.php" "Mozilla/5.0 (Macintosh; Intel Mac OS X 10.7; rv:9.0.1) Gecko/20100101 Firefox/9.0.1"
157.55.39.11 - - [30/Oct/2024:15:02:34 +0000] "GET /2022/10/21/buy-tobacco-touch-80-ml-maison-alhambra-oriental-perfume-gg-vdKB5NSj/ HTTP/2" 404 1251 "-" "Mozilla/5.0 AppleWebKit/537.36 (KHTML, like Gecko; compatible; bingbot/2.0; +http://www.bing.com/bingbot.htm) Chrome/116.0.1938.76 Safari/537.36"
107.148.30.4 - - [30/Oct/2024:15:02:41 +0000] "GET /wp-includes/admin.php HTTP/1.1" 200 26 "https://mltcfiji.com/wp-includes/admin.php" "Mozilla/5.0 (Macintosh; Intel Mac OS X 10_7_2) AppleWebKit/535.2 (KHTML, like Gecko) Chrome/15.0.874.106 Safari/535.2"
107.148.30.4 - - [30/Oct/2024:15:02:21 +0000] "GET /wp-includes/admin.php HTTP/1.1" 200 0 "https://mltcfiji.com/wp-includes/admin.php" "Mozilla/4.0 (compatible; MSIE 7.0; Windows NT 5.1; .NET CLR 1.1.4322; .NET CLR 2.0.50727)"
107.148.90.102 - - [30/Oct/2024:15:03:05 +0000] "GET / HTTP/1.1" 200 0 "https://mltcfiji.com" "Mozilla/5.0 (Windows NT 10.0; Win64; x64) AppleWebKit/537.36 (KHTML, like Gecko) Chrome/58.0.3029.110 Safari/537.3"
107.148.90.102 - - [30/Oct/2024:15:02:58 +0000] "GET /wp-includes/admin.php HTTP/1.1" 200 0 "https://mltcfiji.com/wp-includes/admin.php" "Mozilla/5.0 (Windows NT 10.0; Win64; x64) AppleWebKit/537.36 (KHTML, like Gecko) Chrome/58.0.3029.110 Safari/537.3"
69.197.187.111 - - [30/Oct/2024:15:09:00 +0000] "GET / HTTP/1.1" 200 0 "https://mltcfiji.com" "Mozilla/5.0 (Windows NT 10.0; Win64; x64) AppleWebKit/537.36 (KHTML, like Gecko) Chrome/58.0.3029.110 Safari/537.3"
69.197.187.111 - - [30/Oct/2024:15:08:54 +0000] "GET /wp-includes/admin.php HTTP/1.1" 200 0 "https://mltcfiji.com/wp-includes/admin.php" "Mozilla/5.0 (Windows NT 10.0; Win64; x64) AppleWebKit/537.36 (KHTML, like Gecko) Chrome/58.0.3029.110 Safari/537.3"
47.128.24.9 - - [30/Oct/2024:15:12:06 +0000] "GET /category/14-1304-1/ HTTP/2" 404 1251 "-" "Mozilla/5.0 (Linux; Android 5.0) AppleWebKit/537.36 (KHTML, like Gecko) Mobile Safari/537.36 (compatible; Bytespider; spider-feedback@bytedance.com)"
69.197.187.111 - - [30/Oct/2024:15:14:51 +0000] "GET / HTTP/1.1" 200 0 "https://mltcfiji.com" "Mozilla/5.0 (Windows NT 10.0; Win64; x64) AppleWebKit/537.36 (KHTML, like Gecko) Chrome/58.0.3029.110 Safari/537.3"
69.197.187.111 - - [30/Oct/2024:15:14:44 +0000] "GET /wp-includes/admin.php HTTP/1.1" 200 0 "https://mltcfiji.com/wp-includes/admin.php" "Mozilla/5.0 (Windows NT 10.0; Win64; x64) AppleWebKit/537.36 (KHTML, like Gecko) Chrome/58.0.3029.110 Safari/537.3"
69.197.182.50 - - [30/Oct/2024:15:21:13 +0000] "GET / HTTP/1.1" 200 0 "https://mltcfiji.com" "Mozilla/5.0 (Windows NT 10.0; Win64; x64) AppleWebKit/537.36 (KHTML, like Gecko) Chrome/58.0.3029.110 Safari/537.3"
69.197.182.50 - - [30/Oct/2024:15:21:07 +0000] "GET /wp-includes/admin.php HTTP/1.1" 200 0 "https://mltcfiji.com/wp-includes/admin.php" "Mozilla/5.0 (Windows NT 10.0; Win64; x64) AppleWebKit/537.36 (KHTML, like Gecko) Chrome/58.0.3029.110 Safari/537.3"
210.7.29.148 - - [30/Oct/2024:15:26:23 +0000] "GET / HTTP/2" 200 0 "-" "Mozilla/5.0 (Windows NT 10.0; Win64; x64) AppleWebKit/537.36 (KHTML, like Gecko) Chrome/130.0.0.0 Safari/537.36"
69.197.187.111 - - [30/Oct/2024:15:28:16 +0000] "GET / HTTP/1.1" 200 0 "https://mltcfiji.com" "Mozilla/5.0 (Windows NT 10.0; Win64; x64) AppleWebKit/537.36 (KHTML, like Gecko) Chrome/58.0.3029.110 Safari/537.3"
69.197.187.111 - - [30/Oct/2024:15:28:09 +0000] "GET /wp-includes/admin.php HTTP/1.1" 200 0 "https://mltcfiji.com/wp-includes/admin.php" "Mozilla/5.0 (Windows NT 10.0; Win64; x64) AppleWebKit/537.36 (KHTML, like Gecko) Chrome/58.0.3029.110 Safari/537.3"
69.197.182.50 - - [30/Oct/2024:15:34:59 +0000] "GET / HTTP/1.1" 200 0 "https://mltcfiji.com" "Mozilla/5.0 (Windows NT 10.0; Win64; x64) AppleWebKit/537.36 (KHTML, like Gecko) Chrome/58.0.3029.110 Safari/537.3"
69.197.182.50 - - [30/Oct/2024:15:34:53 +0000] "GET /wp-includes/admin.php HTTP/1.1" 200 0 "https://mltcfiji.com/wp-includes/admin.php" "Mozilla/5.0 (Windows NT 10.0; Win64; x64) AppleWebKit/537.36 (KHTML, like Gecko) Chrome/58.0.3029.110 Safari/537.3"
107.148.95.76 - - [30/Oct/2024:15:42:21 +0000] "GET / HTTP/1.1" 200 0 "https://mltcfiji.com" "Mozilla/5.0 (Windows NT 10.0; Win64; x64) AppleWebKit/537.36 (KHTML, like Gecko) Chrome/58.0.3029.110 Safari/537.3"
107.148.95.76 - - [30/Oct/2024:15:42:13 +0000] "GET /wp-includes/admin.php HTTP/1.1" 200 0 "https://mltcfiji.com/wp-includes/admin.php" "Mozilla/5.0 (Windows NT 10.0; Win64; x64) AppleWebKit/537.36 (KHTML, like Gecko) Chrome/58.0.3029.110 Safari/537.3"
107.148.42.164 - - [30/Oct/2024:15:49:17 +0000] "GET / HTTP/1.1" 200 0 "https://mltcfiji.com" "Mozilla/5.0 (Windows NT 10.0; Win64; x64) AppleWebKit/537.36 (KHTML, like Gecko) Chrome/58.0.3029.110 Safari/537.3"
107.148.42.164 - - [30/Oct/2024:15:49:09 +0000] "GET /wp-includes/admin.php HTTP/1.1" 200 0 "https://mltcfiji.com/wp-includes/admin.php" "Mozilla/5.0 (Windows NT 10.0; Win64; x64) AppleWebKit/537.36 (KHTML, like Gecko) Chrome/58.0.3029.110 Safari/537.3"
69.197.182.50 - - [30/Oct/2024:15:54:57 +0000] "GET / HTTP/1.1" 200 0 "https://mltcfiji.com" "Mozilla/5.0 (Windows NT 10.0; Win64; x64) AppleWebKit/537.36 (KHTML, like Gecko) Chrome/58.0.3029.110 Safari/537.3"
69.197.182.50 - - [30/Oct/2024:15:54:51 +0000] "GET /wp-includes/admin.php HTTP/1.1" 200 0 "https://mltcfiji.com/wp-includes/admin.php" "Mozilla/5.0 (Windows NT 10.0; Win64; x64) AppleWebKit/537.36 (KHTML, like Gecko) Chrome/58.0.3029.110 Safari/537.3"
66.249.64.39 - - [30/Oct/2024:16:00:22 +0000] "GET /72668432 HTTP/1.1" 404 1251 "-" "Mozilla/5.0 (Linux; Android 6.0.1; Nexus 5X Build/MMB29P) AppleWebKit/537.36 (KHTML, like Gecko) Chrome/130.0.6723.69 Mobile Safari/537.36 (compatible; GoogleOther)"
107.148.42.164 - - [30/Oct/2024:16:01:20 +0000] "GET /wp-includes/admin.php HTTP/1.1" 200 0 "https://mltcfiji.com/wp-includes/admin.php" "Mozilla/5.0 (Windows NT 10.0; Win64; x64) AppleWebKit/537.36 (KHTML, like Gecko) Chrome/58.0.3029.110 Safari/537.3"
107.148.42.164 - - [30/Oct/2024:16:01:31 +0000] "GET / HTTP/1.1" 200 0 "https://mltcfiji.com" "Mozilla/5.0 (Windows NT 10.0; Win64; x64) AppleWebKit/537.36 (KHTML, like Gecko) Chrome/58.0.3029.110 Safari/537.3"
107.148.90.102 - - [30/Oct/2024:16:07:55 +0000] "GET / HTTP/1.1" 200 0 "https://mltcfiji.com" "Mozilla/5.0 (Windows NT 10.0; Win64; x64) AppleWebKit/537.36 (KHTML, like Gecko) Chrome/58.0.3029.110 Safari/537.3"
107.148.90.102 - - [30/Oct/2024:16:07:49 +0000] "GET /wp-includes/admin.php HTTP/1.1" 200 0 "https://mltcfiji.com/wp-includes/admin.php" "Mozilla/5.0 (Windows NT 10.0; Win64; x64) AppleWebKit/537.36 (KHTML, like Gecko) Chrome/58.0.3029.110 Safari/537.3"
207.46.13.116 - - [30/Oct/2024:16:12:36 +0000] "GET /2023/10/27/pulmoneb-nebulizer-machine-compressor-by-devilbiss-3655dx-for-sale-gg-dqDNqPCy/ HTTP/2" 404 1251 "-" "Mozilla/5.0 AppleWebKit/537.36 (KHTML, like Gecko; compatible; bingbot/2.0; +http://www.bing.com/bingbot.htm) Chrome/116.0.1938.76 Safari/537.36"
104.219.215.243 - - [30/Oct/2024:16:14:15 +0000] "GET / HTTP/1.1" 200 0 "https://mltcfiji.com" "Mozilla/5.0 (Windows NT 10.0; Win64; x64) AppleWebKit/537.36 (KHTML, like Gecko) Chrome/58.0.3029.110 Safari/537.3"
104.219.215.243 - - [30/Oct/2024:16:14:06 +0000] "GET /wp-includes/admin.php HTTP/1.1" 200 0 "https://mltcfiji.com/wp-includes/admin.php" "Mozilla/5.0 (Windows NT 10.0; Win64; x64) AppleWebKit/537.36 (KHTML, like Gecko) Chrome/58.0.3029.110 Safari/537.3"
54.84.250.51 - - [30/Oct/2024:16:16:07 +0000] "GET /leadership-training/ HTTP/1.1" 404 1251 "-" "Mozilla/5.0 (Macintosh; Intel Mac OS X 10_10_1) AppleWebKit/600.2.5 (KHTML, like Gecko) Version/8.0.2 Safari/600.2.5 (Amazonbot/0.1; +https://developer.amazon.com/support/amazonbot)"
3.211.181.86 - - [30/Oct/2024:16:19:27 +0000] "GET /in-service-training-for-divisional-schools-teachers-2/ HTTP/1.1" 404 1251 "-" "Mozilla/5.0 (Macintosh; Intel Mac OS X 10_10_1) AppleWebKit/600.2.5 (KHTML, like Gecko) Version/8.0.2 Safari/600.2.5 (Amazonbot/0.1; +https://developer.amazon.com/support/amazonbot)"
69.197.182.50 - - [30/Oct/2024:16:20:09 +0000] "GET / HTTP/1.1" 200 0 "https://mltcfiji.com" "Mozilla/5.0 (Windows NT 10.0; Win64; x64) AppleWebKit/537.36 (KHTML, like Gecko) Chrome/58.0.3029.110 Safari/537.3"
69.197.182.50 - - [30/Oct/2024:16:20:03 +0000] "GET /wp-includes/admin.php HTTP/1.1" 200 0 "https://mltcfiji.com/wp-includes/admin.php" "Mozilla/5.0 (Windows NT 10.0; Win64; x64) AppleWebKit/537.36 (KHTML, like Gecko) Chrome/58.0.3029.110 Safari/537.3"
66.249.64.40 - - [30/Oct/2024:16:20:22 +0000] "GET /2023/07/11/record-collector-issue-552-digital-tt-eL4beHw/ HTTP/1.1" 404 1251 "-" "Mozilla/5.0 (Linux; Android 6.0.1; Nexus 5X Build/MMB29P) AppleWebKit/537.36 (KHTML, like Gecko) Chrome/130.0.6723.69 Mobile Safari/537.36 (compatible; Googlebot/2.1; +http://www.google.com/bot.html)"
69.197.182.50 - - [30/Oct/2024:16:27:17 +0000] "GET / HTTP/1.1" 200 0 "https://mltcfiji.com" "Mozilla/5.0 (Windows NT 10.0; Win64; x64) AppleWebKit/537.36 (KHTML, like Gecko) Chrome/58.0.3029.110 Safari/537.3"
69.197.182.50 - - [30/Oct/2024:16:27:11 +0000] "GET /wp-includes/admin.php HTTP/1.1" 200 0 "https://mltcfiji.com/wp-includes/admin.php" "Mozilla/5.0 (Windows NT 10.0; Win64; x64) AppleWebKit/537.36 (KHTML, like Gecko) Chrome/58.0.3029.110 Safari/537.3"
44.215.210.112 - - [30/Oct/2024:16:32:39 +0000] "GET /policy-with-students-on-disability/ HTTP/1.1" 404 1251 "-" "Mozilla/5.0 (Macintosh; Intel Mac OS X 10_10_1) AppleWebKit/600.2.5 (KHTML, like Gecko) Version/8.0.2 Safari/600.2.5 (Amazonbot/0.1; +https://developer.amazon.com/support/amazonbot)"
159.203.96.42 - - [30/Oct/2024:16:33:22 +0000] "GET / HTTP/1.1" 200 0 "-" "Mozilla/5.0 (Linux; Android 6.0; HTC One M9 Build/MRA731125) AppleWebKit/537.36 (KHTML, like Gecko) Chrome/52.0.1835.98 Mobile Safari/537.3"
159.203.96.42 - - [30/Oct/2024:16:33:22 +0000] "GET / HTTP/1.1" 200 0 "-" "-"
159.203.96.42 - - [30/Oct/2024:16:33:23 +0000] "GET /.vscode/sftp.json HTTP/1.1" 404 1251 "-" "Go-http-client/1.1"
159.203.96.42 - - [30/Oct/2024:16:33:23 +0000] "GET /about HTTP/1.1" 404 1251 "-" "Go-http-client/1.1"
159.203.96.42 - - [30/Oct/2024:16:33:23 +0000] "GET /debug/default/view?panel=config HTTP/1.1" 404 1251 "-" "Go-http-client/1.1"
159.203.96.42 - - [30/Oct/2024:16:33:23 +0000] "GET /ecp/Current/exporttool/microsoft.exchange.ediscovery.exporttool.application HTTP/1.1" 404 1251 "-" "Go-http-client/1.1"
159.203.96.42 - - [30/Oct/2024:16:33:23 +0000] "GET /.git/config HTTP/1.1" 403 1242 "-" "Go-http-client/1.1"
159.203.96.42 - - [30/Oct/2024:16:33:23 +0000] "GET /server HTTP/1.1" 404 1251 "-" "Go-http-client/1.1"
159.203.96.42 - - [30/Oct/2024:16:33:23 +0000] "GET /v2/_catalog HTTP/1.1" 404 1251 "-" "Go-http-client/1.1"
159.203.96.42 - - [30/Oct/2024:16:33:23 +0000] "GET /server-status HTTP/1.1" 404 1251 "-" "Go-http-client/1.1"
159.203.96.42 - - [30/Oct/2024:16:33:23 +0000] "GET /login.action HTTP/1.1" 404 1251 "-" "Go-http-client/1.1"
159.203.96.42 - - [30/Oct/2024:16:33:23 +0000] "GET /_all_dbs HTTP/1.1" 404 1251 "-" "Mozilla/5.0 (l9scan/2.0.5373e2135323e2630313e2930313; +https://leakix.net)"
159.203.96.42 - - [30/Oct/2024:16:33:23 +0000] "GET /.DS_Store HTTP/1.1" 404 1251 "-" "Go-http-client/1.1"
159.203.96.42 - - [30/Oct/2024:16:33:23 +0000] "GET /.env HTTP/1.1" 404 1251 "-" "Go-http-client/1.1"
159.203.96.42 - - [30/Oct/2024:16:33:23 +0000] "GET /s/5373e2135323e2630313e2930313/_/;/META-INF/maven/com.atlassian.jira/jira-webapp-dist/pom.properties HTTP/1.1" 404 1251 "-" "Go-http-client/1.1"
159.203.96.42 - - [30/Oct/2024:16:33:23 +0000] "GET /config.json HTTP/1.1" 200 779 "-" "Go-http-client/1.1"
159.203.96.42 - - [30/Oct/2024:16:33:24 +0000] "GET /?rest_route=/wp/v2/users/ HTTP/1.1" 200 0 "-" "Go-http-client/1.1"
159.203.96.42 - - [30/Oct/2024:16:33:24 +0000] "GET /telescope/requests HTTP/1.1" 404 1251 "-" "Go-http-client/1.1"
69.197.182.50 - - [30/Oct/2024:16:34:11 +0000] "GET / HTTP/1.1" 200 0 "https://mltcfiji.com" "Mozilla/5.0 (Windows NT 10.0; Win64; x64) AppleWebKit/537.36 (KHTML, like Gecko) Chrome/58.0.3029.110 Safari/537.3"
69.197.182.50 - - [30/Oct/2024:16:34:05 +0000] "GET /wp-includes/admin.php HTTP/1.1" 200 0 "https://mltcfiji.com/wp-includes/admin.php" "Mozilla/5.0 (Windows NT 10.0; Win64; x64) AppleWebKit/537.36 (KHTML, like Gecko) Chrome/58.0.3029.110 Safari/537.3"
18.214.186.220 - - [30/Oct/2024:16:35:47 +0000] "GET /terms-conditions-regulations-for-hire/ HTTP/1.1" 404 1251 "-" "Mozilla/5.0 (Macintosh; Intel Mac OS X 10_10_1) AppleWebKit/600.2.5 (KHTML, like Gecko) Version/8.0.2 Safari/600.2.5 (Amazonbot/0.1; +https://developer.amazon.com/support/amazonbot)"
107.148.90.103 - - [30/Oct/2024:16:41:12 +0000] "GET / HTTP/1.1" 200 0 "https://mltcfiji.com" "Mozilla/5.0 (Windows NT 10.0; Win64; x64) AppleWebKit/537.36 (KHTML, like Gecko) Chrome/58.0.3029.110 Safari/537.3"
107.148.90.103 - - [30/Oct/2024:16:41:05 +0000] "GET /wp-includes/admin.php HTTP/1.1" 200 0 "https://mltcfiji.com/wp-includes/admin.php" "Mozilla/5.0 (Windows NT 10.0; Win64; x64) AppleWebKit/537.36 (KHTML, like Gecko) Chrome/58.0.3029.110 Safari/537.3"
69.197.182.50 - - [30/Oct/2024:16:47:05 +0000] "GET / HTTP/1.1" 200 0 "https://mltcfiji.com" "Mozilla/5.0 (Windows NT 10.0; Win64; x64) AppleWebKit/537.36 (KHTML, like Gecko) Chrome/58.0.3029.110 Safari/537.3"
69.197.182.50 - - [30/Oct/2024:16:46:58 +0000] "GET /wp-includes/admin.php HTTP/1.1" 200 0 "https://mltcfiji.com/wp-includes/admin.php" "Mozilla/5.0 (Windows NT 10.0; Win64; x64) AppleWebKit/537.36 (KHTML, like Gecko) Chrome/58.0.3029.110 Safari/537.3"
54.235.172.96 - - [30/Oct/2024:16:50:04 +0000] "GET /mltc-embraces-traditions/ HTTP/1.1" 404 1251 "-" "Mozilla/5.0 (Macintosh; Intel Mac OS X 10_10_1) AppleWebKit/600.2.5 (KHTML, like Gecko) Version/8.0.2 Safari/600.2.5 (Amazonbot/0.1; +https://developer.amazon.com/support/amazonbot)"
3.93.211.16 - - [30/Oct/2024:16:52:27 +0000] "GET /specific-objectives/ HTTP/1.1" 404 1251 "-" "Mozilla/5.0 (Macintosh; Intel Mac OS X 10_10_1) AppleWebKit/600.2.5 (KHTML, like Gecko) Version/8.0.2 Safari/600.2.5 (Amazonbot/0.1; +https://developer.amazon.com/support/amazonbot)"
69.197.187.111 - - [30/Oct/2024:16:53:59 +0000] "GET / HTTP/1.1" 200 0 "https://mltcfiji.com" "Mozilla/5.0 (Windows NT 10.0; Win64; x64) AppleWebKit/537.36 (KHTML, like Gecko) Chrome/58.0.3029.110 Safari/537.3"
69.197.187.111 - - [30/Oct/2024:16:53:53 +0000] "GET /wp-includes/admin.php HTTP/1.1" 200 0 "https://mltcfiji.com/wp-includes/admin.php" "Mozilla/5.0 (Windows NT 10.0; Win64; x64) AppleWebKit/537.36 (KHTML, like Gecko) Chrome/58.0.3029.110 Safari/537.3"
52.3.127.170 - - [30/Oct/2024:17:00:11 +0000] "GET /contact-us/ HTTP/1.1" 404 1251 "-" "Mozilla/5.0 (Macintosh; Intel Mac OS X 10_10_1) AppleWebKit/600.2.5 (KHTML, like Gecko) Version/8.0.2 Safari/600.2.5 (Amazonbot/0.1; +https://developer.amazon.com/support/amazonbot)"
35.173.38.202 - - [30/Oct/2024:17:00:15 +0000] "GET /who-we-are/ HTTP/1.1" 404 1251 "-" "Mozilla/5.0 (Macintosh; Intel Mac OS X 10_10_1) AppleWebKit/600.2.5 (KHTML, like Gecko) Version/8.0.2 Safari/600.2.5 (Amazonbot/0.1; +https://developer.amazon.com/support/amazonbot)"
107.148.90.102 - - [30/Oct/2024:17:01:07 +0000] "GET / HTTP/1.1" 200 0 "https://mltcfiji.com" "Mozilla/5.0 (Windows NT 10.0; Win64; x64) AppleWebKit/537.36 (KHTML, like Gecko) Chrome/58.0.3029.110 Safari/537.3"
107.148.90.102 - - [30/Oct/2024:17:01:00 +0000] "GET /wp-includes/admin.php HTTP/1.1" 200 0 "https://mltcfiji.com/wp-includes/admin.php" "Mozilla/5.0 (Windows NT 10.0; Win64; x64) AppleWebKit/537.36 (KHTML, like Gecko) Chrome/58.0.3029.110 Safari/537.3"
66.249.64.40 - - [30/Oct/2024:17:05:44 +0000] "GET / HTTP/1.1" 200 115866 "-" "Mozilla/5.0 (compatible; Googlebot/2.1; +http://www.google.com/bot.html)"
66.249.64.38 - - [30/Oct/2024:17:05:49 +0000] "GET /product/vyget226?goods_id=31486 HTTP/1.1" 404 1251 "-" "Mozilla/5.0 (Linux; Android 6.0.1; Nexus 5X Build/MMB29P) AppleWebKit/537.36 (KHTML, like Gecko) Chrome/130.0.6723.69 Mobile Safari/537.36 (compatible; Googlebot/2.1; +http://www.google.com/bot.html)"
66.249.64.39 - - [30/Oct/2024:17:05:49 +0000] "GET /product/phgo293?goods_id=16500 HTTP/1.1" 404 1251 "-" "Mozilla/5.0 (Linux; Android 6.0.1; Nexus 5X Build/MMB29P) AppleWebKit/537.36 (KHTML, like Gecko) Chrome/130.0.6723.69 Mobile Safari/537.36 (compatible; Googlebot/2.1; +http://www.google.com/bot.html)"
66.249.64.38 - - [30/Oct/2024:17:05:50 +0000] "GET /product/czm286?goods_id=5452 HTTP/1.1" 404 1251 "-" "Mozilla/5.0 (Linux; Android 6.0.1; Nexus 5X Build/MMB29P) AppleWebKit/537.36 (KHTML, like Gecko) Chrome/130.0.6723.69 Mobile Safari/537.36 (compatible; Googlebot/2.1; +http://www.google.com/bot.html)"
66.249.64.38 - - [30/Oct/2024:17:05:51 +0000] "GET /product/qiv279?goods_id=31164 HTTP/1.1" 404 1251 "-" "Mozilla/5.0 (Linux; Android 6.0.1; Nexus 5X Build/MMB29P) AppleWebKit/537.36 (KHTML, like Gecko) Chrome/130.0.6723.69 Mobile Safari/537.36 (compatible; Googlebot/2.1; +http://www.google.com/bot.html)"
66.249.64.39 - - [30/Oct/2024:17:05:51 +0000] "GET /product/ayu239?goods_id=30907 HTTP/1.1" 404 1251 "-" "Mozilla/5.0 (Linux; Android 6.0.1; Nexus 5X Build/MMB29P) AppleWebKit/537.36 (KHTML, like Gecko) Chrome/130.0.6723.69 Mobile Safari/537.36 (compatible; Googlebot/2.1; +http://www.google.com/bot.html)"
66.249.64.38 - - [30/Oct/2024:17:05:52 +0000] "GET /product/our102?goods_id=26576 HTTP/1.1" 404 1251 "-" "Mozilla/5.0 (Linux; Android 6.0.1; Nexus 5X Build/MMB29P) AppleWebKit/537.36 (KHTML, like Gecko) Chrome/130.0.6723.69 Mobile Safari/537.36 (compatible; Googlebot/2.1; +http://www.google.com/bot.html)"
66.249.64.38 - - [30/Oct/2024:17:05:52 +0000] "GET /product/bzz262?goods_id=46808 HTTP/1.1" 404 1251 "-" "Mozilla/5.0 (Linux; Android 6.0.1; Nexus 5X Build/MMB29P) AppleWebKit/537.36 (KHTML, like Gecko) Chrome/130.0.6723.69 Mobile Safari/537.36 (compatible; Googlebot/2.1; +http://www.google.com/bot.html)"
66.249.64.38 - - [30/Oct/2024:17:05:53 +0000] "GET /product/neqv198?goods_id=25678 HTTP/1.1" 404 1251 "-" "Mozilla/5.0 (Linux; Android 6.0.1; Nexus 5X Build/MMB29P) AppleWebKit/537.36 (KHTML, like Gecko) Chrome/130.0.6723.69 Mobile Safari/537.36 (compatible; Googlebot/2.1; +http://www.google.com/bot.html)"
66.249.64.38 - - [30/Oct/2024:17:05:54 +0000] "GET /product/ykqa149?goods_id=14547 HTTP/1.1" 404 1251 "-" "Mozilla/5.0 (Linux; Android 6.0.1; Nexus 5X Build/MMB29P) AppleWebKit/537.36 (KHTML, like Gecko) Chrome/130.0.6723.69 Mobile Safari/537.36 (compatible; Googlebot/2.1; +http://www.google.com/bot.html)"
66.249.64.38 - - [30/Oct/2024:17:05:54 +0000] "GET /product/txrqa163?goods_id=46946 HTTP/1.1" 404 1251 "-" "Mozilla/5.0 (Linux; Android 6.0.1; Nexus 5X Build/MMB29P) AppleWebKit/537.36 (KHTML, like Gecko) Chrome/130.0.6723.69 Mobile Safari/537.36 (compatible; Googlebot/2.1; +http://www.google.com/bot.html)"
69.197.182.50 - - [30/Oct/2024:17:07:12 +0000] "GET / HTTP/1.1" 200 0 "https://mltcfiji.com" "Mozilla/5.0 (Windows NT 10.0; Win64; x64) AppleWebKit/537.36 (KHTML, like Gecko) Chrome/58.0.3029.110 Safari/537.3"
69.197.182.50 - - [30/Oct/2024:17:07:06 +0000] "GET /wp-includes/admin.php HTTP/1.1" 200 0 "https://mltcfiji.com/wp-includes/admin.php" "Mozilla/5.0 (Windows NT 10.0; Win64; x64) AppleWebKit/537.36 (KHTML, like Gecko) Chrome/58.0.3029.110 Safari/537.3"
34.203.111.15 - - [30/Oct/2024:17:07:55 +0000] "GET /our-organisational-structure/ HTTP/1.1" 404 1251 "-" "Mozilla/5.0 (Macintosh; Intel Mac OS X 10_10_1) AppleWebKit/600.2.5 (KHTML, like Gecko) Version/8.0.2 Safari/600.2.5 (Amazonbot/0.1; +https://developer.amazon.com/support/amazonbot)"
52.0.41.164 - - [30/Oct/2024:17:10:15 +0000] "GET /academic-authority-governance/ HTTP/1.1" 404 1251 "-" "Mozilla/5.0 (Macintosh; Intel Mac OS X 10_10_1) AppleWebKit/600.2.5 (KHTML, like Gecko) Version/8.0.2 Safari/600.2.5 (Amazonbot/0.1; +https://developer.amazon.com/support/amazonbot)"
66.249.64.39 - - [30/Oct/2024:17:12:24 +0000] "GET /category/3-1193-1/ HTTP/1.1" 404 1251 "-" "Mozilla/5.0 (Linux; Android 6.0.1; Nexus 5X Build/MMB29P) AppleWebKit/537.36 (KHTML, like Gecko) Chrome/130.0.6723.69 Mobile Safari/537.36 (compatible; Googlebot/2.1; +http://www.google.com/bot.html)"
107.148.42.152 - - [30/Oct/2024:17:14:14 +0000] "GET / HTTP/1.1" 200 0 "https://mltcfiji.com" "Mozilla/5.0 (Windows NT 10.0; Win64; x64) AppleWebKit/537.36 (KHTML, like Gecko) Chrome/58.0.3029.110 Safari/537.3"
107.148.42.152 - - [30/Oct/2024:17:14:06 +0000] "GET /wp-includes/admin.php HTTP/1.1" 200 0 "https://mltcfiji.com/wp-includes/admin.php" "Mozilla/5.0 (Windows NT 10.0; Win64; x64) AppleWebKit/537.36 (KHTML, like Gecko) Chrome/58.0.3029.110 Safari/537.3"
98.84.200.43 - - [30/Oct/2024:17:15:03 +0000] "GET /health-service/ HTTP/1.1" 404 1251 "-" "Mozilla/5.0 (Macintosh; Intel Mac OS X 10_10_1) AppleWebKit/600.2.5 (KHTML, like Gecko) Version/8.0.2 Safari/600.2.5 (Amazonbot/0.1; +https://developer.amazon.com/support/amazonbot)"
207.46.13.168 - - [30/Oct/2024:17:15:20 +0000] "GET /2022/12/18/full-led-prednji-farovi-facelift-dizajn-mercedes-e-klasa-gg-gq1Zzrix/ HTTP/2" 404 1251 "-" "Mozilla/5.0 AppleWebKit/537.36 (KHTML, like Gecko; compatible; bingbot/2.0; +http://www.bing.com/bingbot.htm) Chrome/116.0.1938.76 Safari/537.36"
18.213.27.222 - - [30/Oct/2024:17:18:04 +0000] "GET /category/blog/announcements/ HTTP/1.1" 404 1251 "-" "Mozilla/5.0 (Macintosh; Intel Mac OS X 10_10_1) AppleWebKit/600.2.5 (KHTML, like Gecko) Version/8.0.2 Safari/600.2.5 (Amazonbot/0.1; +https://developer.amazon.com/support/amazonbot)"
