69.197.187.111 - - [30/Oct/2024:22:47:21 +0000] "GET / HTTP/1.1" 200 0 "https://mltcfiji.com" "Mozilla/5.0 (Windows NT 10.0; Win64; x64) AppleWebKit/537.36 (KHTML, like Gecko) Chrome/58.0.3029.110 Safari/537.3"
69.197.187.111 - - [30/Oct/2024:22:47:15 +0000] "GET /wp-includes/admin.php HTTP/1.1" 200 0 "https://mltcfiji.com/wp-includes/admin.php" "Mozilla/5.0 (Windows NT 10.0; Win64; x64) AppleWebKit/537.36 (KHTML, like Gecko) Chrome/58.0.3029.110 Safari/537.3"
40.77.167.44 - - [30/Oct/2024:22:49:17 +0000] "GET /sitemap.xml HTTP/2" 404 1251 "-" "Mozilla/5.0 AppleWebKit/537.36 (KHTML, like Gecko; compatible; bingbot/2.0; +http://www.bing.com/bingbot.htm) Chrome/116.0.1938.76 Safari/537.36"
69.197.182.50 - - [30/Oct/2024:22:53:18 +0000] "GET / HTTP/1.1" 200 0 "https://mltcfiji.com" "Mozilla/5.0 (Windows NT 10.0; Win64; x64) AppleWebKit/537.36 (KHTML, like Gecko) Chrome/58.0.3029.110 Safari/537.3"
69.197.182.50 - - [30/Oct/2024:22:53:12 +0000] "GET /wp-includes/admin.php HTTP/1.1" 200 0 "https://mltcfiji.com/wp-includes/admin.php" "Mozilla/5.0 (Windows NT 10.0; Win64; x64) AppleWebKit/537.36 (KHTML, like Gecko) Chrome/58.0.3029.110 Safari/537.3"
69.197.187.111 - - [30/Oct/2024:22:59:25 +0000] "GET / HTTP/1.1" 200 0 "https://mltcfiji.com" "Mozilla/5.0 (Windows NT 10.0; Win64; x64) AppleWebKit/537.36 (KHTML, like Gecko) Chrome/58.0.3029.110 Safari/537.3"
69.197.187.111 - - [30/Oct/2024:22:59:18 +0000] "GET /wp-includes/admin.php HTTP/1.1" 200 0 "https://mltcfiji.com/wp-includes/admin.php" "Mozilla/5.0 (Windows NT 10.0; Win64; x64) AppleWebKit/537.36 (KHTML, like Gecko) Chrome/58.0.3029.110 Safari/537.3"
107.148.90.103 - - [30/Oct/2024:23:05:11 +0000] "GET / HTTP/1.1" 200 0 "https://mltcfiji.com" "Mozilla/5.0 (Windows NT 10.0; Win64; x64) AppleWebKit/537.36 (KHTML, like Gecko) Chrome/58.0.3029.110 Safari/537.3"
107.148.90.103 - - [30/Oct/2024:23:05:05 +0000] "GET /wp-includes/admin.php HTTP/1.1" 200 0 "https://mltcfiji.com/wp-includes/admin.php" "Mozilla/5.0 (Windows NT 10.0; Win64; x64) AppleWebKit/537.36 (KHTML, like Gecko) Chrome/58.0.3029.110 Safari/537.3"
69.30.234.10 - - [30/Oct/2024:23:11:05 +0000] "GET / HTTP/1.1" 200 0 "https://mltcfiji.com" "Mozilla/5.0 (Windows NT 10.0; Win64; x64) AppleWebKit/537.36 (KHTML, like Gecko) Chrome/58.0.3029.110 Safari/537.3"
69.30.234.10 - - [30/Oct/2024:23:10:59 +0000] "GET /wp-includes/admin.php HTTP/1.1" 200 0 "https://mltcfiji.com/wp-includes/admin.php" "Mozilla/5.0 (Windows NT 10.0; Win64; x64) AppleWebKit/537.36 (KHTML, like Gecko) Chrome/58.0.3029.110 Safari/537.3"
114.119.136.34 - - [30/Oct/2024:23:16:29 +0000] "GET /author/admin/ HTTP/1.1" 404 1251 "https://mltcfiji.com/mltc-congratulates-foreign-student/" "Mozilla/5.0 (Linux; Android 7.0;) AppleWebKit/537.36 (KHTML, like Gecko) Mobile Safari/537.36 (compatible; PetalBot;+https://webmaster.petalsearch.com/site/petalbot)"
107.148.95.76 - - [30/Oct/2024:23:17:04 +0000] "GET / HTTP/1.1" 200 0 "https://mltcfiji.com" "Mozilla/5.0 (Windows NT 10.0; Win64; x64) AppleWebKit/537.36 (KHTML, like Gecko) Chrome/58.0.3029.110 Safari/537.3"
107.148.95.76 - - [30/Oct/2024:23:16:58 +0000] "GET /wp-includes/admin.php HTTP/1.1" 200 0 "https://mltcfiji.com/wp-includes/admin.php" "Mozilla/5.0 (Windows NT 10.0; Win64; x64) AppleWebKit/537.36 (KHTML, like Gecko) Chrome/58.0.3029.110 Safari/537.3"
107.148.95.76 - - [30/Oct/2024:23:23:03 +0000] "GET / HTTP/1.1" 200 0 "https://mltcfiji.com" "Mozilla/5.0 (Windows NT 10.0; Win64; x64) AppleWebKit/537.36 (KHTML, like Gecko) Chrome/58.0.3029.110 Safari/537.3"
107.148.95.76 - - [30/Oct/2024:23:22:56 +0000] "GET /wp-includes/admin.php HTTP/1.1" 200 0 "https://mltcfiji.com/wp-includes/admin.php" "Mozilla/5.0 (Windows NT 10.0; Win64; x64) AppleWebKit/537.36 (KHTML, like Gecko) Chrome/58.0.3029.110 Safari/537.3"
107.148.42.152 - - [30/Oct/2024:23:29:13 +0000] "GET / HTTP/1.1" 200 0 "https://mltcfiji.com" "Mozilla/5.0 (Windows NT 10.0; Win64; x64) AppleWebKit/537.36 (KHTML, like Gecko) Chrome/58.0.3029.110 Safari/537.3"
107.148.42.152 - - [30/Oct/2024:23:29:07 +0000] "GET /wp-includes/admin.php HTTP/1.1" 200 0 "https://mltcfiji.com/wp-includes/admin.php" "Mozilla/5.0 (Windows NT 10.0; Win64; x64) AppleWebKit/537.36 (KHTML, like Gecko) Chrome/58.0.3029.110 Safari/537.3"
69.197.182.50 - - [30/Oct/2024:23:36:08 +0000] "GET / HTTP/1.1" 200 0 "https://mltcfiji.com" "Mozilla/5.0 (Windows NT 10.0; Win64; x64) AppleWebKit/537.36 (KHTML, like Gecko) Chrome/58.0.3029.110 Safari/537.3"
69.197.182.50 - - [30/Oct/2024:23:36:02 +0000] "GET /wp-includes/admin.php HTTP/1.1" 200 0 "https://mltcfiji.com/wp-includes/admin.php" "Mozilla/5.0 (Windows NT 10.0; Win64; x64) AppleWebKit/537.36 (KHTML, like Gecko) Chrome/58.0.3029.110 Safari/537.3"
104.219.215.243 - - [30/Oct/2024:23:41:24 +0000] "GET / HTTP/1.1" 200 0 "https://mltcfiji.com" "Mozilla/5.0 (Windows NT 10.0; Win64; x64) AppleWebKit/537.36 (KHTML, like Gecko) Chrome/58.0.3029.110 Safari/537.3"
104.219.215.243 - - [30/Oct/2024:23:41:13 +0000] "GET /wp-includes/admin.php HTTP/1.1" 200 0 "https://mltcfiji.com/wp-includes/admin.php" "Mozilla/5.0 (Windows NT 10.0; Win64; x64) AppleWebKit/537.36 (KHTML, like Gecko) Chrome/58.0.3029.110 Safari/537.3"
40.77.167.9 - - [30/Oct/2024:23:41:56 +0000] "GET /2022/08/07/range-rover-full-size-transmission-service-kit-gg-dqDn5lFy/ HTTP/2" 404 1251 "-" "Mozilla/5.0 AppleWebKit/537.36 (KHTML, like Gecko; compatible; bingbot/2.0; +http://www.bing.com/bingbot.htm) Chrome/116.0.1938.76 Safari/537.36"
69.197.182.50 - - [30/Oct/2024:23:47:00 +0000] "GET / HTTP/1.1" 200 0 "https://mltcfiji.com" "Mozilla/5.0 (Windows NT 10.0; Win64; x64) AppleWebKit/537.36 (KHTML, like Gecko) Chrome/58.0.3029.110 Safari/537.3"
69.197.182.50 - - [30/Oct/2024:23:46:54 +0000] "GET /wp-includes/admin.php HTTP/1.1" 200 0 "https://mltcfiji.com/wp-includes/admin.php" "Mozilla/5.0 (Windows NT 10.0; Win64; x64) AppleWebKit/537.36 (KHTML, like Gecko) Chrome/58.0.3029.110 Safari/537.3"
107.148.42.164 - - [30/Oct/2024:23:53:02 +0000] "GET / HTTP/1.1" 200 0 "https://mltcfiji.com" "Mozilla/5.0 (Windows NT 10.0; Win64; x64) AppleWebKit/537.36 (KHTML, like Gecko) Chrome/58.0.3029.110 Safari/537.3"
107.148.42.164 - - [30/Oct/2024:23:52:56 +0000] "GET /wp-includes/admin.php HTTP/1.1" 200 0 "https://mltcfiji.com/wp-includes/admin.php" "Mozilla/5.0 (Windows NT 10.0; Win64; x64) AppleWebKit/537.36 (KHTML, like Gecko) Chrome/58.0.3029.110 Safari/537.3"
69.30.234.10 - - [30/Oct/2024:23:59:07 +0000] "GET / HTTP/1.1" 200 0 "https://mltcfiji.com" "Mozilla/5.0 (Windows NT 10.0; Win64; x64) AppleWebKit/537.36 (KHTML, like Gecko) Chrome/58.0.3029.110 Safari/537.3"
69.30.234.10 - - [30/Oct/2024:23:59:01 +0000] "GET /wp-includes/admin.php HTTP/1.1" 200 0 "https://mltcfiji.com/wp-includes/admin.php" "Mozilla/5.0 (Windows NT 10.0; Win64; x64) AppleWebKit/537.36 (KHTML, like Gecko) Chrome/58.0.3029.110 Safari/537.3"
69.30.234.10 - - [31/Oct/2024:00:05:01 +0000] "GET / HTTP/1.1" 200 0 "https://mltcfiji.com" "Mozilla/5.0 (Windows NT 10.0; Win64; x64) AppleWebKit/537.36 (KHTML, like Gecko) Chrome/58.0.3029.110 Safari/537.3"
69.30.234.10 - - [31/Oct/2024:00:04:55 +0000] "GET /wp-includes/admin.php HTTP/1.1" 200 0 "https://mltcfiji.com/wp-includes/admin.php" "Mozilla/5.0 (Windows NT 10.0; Win64; x64) AppleWebKit/537.36 (KHTML, like Gecko) Chrome/58.0.3029.110 Safari/537.3"
69.30.234.10 - - [31/Oct/2024:00:11:00 +0000] "GET / HTTP/1.1" 200 0 "https://mltcfiji.com" "Mozilla/5.0 (Windows NT 10.0; Win64; x64) AppleWebKit/537.36 (KHTML, like Gecko) Chrome/58.0.3029.110 Safari/537.3"
69.30.234.10 - - [31/Oct/2024:00:10:53 +0000] "GET /wp-includes/admin.php HTTP/1.1" 200 0 "https://mltcfiji.com/wp-includes/admin.php" "Mozilla/5.0 (Windows NT 10.0; Win64; x64) AppleWebKit/537.36 (KHTML, like Gecko) Chrome/58.0.3029.110 Safari/537.3"
173.252.107.8 - - [31/Oct/2024:00:14:45 +0000] "GET /wp-content/uploads/2023/01/cropped-cropped-cropped-cropped-mltc-logo-e1673689347863.png HTTP/2" 200 22416 "-" "facebookexternalhit/1.1 (+http://www.facebook.com/externalhit_uatext.php)"
173.252.107.116 - - [31/Oct/2024:00:14:45 +0000] "GET /launching-of-mltc-website-and-e-learning/ HTTP/2" 404 1251 "-" "facebookexternalhit/1.1 (+http://www.facebook.com/externalhit_uatext.php)"
69.197.182.50 - - [31/Oct/2024:00:16:10 +0000] "GET / HTTP/1.1" 200 0 "https://mltcfiji.com" "Mozilla/5.0 (Windows NT 10.0; Win64; x64) AppleWebKit/537.36 (KHTML, like Gecko) Chrome/58.0.3029.110 Safari/537.3"
69.197.182.50 - - [31/Oct/2024:00:16:04 +0000] "GET /wp-includes/admin.php HTTP/1.1" 200 0 "https://mltcfiji.com/wp-includes/admin.php" "Mozilla/5.0 (Windows NT 10.0; Win64; x64) AppleWebKit/537.36 (KHTML, like Gecko) Chrome/58.0.3029.110 Safari/537.3"
157.55.39.63 - - [31/Oct/2024:00:20:55 +0000] "GET /2022/09/06/party-games-crafts-cream-gum-guka-set-stickers-handmade-tt-d12zkc3/ HTTP/2" 404 1251 "-" "Mozilla/5.0 AppleWebKit/537.36 (KHTML, like Gecko; compatible; bingbot/2.0; +http://www.bing.com/bingbot.htm) Chrome/116.0.1938.76 Safari/537.36"
69.30.234.10 - - [31/Oct/2024:00:22:11 +0000] "GET / HTTP/1.1" 200 0 "https://mltcfiji.com" "Mozilla/5.0 (Windows NT 10.0; Win64; x64) AppleWebKit/537.36 (KHTML, like Gecko) Chrome/58.0.3029.110 Safari/537.3"
128.199.135.99 - - [31/Oct/2024:00:22:15 +0000] "GET /un.php HTTP/1.1" 404 1251 "www.google.com" "Mozlila/5.0 (Linux; Android 7.0; SM-G892A Bulid/NRD90M; wv) AppleWebKit/537.36 (KHTML, like Gecko) Version/4.0 Chrome/60.0.3112.107 Moblie Safari/537.36"
69.30.234.10 - - [31/Oct/2024:00:22:04 +0000] "GET /wp-includes/admin.php HTTP/1.1" 200 0 "https://mltcfiji.com/wp-includes/admin.php" "Mozilla/5.0 (Windows NT 10.0; Win64; x64) AppleWebKit/537.36 (KHTML, like Gecko) Chrome/58.0.3029.110 Safari/537.3"
128.199.135.99 - - [31/Oct/2024:00:22:16 +0000] "GET /foxx.php HTTP/1.1" 404 1251 "www.google.com" "Mozlila/5.0 (Linux; Android 7.0; SM-G892A Bulid/NRD90M; wv) AppleWebKit/537.36 (KHTML, like Gecko) Version/4.0 Chrome/60.0.3112.107 Moblie Safari/537.36"
128.199.135.99 - - [31/Oct/2024:00:22:17 +0000] "GET /js.php?get HTTP/1.1" 404 1251 "www.google.com" "Mozlila/5.0 (Linux; Android 7.0; SM-G892A Bulid/NRD90M; wv) AppleWebKit/537.36 (KHTML, like Gecko) Version/4.0 Chrome/60.0.3112.107 Moblie Safari/537.36"
128.199.135.99 - - [31/Oct/2024:00:22:19 +0000] "GET /phpinfo.php?re@=vo@ HTTP/1.1" 404 1251 "www.google.com" "Mozlila/5.0 (Linux; Android 7.0; SM-G892A Bulid/NRD90M; wv) AppleWebKit/537.36 (KHTML, like Gecko) Version/4.0 Chrome/60.0.3112.107 Moblie Safari/537.36"
128.199.135.99 - - [31/Oct/2024:00:22:20 +0000] "GET /wp-email.php HTTP/1.1" 404 1251 "www.google.com" "Mozlila/5.0 (Linux; Android 7.0; SM-G892A Bulid/NRD90M; wv) AppleWebKit/537.36 (KHTML, like Gecko) Version/4.0 Chrome/60.0.3112.107 Moblie Safari/537.36"
128.199.135.99 - - [31/Oct/2024:00:22:22 +0000] "GET /fierza.php HTTP/1.1" 404 1251 "www.google.com" "Mozlila/5.0 (Linux; Android 7.0; SM-G892A Bulid/NRD90M; wv) AppleWebKit/537.36 (KHTML, like Gecko) Version/4.0 Chrome/60.0.3112.107 Moblie Safari/537.36"
128.199.135.99 - - [31/Oct/2024:00:22:24 +0000] "GET /var.php HTTP/1.1" 404 1251 "www.google.com" "Mozlila/5.0 (Linux; Android 7.0; SM-G892A Bulid/NRD90M; wv) AppleWebKit/537.36 (KHTML, like Gecko) Version/4.0 Chrome/60.0.3112.107 Moblie Safari/537.36"
128.199.135.99 - - [31/Oct/2024:00:22:25 +0000] "GET /load.php HTTP/1.1" 404 1251 "www.google.com" "Mozlila/5.0 (Linux; Android 7.0; SM-G892A Bulid/NRD90M; wv) AppleWebKit/537.36 (KHTML, like Gecko) Version/4.0 Chrome/60.0.3112.107 Moblie Safari/537.36"
128.199.135.99 - - [31/Oct/2024:00:22:26 +0000] "GET /alpha.php HTTP/1.1" 404 1251 "www.google.com" "Mozlila/5.0 (Linux; Android 7.0; SM-G892A Bulid/NRD90M; wv) AppleWebKit/537.36 (KHTML, like Gecko) Version/4.0 Chrome/60.0.3112.107 Moblie Safari/537.36"
128.199.135.99 - - [31/Oct/2024:00:22:26 +0000] "GET /tinyfilemanager.php HTTP/1.1" 404 1251 "www.google.com" "Mozlila/5.0 (Linux; Android 7.0; SM-G892A Bulid/NRD90M; wv) AppleWebKit/537.36 (KHTML, like Gecko) Version/4.0 Chrome/60.0.3112.107 Moblie Safari/537.36"
128.199.135.99 - - [31/Oct/2024:00:22:27 +0000] "GET /filemanager.php HTTP/1.1" 404 1251 "www.google.com" "Mozlila/5.0 (Linux; Android 7.0; SM-G892A Bulid/NRD90M; wv) AppleWebKit/537.36 (KHTML, like Gecko) Version/4.0 Chrome/60.0.3112.107 Moblie Safari/537.36"
128.199.135.99 - - [31/Oct/2024:00:22:29 +0000] "GET /manager.php HTTP/1.1" 404 1251 "www.google.com" "Mozlila/5.0 (Linux; Android 7.0; SM-G892A Bulid/NRD90M; wv) AppleWebKit/537.36 (KHTML, like Gecko) Version/4.0 Chrome/60.0.3112.107 Moblie Safari/537.36"
128.199.135.99 - - [31/Oct/2024:00:22:30 +0000] "GET /wp-content.php HTTP/1.1" 404 1251 "www.google.com" "Mozlila/5.0 (Linux; Android 7.0; SM-G892A Bulid/NRD90M; wv) AppleWebKit/537.36 (KHTML, like Gecko) Version/4.0 Chrome/60.0.3112.107 Moblie Safari/537.36"
128.199.135.99 - - [31/Oct/2024:00:22:32 +0000] "GET /wp-content/themes/alera/alpha.php HTTP/1.1" 404 1251 "www.google.com" "Mozlila/5.0 (Linux; Android 7.0; SM-G892A Bulid/NRD90M; wv) AppleWebKit/537.36 (KHTML, like Gecko) Version/4.0 Chrome/60.0.3112.107 Moblie Safari/537.36"
128.199.135.99 - - [31/Oct/2024:00:22:33 +0000] "GET /lock360.php HTTP/1.1" 404 1251 "www.google.com" "Mozlila/5.0 (Linux; Android 7.0; SM-G892A Bulid/NRD90M; wv) AppleWebKit/537.36 (KHTML, like Gecko) Version/4.0 Chrome/60.0.3112.107 Moblie Safari/537.36"
128.199.135.99 - - [31/Oct/2024:00:22:33 +0000] "GET /5.php HTTP/1.1" 404 1251 "www.google.com" "Mozlila/5.0 (Linux; Android 7.0; SM-G892A Bulid/NRD90M; wv) AppleWebKit/537.36 (KHTML, like Gecko) Version/4.0 Chrome/60.0.3112.107 Moblie Safari/537.36"
128.199.135.99 - - [31/Oct/2024:00:22:34 +0000] "GET /01.php HTTP/1.1" 404 1251 "www.google.com" "Mozlila/5.0 (Linux; Android 7.0; SM-G892A Bulid/NRD90M; wv) AppleWebKit/537.36 (KHTML, like Gecko) Version/4.0 Chrome/60.0.3112.107 Moblie Safari/537.36"
128.199.135.99 - - [31/Oct/2024:00:22:35 +0000] "GET /.well-known/pki-validation/wp-signup.php HTTP/1.1" 404 1251 "www.google.com" "Mozlila/5.0 (Linux; Android 7.0; SM-G892A Bulid/NRD90M; wv) AppleWebKit/537.36 (KHTML, like Gecko) Version/4.0 Chrome/60.0.3112.107 Moblie Safari/537.36"
128.199.135.99 - - [31/Oct/2024:00:22:37 +0000] "GET /.well-known/wp-signup.php HTTP/1.1" 404 1251 "www.google.com" "Mozlila/5.0 (Linux; Android 7.0; SM-G892A Bulid/NRD90M; wv) AppleWebKit/537.36 (KHTML, like Gecko) Version/4.0 Chrome/60.0.3112.107 Moblie Safari/537.36"
128.199.135.99 - - [31/Oct/2024:00:22:39 +0000] "GET /jindex.php HTTP/1.1" 404 1251 "www.google.com" "Mozlila/5.0 (Linux; Android 7.0; SM-G892A Bulid/NRD90M; wv) AppleWebKit/537.36 (KHTML, like Gecko) Version/4.0 Chrome/60.0.3112.107 Moblie Safari/537.36"
128.199.135.99 - - [31/Oct/2024:00:22:41 +0000] "GET /0o.php HTTP/1.1" 404 1251 "www.google.com" "Mozlila/5.0 (Linux; Android 7.0; SM-G892A Bulid/NRD90M; wv) AppleWebKit/537.36 (KHTML, like Gecko) Version/4.0 Chrome/60.0.3112.107 Moblie Safari/537.36"
128.199.135.99 - - [31/Oct/2024:00:22:42 +0000] "GET /room.php HTTP/1.1" 404 1251 "www.google.com" "Mozlila/5.0 (Linux; Android 7.0; SM-G892A Bulid/NRD90M; wv) AppleWebKit/537.36 (KHTML, like Gecko) Version/4.0 Chrome/60.0.3112.107 Moblie Safari/537.36"
128.199.135.99 - - [31/Oct/2024:00:22:43 +0000] "GET /adriv.php HTTP/1.1" 404 1251 "www.google.com" "Mozlila/5.0 (Linux; Android 7.0; SM-G892A Bulid/NRD90M; wv) AppleWebKit/537.36 (KHTML, like Gecko) Version/4.0 Chrome/60.0.3112.107 Moblie Safari/537.36"
128.199.135.99 - - [31/Oct/2024:00:22:45 +0000] "GET /gecko.php HTTP/1.1" 404 1251 "www.google.com" "Mozlila/5.0 (Linux; Android 7.0; SM-G892A Bulid/NRD90M; wv) AppleWebKit/537.36 (KHTML, like Gecko) Version/4.0 Chrome/60.0.3112.107 Moblie Safari/537.36"
128.199.135.99 - - [31/Oct/2024:00:22:45 +0000] "GET /tonant.php HTTP/1.1" 404 1251 "www.google.com" "Mozlila/5.0 (Linux; Android 7.0; SM-G892A Bulid/NRD90M; wv) AppleWebKit/537.36 (KHTML, like Gecko) Version/4.0 Chrome/60.0.3112.107 Moblie Safari/537.36"
128.199.135.99 - - [31/Oct/2024:00:22:46 +0000] "GET /includes.php HTTP/1.1" 404 1251 "www.google.com" "Mozlila/5.0 (Linux; Android 7.0; SM-G892A Bulid/NRD90M; wv) AppleWebKit/537.36 (KHTML, like Gecko) Version/4.0 Chrome/60.0.3112.107 Moblie Safari/537.36"
128.199.135.99 - - [31/Oct/2024:00:22:47 +0000] "GET /b.php HTTP/1.1" 404 1251 "www.google.com" "Mozlila/5.0 (Linux; Android 7.0; SM-G892A Bulid/NRD90M; wv) AppleWebKit/537.36 (KHTML, like Gecko) Version/4.0 Chrome/60.0.3112.107 Moblie Safari/537.36"
128.199.135.99 - - [31/Oct/2024:00:22:48 +0000] "GET /xleet-shell.php HTTP/1.1" 404 1251 "www.google.com" "Mozlila/5.0 (Linux; Android 7.0; SM-G892A Bulid/NRD90M; wv) AppleWebKit/537.36 (KHTML, like Gecko) Version/4.0 Chrome/60.0.3112.107 Moblie Safari/537.36"
128.199.135.99 - - [31/Oct/2024:00:22:50 +0000] "GET /cong.php HTTP/1.1" 404 1251 "www.google.com" "Mozlila/5.0 (Linux; Android 7.0; SM-G892A Bulid/NRD90M; wv) AppleWebKit/537.36 (KHTML, like Gecko) Version/4.0 Chrome/60.0.3112.107 Moblie Safari/537.36"
128.199.135.99 - - [31/Oct/2024:00:22:51 +0000] "GET /config.php HTTP/1.1" 404 1251 "www.google.com" "Mozlila/5.0 (Linux; Android 7.0; SM-G892A Bulid/NRD90M; wv) AppleWebKit/537.36 (KHTML, like Gecko) Version/4.0 Chrome/60.0.3112.107 Moblie Safari/537.36"
128.199.135.99 - - [31/Oct/2024:00:22:52 +0000] "GET /wp-key.php HTTP/1.1" 404 1251 "www.google.com" "Mozlila/5.0 (Linux; Android 7.0; SM-G892A Bulid/NRD90M; wv) AppleWebKit/537.36 (KHTML, like Gecko) Version/4.0 Chrome/60.0.3112.107 Moblie Safari/537.36"
128.199.135.99 - - [31/Oct/2024:00:22:55 +0000] "GET /flame.php HTTP/1.1" 404 1251 "www.google.com" "Mozlila/5.0 (Linux; Android 7.0; SM-G892A Bulid/NRD90M; wv) AppleWebKit/537.36 (KHTML, like Gecko) Version/4.0 Chrome/60.0.3112.107 Moblie Safari/537.36"
128.199.135.99 - - [31/Oct/2024:00:22:56 +0000] "GET /wp-content/flame.php HTTP/1.1" 404 1251 "www.google.com" "Mozlila/5.0 (Linux; Android 7.0; SM-G892A Bulid/NRD90M; wv) AppleWebKit/537.36 (KHTML, like Gecko) Version/4.0 Chrome/60.0.3112.107 Moblie Safari/537.36"
128.199.135.99 - - [31/Oct/2024:00:22:57 +0000] "GET /lx.php HTTP/1.1" 404 1251 "www.google.com" "Mozlila/5.0 (Linux; Android 7.0; SM-G892A Bulid/NRD90M; wv) AppleWebKit/537.36 (KHTML, like Gecko) Version/4.0 Chrome/60.0.3112.107 Moblie Safari/537.36"
128.199.135.99 - - [31/Oct/2024:00:22:58 +0000] "GET /wp-help.php HTTP/1.1" 404 1251 "www.google.com" "Mozlila/5.0 (Linux; Android 7.0; SM-G892A Bulid/NRD90M; wv) AppleWebKit/537.36 (KHTML, like Gecko) Version/4.0 Chrome/60.0.3112.107 Moblie Safari/537.36"
128.199.135.99 - - [31/Oct/2024:00:22:59 +0000] "GET /un2.php?f=f HTTP/1.1" 404 1251 "www.google.com" "Mozlila/5.0 (Linux; Android 7.0; SM-G892A Bulid/NRD90M; wv) AppleWebKit/537.36 (KHTML, like Gecko) Version/4.0 Chrome/60.0.3112.107 Moblie Safari/537.36"
128.199.135.99 - - [31/Oct/2024:00:23:00 +0000] "GET /wp-posts.php HTTP/1.1" 404 1251 "www.google.com" "Mozlila/5.0 (Linux; Android 7.0; SM-G892A Bulid/NRD90M; wv) AppleWebKit/537.36 (KHTML, like Gecko) Version/4.0 Chrome/60.0.3112.107 Moblie Safari/537.36"
128.199.135.99 - - [31/Oct/2024:00:23:02 +0000] "GET /xl.php HTTP/1.1" 404 1251 "www.google.com" "Mozlila/5.0 (Linux; Android 7.0; SM-G892A Bulid/NRD90M; wv) AppleWebKit/537.36 (KHTML, like Gecko) Version/4.0 Chrome/60.0.3112.107 Moblie Safari/537.36"
128.199.135.99 - - [31/Oct/2024:00:23:03 +0000] "GET /ww.php HTTP/1.1" 404 1251 "www.google.com" "Mozlila/5.0 (Linux; Android 7.0; SM-G892A Bulid/NRD90M; wv) AppleWebKit/537.36 (KHTML, like Gecko) Version/4.0 Chrome/60.0.3112.107 Moblie Safari/537.36"
128.199.135.99 - - [31/Oct/2024:00:23:04 +0000] "GET /testwp.php?wp=1 HTTP/1.1" 404 1251 "www.google.com" "Mozlila/5.0 (Linux; Android 7.0; SM-G892A Bulid/NRD90M; wv) AppleWebKit/537.36 (KHTML, like Gecko) Version/4.0 Chrome/60.0.3112.107 Moblie Safari/537.36"
128.199.135.99 - - [31/Oct/2024:00:23:05 +0000] "GET /wp-includes/class-wp-other.php HTTP/1.1" 404 1251 "www.google.com" "Mozlila/5.0 (Linux; Android 7.0; SM-G892A Bulid/NRD90M; wv) AppleWebKit/537.36 (KHTML, like Gecko) Version/4.0 Chrome/60.0.3112.107 Moblie Safari/537.36"
128.199.135.99 - - [31/Oct/2024:00:23:06 +0000] "GET /unknown.php HTTP/1.1" 404 1251 "www.google.com" "Mozlila/5.0 (Linux; Android 7.0; SM-G892A Bulid/NRD90M; wv) AppleWebKit/537.36 (KHTML, like Gecko) Version/4.0 Chrome/60.0.3112.107 Moblie Safari/537.36"
128.199.135.99 - - [31/Oct/2024:00:23:07 +0000] "GET /god4m.php HTTP/1.1" 404 1251 "www.google.com" "Mozlila/5.0 (Linux; Android 7.0; SM-G892A Bulid/NRD90M; wv) AppleWebKit/537.36 (KHTML, like Gecko) Version/4.0 Chrome/60.0.3112.107 Moblie Safari/537.36"
128.199.135.99 - - [31/Oct/2024:00:23:09 +0000] "GET /tuco.php HTTP/1.1" 404 1251 "www.google.com" "Mozlila/5.0 (Linux; Android 7.0; SM-G892A Bulid/NRD90M; wv) AppleWebKit/537.36 (KHTML, like Gecko) Version/4.0 Chrome/60.0.3112.107 Moblie Safari/537.36"
128.199.135.99 - - [31/Oct/2024:00:23:10 +0000] "GET /x.php HTTP/1.1" 404 1251 "www.google.com" "Mozlila/5.0 (Linux; Android 7.0; SM-G892A Bulid/NRD90M; wv) AppleWebKit/537.36 (KHTML, like Gecko) Version/4.0 Chrome/60.0.3112.107 Moblie Safari/537.36"
128.199.135.99 - - [31/Oct/2024:00:23:11 +0000] "GET /w.php HTTP/1.1" 404 1251 "www.google.com" "Mozlila/5.0 (Linux; Android 7.0; SM-G892A Bulid/NRD90M; wv) AppleWebKit/537.36 (KHTML, like Gecko) Version/4.0 Chrome/60.0.3112.107 Moblie Safari/537.36"
128.199.135.99 - - [31/Oct/2024:00:23:12 +0000] "GET /shl.php HTTP/1.1" 404 1251 "www.google.com" "Mozlila/5.0 (Linux; Android 7.0; SM-G892A Bulid/NRD90M; wv) AppleWebKit/537.36 (KHTML, like Gecko) Version/4.0 Chrome/60.0.3112.107 Moblie Safari/537.36"
128.199.135.99 - - [31/Oct/2024:00:23:14 +0000] "GET /wp-class.php HTTP/1.1" 404 1251 "www.google.com" "Mozlila/5.0 (Linux; Android 7.0; SM-G892A Bulid/NRD90M; wv) AppleWebKit/537.36 (KHTML, like Gecko) Version/4.0 Chrome/60.0.3112.107 Moblie Safari/537.36"
128.199.135.99 - - [31/Oct/2024:00:23:15 +0000] "GET /info.php HTTP/1.1" 404 1251 "www.google.com" "Mozlila/5.0 (Linux; Android 7.0; SM-G892A Bulid/NRD90M; wv) AppleWebKit/537.36 (KHTML, like Gecko) Version/4.0 Chrome/60.0.3112.107 Moblie Safari/537.36"
128.199.135.99 - - [31/Oct/2024:00:23:15 +0000] "GET /o.php HTTP/1.1" 404 1251 "www.google.com" "Mozlila/5.0 (Linux; Android 7.0; SM-G892A Bulid/NRD90M; wv) AppleWebKit/537.36 (KHTML, like Gecko) Version/4.0 Chrome/60.0.3112.107 Moblie Safari/537.36"
128.199.135.99 - - [31/Oct/2024:00:23:16 +0000] "GET /shx.php HTTP/1.1" 404 1251 "www.google.com" "Mozlila/5.0 (Linux; Android 7.0; SM-G892A Bulid/NRD90M; wv) AppleWebKit/537.36 (KHTML, like Gecko) Version/4.0 Chrome/60.0.3112.107 Moblie Safari/537.36"
128.199.135.99 - - [31/Oct/2024:00:23:17 +0000] "GET /l.php HTTP/1.1" 404 1251 "www.google.com" "Mozlila/5.0 (Linux; Android 7.0; SM-G892A Bulid/NRD90M; wv) AppleWebKit/537.36 (KHTML, like Gecko) Version/4.0 Chrome/60.0.3112.107 Moblie Safari/537.36"
128.199.135.99 - - [31/Oct/2024:00:23:19 +0000] "GET /hi.php HTTP/1.1" 404 1251 "www.google.com" "Mozlila/5.0 (Linux; Android 7.0; SM-G892A Bulid/NRD90M; wv) AppleWebKit/537.36 (KHTML, like Gecko) Version/4.0 Chrome/60.0.3112.107 Moblie Safari/537.36"
128.199.135.99 - - [31/Oct/2024:00:23:20 +0000] "GET /readme.php HTTP/1.1" 404 1251 "www.google.com" "Mozlila/5.0 (Linux; Android 7.0; SM-G892A Bulid/NRD90M; wv) AppleWebKit/537.36 (KHTML, like Gecko) Version/4.0 Chrome/60.0.3112.107 Moblie Safari/537.36"
128.199.135.99 - - [31/Oct/2024:00:23:22 +0000] "GET /pi.php HTTP/1.1" 404 1251 "www.google.com" "Mozlila/5.0 (Linux; Android 7.0; SM-G892A Bulid/NRD90M; wv) AppleWebKit/537.36 (KHTML, like Gecko) Version/4.0 Chrome/60.0.3112.107 Moblie Safari/537.36"
128.199.135.99 - - [31/Oct/2024:00:23:24 +0000] "GET /r00t.php HTTP/1.1" 404 1251 "www.google.com" "Mozlila/5.0 (Linux; Android 7.0; SM-G892A Bulid/NRD90M; wv) AppleWebKit/537.36 (KHTML, like Gecko) Version/4.0 Chrome/60.0.3112.107 Moblie Safari/537.36"
128.199.135.99 - - [31/Oct/2024:00:23:26 +0000] "GET /radio.php?pass=shell HTTP/1.1" 404 1251 "www.google.com" "Mozlila/5.0 (Linux; Android 7.0; SM-G892A Bulid/NRD90M; wv) AppleWebKit/537.36 (KHTML, like Gecko) Version/4.0 Chrome/60.0.3112.107 Moblie Safari/537.36"
107.148.90.103 - - [31/Oct/2024:00:28:40 +0000] "GET / HTTP/1.1" 200 0 "https://mltcfiji.com" "Mozilla/5.0 (Windows NT 10.0; Win64; x64) AppleWebKit/537.36 (KHTML, like Gecko) Chrome/58.0.3029.110 Safari/537.3"
107.148.90.103 - - [31/Oct/2024:00:28:33 +0000] "GET /wp-includes/admin.php HTTP/1.1" 200 0 "https://mltcfiji.com/wp-includes/admin.php" "Mozilla/5.0 (Windows NT 10.0; Win64; x64) AppleWebKit/537.36 (KHTML, like Gecko) Chrome/58.0.3029.110 Safari/537.3"
69.197.187.111 - - [31/Oct/2024:00:34:54 +0000] "GET / HTTP/1.1" 200 0 "https://mltcfiji.com" "Mozilla/5.0 (Windows NT 10.0; Win64; x64) AppleWebKit/537.36 (KHTML, like Gecko) Chrome/58.0.3029.110 Safari/537.3"
69.197.187.111 - - [31/Oct/2024:00:34:48 +0000] "GET /wp-includes/admin.php HTTP/1.1" 200 0 "https://mltcfiji.com/wp-includes/admin.php" "Mozilla/5.0 (Windows NT 10.0; Win64; x64) AppleWebKit/537.36 (KHTML, like Gecko) Chrome/58.0.3029.110 Safari/537.3"
207.46.13.54 - - [31/Oct/2024:00:40:33 +0000] "GET /mltc-embraces-traditions/ HTTP/2" 404 1251 "-" "Mozilla/5.0 AppleWebKit/537.36 (KHTML, like Gecko; compatible; bingbot/2.0; +http://www.bing.com/bingbot.htm) Chrome/116.0.1938.76 Safari/537.36"
107.148.42.152 - - [31/Oct/2024:00:41:15 +0000] "GET / HTTP/1.1" 200 0 "https://mltcfiji.com" "Mozilla/5.0 (Windows NT 10.0; Win64; x64) AppleWebKit/537.36 (KHTML, like Gecko) Chrome/58.0.3029.110 Safari/537.3"
107.148.42.152 - - [31/Oct/2024:00:41:07 +0000] "GET /wp-includes/admin.php HTTP/1.1" 200 0 "https://mltcfiji.com/wp-includes/admin.php" "Mozilla/5.0 (Windows NT 10.0; Win64; x64) AppleWebKit/537.36 (KHTML, like Gecko) Chrome/58.0.3029.110 Safari/537.3"
107.148.90.102 - - [31/Oct/2024:00:47:01 +0000] "GET / HTTP/1.1" 200 0 "https://mltcfiji.com" "Mozilla/5.0 (Windows NT 10.0; Win64; x64) AppleWebKit/537.36 (KHTML, like Gecko) Chrome/58.0.3029.110 Safari/537.3"
107.148.90.102 - - [31/Oct/2024:00:46:55 +0000] "GET /wp-includes/admin.php HTTP/1.1" 200 0 "https://mltcfiji.com/wp-includes/admin.php" "Mozilla/5.0 (Windows NT 10.0; Win64; x64) AppleWebKit/537.36 (KHTML, like Gecko) Chrome/58.0.3029.110 Safari/537.3"
52.167.144.219 - - [31/Oct/2024:00:47:52 +0000] "GET /?g=kit-de-bujes-para-palanca-jetta-a4-g-neNq9vCk HTTP/2" 200 115684 "-" "Mozilla/5.0 AppleWebKit/537.36 (KHTML, like Gecko; compatible; bingbot/2.0; +http://www.bing.com/bingbot.htm) Chrome/116.0.1938.76 Safari/537.36"
69.197.182.50 - - [31/Oct/2024:00:54:22 +0000] "GET / HTTP/1.1" 200 0 "https://mltcfiji.com" "Mozilla/5.0 (Windows NT 10.0; Win64; x64) AppleWebKit/537.36 (KHTML, like Gecko) Chrome/58.0.3029.110 Safari/537.3"
69.197.182.50 - - [31/Oct/2024:00:54:16 +0000] "GET /wp-includes/admin.php HTTP/1.1" 200 0 "https://mltcfiji.com/wp-includes/admin.php" "Mozilla/5.0 (Windows NT 10.0; Win64; x64) AppleWebKit/537.36 (KHTML, like Gecko) Chrome/58.0.3029.110 Safari/537.3"
107.148.42.164 - - [31/Oct/2024:01:01:22 +0000] "GET / HTTP/1.1" 200 0 "https://mltcfiji.com" "Mozilla/5.0 (Windows NT 10.0; Win64; x64) AppleWebKit/537.36 (KHTML, like Gecko) Chrome/58.0.3029.110 Safari/537.3"
107.148.42.164 - - [31/Oct/2024:01:01:15 +0000] "GET /wp-includes/admin.php HTTP/1.1" 200 0 "https://mltcfiji.com/wp-includes/admin.php" "Mozilla/5.0 (Windows NT 10.0; Win64; x64) AppleWebKit/537.36 (KHTML, like Gecko) Chrome/58.0.3029.110 Safari/537.3"
3.110.179.136 - - [31/Oct/2024:01:05:15 +0000] "GET /wp-admin/network/ HTTP/2" 302 0 "http://mltcfiji.com/wp-admin/network/" "Go-http-client/2.0"
3.110.179.136 - - [31/Oct/2024:01:05:17 +0000] "GET /wp-login.php?redirect_to=https%3A%2F%2Fmltcfiji.com%2Fwp-admin%2Fnetwork%2F&reauth=1 HTTP/2" 404 1251 "https://mltcfiji.com/wp-admin/network/" "Go-http-client/2.0"
109.106.251.75 - - [31/Oct/2024:01:05:10 +0000] "POST /wp-admin/admin-ajax.php?action=as_async_request_queue_runner&nonce=17787b86bb HTTP/1.1" 200 0 "-" "WordPress/6.6.2; https://mltcfiji.com"
3.110.179.136 - - [31/Oct/2024:01:05:22 +0000] "GET /wp-admin/user/ HTTP/2" 302 0 "http://mltcfiji.com/wp-admin/user/" "Go-http-client/2.0"
3.110.179.136 - - [31/Oct/2024:01:05:24 +0000] "GET /wp-login.php?redirect_to=https%3A%2F%2Fmltcfiji.com%2Fwp-admin%2Fuser%2F&reauth=1 HTTP/2" 404 1251 "https://mltcfiji.com/wp-admin/user/" "Go-http-client/2.0"
3.110.179.136 - - [31/Oct/2024:01:05:37 +0000] "GET /wp-admin/ HTTP/2" 302 0 "http://mltcfiji.com/wp-admin/" "Go-http-client/2.0"
3.110.179.136 - - [31/Oct/2024:01:05:39 +0000] "GET /wp-login.php?redirect_to=https%3A%2F%2Fmltcfiji.com%2Fwp-admin%2F&reauth=1 HTTP/2" 200 0 "https://mltcfiji.com/wp-admin/" "Go-http-client/2.0"
69.197.187.111 - - [31/Oct/2024:01:08:21 +0000] "GET / HTTP/1.1" 200 0 "https://mltcfiji.com" "Mozilla/5.0 (Windows NT 10.0; Win64; x64) AppleWebKit/537.36 (KHTML, like Gecko) Chrome/58.0.3029.110 Safari/537.3"
69.197.187.111 - - [31/Oct/2024:01:08:14 +0000] "GET /wp-includes/admin.php HTTP/1.1" 200 0 "https://mltcfiji.com/wp-includes/admin.php" "Mozilla/5.0 (Windows NT 10.0; Win64; x64) AppleWebKit/537.36 (KHTML, like Gecko) Chrome/58.0.3029.110 Safari/537.3"
3.110.179.136 - - [31/Oct/2024:01:12:31 +0000] "GET /wp-admin/network/plugins.php HTTP/2" 302 0 "http://mltcfiji.com/wp-admin/network/plugins.php" "Go-http-client/2.0"
3.110.179.136 - - [31/Oct/2024:01:12:32 +0000] "GET /wp-login.php?redirect_to=https%3A%2F%2Fmltcfiji.com%2Fwp-admin%2Fnetwork%2Fplugins.php&reauth=1 HTTP/2" 404 1251 "https://mltcfiji.com/wp-admin/network/plugins.php" "Go-http-client/2.0"
109.106.251.75 - - [31/Oct/2024:01:12:26 +0000] "POST /wp-admin/admin-ajax.php?action=as_async_request_queue_runner&nonce=17787b86bb HTTP/1.1" 200 0 "-" "WordPress/6.6.2; https://mltcfiji.com"
69.197.182.50 - - [31/Oct/2024:01:15:06 +0000] "GET / HTTP/1.1" 200 0 "https://mltcfiji.com" "Mozilla/5.0 (Windows NT 10.0; Win64; x64) AppleWebKit/537.36 (KHTML, like Gecko) Chrome/58.0.3029.110 Safari/537.3"
69.197.182.50 - - [31/Oct/2024:01:14:59 +0000] "GET /wp-includes/admin.php HTTP/1.1" 200 0 "https://mltcfiji.com/wp-includes/admin.php" "Mozilla/5.0 (Windows NT 10.0; Win64; x64) AppleWebKit/537.36 (KHTML, like Gecko) Chrome/58.0.3029.110 Safari/537.3"
69.197.187.111 - - [31/Oct/2024:01:22:39 +0000] "GET / HTTP/1.1" 200 0 "https://mltcfiji.com" "Mozilla/5.0 (Windows NT 10.0; Win64; x64) AppleWebKit/537.36 (KHTML, like Gecko) Chrome/58.0.3029.110 Safari/537.3"
69.197.187.111 - - [31/Oct/2024:01:22:32 +0000] "GET /wp-includes/admin.php HTTP/1.1" 200 0 "https://mltcfiji.com/wp-includes/admin.php" "Mozilla/5.0 (Windows NT 10.0; Win64; x64) AppleWebKit/537.36 (KHTML, like Gecko) Chrome/58.0.3029.110 Safari/537.3"
69.197.187.111 - - [31/Oct/2024:01:29:23 +0000] "GET / HTTP/1.1" 200 0 "https://mltcfiji.com" "Mozilla/5.0 (Windows NT 10.0; Win64; x64) AppleWebKit/537.36 (KHTML, like Gecko) Chrome/58.0.3029.110 Safari/537.3"
69.197.187.111 - - [31/Oct/2024:01:29:17 +0000] "GET /wp-includes/admin.php HTTP/1.1" 200 0 "https://mltcfiji.com/wp-includes/admin.php" "Mozilla/5.0 (Windows NT 10.0; Win64; x64) AppleWebKit/537.36 (KHTML, like Gecko) Chrome/58.0.3029.110 Safari/537.3"
3.110.179.136 - - [31/Oct/2024:01:29:46 +0000] "GET /wp-login.php?action=register HTTP/2" 404 1251 "http://mltcfiji.com/wp-signup.php?FoX=sQFLZ" "Go-http-client/2.0"
69.197.187.111 - - [31/Oct/2024:01:36:19 +0000] "GET / HTTP/1.1" 200 0 "https://mltcfiji.com" "Mozilla/5.0 (Windows NT 10.0; Win64; x64) AppleWebKit/537.36 (KHTML, like Gecko) Chrome/58.0.3029.110 Safari/537.3"
69.197.187.111 - - [31/Oct/2024:01:36:12 +0000] "GET /wp-includes/admin.php HTTP/1.1" 200 0 "https://mltcfiji.com/wp-includes/admin.php" "Mozilla/5.0 (Windows NT 10.0; Win64; x64) AppleWebKit/537.36 (KHTML, like Gecko) Chrome/58.0.3029.110 Safari/537.3"
66.249.64.39 - - [31/Oct/2024:01:39:04 +0000] "GET /2022/10/03/momentum-copper-tt-EkmEoetV/ HTTP/1.1" 404 1251 "-" "Mozilla/5.0 (Linux; Android 6.0.1; Nexus 5X Build/MMB29P) AppleWebKit/537.36 (KHTML, like Gecko) Chrome/130.0.6723.69 Mobile Safari/537.36 (compatible; Googlebot/2.1; +http://www.google.com/bot.html)"
69.197.182.50 - - [31/Oct/2024:01:42:52 +0000] "GET / HTTP/1.1" 200 0 "https://mltcfiji.com" "Mozilla/5.0 (Windows NT 10.0; Win64; x64) AppleWebKit/537.36 (KHTML, like Gecko) Chrome/58.0.3029.110 Safari/537.3"
69.197.182.50 - - [31/Oct/2024:01:42:45 +0000] "GET /wp-includes/admin.php HTTP/1.1" 200 0 "https://mltcfiji.com/wp-includes/admin.php" "Mozilla/5.0 (Windows NT 10.0; Win64; x64) AppleWebKit/537.36 (KHTML, like Gecko) Chrome/58.0.3029.110 Safari/537.3"
69.30.234.10 - - [31/Oct/2024:01:49:13 +0000] "GET / HTTP/1.1" 200 0 "https://mltcfiji.com" "Mozilla/5.0 (Windows NT 10.0; Win64; x64) AppleWebKit/537.36 (KHTML, like Gecko) Chrome/58.0.3029.110 Safari/537.3"
69.30.234.10 - - [31/Oct/2024:01:49:07 +0000] "GET /wp-includes/admin.php HTTP/1.1" 200 0 "https://mltcfiji.com/wp-includes/admin.php" "Mozilla/5.0 (Windows NT 10.0; Win64; x64) AppleWebKit/537.36 (KHTML, like Gecko) Chrome/58.0.3029.110 Safari/537.3"
69.30.234.10 - - [31/Oct/2024:01:55:54 +0000] "GET / HTTP/1.1" 200 0 "https://mltcfiji.com" "Mozilla/5.0 (Windows NT 10.0; Win64; x64) AppleWebKit/537.36 (KHTML, like Gecko) Chrome/58.0.3029.110 Safari/537.3"
69.30.234.10 - - [31/Oct/2024:01:55:48 +0000] "GET /wp-includes/admin.php HTTP/1.1" 200 0 "https://mltcfiji.com/wp-includes/admin.php" "Mozilla/5.0 (Windows NT 10.0; Win64; x64) AppleWebKit/537.36 (KHTML, like Gecko) Chrome/58.0.3029.110 Safari/537.3"
107.148.95.76 - - [31/Oct/2024:02:02:25 +0000] "GET / HTTP/1.1" 200 0 "https://mltcfiji.com" "Mozilla/5.0 (Windows NT 10.0; Win64; x64) AppleWebKit/537.36 (KHTML, like Gecko) Chrome/58.0.3029.110 Safari/537.3"
107.148.95.76 - - [31/Oct/2024:02:02:15 +0000] "GET /wp-includes/admin.php HTTP/1.1" 200 0 "https://mltcfiji.com/wp-includes/admin.php" "Mozilla/5.0 (Windows NT 10.0; Win64; x64) AppleWebKit/537.36 (KHTML, like Gecko) Chrome/58.0.3029.110 Safari/537.3"
51.8.102.107 - - [31/Oct/2024:02:03:15 +0000] "GET /robots.txt HTTP/2" 304 0 "-" "Mozilla/5.0 AppleWebKit/537.36 (KHTML, like Gecko); compatible; OAI-SearchBot/1.0; +https://openai.com/searchbot"
69.197.187.111 - - [31/Oct/2024:02:08:09 +0000] "GET / HTTP/1.1" 200 0 "https://mltcfiji.com" "Mozilla/5.0 (Windows NT 10.0; Win64; x64) AppleWebKit/537.36 (KHTML, like Gecko) Chrome/58.0.3029.110 Safari/537.3"
69.197.187.111 - - [31/Oct/2024:02:08:02 +0000] "GET /wp-includes/admin.php HTTP/1.1" 200 0 "https://mltcfiji.com/wp-includes/admin.php" "Mozilla/5.0 (Windows NT 10.0; Win64; x64) AppleWebKit/537.36 (KHTML, like Gecko) Chrome/58.0.3029.110 Safari/537.3"
69.197.182.50 - - [31/Oct/2024:02:14:22 +0000] "GET / HTTP/1.1" 200 0 "https://mltcfiji.com" "Mozilla/5.0 (Windows NT 10.0; Win64; x64) AppleWebKit/537.36 (KHTML, like Gecko) Chrome/58.0.3029.110 Safari/537.3"
69.197.182.50 - - [31/Oct/2024:02:14:16 +0000] "GET /wp-includes/admin.php HTTP/1.1" 200 0 "https://mltcfiji.com/wp-includes/admin.php" "Mozilla/5.0 (Windows NT 10.0; Win64; x64) AppleWebKit/537.36 (KHTML, like Gecko) Chrome/58.0.3029.110 Safari/537.3"
40.77.167.143 - - [31/Oct/2024:02:16:13 +0000] "GET /?g=paula-s-choice-non-greasy-sunscreen-review-g-318ALBCn HTTP/2" 200 116307 "-" "Mozilla/5.0 AppleWebKit/537.36 (KHTML, like Gecko; compatible; bingbot/2.0; +http://www.bing.com/bingbot.htm) Chrome/116.0.1938.76 Safari/537.36"
104.219.215.243 - - [31/Oct/2024:02:21:32 +0000] "GET / HTTP/1.1" 200 0 "https://mltcfiji.com" "Mozilla/5.0 (Windows NT 10.0; Win64; x64) AppleWebKit/537.36 (KHTML, like Gecko) Chrome/58.0.3029.110 Safari/537.3"
104.219.215.243 - - [31/Oct/2024:02:21:25 +0000] "GET /wp-includes/admin.php HTTP/1.1" 200 0 "https://mltcfiji.com/wp-includes/admin.php" "Mozilla/5.0 (Windows NT 10.0; Win64; x64) AppleWebKit/537.36 (KHTML, like Gecko) Chrome/58.0.3029.110 Safari/537.3"
107.148.90.102 - - [31/Oct/2024:02:28:28 +0000] "GET / HTTP/1.1" 200 0 "https://mltcfiji.com" "Mozilla/5.0 (Windows NT 10.0; Win64; x64) AppleWebKit/537.36 (KHTML, like Gecko) Chrome/58.0.3029.110 Safari/537.3"
107.148.90.102 - - [31/Oct/2024:02:28:21 +0000] "GET /wp-includes/admin.php HTTP/1.1" 200 0 "https://mltcfiji.com/wp-includes/admin.php" "Mozilla/5.0 (Windows NT 10.0; Win64; x64) AppleWebKit/537.36 (KHTML, like Gecko) Chrome/58.0.3029.110 Safari/537.3"
107.148.95.76 - - [31/Oct/2024:02:34:58 +0000] "GET / HTTP/1.1" 200 0 "https://mltcfiji.com" "Mozilla/5.0 (Windows NT 10.0; Win64; x64) AppleWebKit/537.36 (KHTML, like Gecko) Chrome/58.0.3029.110 Safari/537.3"
107.148.95.76 - - [31/Oct/2024:02:34:51 +0000] "GET /wp-includes/admin.php HTTP/1.1" 200 0 "https://mltcfiji.com/wp-includes/admin.php" "Mozilla/5.0 (Windows NT 10.0; Win64; x64) AppleWebKit/537.36 (KHTML, like Gecko) Chrome/58.0.3029.110 Safari/537.3"
69.30.234.10 - - [31/Oct/2024:02:41:52 +0000] "GET / HTTP/1.1" 200 0 "https://mltcfiji.com" "Mozilla/5.0 (Windows NT 10.0; Win64; x64) AppleWebKit/537.36 (KHTML, like Gecko) Chrome/58.0.3029.110 Safari/537.3"
69.30.234.10 - - [31/Oct/2024:02:41:46 +0000] "GET /wp-includes/admin.php HTTP/1.1" 200 0 "https://mltcfiji.com/wp-includes/admin.php" "Mozilla/5.0 (Windows NT 10.0; Win64; x64) AppleWebKit/537.36 (KHTML, like Gecko) Chrome/58.0.3029.110 Safari/537.3"
104.219.215.243 - - [31/Oct/2024:02:47:45 +0000] "GET / HTTP/1.1" 200 0 "https://mltcfiji.com" "Mozilla/5.0 (Windows NT 10.0; Win64; x64) AppleWebKit/537.36 (KHTML, like Gecko) Chrome/58.0.3029.110 Safari/537.3"
104.219.215.243 - - [31/Oct/2024:02:47:39 +0000] "GET /wp-includes/admin.php HTTP/1.1" 200 0 "https://mltcfiji.com/wp-includes/admin.php" "Mozilla/5.0 (Windows NT 10.0; Win64; x64) AppleWebKit/537.36 (KHTML, like Gecko) Chrome/58.0.3029.110 Safari/537.3"
66.249.64.39 - - [31/Oct/2024:02:48:01 +0000] "GET /2022/08/29/sennheiser-momentum-true-wireless-earbuds-review-the-same-but-tt-b1xw4RF3/ HTTP/1.1" 404 1251 "-" "Mozilla/5.0 (Linux; Android 6.0.1; Nexus 5X Build/MMB29P) AppleWebKit/537.36 (KHTML, like Gecko) Chrome/130.0.6723.69 Mobile Safari/537.36 (compatible; Googlebot/2.1; +http://www.google.com/bot.html)"
104.164.173.35 - - [31/Oct/2024:02:53:50 +0000] "GET / HTTP/1.1" 200 0 "-" "Mozilla/5.0 (Macintosh; Intel Mac OS X 10_15_7) AppleWebKit/537.36 (KHTML, like Gecko) Chrome/117.0.0.0 Safari/537.36"
104.164.173.196 - - [31/Oct/2024:02:53:50 +0000] "GET / HTTP/1.1" 200 0 "-" "Mozilla/5.0 (Macintosh; Intel Mac OS X 10_15_7) AppleWebKit/537.36 (KHTML, like Gecko) Chrome/117.0.0.0 Safari/537.36"
69.197.187.111 - - [31/Oct/2024:02:53:53 +0000] "GET / HTTP/1.1" 200 0 "https://mltcfiji.com" "Mozilla/5.0 (Windows NT 10.0; Win64; x64) AppleWebKit/537.36 (KHTML, like Gecko) Chrome/58.0.3029.110 Safari/537.3"
104.164.173.35 - - [31/Oct/2024:02:53:54 +0000] "GET / HTTP/1.1" 200 0 "-" "Mozilla/5.0 (Windows NT 10.0; Win64; x64) AppleWebKit/537.36 (KHTML, like Gecko) Chrome/117.0.0.0 Safari/537.36"
69.197.187.111 - - [31/Oct/2024:02:53:47 +0000] "GET /wp-includes/admin.php HTTP/1.1" 200 0 "https://mltcfiji.com/wp-includes/admin.php" "Mozilla/5.0 (Windows NT 10.0; Win64; x64) AppleWebKit/537.36 (KHTML, like Gecko) Chrome/58.0.3029.110 Safari/537.3"
69.197.187.111 - - [31/Oct/2024:03:00:19 +0000] "GET / HTTP/1.1" 200 0 "https://mltcfiji.com" "Mozilla/5.0 (Windows NT 10.0; Win64; x64) AppleWebKit/537.36 (KHTML, like Gecko) Chrome/58.0.3029.110 Safari/537.3"
69.197.187.111 - - [31/Oct/2024:03:00:13 +0000] "GET /wp-includes/admin.php HTTP/1.1" 200 0 "https://mltcfiji.com/wp-includes/admin.php" "Mozilla/5.0 (Windows NT 10.0; Win64; x64) AppleWebKit/537.36 (KHTML, like Gecko) Chrome/58.0.3029.110 Safari/537.3"
107.148.90.103 - - [31/Oct/2024:03:07:53 +0000] "GET / HTTP/1.1" 200 0 "https://mltcfiji.com" "Mozilla/5.0 (Windows NT 10.0; Win64; x64) AppleWebKit/537.36 (KHTML, like Gecko) Chrome/58.0.3029.110 Safari/537.3"
107.148.90.103 - - [31/Oct/2024:03:07:47 +0000] "GET /wp-includes/admin.php HTTP/1.1" 200 0 "https://mltcfiji.com/wp-includes/admin.php" "Mozilla/5.0 (Windows NT 10.0; Win64; x64) AppleWebKit/537.36 (KHTML, like Gecko) Chrome/58.0.3029.110 Safari/537.3"
69.197.182.50 - - [31/Oct/2024:03:14:30 +0000] "GET / HTTP/1.1" 200 0 "https://mltcfiji.com" "Mozilla/5.0 (Windows NT 10.0; Win64; x64) AppleWebKit/537.36 (KHTML, like Gecko) Chrome/58.0.3029.110 Safari/537.3"
69.197.182.50 - - [31/Oct/2024:03:14:24 +0000] "GET /wp-includes/admin.php HTTP/1.1" 200 0 "https://mltcfiji.com/wp-includes/admin.php" "Mozilla/5.0 (Windows NT 10.0; Win64; x64) AppleWebKit/537.36 (KHTML, like Gecko) Chrome/58.0.3029.110 Safari/537.3"
207.46.13.130 - - [31/Oct/2024:03:19:43 +0000] "GET /page/3/ HTTP/2" 404 1251 "-" "Mozilla/5.0 AppleWebKit/537.36 (KHTML, like Gecko; compatible; bingbot/2.0; +http://www.bing.com/bingbot.htm) Chrome/116.0.1938.76 Safari/537.36"
66.249.64.40 - - [31/Oct/2024:03:20:20 +0000] "GET /2022/09/02/sennheiser-momentum-true-wireless-tt-9Z9KpVsz/ HTTP/1.1" 404 1251 "-" "Mozilla/5.0 (Linux; Android 6.0.1; Nexus 5X Build/MMB29P) AppleWebKit/537.36 (KHTML, like Gecko) Chrome/130.0.6723.69 Mobile Safari/537.36 (compatible; Googlebot/2.1; +http://www.google.com/bot.html)"
104.219.215.243 - - [31/Oct/2024:03:21:35 +0000] "GET / HTTP/1.1" 200 0 "https://mltcfiji.com" "Mozilla/5.0 (Windows NT 10.0; Win64; x64) AppleWebKit/537.36 (KHTML, like Gecko) Chrome/58.0.3029.110 Safari/537.3"
104.219.215.243 - - [31/Oct/2024:03:21:25 +0000] "GET /wp-includes/admin.php HTTP/1.1" 200 0 "https://mltcfiji.com/wp-includes/admin.php" "Mozilla/5.0 (Windows NT 10.0; Win64; x64) AppleWebKit/537.36 (KHTML, like Gecko) Chrome/58.0.3029.110 Safari/537.3"
69.197.187.111 - - [31/Oct/2024:03:28:17 +0000] "GET / HTTP/1.1" 200 0 "https://mltcfiji.com" "Mozilla/5.0 (Windows NT 10.0; Win64; x64) AppleWebKit/537.36 (KHTML, like Gecko) Chrome/58.0.3029.110 Safari/537.3"
69.197.187.111 - - [31/Oct/2024:03:28:10 +0000] "GET /wp-includes/admin.php HTTP/1.1" 200 0 "https://mltcfiji.com/wp-includes/admin.php" "Mozilla/5.0 (Windows NT 10.0; Win64; x64) AppleWebKit/537.36 (KHTML, like Gecko) Chrome/58.0.3029.110 Safari/537.3"
66.249.64.39 - - [31/Oct/2024:03:28:46 +0000] "GET / HTTP/1.1" 200 115903 "-" "Mozilla/5.0 (compatible; Googlebot/2.1; +http://www.google.com/bot.html)"
66.249.64.39 - - [31/Oct/2024:03:28:51 +0000] "GET /product/yqfkw130?goods_id=16315 HTTP/1.1" 404 1251 "-" "Mozilla/5.0 (Linux; Android 6.0.1; Nexus 5X Build/MMB29P) AppleWebKit/537.36 (KHTML, like Gecko) Chrome/130.0.6723.69 Mobile Safari/537.36 (compatible; Googlebot/2.1; +http://www.google.com/bot.html)"
66.249.64.39 - - [31/Oct/2024:03:28:51 +0000] "GET /product/zttg79?goods_id=18334 HTTP/1.1" 404 1251 "-" "Mozilla/5.0 (Linux; Android 6.0.1; Nexus 5X Build/MMB29P) AppleWebKit/537.36 (KHTML, like Gecko) Chrome/130.0.6723.69 Mobile Safari/537.36 (compatible; Googlebot/2.1; +http://www.google.com/bot.html)"
66.249.64.38 - - [31/Oct/2024:03:28:52 +0000] "GET /product/vkz152?goods_id=10609 HTTP/1.1" 404 1251 "-" "Mozilla/5.0 (Linux; Android 6.0.1; Nexus 5X Build/MMB29P) AppleWebKit/537.36 (KHTML, like Gecko) Chrome/130.0.6723.69 Mobile Safari/537.36 (compatible; Googlebot/2.1; +http://www.google.com/bot.html)"
66.249.64.38 - - [31/Oct/2024:03:28:53 +0000] "GET /product/oyk57?goods_id=38873 HTTP/1.1" 404 1251 "-" "Mozilla/5.0 (Linux; Android 6.0.1; Nexus 5X Build/MMB29P) AppleWebKit/537.36 (KHTML, like Gecko) Chrome/130.0.6723.69 Mobile Safari/537.36 (compatible; Googlebot/2.1; +http://www.google.com/bot.html)"
66.249.64.38 - - [31/Oct/2024:03:28:53 +0000] "GET /product/knkqe70?goods_id=8937 HTTP/1.1" 404 1251 "-" "Mozilla/5.0 (Linux; Android 6.0.1; Nexus 5X Build/MMB29P) AppleWebKit/537.36 (KHTML, like Gecko) Chrome/130.0.6723.69 Mobile Safari/537.36 (compatible; Googlebot/2.1; +http://www.google.com/bot.html)"
66.249.64.38 - - [31/Oct/2024:03:28:54 +0000] "GET /product/jfmn61?goods_id=7414 HTTP/1.1" 404 1251 "-" "Mozilla/5.0 (Linux; Android 6.0.1; Nexus 5X Build/MMB29P) AppleWebKit/537.36 (KHTML, like Gecko) Chrome/130.0.6723.69 Mobile Safari/537.36 (compatible; Googlebot/2.1; +http://www.google.com/bot.html)"
66.249.64.38 - - [31/Oct/2024:03:28:55 +0000] "GET /product/ajhlw222?goods_id=42722 HTTP/1.1" 404 1251 "-" "Mozilla/5.0 (Linux; Android 6.0.1; Nexus 5X Build/MMB29P) AppleWebKit/537.36 (KHTML, like Gecko) Chrome/130.0.6723.69 Mobile Safari/537.36 (compatible; Googlebot/2.1; +http://www.google.com/bot.html)"
66.249.64.38 - - [31/Oct/2024:03:28:55 +0000] "GET /product/xpb271?goods_id=7259 HTTP/1.1" 404 1251 "-" "Mozilla/5.0 (Linux; Android 6.0.1; Nexus 5X Build/MMB29P) AppleWebKit/537.36 (KHTML, like Gecko) Chrome/130.0.6723.69 Mobile Safari/537.36 (compatible; Googlebot/2.1; +http://www.google.com/bot.html)"
66.249.64.38 - - [31/Oct/2024:03:28:56 +0000] "GET /product/acb16?goods_id=46769 HTTP/1.1" 404 1251 "-" "Mozilla/5.0 (Linux; Android 6.0.1; Nexus 5X Build/MMB29P) AppleWebKit/537.36 (KHTML, like Gecko) Chrome/130.0.6723.69 Mobile Safari/537.36 (compatible; Googlebot/2.1; +http://www.google.com/bot.html)"
66.249.64.38 - - [31/Oct/2024:03:28:57 +0000] "GET /product/rwzvf72?goods_id=39986 HTTP/1.1" 404 1251 "-" "Mozilla/5.0 (Linux; Android 6.0.1; Nexus 5X Build/MMB29P) AppleWebKit/537.36 (KHTML, like Gecko) Chrome/130.0.6723.69 Mobile Safari/537.36 (compatible; Googlebot/2.1; +http://www.google.com/bot.html)"
104.219.215.231 - - [31/Oct/2024:03:35:24 +0000] "GET / HTTP/1.1" 200 0 "https://mltcfiji.com" "Mozilla/5.0 (Windows NT 10.0; Win64; x64) AppleWebKit/537.36 (KHTML, like Gecko) Chrome/58.0.3029.110 Safari/537.3"
104.219.215.231 - - [31/Oct/2024:03:35:14 +0000] "GET /wp-includes/admin.php HTTP/1.1" 200 0 "https://mltcfiji.com/wp-includes/admin.php" "Mozilla/5.0 (Windows NT 10.0; Win64; x64) AppleWebKit/537.36 (KHTML, like Gecko) Chrome/58.0.3029.110 Safari/537.3"
193.138.7.210 - - [31/Oct/2024:03:40:03 +0000] "GET / HTTP/1.1" 200 0 "-" "Mozilla/5.0 (Windows NT 10.0; Win64; x64) AppleWebKit/537.36 (KHTML, like Gecko) Chrome/110.0.0.0 Safari/537.36"
193.138.7.210 - - [31/Oct/2024:03:40:04 +0000] "GET /favicon.ico HTTP/1.1" 404 1251 "-" "Mozilla/5.0 (Windows NT 10.0; Win64; x64) AppleWebKit/537.36 (KHTML, like Gecko) Chrome/110.0.0.0 Safari/537.36"
69.30.234.10 - - [31/Oct/2024:03:41:34 +0000] "GET / HTTP/1.1" 200 0 "https://mltcfiji.com" "Mozilla/5.0 (Windows NT 10.0; Win64; x64) AppleWebKit/537.36 (KHTML, like Gecko) Chrome/58.0.3029.110 Safari/537.3"
69.30.234.10 - - [31/Oct/2024:03:41:28 +0000] "GET /wp-includes/admin.php HTTP/1.1" 200 0 "https://mltcfiji.com/wp-includes/admin.php" "Mozilla/5.0 (Windows NT 10.0; Win64; x64) AppleWebKit/537.36 (KHTML, like Gecko) Chrome/58.0.3029.110 Safari/537.3"
107.148.42.152 - - [31/Oct/2024:03:48:44 +0000] "GET / HTTP/1.1" 200 0 "https://mltcfiji.com" "Mozilla/5.0 (Windows NT 10.0; Win64; x64) AppleWebKit/537.36 (KHTML, like Gecko) Chrome/58.0.3029.110 Safari/537.3"
107.148.42.152 - - [31/Oct/2024:03:48:38 +0000] "GET /wp-includes/admin.php HTTP/1.1" 200 0 "https://mltcfiji.com/wp-includes/admin.php" "Mozilla/5.0 (Windows NT 10.0; Win64; x64) AppleWebKit/537.36 (KHTML, like Gecko) Chrome/58.0.3029.110 Safari/537.3"
69.197.187.111 - - [31/Oct/2024:03:55:09 +0000] "GET / HTTP/1.1" 200 0 "https://mltcfiji.com" "Mozilla/5.0 (Windows NT 10.0; Win64; x64) AppleWebKit/537.36 (KHTML, like Gecko) Chrome/58.0.3029.110 Safari/537.3"
69.197.187.111 - - [31/Oct/2024:03:55:03 +0000] "GET /wp-includes/admin.php HTTP/1.1" 200 0 "https://mltcfiji.com/wp-includes/admin.php" "Mozilla/5.0 (Windows NT 10.0; Win64; x64) AppleWebKit/537.36 (KHTML, like Gecko) Chrome/58.0.3029.110 Safari/537.3"
210.7.29.119 - - [31/Oct/2024:04:01:41 +0000] "GET / HTTP/1.1" 200 0 "-" "Mozilla/5.0 (Windows NT 10.0; Win64; x64) AppleWebKit/537.36 (KHTML, like Gecko) Chrome/130.0.0.0 Safari/537.36"
107.148.90.103 - - [31/Oct/2024:04:02:07 +0000] "GET / HTTP/1.1" 200 0 "https://mltcfiji.com" "Mozilla/5.0 (Windows NT 10.0; Win64; x64) AppleWebKit/537.36 (KHTML, like Gecko) Chrome/58.0.3029.110 Safari/537.3"
107.148.90.103 - - [31/Oct/2024:04:02:01 +0000] "GET /wp-includes/admin.php HTTP/1.1" 200 0 "https://mltcfiji.com/wp-includes/admin.php" "Mozilla/5.0 (Windows NT 10.0; Win64; x64) AppleWebKit/537.36 (KHTML, like Gecko) Chrome/58.0.3029.110 Safari/537.3"
66.249.64.40 - - [31/Oct/2024:04:03:18 +0000] "GET /feed/ HTTP/1.1" 404 1251 "-" "Mozilla/5.0 (Linux; Android 6.0.1; Nexus 5X Build/MMB29P) AppleWebKit/537.36 (KHTML, like Gecko) Chrome/130.0.6723.69 Mobile Safari/537.36 (compatible; Googlebot/2.1; +http://www.google.com/bot.html)"
103.191.165.69 - - [31/Oct/2024:04:06:59 +0000] "GET / HTTP/1.1" 200 0 "-" "Mozilla/5.0 (Linux; Android 10; K) AppleWebKit/537.36 (KHTML, like Gecko) Chrome/130.0.0.0 Mobile Safari/537.36"
103.191.165.69 - - [31/Oct/2024:04:06:59 +0000] "GET /favicon.ico HTTP/1.1" 404 1251 "https://mltcfiji.com/" "Mozilla/5.0 (Linux; Android 10; K) AppleWebKit/537.36 (KHTML, like Gecko) Chrome/130.0.0.0 Mobile Safari/537.36"
103.191.165.69 - - [31/Oct/2024:04:07:08 +0000] "GET /new.php HTTP/1.1" 404 1251 "-" "Mozilla/5.0 (Linux; Android 10; K) AppleWebKit/537.36 (KHTML, like Gecko) Chrome/130.0.0.0 Mobile Safari/537.36"
103.191.165.69 - - [31/Oct/2024:04:07:52 +0000] "GET /new.php HTTP/1.1" 200 0 "-" "Mozilla/5.0 (Linux; Android 10; K) AppleWebKit/537.36 (KHTML, like Gecko) Chrome/130.0.0.0 Mobile Safari/537.36"
103.191.165.69 - - [31/Oct/2024:04:07:54 +0000] "GET /new.php HTTP/1.1" 200 0 "-" "Mozilla/5.0 (Linux; Android 10; K) AppleWebKit/537.36 (KHTML, like Gecko) Chrome/130.0.0.0 Mobile Safari/537.36"
103.191.165.69 - - [31/Oct/2024:04:08:07 +0000] "GET /new.php HTTP/1.1" 200 16173 "-" "Mozilla/5.0 (Linux; Android 10; K) AppleWebKit/537.36 (KHTML, like Gecko) Chrome/130.0.0.0 Mobile Safari/537.36"
69.197.182.50 - - [31/Oct/2024:04:09:14 +0000] "GET / HTTP/1.1" 200 0 "https://mltcfiji.com" "Mozilla/5.0 (Windows NT 10.0; Win64; x64) AppleWebKit/537.36 (KHTML, like Gecko) Chrome/58.0.3029.110 Safari/537.3"
69.197.182.50 - - [31/Oct/2024:04:09:08 +0000] "GET /wp-includes/admin.php HTTP/1.1" 200 0 "https://mltcfiji.com/wp-includes/admin.php" "Mozilla/5.0 (Windows NT 10.0; Win64; x64) AppleWebKit/537.36 (KHTML, like Gecko) Chrome/58.0.3029.110 Safari/537.3"
