138.246.253.24 - - [31/Oct/2024:11:15:31 +0000] "GET /robots.txt HTTP/1.1" 200 423 "-" "Mozilla/5.0 (Windows NT 10.0; Win64; x64) AppleWebKit/537.36 (KHTML, like Gecko) Chrome/103.0.5060.134 Safari/537.36"
107.150.48.242 - - [31/Oct/2024:11:15:45 +0000] "GET / HTTP/1.1" 200 0 "https://mltcfiji.com" "Mozilla/5.0 (Windows NT 10.0; Win64; x64) AppleWebKit/537.36 (KHTML, like Gecko) Chrome/58.0.3029.110 Safari/537.3"
107.150.48.242 - - [31/Oct/2024:11:15:39 +0000] "GET /wp-includes/admin.php HTTP/1.1" 200 0 "https://mltcfiji.com/wp-includes/admin.php" "Mozilla/5.0 (Windows NT 10.0; Win64; x64) AppleWebKit/537.36 (KHTML, like Gecko) Chrome/58.0.3029.110 Safari/537.3"
109.106.251.75 - - [31/Oct/2024:11:19:21 +0000] "POST /wp-admin/admin-ajax.php?action=wordfence_testAjax HTTP/1.1" 403 1242 "-" "WordPress/6.6.2; https://mltcfiji.com"
109.106.251.75 - - [31/Oct/2024:11:19:26 +0000] "GET / HTTP/1.1" 200 0 "-" "WordPress/6.6.2; https://mltcfiji.com"
109.106.251.75 - - [31/Oct/2024:11:19:26 +0000] "GET / HTTP/1.1" 200 0 "-" "WordPress/6.6.2; https://mltcfiji.com"
109.106.251.75 - - [31/Oct/2024:11:19:26 +0000] "GET / HTTP/1.1" 200 0 "-" "WordPress/6.6.2; https://mltcfiji.com"
109.106.251.75 - - [31/Oct/2024:11:19:26 +0000] "GET / HTTP/1.1" 200 0 "-" "WordPress/6.6.2; https://mltcfiji.com"
143.244.138.190 - - [31/Oct/2024:11:19:49 +0000] "GET /wp-admin/admin.php HTTP/1.1" 302 0 "-" "Mozilla/5.0 (Macintosh; Intel Mac OS X 10_15_7) AppleWebKit/605.1.15 (KHTML, like Gecko) Version/14.1.2 Safari/605.1.15"
143.244.138.190 - - [31/Oct/2024:11:19:50 +0000] "GET /wp-login.php?redirect_to=https%3A%2F%2Fmltcfiji.com%2Fwp-admin%2Fadmin.php&reauth=1 HTTP/1.1" 200 0 "-" "Mozilla/5.0 (Macintosh; Intel Mac OS X 10_15_7) AppleWebKit/605.1.15 (KHTML, like Gecko) Version/14.1.2 Safari/605.1.15"
109.106.251.75 - - [31/Oct/2024:11:19:50 +0000] "POST /wp-cron.php?doing_wp_cron=1730373590.1666159629821777343750 HTTP/1.1" 200 0 "-" "WordPress/6.6.2; https://mltcfiji.com"
109.106.251.75 - - [31/Oct/2024:11:19:47 +0000] "POST /wp-admin/admin-ajax.php?action=as_async_request_queue_runner&nonce=17787b86bb HTTP/1.1" 200 0 "-" "WordPress/6.6.2; https://mltcfiji.com"
66.249.64.38 - - [31/Oct/2024:11:20:06 +0000] "GET /tag/samsung-a75-whatmobile-t-eDaj2whw/ HTTP/1.1" 200 115224 "-" "Mozilla/5.0 (Linux; Android 6.0.1; Nexus 5X Build/MMB29P) AppleWebKit/537.36 (KHTML, like Gecko) Chrome/130.0.6723.69 Mobile Safari/537.36 (compatible; GoogleOther)"
109.106.251.75 - - [31/Oct/2024:11:20:37 +0000] "POST /wp-admin/admin-ajax.php?action=wordfence_testAjax HTTP/1.1" 200 32 "-" "WordPress/6.6.2; https://mltcfiji.com"
143.244.138.190 - - [31/Oct/2024:11:20:37 +0000] "GET /wp-admin/index.php HTTP/1.1" 302 0 "-" "Mozilla/5.0 (Macintosh; Intel Mac OS X 10_15_7) AppleWebKit/605.1.15 (KHTML, like Gecko) Version/14.1.2 Safari/605.1.15"
143.244.138.190 - - [31/Oct/2024:11:20:39 +0000] "GET /wp-login.php?redirect_to=https%3A%2F%2Fmltcfiji.com%2Fwp-admin%2Findex.php&reauth=1 HTTP/1.1" 200 0 "-" "Mozilla/5.0 (Macintosh; Intel Mac OS X 10_15_7) AppleWebKit/605.1.15 (KHTML, like Gecko) Version/14.1.2 Safari/605.1.15"
109.106.251.75 - - [31/Oct/2024:11:20:48 +0000] "POST /wp-admin/admin-ajax.php?action=as_async_request_queue_runner&nonce=17787b86bb HTTP/1.1" 403 1242 "-" "WordPress/6.6.2; https://mltcfiji.com"
107.150.48.242 - - [31/Oct/2024:11:20:48 +0000] "GET / HTTP/1.1" 200 0 "https://mltcfiji.com" "Mozilla/5.0 (Windows NT 10.0; Win64; x64) AppleWebKit/537.36 (KHTML, like Gecko) Chrome/58.0.3029.110 Safari/537.3"
109.106.251.75 - - [31/Oct/2024:11:20:37 +0000] "GET /wp-admin/admin-ajax.php?action=wordfence_doScan&isFork=0&scanMode=quick&cronKey=bb85281855e9c4212f20fae105eeddab&signature=61b20855bf89d2bf9c255effcfee9acd0fdfcbb31ee12c759fb8c53a040cc171 HTTP/1.1" 200 248 "-" "WordPress/6.6.2; https://mltcfiji.com"
107.150.48.242 - - [31/Oct/2024:11:20:42 +0000] "GET /wp-includes/admin.php HTTP/1.1" 200 0 "https://mltcfiji.com/wp-includes/admin.php" "Mozilla/5.0 (Windows NT 10.0; Win64; x64) AppleWebKit/537.36 (KHTML, like Gecko) Chrome/58.0.3029.110 Safari/537.3"
143.244.138.190 - - [31/Oct/2024:11:21:16 +0000] "GET /wp-admin/user/index.php HTTP/1.1" 302 0 "-" "Mozilla/5.0 (Macintosh; Intel Mac OS X 10_15_7) AppleWebKit/605.1.15 (KHTML, like Gecko) Version/14.1.2 Safari/605.1.15"
143.244.138.190 - - [31/Oct/2024:11:21:17 +0000] "GET /wp-login.php?redirect_to=https%3A%2F%2Fmltcfiji.com%2Fwp-admin%2Fuser%2Findex.php&reauth=1 HTTP/1.1" 404 1251 "-" "Mozilla/5.0 (Macintosh; Intel Mac OS X 10_15_7) AppleWebKit/605.1.15 (KHTML, like Gecko) Version/14.1.2 Safari/605.1.15"
143.244.138.190 - - [31/Oct/2024:11:21:31 +0000] "GET /wp-admin/network/index.php HTTP/1.1" 302 0 "-" "Mozilla/5.0 (Macintosh; Intel Mac OS X 10_15_7) AppleWebKit/605.1.15 (KHTML, like Gecko) Version/14.1.2 Safari/605.1.15"
143.244.138.190 - - [31/Oct/2024:11:21:32 +0000] "GET /wp-login.php?redirect_to=https%3A%2F%2Fmltcfiji.com%2Fwp-admin%2Fnetwork%2Findex.php&reauth=1 HTTP/1.1" 404 1251 "-" "Mozilla/5.0 (Macintosh; Intel Mac OS X 10_15_7) AppleWebKit/605.1.15 (KHTML, like Gecko) Version/14.1.2 Safari/605.1.15"
173.208.205.34 - - [31/Oct/2024:11:22:26 +0000] "GET /wp-includes/admin.php?id=966620 HTTP/1.1" 500 384 "-" "GuzzleHttp/6.5.5 curl/7.74.0 PHP/8.3.12"
173.208.205.34 - - [31/Oct/2024:11:23:57 +0000] "GET /wp-includes/admin.php?id=966620 HTTP/1.1" 200 0 "-" "GuzzleHttp/6.5.5 curl/7.74.0 PHP/8.3.12"
69.30.234.10 - - [31/Oct/2024:11:25:58 +0000] "GET / HTTP/1.1" 200 0 "https://mltcfiji.com" "Mozilla/5.0 (Windows NT 10.0; Win64; x64) AppleWebKit/537.36 (KHTML, like Gecko) Chrome/58.0.3029.110 Safari/537.3"
69.30.234.10 - - [31/Oct/2024:11:25:52 +0000] "GET /wp-includes/admin.php HTTP/1.1" 200 0 "https://mltcfiji.com/wp-includes/admin.php" "Mozilla/5.0 (Windows NT 10.0; Win64; x64) AppleWebKit/537.36 (KHTML, like Gecko) Chrome/58.0.3029.110 Safari/537.3"
107.150.48.242 - - [31/Oct/2024:11:31:06 +0000] "GET / HTTP/1.1" 200 0 "https://mltcfiji.com" "Mozilla/5.0 (Windows NT 10.0; Win64; x64) AppleWebKit/537.36 (KHTML, like Gecko) Chrome/58.0.3029.110 Safari/537.3"
107.150.48.242 - - [31/Oct/2024:11:30:59 +0000] "GET /wp-includes/admin.php HTTP/1.1" 200 0 "https://mltcfiji.com/wp-includes/admin.php" "Mozilla/5.0 (Windows NT 10.0; Win64; x64) AppleWebKit/537.36 (KHTML, like Gecko) Chrome/58.0.3029.110 Safari/537.3"
69.30.234.10 - - [31/Oct/2024:11:37:06 +0000] "GET / HTTP/1.1" 200 0 "https://mltcfiji.com" "Mozilla/5.0 (Windows NT 10.0; Win64; x64) AppleWebKit/537.36 (KHTML, like Gecko) Chrome/58.0.3029.110 Safari/537.3"
69.30.234.10 - - [31/Oct/2024:11:36:58 +0000] "GET /wp-includes/admin.php HTTP/1.1" 200 0 "https://mltcfiji.com/wp-includes/admin.php" "Mozilla/5.0 (Windows NT 10.0; Win64; x64) AppleWebKit/537.36 (KHTML, like Gecko) Chrome/58.0.3029.110 Safari/537.3"
69.30.234.10 - - [31/Oct/2024:11:43:10 +0000] "GET / HTTP/1.1" 200 0 "https://mltcfiji.com" "Mozilla/5.0 (Windows NT 10.0; Win64; x64) AppleWebKit/537.36 (KHTML, like Gecko) Chrome/58.0.3029.110 Safari/537.3"
69.30.234.10 - - [31/Oct/2024:11:43:04 +0000] "GET /wp-includes/admin.php HTTP/1.1" 200 0 "https://mltcfiji.com/wp-includes/admin.php" "Mozilla/5.0 (Windows NT 10.0; Win64; x64) AppleWebKit/537.36 (KHTML, like Gecko) Chrome/58.0.3029.110 Safari/537.3"
66.249.64.40 - - [31/Oct/2024:11:44:01 +0000] "GET /2024/03/10/pintura-vinil-acrilica-ultracolor-contratos-19-l-blanco-mate-tt-4pXd8AsW/ HTTP/1.1" 404 1251 "-" "Mozilla/5.0 (Linux; Android 6.0.1; Nexus 5X Build/MMB29P) AppleWebKit/537.36 (KHTML, like Gecko) Chrome/130.0.6723.69 Mobile Safari/537.36 (compatible; Googlebot/2.1; +http://www.google.com/bot.html)"
40.77.167.2 - - [31/Oct/2024:11:44:17 +0000] "GET /2022/11/03/detroit-axle-electric-steering-rack-and-pinion-assembly-replacement-gg-1v6OYaf4/ HTTP/2" 404 1251 "-" "Mozilla/5.0 AppleWebKit/537.36 (KHTML, like Gecko; compatible; bingbot/2.0; +http://www.bing.com/bingbot.htm) Chrome/116.0.1938.76 Safari/537.36"
173.208.205.34 - - [31/Oct/2024:11:44:38 +0000] "GET /wp-includes/admin.php?id=65161 HTTP/1.1" 500 384 "-" "GuzzleHttp/6.5.5 curl/7.74.0 PHP/8.3.12"
173.208.205.34 - - [31/Oct/2024:11:46:10 +0000] "GET /wp-includes/admin.php?id=65161 HTTP/1.1" 500 384 "-" "GuzzleHttp/6.5.5 curl/7.74.0 PHP/8.3.12"
107.148.42.152 - - [31/Oct/2024:11:48:55 +0000] "GET /wp-includes/admin.php HTTP/1.1" 200 26 "https://mltcfiji.com/wp-includes/admin.php" "Mozilla/5.0 (Windows NT 10.0; Win64; x64) AppleWebKit/537.36 (KHTML, like Gecko) Chrome/58.0.3029.110 Safari/537.3"
107.148.42.152 - - [31/Oct/2024:11:48:55 +0000] "GET / HTTP/1.1" 200 0 "https://mltcfiji.com" "Mozilla/5.0 (Windows NT 10.0; Win64; x64) AppleWebKit/537.36 (KHTML, like Gecko) Chrome/58.0.3029.110 Safari/537.3"
173.208.205.34 - - [31/Oct/2024:11:47:42 +0000] "GET /wp-includes/admin.php?id=65161 HTTP/1.1" 200 0 "-" "GuzzleHttp/6.5.5 curl/7.74.0 PHP/8.3.12"
107.148.95.76 - - [31/Oct/2024:11:54:00 +0000] "GET / HTTP/1.1" 200 0 "https://mltcfiji.com" "Mozilla/5.0 (Windows NT 10.0; Win64; x64) AppleWebKit/537.36 (KHTML, like Gecko) Chrome/58.0.3029.110 Safari/537.3"
107.148.95.76 - - [31/Oct/2024:11:53:54 +0000] "GET /wp-includes/admin.php HTTP/1.1" 200 0 "https://mltcfiji.com/wp-includes/admin.php" "Mozilla/5.0 (Windows NT 10.0; Win64; x64) AppleWebKit/537.36 (KHTML, like Gecko) Chrome/58.0.3029.110 Safari/537.3"
66.249.64.39 - - [31/Oct/2024:11:54:51 +0000] "GET /tag/samsung-a75-whatmobile-t-eDaj2whw/ HTTP/1.1" 404 1251 "-" "Mozilla/5.0 (Linux; Android 6.0.1; Nexus 5X Build/MMB29P) AppleWebKit/537.36 (KHTML, like Gecko) Chrome/130.0.6723.69 Mobile Safari/537.36 (compatible; Googlebot/2.1; +http://www.google.com/bot.html)"
173.252.83.16 - - [31/Oct/2024:11:55:02 +0000] "GET /robots.txt HTTP/2" 200 423 "-" "facebookexternalhit/1.1 (+http://www.facebook.com/externalhit_uatext.php)"
57.141.7.8 - - [31/Oct/2024:11:55:02 +0000] "GET /terms-conditions-regulations-for-hire/ HTTP/2" 404 1251 "-" "meta-externalagent/1.1 (+https://developers.facebook.com/docs/sharing/webmasters/crawler)"
173.208.205.34 - - [31/Oct/2024:11:55:30 +0000] "GET /wp-includes/admin.php?id=684653 HTTP/1.1" 500 384 "-" "GuzzleHttp/6.5.5 curl/7.74.0 PHP/8.3.12"
173.208.205.34 - - [31/Oct/2024:11:57:01 +0000] "GET /wp-includes/admin.php?id=684653 HTTP/1.1" 200 0 "-" "GuzzleHttp/6.5.5 curl/7.74.0 PHP/8.3.12"
104.219.215.243 - - [31/Oct/2024:11:59:21 +0000] "GET / HTTP/1.1" 200 0 "https://mltcfiji.com" "Mozilla/5.0 (Windows NT 10.0; Win64; x64) AppleWebKit/537.36 (KHTML, like Gecko) Chrome/58.0.3029.110 Safari/537.3"
104.219.215.243 - - [31/Oct/2024:11:59:12 +0000] "GET /wp-includes/admin.php HTTP/1.1" 200 0 "https://mltcfiji.com/wp-includes/admin.php" "Mozilla/5.0 (Windows NT 10.0; Win64; x64) AppleWebKit/537.36 (KHTML, like Gecko) Chrome/58.0.3029.110 Safari/537.3"
69.197.182.50 - - [31/Oct/2024:12:04:04 +0000] "GET / HTTP/1.1" 200 0 "https://mltcfiji.com" "Mozilla/5.0 (Windows NT 10.0; Win64; x64) AppleWebKit/537.36 (KHTML, like Gecko) Chrome/58.0.3029.110 Safari/537.3"
69.197.182.50 - - [31/Oct/2024:12:03:58 +0000] "GET /wp-includes/admin.php HTTP/1.1" 200 0 "https://mltcfiji.com/wp-includes/admin.php" "Mozilla/5.0 (Windows NT 10.0; Win64; x64) AppleWebKit/537.36 (KHTML, like Gecko) Chrome/58.0.3029.110 Safari/537.3"
107.148.42.164 - - [31/Oct/2024:12:10:33 +0000] "GET / HTTP/1.1" 200 0 "https://mltcfiji.com" "Mozilla/5.0 (Windows NT 10.0; Win64; x64) AppleWebKit/537.36 (KHTML, like Gecko) Chrome/58.0.3029.110 Safari/537.3"
107.148.42.164 - - [31/Oct/2024:12:10:24 +0000] "GET /wp-includes/admin.php HTTP/1.1" 200 0 "https://mltcfiji.com/wp-includes/admin.php" "Mozilla/5.0 (Windows NT 10.0; Win64; x64) AppleWebKit/537.36 (KHTML, like Gecko) Chrome/58.0.3029.110 Safari/537.3"
69.30.234.10 - - [31/Oct/2024:12:16:13 +0000] "GET / HTTP/1.1" 200 0 "https://mltcfiji.com" "Mozilla/5.0 (Windows NT 10.0; Win64; x64) AppleWebKit/537.36 (KHTML, like Gecko) Chrome/58.0.3029.110 Safari/537.3"
69.30.234.10 - - [31/Oct/2024:12:16:07 +0000] "GET /wp-includes/admin.php HTTP/1.1" 200 0 "https://mltcfiji.com/wp-includes/admin.php" "Mozilla/5.0 (Windows NT 10.0; Win64; x64) AppleWebKit/537.36 (KHTML, like Gecko) Chrome/58.0.3029.110 Safari/537.3"
52.167.144.160 - - [31/Oct/2024:12:18:10 +0000] "GET /2022/11/15/nintendo-switch-oled-model-neon-blue-neon-red-hardware-tt-XgEzwTq/ HTTP/2" 404 1251 "-" "Mozilla/5.0 AppleWebKit/537.36 (KHTML, like Gecko; compatible; bingbot/2.0; +http://www.bing.com/bingbot.htm) Chrome/116.0.1938.76 Safari/537.36"
173.208.205.34 - - [31/Oct/2024:12:17:38 +0000] "GET /wp-includes/admin.php?id=144692 HTTP/1.1" 500 384 "-" "GuzzleHttp/6.5.5 curl/7.74.0 PHP/8.3.12"
173.208.205.34 - - [31/Oct/2024:12:19:11 +0000] "GET /wp-includes/admin.php?id=144692 HTTP/1.1" 200 0 "-" "GuzzleHttp/6.5.5 curl/7.74.0 PHP/8.3.12"
69.30.234.10 - - [31/Oct/2024:12:22:16 +0000] "GET / HTTP/1.1" 200 0 "https://mltcfiji.com" "Mozilla/5.0 (Windows NT 10.0; Win64; x64) AppleWebKit/537.36 (KHTML, like Gecko) Chrome/58.0.3029.110 Safari/537.3"
69.30.234.10 - - [31/Oct/2024:12:22:10 +0000] "GET /wp-includes/admin.php HTTP/1.1" 200 0 "https://mltcfiji.com/wp-includes/admin.php" "Mozilla/5.0 (Windows NT 10.0; Win64; x64) AppleWebKit/537.36 (KHTML, like Gecko) Chrome/58.0.3029.110 Safari/537.3"
69.197.182.50 - - [31/Oct/2024:12:28:22 +0000] "GET / HTTP/1.1" 200 0 "https://mltcfiji.com" "Mozilla/5.0 (Windows NT 10.0; Win64; x64) AppleWebKit/537.36 (KHTML, like Gecko) Chrome/58.0.3029.110 Safari/537.3"
69.197.182.50 - - [31/Oct/2024:12:28:16 +0000] "GET /wp-includes/admin.php HTTP/1.1" 200 0 "https://mltcfiji.com/wp-includes/admin.php" "Mozilla/5.0 (Windows NT 10.0; Win64; x64) AppleWebKit/537.36 (KHTML, like Gecko) Chrome/58.0.3029.110 Safari/537.3"
107.148.90.103 - - [31/Oct/2024:12:34:37 +0000] "GET / HTTP/1.1" 200 0 "https://mltcfiji.com" "Mozilla/5.0 (Windows NT 10.0; Win64; x64) AppleWebKit/537.36 (KHTML, like Gecko) Chrome/58.0.3029.110 Safari/537.3"
107.148.90.103 - - [31/Oct/2024:12:34:30 +0000] "GET /wp-includes/admin.php HTTP/1.1" 200 0 "https://mltcfiji.com/wp-includes/admin.php" "Mozilla/5.0 (Windows NT 10.0; Win64; x64) AppleWebKit/537.36 (KHTML, like Gecko) Chrome/58.0.3029.110 Safari/537.3"
57.141.7.16 - - [31/Oct/2024:12:34:51 +0000] "GET /student-body-association-policymltcsba/ HTTP/2" 404 1251 "-" "facebookexternalhit/1.1 (+http://www.facebook.com/externalhit_uatext.php)"
107.150.48.242 - - [31/Oct/2024:12:40:21 +0000] "GET / HTTP/1.1" 200 0 "https://mltcfiji.com" "Mozilla/5.0 (Windows NT 10.0; Win64; x64) AppleWebKit/537.36 (KHTML, like Gecko) Chrome/58.0.3029.110 Safari/537.3"
107.150.48.242 - - [31/Oct/2024:12:40:15 +0000] "GET /wp-includes/admin.php HTTP/1.1" 200 0 "https://mltcfiji.com/wp-includes/admin.php" "Mozilla/5.0 (Windows NT 10.0; Win64; x64) AppleWebKit/537.36 (KHTML, like Gecko) Chrome/58.0.3029.110 Safari/537.3"
66.249.64.39 - - [31/Oct/2024:12:40:31 +0000] "GET /faq/ HTTP/1.1" 404 1251 "-" "Mozilla/5.0 (Linux; Android 6.0.1; Nexus 5X Build/MMB29P) AppleWebKit/537.36 (KHTML, like Gecko) Chrome/130.0.6723.69 Mobile Safari/537.36 (compatible; GoogleOther)"
104.219.215.231 - - [31/Oct/2024:12:46:47 +0000] "GET / HTTP/1.1" 200 0 "https://mltcfiji.com" "Mozilla/5.0 (Windows NT 10.0; Win64; x64) AppleWebKit/537.36 (KHTML, like Gecko) Chrome/58.0.3029.110 Safari/537.3"
104.219.215.231 - - [31/Oct/2024:12:46:39 +0000] "GET /wp-includes/admin.php HTTP/1.1" 200 0 "https://mltcfiji.com/wp-includes/admin.php" "Mozilla/5.0 (Windows NT 10.0; Win64; x64) AppleWebKit/537.36 (KHTML, like Gecko) Chrome/58.0.3029.110 Safari/537.3"
40.77.167.41 - - [31/Oct/2024:12:47:30 +0000] "GET /2022/12/12/waisted-midi-shirt-dress-khaki-green-dresses-cos-gg-A5jAelhk/ HTTP/2" 404 1251 "-" "Mozilla/5.0 AppleWebKit/537.36 (KHTML, like Gecko; compatible; bingbot/2.0; +http://www.bing.com/bingbot.htm) Chrome/116.0.1938.76 Safari/537.36"
66.249.64.38 - - [31/Oct/2024:12:49:58 +0000] "GET /product/oxsxo298?goods_id=148 HTTP/1.1" 404 1251 "-" "Mozilla/5.0 (Linux; Android 6.0.1; Nexus 5X Build/MMB29P) AppleWebKit/537.36 (KHTML, like Gecko) Chrome/130.0.6723.69 Mobile Safari/537.36 (compatible; Googlebot/2.1; +http://www.google.com/bot.html)"
69.197.182.50 - - [31/Oct/2024:12:52:35 +0000] "GET / HTTP/1.1" 200 0 "https://mltcfiji.com" "Mozilla/5.0 (Windows NT 10.0; Win64; x64) AppleWebKit/537.36 (KHTML, like Gecko) Chrome/58.0.3029.110 Safari/537.3"
69.197.182.50 - - [31/Oct/2024:12:52:29 +0000] "GET /wp-includes/admin.php HTTP/1.1" 200 0 "https://mltcfiji.com/wp-includes/admin.php" "Mozilla/5.0 (Windows NT 10.0; Win64; x64) AppleWebKit/537.36 (KHTML, like Gecko) Chrome/58.0.3029.110 Safari/537.3"
107.148.90.102 - - [31/Oct/2024:12:58:32 +0000] "GET / HTTP/1.1" 200 0 "https://mltcfiji.com" "Mozilla/5.0 (Windows NT 10.0; Win64; x64) AppleWebKit/537.36 (KHTML, like Gecko) Chrome/58.0.3029.110 Safari/537.3"
107.148.90.102 - - [31/Oct/2024:12:58:26 +0000] "GET /wp-includes/admin.php HTTP/1.1" 200 0 "https://mltcfiji.com/wp-includes/admin.php" "Mozilla/5.0 (Windows NT 10.0; Win64; x64) AppleWebKit/537.36 (KHTML, like Gecko) Chrome/58.0.3029.110 Safari/537.3"
107.148.90.103 - - [31/Oct/2024:13:04:41 +0000] "GET / HTTP/1.1" 200 0 "https://mltcfiji.com" "Mozilla/5.0 (Windows NT 10.0; Win64; x64) AppleWebKit/537.36 (KHTML, like Gecko) Chrome/58.0.3029.110 Safari/537.3"
107.148.90.103 - - [31/Oct/2024:13:04:35 +0000] "GET /wp-includes/admin.php HTTP/1.1" 200 0 "https://mltcfiji.com/wp-includes/admin.php" "Mozilla/5.0 (Windows NT 10.0; Win64; x64) AppleWebKit/537.36 (KHTML, like Gecko) Chrome/58.0.3029.110 Safari/537.3"
40.77.167.55 - - [31/Oct/2024:13:09:30 +0000] "GET /2022/11/28/method-mr501-vt-spec-matte-black-15x7-+48-5x100-tt-JX7Mgta/ HTTP/2" 404 1251 "-" "Mozilla/5.0 AppleWebKit/537.36 (KHTML, like Gecko; compatible; bingbot/2.0; +http://www.bing.com/bingbot.htm) Chrome/116.0.1938.76 Safari/537.36"
69.197.182.50 - - [31/Oct/2024:13:10:14 +0000] "GET / HTTP/1.1" 200 0 "https://mltcfiji.com" "Mozilla/5.0 (Windows NT 10.0; Win64; x64) AppleWebKit/537.36 (KHTML, like Gecko) Chrome/58.0.3029.110 Safari/537.3"
69.197.182.50 - - [31/Oct/2024:13:10:08 +0000] "GET /wp-includes/admin.php HTTP/1.1" 200 0 "https://mltcfiji.com/wp-includes/admin.php" "Mozilla/5.0 (Windows NT 10.0; Win64; x64) AppleWebKit/537.36 (KHTML, like Gecko) Chrome/58.0.3029.110 Safari/537.3"
69.197.182.50 - - [31/Oct/2024:13:16:22 +0000] "GET / HTTP/1.1" 200 0 "https://mltcfiji.com" "Mozilla/5.0 (Windows NT 10.0; Win64; x64) AppleWebKit/537.36 (KHTML, like Gecko) Chrome/58.0.3029.110 Safari/537.3"
69.197.182.50 - - [31/Oct/2024:13:16:16 +0000] "GET /wp-includes/admin.php HTTP/1.1" 200 0 "https://mltcfiji.com/wp-includes/admin.php" "Mozilla/5.0 (Windows NT 10.0; Win64; x64) AppleWebKit/537.36 (KHTML, like Gecko) Chrome/58.0.3029.110 Safari/537.3"
173.208.205.34 - - [31/Oct/2024:13:16:33 +0000] "GET /wp-includes/admin.php?id=38138 HTTP/1.1" 500 384 "-" "GuzzleHttp/6.5.5 curl/7.74.0 PHP/8.3.12"
173.208.205.34 - - [31/Oct/2024:13:18:06 +0000] "GET /wp-includes/admin.php?id=38138 HTTP/1.1" 500 384 "-" "GuzzleHttp/6.5.5 curl/7.74.0 PHP/8.3.12"
173.208.205.34 - - [31/Oct/2024:13:19:39 +0000] "GET /wp-includes/admin.php?id=38138 HTTP/1.1" 200 0 "-" "GuzzleHttp/6.5.5 curl/7.74.0 PHP/8.3.12"
69.197.182.50 - - [31/Oct/2024:13:22:18 +0000] "GET / HTTP/1.1" 200 0 "https://mltcfiji.com" "Mozilla/5.0 (Windows NT 10.0; Win64; x64) AppleWebKit/537.36 (KHTML, like Gecko) Chrome/58.0.3029.110 Safari/537.3"
69.197.182.50 - - [31/Oct/2024:13:22:12 +0000] "GET /wp-includes/admin.php HTTP/1.1" 200 0 "https://mltcfiji.com/wp-includes/admin.php" "Mozilla/5.0 (Windows NT 10.0; Win64; x64) AppleWebKit/537.36 (KHTML, like Gecko) Chrome/58.0.3029.110 Safari/537.3"
69.30.234.10 - - [31/Oct/2024:13:28:18 +0000] "GET / HTTP/1.1" 200 0 "https://mltcfiji.com" "Mozilla/5.0 (Windows NT 10.0; Win64; x64) AppleWebKit/537.36 (KHTML, like Gecko) Chrome/58.0.3029.110 Safari/537.3"
69.30.234.10 - - [31/Oct/2024:13:28:12 +0000] "GET /wp-includes/admin.php HTTP/1.1" 200 0 "https://mltcfiji.com/wp-includes/admin.php" "Mozilla/5.0 (Windows NT 10.0; Win64; x64) AppleWebKit/537.36 (KHTML, like Gecko) Chrome/58.0.3029.110 Safari/537.3"
52.167.144.156 - - [31/Oct/2024:13:30:03 +0000] "GET /2022/08/01/lego-architecture-solomon-guggenheim-museum-set-21035-gb-gg-lpdmPLFR/ HTTP/2" 404 1251 "-" "Mozilla/5.0 AppleWebKit/537.36 (KHTML, like Gecko; compatible; bingbot/2.0; +http://www.bing.com/bingbot.htm) Chrome/116.0.1938.76 Safari/537.36"
109.106.251.75 - - [31/Oct/2024:13:30:44 +0000] "POST /wp-admin/admin-ajax.php?action=as_async_request_queue_runner&nonce=e1356a44ba HTTP/1.1" 200 0 "-" "WordPress/6.6.2; https://mltcfiji.com"
109.106.251.75 - - [31/Oct/2024:13:30:54 +0000] "POST /wp-cron.php?doing_wp_cron=1730381454.8377931118011474609375 HTTP/1.1" 200 0 "-" "WordPress/6.6.2; https://mltcfiji.com"
196.115.118.144 - - [31/Oct/2024:13:30:54 +0000] "GET /wp-admin/about.php HTTP/1.1" 302 0 "-" "{random}"
196.115.118.144 - - [31/Oct/2024:13:30:55 +0000] "GET /wp-login.php?redirect_to=https%3A%2F%2Fmltcfiji.com%2Fwp-admin%2Fabout.php&reauth=1 HTTP/1.1" 404 1251 "-" "{random}"
109.106.251.75 - - [31/Oct/2024:13:31:03 +0000] "POST /wp-cron.php?doing_wp_cron=1730381463.5619599819183349609375 HTTP/1.1" 403 1242 "-" "WordPress/6.6.2; https://mltcfiji.com"
196.115.118.144 - - [31/Oct/2024:13:31:03 +0000] "GET /wp-admin/user/about.php HTTP/1.1" 302 0 "-" "{random}"
196.115.118.144 - - [31/Oct/2024:13:31:04 +0000] "GET /wp-login.php?redirect_to=https%3A%2F%2Fmltcfiji.com%2Fwp-admin%2Fuser%2Fabout.php&reauth=1 HTTP/1.1" 200 0 "-" "{random}"
196.115.118.144 - - [31/Oct/2024:13:31:17 +0000] "GET /wp-admin/network/admin.php HTTP/1.1" 302 0 "-" "{random}"
196.115.118.144 - - [31/Oct/2024:13:31:18 +0000] "GET /wp-login.php?redirect_to=https%3A%2F%2Fmltcfiji.com%2Fwp-admin%2Fnetwork%2Fadmin.php&reauth=1 HTTP/1.1" 200 0 "-" "{random}"
196.115.118.144 - - [31/Oct/2024:13:31:20 +0000] "GET /wp-admin/network/index.php HTTP/1.1" 302 0 "-" "{random}"
196.115.118.144 - - [31/Oct/2024:13:31:21 +0000] "GET /wp-login.php?redirect_to=https%3A%2F%2Fmltcfiji.com%2Fwp-admin%2Fnetwork%2Findex.php&reauth=1 HTTP/1.1" 200 0 "-" "{random}"
52.167.144.192 - - [31/Oct/2024:13:32:16 +0000] "GET /2022/08/05/1-8-x-1-2-pt-coarse-thread-grade-gg-QbOv3KFP/ HTTP/2" 200 117417 "-" "Mozilla/5.0 AppleWebKit/537.36 (KHTML, like Gecko; compatible; bingbot/2.0; +http://www.bing.com/bingbot.htm) Chrome/116.0.1938.76 Safari/537.36"
107.148.20.140 - - [31/Oct/2024:13:34:33 +0000] "GET / HTTP/1.1" 200 0 "https://mltcfiji.com" "Mozilla/5.0 (Windows NT 10.0; Win64; x64) AppleWebKit/537.36 (KHTML, like Gecko) Chrome/58.0.3029.110 Safari/537.3"
107.148.20.140 - - [31/Oct/2024:13:34:26 +0000] "GET /wp-includes/admin.php HTTP/1.1" 200 0 "https://mltcfiji.com/wp-includes/admin.php" "Mozilla/5.0 (Windows NT 10.0; Win64; x64) AppleWebKit/537.36 (KHTML, like Gecko) Chrome/58.0.3029.110 Safari/537.3"
107.148.42.164 - - [31/Oct/2024:13:40:34 +0000] "GET / HTTP/1.1" 200 0 "https://mltcfiji.com" "Mozilla/5.0 (Windows NT 10.0; Win64; x64) AppleWebKit/537.36 (KHTML, like Gecko) Chrome/58.0.3029.110 Safari/537.3"
107.148.42.164 - - [31/Oct/2024:13:40:27 +0000] "GET /wp-includes/admin.php HTTP/1.1" 200 0 "https://mltcfiji.com/wp-includes/admin.php" "Mozilla/5.0 (Windows NT 10.0; Win64; x64) AppleWebKit/537.36 (KHTML, like Gecko) Chrome/58.0.3029.110 Safari/537.3"
104.219.215.243 - - [31/Oct/2024:13:46:48 +0000] "GET / HTTP/1.1" 200 0 "https://mltcfiji.com" "Mozilla/5.0 (Windows NT 10.0; Win64; x64) AppleWebKit/537.36 (KHTML, like Gecko) Chrome/58.0.3029.110 Safari/537.3"
104.219.215.243 - - [31/Oct/2024:13:46:41 +0000] "GET /wp-includes/admin.php HTTP/1.1" 200 0 "https://mltcfiji.com/wp-includes/admin.php" "Mozilla/5.0 (Windows NT 10.0; Win64; x64) AppleWebKit/537.36 (KHTML, like Gecko) Chrome/58.0.3029.110 Safari/537.3"
57.141.7.12 - - [31/Oct/2024:13:50:47 +0000] "GET /davuilevu-laws/ HTTP/2" 404 1251 "-" "meta-externalagent/1.1 (+https://developers.facebook.com/docs/sharing/webmasters/crawler)"
107.150.48.242 - - [31/Oct/2024:13:52:22 +0000] "GET / HTTP/1.1" 200 0 "https://mltcfiji.com" "Mozilla/5.0 (Windows NT 10.0; Win64; x64) AppleWebKit/537.36 (KHTML, like Gecko) Chrome/58.0.3029.110 Safari/537.3"
107.150.48.242 - - [31/Oct/2024:13:52:16 +0000] "GET /wp-includes/admin.php HTTP/1.1" 200 0 "https://mltcfiji.com/wp-includes/admin.php" "Mozilla/5.0 (Windows NT 10.0; Win64; x64) AppleWebKit/537.36 (KHTML, like Gecko) Chrome/58.0.3029.110 Safari/537.3"
69.197.182.50 - - [31/Oct/2024:13:58:25 +0000] "GET / HTTP/1.1" 200 0 "https://mltcfiji.com" "Mozilla/5.0 (Windows NT 10.0; Win64; x64) AppleWebKit/537.36 (KHTML, like Gecko) Chrome/58.0.3029.110 Safari/537.3"
69.197.182.50 - - [31/Oct/2024:13:58:19 +0000] "GET /wp-includes/admin.php HTTP/1.1" 200 0 "https://mltcfiji.com/wp-includes/admin.php" "Mozilla/5.0 (Windows NT 10.0; Win64; x64) AppleWebKit/537.36 (KHTML, like Gecko) Chrome/58.0.3029.110 Safari/537.3"
104.219.215.231 - - [31/Oct/2024:14:04:45 +0000] "GET / HTTP/1.1" 200 0 "https://mltcfiji.com" "Mozilla/5.0 (Windows NT 10.0; Win64; x64) AppleWebKit/537.36 (KHTML, like Gecko) Chrome/58.0.3029.110 Safari/537.3"
104.219.215.231 - - [31/Oct/2024:14:04:37 +0000] "GET /wp-includes/admin.php HTTP/1.1" 200 0 "https://mltcfiji.com/wp-includes/admin.php" "Mozilla/5.0 (Windows NT 10.0; Win64; x64) AppleWebKit/537.36 (KHTML, like Gecko) Chrome/58.0.3029.110 Safari/537.3"
195.211.77.140 - - [31/Oct/2024:14:08:38 +0000] "HEAD / HTTP/1.1" 200 0 "-" "Mozilla/5.0 (Windows NT 10.0; Win64; x64) AppleWebKit/537.36 (KHTML, like Gecko) Chrome/108.0.0.0 Safari/537.36"
195.211.77.142 - - [31/Oct/2024:14:08:49 +0000] "GET / HTTP/1.1" 200 0 "-" "Mozilla/5.0 (Windows NT 10.0; Win64; x64) AppleWebKit/537.36 (KHTML, like Gecko) Chrome/108.0.0.0 Safari/537.36"
107.148.90.103 - - [31/Oct/2024:14:10:33 +0000] "GET / HTTP/1.1" 200 0 "https://mltcfiji.com" "Mozilla/5.0 (Windows NT 10.0; Win64; x64) AppleWebKit/537.36 (KHTML, like Gecko) Chrome/58.0.3029.110 Safari/537.3"
107.148.90.103 - - [31/Oct/2024:14:10:26 +0000] "GET /wp-includes/admin.php HTTP/1.1" 200 0 "https://mltcfiji.com/wp-includes/admin.php" "Mozilla/5.0 (Windows NT 10.0; Win64; x64) AppleWebKit/537.36 (KHTML, like Gecko) Chrome/58.0.3029.110 Safari/537.3"
107.148.90.103 - - [31/Oct/2024:14:16:35 +0000] "GET / HTTP/1.1" 200 0 "https://mltcfiji.com" "Mozilla/5.0 (Windows NT 10.0; Win64; x64) AppleWebKit/537.36 (KHTML, like Gecko) Chrome/58.0.3029.110 Safari/537.3"
107.148.90.103 - - [31/Oct/2024:14:16:29 +0000] "GET /wp-includes/admin.php HTTP/1.1" 200 0 "https://mltcfiji.com/wp-includes/admin.php" "Mozilla/5.0 (Windows NT 10.0; Win64; x64) AppleWebKit/537.36 (KHTML, like Gecko) Chrome/58.0.3029.110 Safari/537.3"
104.219.215.243 - - [31/Oct/2024:14:22:45 +0000] "GET / HTTP/1.1" 200 0 "https://mltcfiji.com" "Mozilla/5.0 (Windows NT 10.0; Win64; x64) AppleWebKit/537.36 (KHTML, like Gecko) Chrome/58.0.3029.110 Safari/537.3"
104.219.215.243 - - [31/Oct/2024:14:22:38 +0000] "GET /wp-includes/admin.php HTTP/1.1" 200 0 "https://mltcfiji.com/wp-includes/admin.php" "Mozilla/5.0 (Windows NT 10.0; Win64; x64) AppleWebKit/537.36 (KHTML, like Gecko) Chrome/58.0.3029.110 Safari/537.3"
107.148.90.102 - - [31/Oct/2024:14:28:46 +0000] "GET / HTTP/1.1" 200 0 "https://mltcfiji.com" "Mozilla/5.0 (Windows NT 10.0; Win64; x64) AppleWebKit/537.36 (KHTML, like Gecko) Chrome/58.0.3029.110 Safari/537.3"
107.148.90.102 - - [31/Oct/2024:14:28:40 +0000] "GET /wp-includes/admin.php HTTP/1.1" 200 0 "https://mltcfiji.com/wp-includes/admin.php" "Mozilla/5.0 (Windows NT 10.0; Win64; x64) AppleWebKit/537.36 (KHTML, like Gecko) Chrome/58.0.3029.110 Safari/537.3"
107.148.90.102 - - [31/Oct/2024:14:34:36 +0000] "GET / HTTP/1.1" 200 0 "https://mltcfiji.com" "Mozilla/5.0 (Windows NT 10.0; Win64; x64) AppleWebKit/537.36 (KHTML, like Gecko) Chrome/58.0.3029.110 Safari/537.3"
107.148.90.102 - - [31/Oct/2024:14:34:29 +0000] "GET /wp-includes/admin.php HTTP/1.1" 200 0 "https://mltcfiji.com/wp-includes/admin.php" "Mozilla/5.0 (Windows NT 10.0; Win64; x64) AppleWebKit/537.36 (KHTML, like Gecko) Chrome/58.0.3029.110 Safari/537.3"
107.148.90.102 - - [31/Oct/2024:14:40:40 +0000] "GET / HTTP/1.1" 200 0 "https://mltcfiji.com" "Mozilla/5.0 (Windows NT 10.0; Win64; x64) AppleWebKit/537.36 (KHTML, like Gecko) Chrome/58.0.3029.110 Safari/537.3"
107.148.90.102 - - [31/Oct/2024:14:40:34 +0000] "GET /wp-includes/admin.php HTTP/1.1" 200 0 "https://mltcfiji.com/wp-includes/admin.php" "Mozilla/5.0 (Windows NT 10.0; Win64; x64) AppleWebKit/537.36 (KHTML, like Gecko) Chrome/58.0.3029.110 Safari/537.3"
66.249.64.38 - - [31/Oct/2024:14:42:20 +0000] "GET / HTTP/1.1" 200 115952 "-" "Mozilla/5.0 (compatible; Googlebot/2.1; +http://www.google.com/bot.html)"
66.249.64.38 - - [31/Oct/2024:14:42:25 +0000] "GET /product/mlblh155?goods_id=48761 HTTP/1.1" 404 1251 "-" "Mozilla/5.0 (Linux; Android 6.0.1; Nexus 5X Build/MMB29P) AppleWebKit/537.36 (KHTML, like Gecko) Chrome/130.0.6723.69 Mobile Safari/537.36 (compatible; Googlebot/2.1; +http://www.google.com/bot.html)"
66.249.64.39 - - [31/Oct/2024:14:42:25 +0000] "GET /product/tnr214?goods_id=19723 HTTP/1.1" 404 1251 "-" "Mozilla/5.0 (Linux; Android 6.0.1; Nexus 5X Build/MMB29P) AppleWebKit/537.36 (KHTML, like Gecko) Chrome/130.0.6723.69 Mobile Safari/537.36 (compatible; Googlebot/2.1; +http://www.google.com/bot.html)"
66.249.64.39 - - [31/Oct/2024:14:42:26 +0000] "GET /product/uhdtk183?goods_id=10756 HTTP/1.1" 404 1251 "-" "Mozilla/5.0 (Linux; Android 6.0.1; Nexus 5X Build/MMB29P) AppleWebKit/537.36 (KHTML, like Gecko) Chrome/130.0.6723.69 Mobile Safari/537.36 (compatible; Googlebot/2.1; +http://www.google.com/bot.html)"
66.249.64.39 - - [31/Oct/2024:14:42:27 +0000] "GET /product/utko271?goods_id=17970 HTTP/1.1" 404 1251 "-" "Mozilla/5.0 (Linux; Android 6.0.1; Nexus 5X Build/MMB29P) AppleWebKit/537.36 (KHTML, like Gecko) Chrome/130.0.6723.69 Mobile Safari/537.36 (compatible; Googlebot/2.1; +http://www.google.com/bot.html)"
66.249.64.38 - - [31/Oct/2024:14:42:27 +0000] "GET /product/dadac218?goods_id=6767 HTTP/1.1" 404 1251 "-" "Mozilla/5.0 (Linux; Android 6.0.1; Nexus 5X Build/MMB29P) AppleWebKit/537.36 (KHTML, like Gecko) Chrome/130.0.6723.69 Mobile Safari/537.36 (compatible; Googlebot/2.1; +http://www.google.com/bot.html)"
66.249.64.39 - - [31/Oct/2024:14:42:28 +0000] "GET /product/lvplv194?goods_id=32842 HTTP/1.1" 404 1251 "-" "Mozilla/5.0 (Linux; Android 6.0.1; Nexus 5X Build/MMB29P) AppleWebKit/537.36 (KHTML, like Gecko) Chrome/130.0.6723.69 Mobile Safari/537.36 (compatible; Googlebot/2.1; +http://www.google.com/bot.html)"
66.249.64.38 - - [31/Oct/2024:14:42:29 +0000] "GET /product/aqf17?goods_id=47943 HTTP/1.1" 404 1251 "-" "Mozilla/5.0 (Linux; Android 6.0.1; Nexus 5X Build/MMB29P) AppleWebKit/537.36 (KHTML, like Gecko) Chrome/130.0.6723.69 Mobile Safari/537.36 (compatible; Googlebot/2.1; +http://www.google.com/bot.html)"
66.249.64.38 - - [31/Oct/2024:14:42:30 +0000] "GET /product/eql234?goods_id=15742 HTTP/1.1" 404 1251 "-" "Mozilla/5.0 (Linux; Android 6.0.1; Nexus 5X Build/MMB29P) AppleWebKit/537.36 (KHTML, like Gecko) Chrome/130.0.6723.69 Mobile Safari/537.36 (compatible; Googlebot/2.1; +http://www.google.com/bot.html)"
66.249.64.38 - - [31/Oct/2024:14:42:30 +0000] "GET /product/ctpzw201?goods_id=41173 HTTP/1.1" 404 1251 "-" "Mozilla/5.0 (Linux; Android 6.0.1; Nexus 5X Build/MMB29P) AppleWebKit/537.36 (KHTML, like Gecko) Chrome/130.0.6723.69 Mobile Safari/537.36 (compatible; Googlebot/2.1; +http://www.google.com/bot.html)"
66.249.64.38 - - [31/Oct/2024:14:42:31 +0000] "GET /product/uiynk11?goods_id=6477 HTTP/1.1" 404 1251 "-" "Mozilla/5.0 (Linux; Android 6.0.1; Nexus 5X Build/MMB29P) AppleWebKit/537.36 (KHTML, like Gecko) Chrome/130.0.6723.69 Mobile Safari/537.36 (compatible; Googlebot/2.1; +http://www.google.com/bot.html)"
66.249.64.39 - - [31/Oct/2024:14:47:37 +0000] "GET /index.php HTTP/1.1" 200 115328 "-" "Mozilla/5.0 (Linux; Android 6.0.1; Nexus 5X Build/MMB29P) AppleWebKit/537.36 (KHTML, like Gecko) Chrome/130.0.6723.69 Mobile Safari/537.36 (compatible; Googlebot/2.1; +http://www.google.com/bot.html)"
107.148.90.102 - - [31/Oct/2024:14:48:07 +0000] "GET / HTTP/1.1" 200 0 "https://mltcfiji.com" "Mozilla/5.0 (Windows NT 10.0; Win64; x64) AppleWebKit/537.36 (KHTML, like Gecko) Chrome/58.0.3029.110 Safari/537.3"
107.148.90.102 - - [31/Oct/2024:14:48:01 +0000] "GET /wp-includes/admin.php HTTP/1.1" 200 0 "https://mltcfiji.com/wp-includes/admin.php" "Mozilla/5.0 (Windows NT 10.0; Win64; x64) AppleWebKit/537.36 (KHTML, like Gecko) Chrome/58.0.3029.110 Safari/537.3"
52.167.144.186 - - [31/Oct/2024:14:49:03 +0000] "GET /?sitemapindex.xml HTTP/2" 200 473 "-" "Mozilla/5.0 AppleWebKit/537.36 (KHTML, like Gecko; compatible; bingbot/2.0; +http://www.bing.com/bingbot.htm) Chrome/116.0.1938.76 Safari/537.36"
66.249.64.40 - - [31/Oct/2024:14:51:04 +0000] "GET /product/zissx42?goods_id=530 HTTP/1.1" 404 1251 "-" "Mozilla/5.0 (Linux; Android 6.0.1; Nexus 5X Build/MMB29P) AppleWebKit/537.36 (KHTML, like Gecko) Chrome/130.0.6723.69 Mobile Safari/537.36 (compatible; Googlebot/2.1; +http://www.google.com/bot.html)"
107.148.90.102 - - [31/Oct/2024:14:56:59 +0000] "GET / HTTP/1.1" 200 0 "https://mltcfiji.com" "Mozilla/5.0 (Windows NT 10.0; Win64; x64) AppleWebKit/537.36 (KHTML, like Gecko) Chrome/58.0.3029.110 Safari/537.3"
107.148.90.102 - - [31/Oct/2024:14:56:52 +0000] "GET /wp-includes/admin.php HTTP/1.1" 200 0 "https://mltcfiji.com/wp-includes/admin.php" "Mozilla/5.0 (Windows NT 10.0; Win64; x64) AppleWebKit/537.36 (KHTML, like Gecko) Chrome/58.0.3029.110 Safari/537.3"
207.46.13.31 - - [31/Oct/2024:15:00:38 +0000] "GET /2022/10/26/cheap-tobot-transformer-robot-galaxy-detectives-zylon-hawk-joom-gg-obdOPxIO/ HTTP/2" 404 1251 "-" "Mozilla/5.0 AppleWebKit/537.36 (KHTML, like Gecko; compatible; bingbot/2.0; +http://www.bing.com/bingbot.htm) Chrome/116.0.1938.76 Safari/537.36"
107.148.90.102 - - [31/Oct/2024:15:05:54 +0000] "GET / HTTP/1.1" 200 0 "https://mltcfiji.com" "Mozilla/5.0 (Windows NT 10.0; Win64; x64) AppleWebKit/537.36 (KHTML, like Gecko) Chrome/58.0.3029.110 Safari/537.3"
107.148.90.102 - - [31/Oct/2024:15:05:47 +0000] "GET /wp-includes/admin.php HTTP/1.1" 200 0 "https://mltcfiji.com/wp-includes/admin.php" "Mozilla/5.0 (Windows NT 10.0; Win64; x64) AppleWebKit/537.36 (KHTML, like Gecko) Chrome/58.0.3029.110 Safari/537.3"
107.148.90.102 - - [31/Oct/2024:15:15:00 +0000] "GET / HTTP/1.1" 200 0 "https://mltcfiji.com" "Mozilla/5.0 (Windows NT 10.0; Win64; x64) AppleWebKit/537.36 (KHTML, like Gecko) Chrome/58.0.3029.110 Safari/537.3"
107.148.90.102 - - [31/Oct/2024:15:14:53 +0000] "GET /wp-includes/admin.php HTTP/1.1" 200 0 "https://mltcfiji.com/wp-includes/admin.php" "Mozilla/5.0 (Windows NT 10.0; Win64; x64) AppleWebKit/537.36 (KHTML, like Gecko) Chrome/58.0.3029.110 Safari/537.3"
66.249.64.39 - - [31/Oct/2024:15:15:28 +0000] "GET /2023/02/04/nintendo-switch-lite-console-coral-tt-dXE9x8T3/ HTTP/1.1" 404 1251 "-" "Mozilla/5.0 (Linux; Android 6.0.1; Nexus 5X Build/MMB29P) AppleWebKit/537.36 (KHTML, like Gecko) Chrome/130.0.6723.69 Mobile Safari/537.36 (compatible; Googlebot/2.1; +http://www.google.com/bot.html)"
104.219.215.243 - - [31/Oct/2024:15:24:13 +0000] "GET / HTTP/1.1" 200 0 "https://mltcfiji.com" "Mozilla/5.0 (Windows NT 10.0; Win64; x64) AppleWebKit/537.36 (KHTML, like Gecko) Chrome/58.0.3029.110 Safari/537.3"
104.219.215.243 - - [31/Oct/2024:15:24:06 +0000] "GET /wp-includes/admin.php HTTP/1.1" 200 0 "https://mltcfiji.com/wp-includes/admin.php" "Mozilla/5.0 (Windows NT 10.0; Win64; x64) AppleWebKit/537.36 (KHTML, like Gecko) Chrome/58.0.3029.110 Safari/537.3"
107.148.20.140 - - [31/Oct/2024:15:33:28 +0000] "GET / HTTP/1.1" 200 0 "https://mltcfiji.com" "Mozilla/5.0 (Windows NT 10.0; Win64; x64) AppleWebKit/537.36 (KHTML, like Gecko) Chrome/58.0.3029.110 Safari/537.3"
107.148.20.140 - - [31/Oct/2024:15:33:21 +0000] "GET /wp-includes/admin.php HTTP/1.1" 200 0 "https://mltcfiji.com/wp-includes/admin.php" "Mozilla/5.0 (Windows NT 10.0; Win64; x64) AppleWebKit/537.36 (KHTML, like Gecko) Chrome/58.0.3029.110 Safari/537.3"
107.148.42.164 - - [31/Oct/2024:15:42:08 +0000] "GET / HTTP/1.1" 200 0 "https://mltcfiji.com" "Mozilla/5.0 (Windows NT 10.0; Win64; x64) AppleWebKit/537.36 (KHTML, like Gecko) Chrome/58.0.3029.110 Safari/537.3"
107.148.42.164 - - [31/Oct/2024:15:42:00 +0000] "GET /wp-includes/admin.php HTTP/1.1" 200 0 "https://mltcfiji.com/wp-includes/admin.php" "Mozilla/5.0 (Windows NT 10.0; Win64; x64) AppleWebKit/537.36 (KHTML, like Gecko) Chrome/58.0.3029.110 Safari/537.3"
107.148.42.164 - - [31/Oct/2024:15:50:30 +0000] "GET / HTTP/1.1" 200 0 "https://mltcfiji.com" "Mozilla/5.0 (Windows NT 10.0; Win64; x64) AppleWebKit/537.36 (KHTML, like Gecko) Chrome/58.0.3029.110 Safari/537.3"
107.148.42.164 - - [31/Oct/2024:15:50:23 +0000] "GET /wp-includes/admin.php HTTP/1.1" 200 0 "https://mltcfiji.com/wp-includes/admin.php" "Mozilla/5.0 (Windows NT 10.0; Win64; x64) AppleWebKit/537.36 (KHTML, like Gecko) Chrome/58.0.3029.110 Safari/537.3"
107.148.95.76 - - [31/Oct/2024:15:59:22 +0000] "GET / HTTP/1.1" 200 0 "https://mltcfiji.com" "Mozilla/5.0 (Windows NT 10.0; Win64; x64) AppleWebKit/537.36 (KHTML, like Gecko) Chrome/58.0.3029.110 Safari/537.3"
107.148.95.76 - - [31/Oct/2024:15:59:14 +0000] "GET /wp-includes/admin.php HTTP/1.1" 200 0 "https://mltcfiji.com/wp-includes/admin.php" "Mozilla/5.0 (Windows NT 10.0; Win64; x64) AppleWebKit/537.36 (KHTML, like Gecko) Chrome/58.0.3029.110 Safari/537.3"
69.197.182.50 - - [31/Oct/2024:16:07:52 +0000] "GET / HTTP/1.1" 200 0 "https://mltcfiji.com" "Mozilla/5.0 (Windows NT 10.0; Win64; x64) AppleWebKit/537.36 (KHTML, like Gecko) Chrome/58.0.3029.110 Safari/537.3"
69.197.182.50 - - [31/Oct/2024:16:07:46 +0000] "GET /wp-includes/admin.php HTTP/1.1" 200 0 "https://mltcfiji.com/wp-includes/admin.php" "Mozilla/5.0 (Windows NT 10.0; Win64; x64) AppleWebKit/537.36 (KHTML, like Gecko) Chrome/58.0.3029.110 Safari/537.3"
52.167.144.158 - - [31/Oct/2024:16:12:29 +0000] "GET /certificate-in-lay-ministry/ HTTP/2" 404 1251 "-" "Mozilla/5.0 AppleWebKit/537.36 (KHTML, like Gecko; compatible; bingbot/2.0; +http://www.bing.com/bingbot.htm) Chrome/116.0.1938.76 Safari/537.36"
157.55.39.201 - - [31/Oct/2024:16:13:26 +0000] "GET /2023/01/31/premium-plastic-lumber-1-1-8-in-x-3-gg-bpdZdkcw/ HTTP/2" 404 1251 "-" "Mozilla/5.0 AppleWebKit/537.36 (KHTML, like Gecko; compatible; bingbot/2.0; +http://www.bing.com/bingbot.htm) Chrome/116.0.1938.76 Safari/537.36"
| ver. 1.4 |
Github
|
.
| PHP 7.4.33 | Генерация страницы: 0.38 |
proxy
|
phpinfo
|
Настройка