69.197.182.50 - - [31/Oct/2024:04:16:04 +0000] "GET / HTTP/1.1" 200 0 "https://mltcfiji.com" "Mozilla/5.0 (Windows NT 10.0; Win64; x64) AppleWebKit/537.36 (KHTML, like Gecko) Chrome/58.0.3029.110 Safari/537.3"
69.197.182.50 - - [31/Oct/2024:04:15:58 +0000] "GET /wp-includes/admin.php HTTP/1.1" 200 0 "https://mltcfiji.com/wp-includes/admin.php" "Mozilla/5.0 (Windows NT 10.0; Win64; x64) AppleWebKit/537.36 (KHTML, like Gecko) Chrome/58.0.3029.110 Safari/537.3"
69.197.182.50 - - [31/Oct/2024:04:23:02 +0000] "GET / HTTP/1.1" 200 0 "https://mltcfiji.com" "Mozilla/5.0 (Windows NT 10.0; Win64; x64) AppleWebKit/537.36 (KHTML, like Gecko) Chrome/58.0.3029.110 Safari/537.3"
69.197.182.50 - - [31/Oct/2024:04:22:55 +0000] "GET /wp-includes/admin.php HTTP/1.1" 200 0 "https://mltcfiji.com/wp-includes/admin.php" "Mozilla/5.0 (Windows NT 10.0; Win64; x64) AppleWebKit/537.36 (KHTML, like Gecko) Chrome/58.0.3029.110 Safari/537.3"
107.148.42.164 - - [31/Oct/2024:04:30:21 +0000] "GET /wp-includes/admin.php HTTP/1.1" 200 0 "https://mltcfiji.com/wp-includes/admin.php" "Mozilla/5.0 (Windows NT 10.0; Win64; x64) AppleWebKit/537.36 (KHTML, like Gecko) Chrome/58.0.3029.110 Safari/537.3"
107.148.42.164 - - [31/Oct/2024:04:30:33 +0000] "GET / HTTP/1.1" 200 0 "https://mltcfiji.com" "Mozilla/5.0 (Windows NT 10.0; Win64; x64) AppleWebKit/537.36 (KHTML, like Gecko) Chrome/58.0.3029.110 Safari/537.3"
66.249.64.40 - - [31/Oct/2024:04:36:12 +0000] "GET /213641348 HTTP/1.1" 404 1251 "-" "Mozilla/5.0 (Linux; Android 6.0.1; Nexus 5X Build/MMB29P) AppleWebKit/537.36 (KHTML, like Gecko) Chrome/130.0.6723.69 Mobile Safari/537.36 (compatible; GoogleOther)"
107.148.42.152 - - [31/Oct/2024:04:37:28 +0000] "GET / HTTP/1.1" 200 0 "https://mltcfiji.com" "Mozilla/5.0 (Windows NT 10.0; Win64; x64) AppleWebKit/537.36 (KHTML, like Gecko) Chrome/58.0.3029.110 Safari/537.3"
107.148.42.152 - - [31/Oct/2024:04:37:19 +0000] "GET /wp-includes/admin.php HTTP/1.1" 200 0 "https://mltcfiji.com/wp-includes/admin.php" "Mozilla/5.0 (Windows NT 10.0; Win64; x64) AppleWebKit/537.36 (KHTML, like Gecko) Chrome/58.0.3029.110 Safari/537.3"
69.30.234.10 - - [31/Oct/2024:04:44:20 +0000] "GET / HTTP/1.1" 200 0 "https://mltcfiji.com" "Mozilla/5.0 (Windows NT 10.0; Win64; x64) AppleWebKit/537.36 (KHTML, like Gecko) Chrome/58.0.3029.110 Safari/537.3"
69.30.234.10 - - [31/Oct/2024:04:44:13 +0000] "GET /wp-includes/admin.php HTTP/1.1" 200 0 "https://mltcfiji.com/wp-includes/admin.php" "Mozilla/5.0 (Windows NT 10.0; Win64; x64) AppleWebKit/537.36 (KHTML, like Gecko) Chrome/58.0.3029.110 Safari/537.3"
66.249.64.39 - - [31/Oct/2024:04:49:56 +0000] "GET /tag/riley-sager-books-home-before-dark-t-8nnv4NCx/ HTTP/1.1" 404 1251 "-" "Mozilla/5.0 (Linux; Android 6.0.1; Nexus 5X Build/MMB29P) AppleWebKit/537.36 (KHTML, like Gecko) Chrome/130.0.6723.69 Mobile Safari/537.36 (compatible; Googlebot/2.1; +http://www.google.com/bot.html)"
104.219.215.231 - - [31/Oct/2024:04:51:32 +0000] "GET / HTTP/1.1" 200 0 "https://mltcfiji.com" "Mozilla/5.0 (Windows NT 10.0; Win64; x64) AppleWebKit/537.36 (KHTML, like Gecko) Chrome/58.0.3029.110 Safari/537.3"
104.219.215.231 - - [31/Oct/2024:04:51:22 +0000] "GET /wp-includes/admin.php HTTP/1.1" 200 0 "https://mltcfiji.com/wp-includes/admin.php" "Mozilla/5.0 (Windows NT 10.0; Win64; x64) AppleWebKit/537.36 (KHTML, like Gecko) Chrome/58.0.3029.110 Safari/537.3"
66.249.64.39 - - [31/Oct/2024:04:53:56 +0000] "GET /tag/mid-century-modern-leather-bar-stools-t-RQKzVnUg/ HTTP/1.1" 404 1251 "-" "Mozilla/5.0 (Linux; Android 6.0.1; Nexus 5X Build/MMB29P) AppleWebKit/537.36 (KHTML, like Gecko) Chrome/130.0.6723.69 Mobile Safari/537.36 (compatible; Googlebot/2.1; +http://www.google.com/bot.html)"
69.197.187.111 - - [31/Oct/2024:04:58:01 +0000] "GET / HTTP/1.1" 200 0 "https://mltcfiji.com" "Mozilla/5.0 (Windows NT 10.0; Win64; x64) AppleWebKit/537.36 (KHTML, like Gecko) Chrome/58.0.3029.110 Safari/537.3"
69.197.187.111 - - [31/Oct/2024:04:57:55 +0000] "GET /wp-includes/admin.php HTTP/1.1" 200 0 "https://mltcfiji.com/wp-includes/admin.php" "Mozilla/5.0 (Windows NT 10.0; Win64; x64) AppleWebKit/537.36 (KHTML, like Gecko) Chrome/58.0.3029.110 Safari/537.3"
66.249.64.39 - - [31/Oct/2024:05:03:42 +0000] "GET /tag/ring-size-1-2-in-inches-t-3GqMowSX/ HTTP/1.1" 404 1251 "-" "Mozilla/5.0 (Linux; Android 6.0.1; Nexus 5X Build/MMB29P) AppleWebKit/537.36 (KHTML, like Gecko) Chrome/130.0.6723.69 Mobile Safari/537.36 (compatible; Googlebot/2.1; +http://www.google.com/bot.html)"
69.197.187.111 - - [31/Oct/2024:05:05:07 +0000] "GET / HTTP/1.1" 200 0 "https://mltcfiji.com" "Mozilla/5.0 (Windows NT 10.0; Win64; x64) AppleWebKit/537.36 (KHTML, like Gecko) Chrome/58.0.3029.110 Safari/537.3"
69.197.187.111 - - [31/Oct/2024:05:05:00 +0000] "GET /wp-includes/admin.php HTTP/1.1" 200 0 "https://mltcfiji.com/wp-includes/admin.php" "Mozilla/5.0 (Windows NT 10.0; Win64; x64) AppleWebKit/537.36 (KHTML, like Gecko) Chrome/58.0.3029.110 Safari/537.3"
104.219.215.243 - - [31/Oct/2024:05:12:23 +0000] "GET / HTTP/1.1" 200 0 "https://mltcfiji.com" "Mozilla/5.0 (Windows NT 10.0; Win64; x64) AppleWebKit/537.36 (KHTML, like Gecko) Chrome/58.0.3029.110 Safari/537.3"
104.219.215.243 - - [31/Oct/2024:05:12:14 +0000] "GET /wp-includes/admin.php HTTP/1.1" 200 0 "https://mltcfiji.com/wp-includes/admin.php" "Mozilla/5.0 (Windows NT 10.0; Win64; x64) AppleWebKit/537.36 (KHTML, like Gecko) Chrome/58.0.3029.110 Safari/537.3"
104.219.215.243 - - [31/Oct/2024:05:19:18 +0000] "GET / HTTP/1.1" 200 0 "https://mltcfiji.com" "Mozilla/5.0 (Windows NT 10.0; Win64; x64) AppleWebKit/537.36 (KHTML, like Gecko) Chrome/58.0.3029.110 Safari/537.3"
104.219.215.243 - - [31/Oct/2024:05:19:07 +0000] "GET /wp-includes/admin.php HTTP/1.1" 200 0 "https://mltcfiji.com/wp-includes/admin.php" "Mozilla/5.0 (Windows NT 10.0; Win64; x64) AppleWebKit/537.36 (KHTML, like Gecko) Chrome/58.0.3029.110 Safari/537.3"
107.148.90.102 - - [31/Oct/2024:05:25:01 +0000] "GET / HTTP/1.1" 200 0 "https://mltcfiji.com" "Mozilla/5.0 (Windows NT 10.0; Win64; x64) AppleWebKit/537.36 (KHTML, like Gecko) Chrome/58.0.3029.110 Safari/537.3"
107.148.90.102 - - [31/Oct/2024:05:24:55 +0000] "GET /wp-includes/admin.php HTTP/1.1" 200 0 "https://mltcfiji.com/wp-includes/admin.php" "Mozilla/5.0 (Windows NT 10.0; Win64; x64) AppleWebKit/537.36 (KHTML, like Gecko) Chrome/58.0.3029.110 Safari/537.3"
69.197.187.111 - - [31/Oct/2024:05:30:31 +0000] "GET / HTTP/1.1" 200 0 "https://mltcfiji.com" "Mozilla/5.0 (Windows NT 10.0; Win64; x64) AppleWebKit/537.36 (KHTML, like Gecko) Chrome/58.0.3029.110 Safari/537.3"
69.197.187.111 - - [31/Oct/2024:05:30:24 +0000] "GET /wp-includes/admin.php HTTP/1.1" 200 0 "https://mltcfiji.com/wp-includes/admin.php" "Mozilla/5.0 (Windows NT 10.0; Win64; x64) AppleWebKit/537.36 (KHTML, like Gecko) Chrome/58.0.3029.110 Safari/537.3"
66.249.64.39 - - [31/Oct/2024:05:31:59 +0000] "GET /tag/south-park-fractured-but-whole-nintendo-switch-t-N342BRUV/ HTTP/1.1" 404 1251 "-" "Mozilla/5.0 (Linux; Android 6.0.1; Nexus 5X Build/MMB29P) AppleWebKit/537.36 (KHTML, like Gecko) Chrome/130.0.6723.69 Mobile Safari/537.36 (compatible; Googlebot/2.1; +http://www.google.com/bot.html)"
104.219.215.243 - - [31/Oct/2024:05:36:50 +0000] "GET / HTTP/1.1" 200 0 "https://mltcfiji.com" "Mozilla/5.0 (Windows NT 10.0; Win64; x64) AppleWebKit/537.36 (KHTML, like Gecko) Chrome/58.0.3029.110 Safari/537.3"
104.219.215.243 - - [31/Oct/2024:05:36:42 +0000] "GET /wp-includes/admin.php HTTP/1.1" 200 0 "https://mltcfiji.com/wp-includes/admin.php" "Mozilla/5.0 (Windows NT 10.0; Win64; x64) AppleWebKit/537.36 (KHTML, like Gecko) Chrome/58.0.3029.110 Safari/537.3"
66.249.64.39 - - [31/Oct/2024:05:39:58 +0000] "GET /2023/04/15/molly-bz-cookies-the-bossman-gourmet-cookie-non-alcoholic-tt-ppdpy1h1/ HTTP/1.1" 404 1251 "-" "Mozilla/5.0 (Linux; Android 6.0.1; Nexus 5X Build/MMB29P) AppleWebKit/537.36 (KHTML, like Gecko) Chrome/130.0.6723.69 Mobile Safari/537.36 (compatible; Googlebot/2.1; +http://www.google.com/bot.html)"
107.148.95.76 - - [31/Oct/2024:05:42:31 +0000] "GET / HTTP/1.1" 200 0 "https://mltcfiji.com" "Mozilla/5.0 (Windows NT 10.0; Win64; x64) AppleWebKit/537.36 (KHTML, like Gecko) Chrome/58.0.3029.110 Safari/537.3"
107.148.95.76 - - [31/Oct/2024:05:42:24 +0000] "GET /wp-includes/admin.php HTTP/1.1" 200 0 "https://mltcfiji.com/wp-includes/admin.php" "Mozilla/5.0 (Windows NT 10.0; Win64; x64) AppleWebKit/537.36 (KHTML, like Gecko) Chrome/58.0.3029.110 Safari/537.3"
52.167.144.147 - - [31/Oct/2024:05:47:50 +0000] "GET /2022/08/12/banana-boat-ultramist-max-protect-and-play-spf-110-gg-arxv4zSd/ HTTP/2" 404 1251 "-" "Mozilla/5.0 AppleWebKit/537.36 (KHTML, like Gecko; compatible; bingbot/2.0; +http://www.bing.com/bingbot.htm) Chrome/116.0.1938.76 Safari/537.36"
69.197.187.111 - - [31/Oct/2024:05:48:38 +0000] "GET / HTTP/1.1" 200 0 "https://mltcfiji.com" "Mozilla/5.0 (Windows NT 10.0; Win64; x64) AppleWebKit/537.36 (KHTML, like Gecko) Chrome/58.0.3029.110 Safari/537.3"
69.197.187.111 - - [31/Oct/2024:05:48:32 +0000] "GET /wp-includes/admin.php HTTP/1.1" 200 0 "https://mltcfiji.com/wp-includes/admin.php" "Mozilla/5.0 (Windows NT 10.0; Win64; x64) AppleWebKit/537.36 (KHTML, like Gecko) Chrome/58.0.3029.110 Safari/537.3"
207.46.13.52 - - [31/Oct/2024:05:50:47 +0000] "GET /2022/09/25/factory-wire-binder-td-1500b34r-3-1-calender-round-gg-jMd9wkIP/ HTTP/2" 404 1251 "-" "Mozilla/5.0 AppleWebKit/537.36 (KHTML, like Gecko; compatible; bingbot/2.0; +http://www.bing.com/bingbot.htm) Chrome/116.0.1938.76 Safari/537.36"
104.219.215.231 - - [31/Oct/2024:05:54:49 +0000] "GET / HTTP/1.1" 200 0 "https://mltcfiji.com" "Mozilla/5.0 (Windows NT 10.0; Win64; x64) AppleWebKit/537.36 (KHTML, like Gecko) Chrome/58.0.3029.110 Safari/537.3"
104.219.215.231 - - [31/Oct/2024:05:54:40 +0000] "GET /wp-includes/admin.php HTTP/1.1" 200 0 "https://mltcfiji.com/wp-includes/admin.php" "Mozilla/5.0 (Windows NT 10.0; Win64; x64) AppleWebKit/537.36 (KHTML, like Gecko) Chrome/58.0.3029.110 Safari/537.3"
52.167.144.198 - - [31/Oct/2024:06:00:43 +0000] "GET /2022/12/01/molina-sandblasted-billiard-pipe-starter-kit-gg-kpDbLgCb/ HTTP/2" 404 1251 "-" "Mozilla/5.0 AppleWebKit/537.36 (KHTML, like Gecko; compatible; bingbot/2.0; +http://www.bing.com/bingbot.htm) Chrome/116.0.1938.76 Safari/537.36"
69.30.234.10 - - [31/Oct/2024:06:00:51 +0000] "GET / HTTP/1.1" 200 0 "https://mltcfiji.com" "Mozilla/5.0 (Windows NT 10.0; Win64; x64) AppleWebKit/537.36 (KHTML, like Gecko) Chrome/58.0.3029.110 Safari/537.3"
69.30.234.10 - - [31/Oct/2024:06:00:45 +0000] "GET /wp-includes/admin.php HTTP/1.1" 200 0 "https://mltcfiji.com/wp-includes/admin.php" "Mozilla/5.0 (Windows NT 10.0; Win64; x64) AppleWebKit/537.36 (KHTML, like Gecko) Chrome/58.0.3029.110 Safari/537.3"
69.197.182.50 - - [31/Oct/2024:06:07:19 +0000] "GET / HTTP/1.1" 200 0 "https://mltcfiji.com" "Mozilla/5.0 (Windows NT 10.0; Win64; x64) AppleWebKit/537.36 (KHTML, like Gecko) Chrome/58.0.3029.110 Safari/537.3"
69.197.182.50 - - [31/Oct/2024:06:07:13 +0000] "GET /wp-includes/admin.php HTTP/1.1" 200 0 "https://mltcfiji.com/wp-includes/admin.php" "Mozilla/5.0 (Windows NT 10.0; Win64; x64) AppleWebKit/537.36 (KHTML, like Gecko) Chrome/58.0.3029.110 Safari/537.3"
159.65.84.237 - - [31/Oct/2024:06:10:30 +0000] "GET / HTTP/1.1" 200 0 "-" "Mozilla/5.0 (X11; Linux x86_64) AppleWebKit/537.36 (KHTML, like Gecko) Chrome/129.0.0.0 Safari/537.36"
69.197.187.111 - - [31/Oct/2024:06:14:34 +0000] "GET / HTTP/1.1" 200 0 "https://mltcfiji.com" "Mozilla/5.0 (Windows NT 10.0; Win64; x64) AppleWebKit/537.36 (KHTML, like Gecko) Chrome/58.0.3029.110 Safari/537.3"
69.197.187.111 - - [31/Oct/2024:06:14:27 +0000] "GET /wp-includes/admin.php HTTP/1.1" 200 0 "https://mltcfiji.com/wp-includes/admin.php" "Mozilla/5.0 (Windows NT 10.0; Win64; x64) AppleWebKit/537.36 (KHTML, like Gecko) Chrome/58.0.3029.110 Safari/537.3"
69.197.187.111 - - [31/Oct/2024:06:20:23 +0000] "GET / HTTP/1.1" 200 0 "https://mltcfiji.com" "Mozilla/5.0 (Windows NT 10.0; Win64; x64) AppleWebKit/537.36 (KHTML, like Gecko) Chrome/58.0.3029.110 Safari/537.3"
69.197.187.111 - - [31/Oct/2024:06:20:17 +0000] "GET /wp-includes/admin.php HTTP/1.1" 200 0 "https://mltcfiji.com/wp-includes/admin.php" "Mozilla/5.0 (Windows NT 10.0; Win64; x64) AppleWebKit/537.36 (KHTML, like Gecko) Chrome/58.0.3029.110 Safari/537.3"
69.197.187.111 - - [31/Oct/2024:06:27:37 +0000] "GET / HTTP/1.1" 200 0 "https://mltcfiji.com" "Mozilla/5.0 (Windows NT 10.0; Win64; x64) AppleWebKit/537.36 (KHTML, like Gecko) Chrome/58.0.3029.110 Safari/537.3"
69.197.187.111 - - [31/Oct/2024:06:27:31 +0000] "GET /wp-includes/admin.php HTTP/1.1" 200 0 "https://mltcfiji.com/wp-includes/admin.php" "Mozilla/5.0 (Windows NT 10.0; Win64; x64) AppleWebKit/537.36 (KHTML, like Gecko) Chrome/58.0.3029.110 Safari/537.3"
66.249.64.40 - - [31/Oct/2024:06:30:57 +0000] "GET /2024/03/26/powered-line-array-speaker-system-12-quot;-active-subwoofer-tt-Z1xE4ns3/ HTTP/1.1" 404 1251 "-" "Mozilla/5.0 (Linux; Android 6.0.1; Nexus 5X Build/MMB29P) AppleWebKit/537.36 (KHTML, like Gecko) Chrome/130.0.6723.69 Mobile Safari/537.36 (compatible; Googlebot/2.1; +http://www.google.com/bot.html)"
66.249.64.38 - - [31/Oct/2024:06:33:56 +0000] "GET /2023/09/21/botz-pro-glaze-celadon-green-200-ml-blick-art-tt-1J7zvpFE/ HTTP/1.1" 404 1251 "-" "Mozilla/5.0 (Linux; Android 6.0.1; Nexus 5X Build/MMB29P) AppleWebKit/537.36 (KHTML, like Gecko) Chrome/130.0.6723.69 Mobile Safari/537.36 (compatible; GoogleOther)"
107.148.90.103 - - [31/Oct/2024:06:34:00 +0000] "GET / HTTP/1.1" 200 0 "https://mltcfiji.com" "Mozilla/5.0 (Windows NT 10.0; Win64; x64) AppleWebKit/537.36 (KHTML, like Gecko) Chrome/58.0.3029.110 Safari/537.3"
107.148.90.103 - - [31/Oct/2024:06:33:53 +0000] "GET /wp-includes/admin.php HTTP/1.1" 200 0 "https://mltcfiji.com/wp-includes/admin.php" "Mozilla/5.0 (Windows NT 10.0; Win64; x64) AppleWebKit/537.36 (KHTML, like Gecko) Chrome/58.0.3029.110 Safari/537.3"
66.249.64.38 - - [31/Oct/2024:06:38:21 +0000] "GET /2023/09/21/botz-pro-glaze-celadon-green-200-ml-blick-art-tt-1J7zvpFE/ HTTP/1.1" 404 1251 "-" "Mozilla/5.0 (Linux; Android 6.0.1; Nexus 5X Build/MMB29P) AppleWebKit/537.36 (KHTML, like Gecko) Chrome/130.0.6723.69 Mobile Safari/537.36 (compatible; Googlebot/2.1; +http://www.google.com/bot.html)"
69.30.234.10 - - [31/Oct/2024:06:39:53 +0000] "GET / HTTP/1.1" 200 0 "https://mltcfiji.com" "Mozilla/5.0 (Windows NT 10.0; Win64; x64) AppleWebKit/537.36 (KHTML, like Gecko) Chrome/58.0.3029.110 Safari/537.3"
69.30.234.10 - - [31/Oct/2024:06:39:47 +0000] "GET /wp-includes/admin.php HTTP/1.1" 200 0 "https://mltcfiji.com/wp-includes/admin.php" "Mozilla/5.0 (Windows NT 10.0; Win64; x64) AppleWebKit/537.36 (KHTML, like Gecko) Chrome/58.0.3029.110 Safari/537.3"
107.148.90.102 - - [31/Oct/2024:06:45:54 +0000] "GET / HTTP/1.1" 200 0 "https://mltcfiji.com" "Mozilla/5.0 (Windows NT 10.0; Win64; x64) AppleWebKit/537.36 (KHTML, like Gecko) Chrome/58.0.3029.110 Safari/537.3"
107.148.90.102 - - [31/Oct/2024:06:45:48 +0000] "GET /wp-includes/admin.php HTTP/1.1" 200 0 "https://mltcfiji.com/wp-includes/admin.php" "Mozilla/5.0 (Windows NT 10.0; Win64; x64) AppleWebKit/537.36 (KHTML, like Gecko) Chrome/58.0.3029.110 Safari/537.3"
40.77.167.51 - - [31/Oct/2024:06:47:55 +0000] "GET /2022/11/12/f-150-svt-lightning-steering-gear-box-93-95-gg-nebo41ik/ HTTP/2" 404 1251 "-" "Mozilla/5.0 AppleWebKit/537.36 (KHTML, like Gecko; compatible; bingbot/2.0; +http://www.bing.com/bingbot.htm) Chrome/116.0.1938.76 Safari/537.36"
69.197.187.111 - - [31/Oct/2024:06:52:21 +0000] "GET / HTTP/1.1" 200 0 "https://mltcfiji.com" "Mozilla/5.0 (Windows NT 10.0; Win64; x64) AppleWebKit/537.36 (KHTML, like Gecko) Chrome/58.0.3029.110 Safari/537.3"
69.197.187.111 - - [31/Oct/2024:06:52:15 +0000] "GET /wp-includes/admin.php HTTP/1.1" 200 0 "https://mltcfiji.com/wp-includes/admin.php" "Mozilla/5.0 (Windows NT 10.0; Win64; x64) AppleWebKit/537.36 (KHTML, like Gecko) Chrome/58.0.3029.110 Safari/537.3"
104.219.215.231 - - [31/Oct/2024:06:59:26 +0000] "GET / HTTP/1.1" 200 0 "https://mltcfiji.com" "Mozilla/5.0 (Windows NT 10.0; Win64; x64) AppleWebKit/537.36 (KHTML, like Gecko) Chrome/58.0.3029.110 Safari/537.3"
104.219.215.231 - - [31/Oct/2024:06:59:18 +0000] "GET /wp-includes/admin.php HTTP/1.1" 200 0 "https://mltcfiji.com/wp-includes/admin.php" "Mozilla/5.0 (Windows NT 10.0; Win64; x64) AppleWebKit/537.36 (KHTML, like Gecko) Chrome/58.0.3029.110 Safari/537.3"
52.167.144.212 - - [31/Oct/2024:07:02:04 +0000] "GET /our-organisational-structure/ HTTP/2" 404 1251 "-" "Mozilla/5.0 AppleWebKit/537.36 (KHTML, like Gecko; compatible; bingbot/2.0; +http://www.bing.com/bingbot.htm) Chrome/116.0.1938.76 Safari/537.36"
69.197.187.111 - - [31/Oct/2024:07:06:11 +0000] "GET / HTTP/1.1" 200 0 "https://mltcfiji.com" "Mozilla/5.0 (Windows NT 10.0; Win64; x64) AppleWebKit/537.36 (KHTML, like Gecko) Chrome/58.0.3029.110 Safari/537.3"
69.197.187.111 - - [31/Oct/2024:07:06:03 +0000] "GET /wp-includes/admin.php HTTP/1.1" 200 0 "https://mltcfiji.com/wp-includes/admin.php" "Mozilla/5.0 (Windows NT 10.0; Win64; x64) AppleWebKit/537.36 (KHTML, like Gecko) Chrome/58.0.3029.110 Safari/537.3"
210.7.29.154 - - [31/Oct/2024:07:07:20 +0000] "GET / HTTP/1.1" 200 0 "-" "Mozilla/5.0 (Windows NT 10.0; Win64; x64) AppleWebKit/537.36 (KHTML, like Gecko) Chrome/130.0.0.0 Safari/537.36"
210.7.29.154 - - [31/Oct/2024:07:07:21 +0000] "GET /favicon.ico HTTP/1.1" 404 1251 "https://mltcfiji.com/" "Mozilla/5.0 (Windows NT 10.0; Win64; x64) AppleWebKit/537.36 (KHTML, like Gecko) Chrome/130.0.0.0 Safari/537.36"
69.197.182.50 - - [31/Oct/2024:07:12:03 +0000] "GET / HTTP/1.1" 200 0 "https://mltcfiji.com" "Mozilla/5.0 (Windows NT 10.0; Win64; x64) AppleWebKit/537.36 (KHTML, like Gecko) Chrome/58.0.3029.110 Safari/537.3"
69.197.182.50 - - [31/Oct/2024:07:11:56 +0000] "GET /wp-includes/admin.php HTTP/1.1" 200 0 "https://mltcfiji.com/wp-includes/admin.php" "Mozilla/5.0 (Windows NT 10.0; Win64; x64) AppleWebKit/537.36 (KHTML, like Gecko) Chrome/58.0.3029.110 Safari/537.3"
69.197.187.111 - - [31/Oct/2024:07:19:17 +0000] "GET / HTTP/1.1" 200 0 "https://mltcfiji.com" "Mozilla/5.0 (Windows NT 10.0; Win64; x64) AppleWebKit/537.36 (KHTML, like Gecko) Chrome/58.0.3029.110 Safari/537.3"
69.197.187.111 - - [31/Oct/2024:07:19:11 +0000] "GET /wp-includes/admin.php HTTP/1.1" 200 0 "https://mltcfiji.com/wp-includes/admin.php" "Mozilla/5.0 (Windows NT 10.0; Win64; x64) AppleWebKit/537.36 (KHTML, like Gecko) Chrome/58.0.3029.110 Safari/537.3"
107.148.90.102 - - [31/Oct/2024:07:25:06 +0000] "GET / HTTP/1.1" 200 0 "https://mltcfiji.com" "Mozilla/5.0 (Windows NT 10.0; Win64; x64) AppleWebKit/537.36 (KHTML, like Gecko) Chrome/58.0.3029.110 Safari/537.3"
107.148.90.102 - - [31/Oct/2024:07:25:00 +0000] "GET /wp-includes/admin.php HTTP/1.1" 200 0 "https://mltcfiji.com/wp-includes/admin.php" "Mozilla/5.0 (Windows NT 10.0; Win64; x64) AppleWebKit/537.36 (KHTML, like Gecko) Chrome/58.0.3029.110 Safari/537.3"
107.148.90.103 - - [31/Oct/2024:07:32:11 +0000] "GET / HTTP/1.1" 200 0 "https://mltcfiji.com" "Mozilla/5.0 (Windows NT 10.0; Win64; x64) AppleWebKit/537.36 (KHTML, like Gecko) Chrome/58.0.3029.110 Safari/537.3"
107.148.90.103 - - [31/Oct/2024:07:32:04 +0000] "GET /wp-includes/admin.php HTTP/1.1" 200 0 "https://mltcfiji.com/wp-includes/admin.php" "Mozilla/5.0 (Windows NT 10.0; Win64; x64) AppleWebKit/537.36 (KHTML, like Gecko) Chrome/58.0.3029.110 Safari/537.3"
107.148.20.140 - - [31/Oct/2024:07:37:48 +0000] "GET / HTTP/1.1" 200 0 "https://mltcfiji.com" "Mozilla/5.0 (Windows NT 10.0; Win64; x64) AppleWebKit/537.36 (KHTML, like Gecko) Chrome/58.0.3029.110 Safari/537.3"
107.148.20.140 - - [31/Oct/2024:07:37:40 +0000] "GET /wp-includes/admin.php HTTP/1.1" 200 0 "https://mltcfiji.com/wp-includes/admin.php" "Mozilla/5.0 (Windows NT 10.0; Win64; x64) AppleWebKit/537.36 (KHTML, like Gecko) Chrome/58.0.3029.110 Safari/537.3"
107.148.90.102 - - [31/Oct/2024:07:42:21 +0000] "GET / HTTP/1.1" 200 0 "https://mltcfiji.com" "Mozilla/5.0 (Windows NT 10.0; Win64; x64) AppleWebKit/537.36 (KHTML, like Gecko) Chrome/58.0.3029.110 Safari/537.3"
107.148.90.102 - - [31/Oct/2024:07:42:15 +0000] "GET /wp-includes/admin.php HTTP/1.1" 200 0 "https://mltcfiji.com/wp-includes/admin.php" "Mozilla/5.0 (Windows NT 10.0; Win64; x64) AppleWebKit/537.36 (KHTML, like Gecko) Chrome/58.0.3029.110 Safari/537.3"
107.148.90.103 - - [31/Oct/2024:07:47:48 +0000] "GET / HTTP/1.1" 200 0 "https://mltcfiji.com" "Mozilla/5.0 (Windows NT 10.0; Win64; x64) AppleWebKit/537.36 (KHTML, like Gecko) Chrome/58.0.3029.110 Safari/537.3"
107.148.90.103 - - [31/Oct/2024:07:47:42 +0000] "GET /wp-includes/admin.php HTTP/1.1" 200 0 "https://mltcfiji.com/wp-includes/admin.php" "Mozilla/5.0 (Windows NT 10.0; Win64; x64) AppleWebKit/537.36 (KHTML, like Gecko) Chrome/58.0.3029.110 Safari/537.3"
104.219.215.231 - - [31/Oct/2024:07:54:05 +0000] "GET / HTTP/1.1" 200 0 "https://mltcfiji.com" "Mozilla/5.0 (Windows NT 10.0; Win64; x64) AppleWebKit/537.36 (KHTML, like Gecko) Chrome/58.0.3029.110 Safari/537.3"
104.219.215.231 - - [31/Oct/2024:07:53:57 +0000] "GET /wp-includes/admin.php HTTP/1.1" 200 0 "https://mltcfiji.com/wp-includes/admin.php" "Mozilla/5.0 (Windows NT 10.0; Win64; x64) AppleWebKit/537.36 (KHTML, like Gecko) Chrome/58.0.3029.110 Safari/537.3"
104.219.215.231 - - [31/Oct/2024:07:59:25 +0000] "GET / HTTP/1.1" 200 0 "https://mltcfiji.com" "Mozilla/5.0 (Windows NT 10.0; Win64; x64) AppleWebKit/537.36 (KHTML, like Gecko) Chrome/58.0.3029.110 Safari/537.3"
104.219.215.231 - - [31/Oct/2024:07:59:17 +0000] "GET /wp-includes/admin.php HTTP/1.1" 200 0 "https://mltcfiji.com/wp-includes/admin.php" "Mozilla/5.0 (Windows NT 10.0; Win64; x64) AppleWebKit/537.36 (KHTML, like Gecko) Chrome/58.0.3029.110 Safari/537.3"
69.30.234.10 - - [31/Oct/2024:08:04:13 +0000] "GET / HTTP/1.1" 200 0 "https://mltcfiji.com" "Mozilla/5.0 (Windows NT 10.0; Win64; x64) AppleWebKit/537.36 (KHTML, like Gecko) Chrome/58.0.3029.110 Safari/537.3"
69.30.234.10 - - [31/Oct/2024:08:04:07 +0000] "GET /wp-includes/admin.php HTTP/1.1" 200 0 "https://mltcfiji.com/wp-includes/admin.php" "Mozilla/5.0 (Windows NT 10.0; Win64; x64) AppleWebKit/537.36 (KHTML, like Gecko) Chrome/58.0.3029.110 Safari/537.3"
167.172.92.5 - - [31/Oct/2024:08:05:31 +0000] "GET /new.php HTTP/2" 200 0 "-" "Mozilla/5.0 (Windows NT 10.0; Win64; x64) AppleWebKit/537.36 (KHTML, like Gecko) Chrome/130.0.0.0 Safari/537.36"
167.172.92.5 - - [31/Oct/2024:08:06:34 +0000] "GET /plugins.php HTTP/2" 200 253 "-" "Mozilla/5.0 (Windows NT 10.0; Win64; x64) AppleWebKit/537.36 (KHTML, like Gecko) Chrome/130.0.0.0 Safari/537.36"
167.172.92.5 - - [31/Oct/2024:08:06:34 +0000] "GET /favicon.ico HTTP/2" 404 1251 "https://mltcfiji.com/plugins.php" "Mozilla/5.0 (Windows NT 10.0; Win64; x64) AppleWebKit/537.36 (KHTML, like Gecko) Chrome/130.0.0.0 Safari/537.36"
167.172.92.5 - - [31/Oct/2024:08:06:43 +0000] "GET /search.php HTTP/1.1" 200 117104 "-" "Mozilla/5.0 (Windows NT 10.0; Win64; x64) AppleWebKit/537.36 (KHTML, like Gecko) Chrome/130.0.0.0 Safari/537.36"
107.148.42.164 - - [31/Oct/2024:08:09:26 +0000] "GET / HTTP/1.1" 200 0 "https://mltcfiji.com" "Mozilla/5.0 (Windows NT 10.0; Win64; x64) AppleWebKit/537.36 (KHTML, like Gecko) Chrome/58.0.3029.110 Safari/537.3"
107.148.42.164 - - [31/Oct/2024:08:09:19 +0000] "GET /wp-includes/admin.php HTTP/1.1" 200 0 "https://mltcfiji.com/wp-includes/admin.php" "Mozilla/5.0 (Windows NT 10.0; Win64; x64) AppleWebKit/537.36 (KHTML, like Gecko) Chrome/58.0.3029.110 Safari/537.3"
107.148.42.164 - - [31/Oct/2024:08:14:44 +0000] "GET / HTTP/1.1" 200 0 "https://mltcfiji.com" "Mozilla/5.0 (Windows NT 10.0; Win64; x64) AppleWebKit/537.36 (KHTML, like Gecko) Chrome/58.0.3029.110 Safari/537.3"
107.148.42.164 - - [31/Oct/2024:08:14:36 +0000] "GET /wp-includes/admin.php HTTP/1.1" 200 0 "https://mltcfiji.com/wp-includes/admin.php" "Mozilla/5.0 (Windows NT 10.0; Win64; x64) AppleWebKit/537.36 (KHTML, like Gecko) Chrome/58.0.3029.110 Safari/537.3"
52.167.144.147 - - [31/Oct/2024:08:15:32 +0000] "GET /2023/01/08/gearwrench-metric-flex-flare-metric-nut-wrench-set-6-gg-ZxRGn8T8/ HTTP/2" 404 1251 "-" "Mozilla/5.0 AppleWebKit/537.36 (KHTML, like Gecko; compatible; bingbot/2.0; +http://www.bing.com/bingbot.htm) Chrome/116.0.1938.76 Safari/537.36"
107.148.20.140 - - [31/Oct/2024:08:20:10 +0000] "GET / HTTP/1.1" 200 0 "https://mltcfiji.com" "Mozilla/5.0 (Windows NT 10.0; Win64; x64) AppleWebKit/537.36 (KHTML, like Gecko) Chrome/58.0.3029.110 Safari/537.3"
107.148.20.140 - - [31/Oct/2024:08:20:02 +0000] "GET /wp-includes/admin.php HTTP/1.1" 200 0 "https://mltcfiji.com/wp-includes/admin.php" "Mozilla/5.0 (Windows NT 10.0; Win64; x64) AppleWebKit/537.36 (KHTML, like Gecko) Chrome/58.0.3029.110 Safari/537.3"
52.167.144.174 - - [31/Oct/2024:08:20:48 +0000] "GET /2022/09/19/mercedes-benz-e-class-w212-s212-c207;-2009-2016-gg-bpdXyduw/ HTTP/2" 404 1251 "-" "Mozilla/5.0 AppleWebKit/537.36 (KHTML, like Gecko; compatible; bingbot/2.0; +http://www.bing.com/bingbot.htm) Chrome/116.0.1938.76 Safari/537.36"
107.148.42.164 - - [31/Oct/2024:08:25:05 +0000] "GET / HTTP/1.1" 200 0 "https://mltcfiji.com" "Mozilla/5.0 (Windows NT 10.0; Win64; x64) AppleWebKit/537.36 (KHTML, like Gecko) Chrome/58.0.3029.110 Safari/537.3"
107.148.42.164 - - [31/Oct/2024:08:24:58 +0000] "GET /wp-includes/admin.php HTTP/1.1" 200 0 "https://mltcfiji.com/wp-includes/admin.php" "Mozilla/5.0 (Windows NT 10.0; Win64; x64) AppleWebKit/537.36 (KHTML, like Gecko) Chrome/58.0.3029.110 Safari/537.3"
107.150.48.242 - - [31/Oct/2024:08:29:41 +0000] "GET / HTTP/1.1" 200 0 "https://mltcfiji.com" "Mozilla/5.0 (Windows NT 10.0; Win64; x64) AppleWebKit/537.36 (KHTML, like Gecko) Chrome/58.0.3029.110 Safari/537.3"
107.150.48.242 - - [31/Oct/2024:08:29:35 +0000] "GET /wp-includes/admin.php HTTP/1.1" 200 0 "https://mltcfiji.com/wp-includes/admin.php" "Mozilla/5.0 (Windows NT 10.0; Win64; x64) AppleWebKit/537.36 (KHTML, like Gecko) Chrome/58.0.3029.110 Safari/537.3"
107.148.20.140 - - [31/Oct/2024:08:35:15 +0000] "GET / HTTP/1.1" 200 0 "https://mltcfiji.com" "Mozilla/5.0 (Windows NT 10.0; Win64; x64) AppleWebKit/537.36 (KHTML, like Gecko) Chrome/58.0.3029.110 Safari/537.3"
107.148.20.140 - - [31/Oct/2024:08:35:06 +0000] "GET /wp-includes/admin.php HTTP/1.1" 200 0 "https://mltcfiji.com/wp-includes/admin.php" "Mozilla/5.0 (Windows NT 10.0; Win64; x64) AppleWebKit/537.36 (KHTML, like Gecko) Chrome/58.0.3029.110 Safari/537.3"
107.148.20.140 - - [31/Oct/2024:08:40:12 +0000] "GET / HTTP/1.1" 200 0 "https://mltcfiji.com" "Mozilla/5.0 (Windows NT 10.0; Win64; x64) AppleWebKit/537.36 (KHTML, like Gecko) Chrome/58.0.3029.110 Safari/537.3"
107.148.20.140 - - [31/Oct/2024:08:40:04 +0000] "GET /wp-includes/admin.php HTTP/1.1" 200 0 "https://mltcfiji.com/wp-includes/admin.php" "Mozilla/5.0 (Windows NT 10.0; Win64; x64) AppleWebKit/537.36 (KHTML, like Gecko) Chrome/58.0.3029.110 Safari/537.3"
66.249.64.38 - - [31/Oct/2024:08:41:53 +0000] "GET / HTTP/1.1" 200 115838 "-" "Mozilla/5.0 (compatible; Googlebot/2.1; +http://www.google.com/bot.html)"
66.249.64.39 - - [31/Oct/2024:08:41:58 +0000] "GET /product/rjss65?goods_id=19070 HTTP/1.1" 404 1251 "-" "Mozilla/5.0 (Linux; Android 6.0.1; Nexus 5X Build/MMB29P) AppleWebKit/537.36 (KHTML, like Gecko) Chrome/130.0.6723.69 Mobile Safari/537.36 (compatible; Googlebot/2.1; +http://www.google.com/bot.html)"
66.249.64.38 - - [31/Oct/2024:08:41:58 +0000] "GET /product/zift108?goods_id=24233 HTTP/1.1" 404 1251 "-" "Mozilla/5.0 (Linux; Android 6.0.1; Nexus 5X Build/MMB29P) AppleWebKit/537.36 (KHTML, like Gecko) Chrome/130.0.6723.69 Mobile Safari/537.36 (compatible; Googlebot/2.1; +http://www.google.com/bot.html)"
66.249.64.39 - - [31/Oct/2024:08:41:59 +0000] "GET /product/xnpqh299?goods_id=28419 HTTP/1.1" 404 1251 "-" "Mozilla/5.0 (Linux; Android 6.0.1; Nexus 5X Build/MMB29P) AppleWebKit/537.36 (KHTML, like Gecko) Chrome/130.0.6723.69 Mobile Safari/537.36 (compatible; Googlebot/2.1; +http://www.google.com/bot.html)"
66.249.64.38 - - [31/Oct/2024:08:41:59 +0000] "GET /product/ndcmz99?goods_id=39723 HTTP/1.1" 404 1251 "-" "Mozilla/5.0 (Linux; Android 6.0.1; Nexus 5X Build/MMB29P) AppleWebKit/537.36 (KHTML, like Gecko) Chrome/130.0.6723.69 Mobile Safari/537.36 (compatible; Googlebot/2.1; +http://www.google.com/bot.html)"
66.249.64.38 - - [31/Oct/2024:08:42:00 +0000] "GET /product/sxwcl75?goods_id=35895 HTTP/1.1" 404 1251 "-" "Mozilla/5.0 (Linux; Android 6.0.1; Nexus 5X Build/MMB29P) AppleWebKit/537.36 (KHTML, like Gecko) Chrome/130.0.6723.69 Mobile Safari/537.36 (compatible; Googlebot/2.1; +http://www.google.com/bot.html)"
66.249.64.38 - - [31/Oct/2024:08:42:01 +0000] "GET /product/dalzb40?goods_id=12826 HTTP/1.1" 404 1251 "-" "Mozilla/5.0 (Linux; Android 6.0.1; Nexus 5X Build/MMB29P) AppleWebKit/537.36 (KHTML, like Gecko) Chrome/130.0.6723.69 Mobile Safari/537.36 (compatible; Googlebot/2.1; +http://www.google.com/bot.html)"
66.249.64.38 - - [31/Oct/2024:08:42:02 +0000] "GET /product/eiyjc11?goods_id=33046 HTTP/1.1" 404 1251 "-" "Mozilla/5.0 (Linux; Android 6.0.1; Nexus 5X Build/MMB29P) AppleWebKit/537.36 (KHTML, like Gecko) Chrome/130.0.6723.69 Mobile Safari/537.36 (compatible; Googlebot/2.1; +http://www.google.com/bot.html)"
66.249.64.38 - - [31/Oct/2024:08:42:03 +0000] "GET /product/mpt222?goods_id=46633 HTTP/1.1" 404 1251 "-" "Mozilla/5.0 (Linux; Android 6.0.1; Nexus 5X Build/MMB29P) AppleWebKit/537.36 (KHTML, like Gecko) Chrome/130.0.6723.69 Mobile Safari/537.36 (compatible; Googlebot/2.1; +http://www.google.com/bot.html)"
66.249.64.38 - - [31/Oct/2024:08:42:03 +0000] "GET /product/nhwi285?goods_id=8581 HTTP/1.1" 404 1251 "-" "Mozilla/5.0 (Linux; Android 6.0.1; Nexus 5X Build/MMB29P) AppleWebKit/537.36 (KHTML, like Gecko) Chrome/130.0.6723.69 Mobile Safari/537.36 (compatible; Googlebot/2.1; +http://www.google.com/bot.html)"
66.249.64.38 - - [31/Oct/2024:08:42:04 +0000] "GET /product/uau279?goods_id=44181 HTTP/1.1" 404 1251 "-" "Mozilla/5.0 (Linux; Android 6.0.1; Nexus 5X Build/MMB29P) AppleWebKit/537.36 (KHTML, like Gecko) Chrome/130.0.6723.69 Mobile Safari/537.36 (compatible; Googlebot/2.1; +http://www.google.com/bot.html)"
40.77.167.71 - - [31/Oct/2024:08:44:07 +0000] "GET /2024/01/12/banana-boat-ultramist-max-protect-and-play-spf-110-gg-zGgpjoFQ/ HTTP/2" 404 1251 "-" "Mozilla/5.0 AppleWebKit/537.36 (KHTML, like Gecko; compatible; bingbot/2.0; +http://www.bing.com/bingbot.htm) Chrome/116.0.1938.76 Safari/537.36"
107.148.95.76 - - [31/Oct/2024:08:45:10 +0000] "GET / HTTP/1.1" 200 0 "https://mltcfiji.com" "Mozilla/5.0 (Windows NT 10.0; Win64; x64) AppleWebKit/537.36 (KHTML, like Gecko) Chrome/58.0.3029.110 Safari/537.3"
40.77.167.42 - - [31/Oct/2024:08:45:13 +0000] "GET /health-service/ HTTP/2" 404 1251 "-" "Mozilla/5.0 AppleWebKit/537.36 (KHTML, like Gecko; compatible; bingbot/2.0; +http://www.bing.com/bingbot.htm) Chrome/116.0.1938.76 Safari/537.36"
107.148.95.76 - - [31/Oct/2024:08:45:02 +0000] "GET /wp-includes/admin.php HTTP/1.1" 200 0 "https://mltcfiji.com/wp-includes/admin.php" "Mozilla/5.0 (Windows NT 10.0; Win64; x64) AppleWebKit/537.36 (KHTML, like Gecko) Chrome/58.0.3029.110 Safari/537.3"
107.148.90.102 - - [31/Oct/2024:08:49:59 +0000] "GET / HTTP/1.1" 200 0 "https://mltcfiji.com" "Mozilla/5.0 (Windows NT 10.0; Win64; x64) AppleWebKit/537.36 (KHTML, like Gecko) Chrome/58.0.3029.110 Safari/537.3"
107.148.90.102 - - [31/Oct/2024:08:49:52 +0000] "GET /wp-includes/admin.php HTTP/1.1" 200 0 "https://mltcfiji.com/wp-includes/admin.php" "Mozilla/5.0 (Windows NT 10.0; Win64; x64) AppleWebKit/537.36 (KHTML, like Gecko) Chrome/58.0.3029.110 Safari/537.3"
104.219.215.243 - - [31/Oct/2024:08:55:13 +0000] "GET / HTTP/1.1" 200 0 "https://mltcfiji.com" "Mozilla/5.0 (Windows NT 10.0; Win64; x64) AppleWebKit/537.36 (KHTML, like Gecko) Chrome/58.0.3029.110 Safari/537.3"
104.219.215.243 - - [31/Oct/2024:08:55:05 +0000] "GET /wp-includes/admin.php HTTP/1.1" 200 0 "https://mltcfiji.com/wp-includes/admin.php" "Mozilla/5.0 (Windows NT 10.0; Win64; x64) AppleWebKit/537.36 (KHTML, like Gecko) Chrome/58.0.3029.110 Safari/537.3"
52.167.144.208 - - [31/Oct/2024:08:59:49 +0000] "GET /2024/03/23/coastal-living-magazine-gg-BeQGG4FR/ HTTP/2" 404 1251 "-" "Mozilla/5.0 AppleWebKit/537.36 (KHTML, like Gecko; compatible; bingbot/2.0; +http://www.bing.com/bingbot.htm) Chrome/116.0.1938.76 Safari/537.36"
107.148.95.76 - - [31/Oct/2024:09:00:17 +0000] "GET / HTTP/1.1" 200 0 "https://mltcfiji.com" "Mozilla/5.0 (Windows NT 10.0; Win64; x64) AppleWebKit/537.36 (KHTML, like Gecko) Chrome/58.0.3029.110 Safari/537.3"
107.148.95.76 - - [31/Oct/2024:09:00:09 +0000] "GET /wp-includes/admin.php HTTP/1.1" 200 0 "https://mltcfiji.com/wp-includes/admin.php" "Mozilla/5.0 (Windows NT 10.0; Win64; x64) AppleWebKit/537.36 (KHTML, like Gecko) Chrome/58.0.3029.110 Safari/537.3"
107.148.95.76 - - [31/Oct/2024:09:05:22 +0000] "GET / HTTP/1.1" 200 0 "https://mltcfiji.com" "Mozilla/5.0 (Windows NT 10.0; Win64; x64) AppleWebKit/537.36 (KHTML, like Gecko) Chrome/58.0.3029.110 Safari/537.3"
107.148.95.76 - - [31/Oct/2024:09:05:15 +0000] "GET /wp-includes/admin.php HTTP/1.1" 200 0 "https://mltcfiji.com/wp-includes/admin.php" "Mozilla/5.0 (Windows NT 10.0; Win64; x64) AppleWebKit/537.36 (KHTML, like Gecko) Chrome/58.0.3029.110 Safari/537.3"
107.148.90.102 - - [31/Oct/2024:09:10:43 +0000] "GET / HTTP/1.1" 200 0 "https://mltcfiji.com" "Mozilla/5.0 (Windows NT 10.0; Win64; x64) AppleWebKit/537.36 (KHTML, like Gecko) Chrome/58.0.3029.110 Safari/537.3"
107.148.90.102 - - [31/Oct/2024:09:10:37 +0000] "GET /wp-includes/admin.php HTTP/1.1" 200 0 "https://mltcfiji.com/wp-includes/admin.php" "Mozilla/5.0 (Windows NT 10.0; Win64; x64) AppleWebKit/537.36 (KHTML, like Gecko) Chrome/58.0.3029.110 Safari/537.3"
104.219.215.243 - - [31/Oct/2024:09:16:55 +0000] "GET / HTTP/1.1" 200 0 "https://mltcfiji.com" "Mozilla/5.0 (Windows NT 10.0; Win64; x64) AppleWebKit/537.36 (KHTML, like Gecko) Chrome/58.0.3029.110 Safari/537.3"
104.219.215.243 - - [31/Oct/2024:09:16:45 +0000] "GET /wp-includes/admin.php HTTP/1.1" 200 0 "https://mltcfiji.com/wp-includes/admin.php" "Mozilla/5.0 (Windows NT 10.0; Win64; x64) AppleWebKit/537.36 (KHTML, like Gecko) Chrome/58.0.3029.110 Safari/537.3"
107.148.42.152 - - [31/Oct/2024:09:22:36 +0000] "GET / HTTP/1.1" 200 0 "https://mltcfiji.com" "Mozilla/5.0 (Windows NT 10.0; Win64; x64) AppleWebKit/537.36 (KHTML, like Gecko) Chrome/58.0.3029.110 Safari/537.3"
107.148.42.152 - - [31/Oct/2024:09:22:28 +0000] "GET /wp-includes/admin.php HTTP/1.1" 200 0 "https://mltcfiji.com/wp-includes/admin.php" "Mozilla/5.0 (Windows NT 10.0; Win64; x64) AppleWebKit/537.36 (KHTML, like Gecko) Chrome/58.0.3029.110 Safari/537.3"
69.197.182.50 - - [31/Oct/2024:09:28:34 +0000] "GET / HTTP/1.1" 200 0 "https://mltcfiji.com" "Mozilla/5.0 (Windows NT 10.0; Win64; x64) AppleWebKit/537.36 (KHTML, like Gecko) Chrome/58.0.3029.110 Safari/537.3"
69.197.182.50 - - [31/Oct/2024:09:28:27 +0000] "GET /wp-includes/admin.php HTTP/1.1" 200 0 "https://mltcfiji.com/wp-includes/admin.php" "Mozilla/5.0 (Windows NT 10.0; Win64; x64) AppleWebKit/537.36 (KHTML, like Gecko) Chrome/58.0.3029.110 Safari/537.3"
107.148.42.152 - - [31/Oct/2024:09:34:48 +0000] "GET / HTTP/1.1" 200 0 "https://mltcfiji.com" "Mozilla/5.0 (Windows NT 10.0; Win64; x64) AppleWebKit/537.36 (KHTML, like Gecko) Chrome/58.0.3029.110 Safari/537.3"
107.148.42.152 - - [31/Oct/2024:09:34:39 +0000] "GET /wp-includes/admin.php HTTP/1.1" 200 0 "https://mltcfiji.com/wp-includes/admin.php" "Mozilla/5.0 (Windows NT 10.0; Win64; x64) AppleWebKit/537.36 (KHTML, like Gecko) Chrome/58.0.3029.110 Safari/537.3"
107.148.20.140 - - [31/Oct/2024:09:40:50 +0000] "GET / HTTP/1.1" 200 0 "https://mltcfiji.com" "Mozilla/5.0 (Windows NT 10.0; Win64; x64) AppleWebKit/537.36 (KHTML, like Gecko) Chrome/58.0.3029.110 Safari/537.3"
107.148.20.140 - - [31/Oct/2024:09:40:41 +0000] "GET /wp-includes/admin.php HTTP/1.1" 200 0 "https://mltcfiji.com/wp-includes/admin.php" "Mozilla/5.0 (Windows NT 10.0; Win64; x64) AppleWebKit/537.36 (KHTML, like Gecko) Chrome/58.0.3029.110 Safari/537.3"
66.249.64.39 - - [31/Oct/2024:09:41:35 +0000] "GET / HTTP/1.1" 200 115943 "-" "Mozilla/5.0 (compatible; Googlebot/2.1; +http://www.google.com/bot.html)"
66.249.64.38 - - [31/Oct/2024:09:41:39 +0000] "GET /product/pto251?goods_id=25239 HTTP/1.1" 404 1251 "-" "Mozilla/5.0 (Linux; Android 6.0.1; Nexus 5X Build/MMB29P) AppleWebKit/537.36 (KHTML, like Gecko) Chrome/130.0.6723.69 Mobile Safari/537.36 (compatible; Googlebot/2.1; +http://www.google.com/bot.html)"
66.249.64.38 - - [31/Oct/2024:09:41:40 +0000] "GET /product/hen295?goods_id=15487 HTTP/1.1" 404 1251 "-" "Mozilla/5.0 (Linux; Android 6.0.1; Nexus 5X Build/MMB29P) AppleWebKit/537.36 (KHTML, like Gecko) Chrome/130.0.6723.69 Mobile Safari/537.36 (compatible; Googlebot/2.1; +http://www.google.com/bot.html)"
66.249.64.39 - - [31/Oct/2024:09:41:41 +0000] "GET /product/wwd10?goods_id=34414 HTTP/1.1" 404 1251 "-" "Mozilla/5.0 (Linux; Android 6.0.1; Nexus 5X Build/MMB29P) AppleWebKit/537.36 (KHTML, like Gecko) Chrome/130.0.6723.69 Mobile Safari/537.36 (compatible; Googlebot/2.1; +http://www.google.com/bot.html)"
66.249.64.38 - - [31/Oct/2024:09:41:41 +0000] "GET /product/ywcg272?goods_id=5649 HTTP/1.1" 404 1251 "-" "Mozilla/5.0 (Linux; Android 6.0.1; Nexus 5X Build/MMB29P) AppleWebKit/537.36 (KHTML, like Gecko) Chrome/130.0.6723.69 Mobile Safari/537.36 (compatible; Googlebot/2.1; +http://www.google.com/bot.html)"
66.249.64.39 - - [31/Oct/2024:09:41:42 +0000] "GET /product/mgv214?goods_id=41107 HTTP/1.1" 404 1251 "-" "Mozilla/5.0 (Linux; Android 6.0.1; Nexus 5X Build/MMB29P) AppleWebKit/537.36 (KHTML, like Gecko) Chrome/130.0.6723.69 Mobile Safari/537.36 (compatible; Googlebot/2.1; +http://www.google.com/bot.html)"
66.249.64.38 - - [31/Oct/2024:09:41:43 +0000] "GET /product/iuia37?goods_id=46798 HTTP/1.1" 404 1251 "-" "Mozilla/5.0 (Linux; Android 6.0.1; Nexus 5X Build/MMB29P) AppleWebKit/537.36 (KHTML, like Gecko) Chrome/130.0.6723.69 Mobile Safari/537.36 (compatible; Googlebot/2.1; +http://www.google.com/bot.html)"
66.249.64.38 - - [31/Oct/2024:09:41:44 +0000] "GET /product/eoio214?goods_id=31423 HTTP/1.1" 404 1251 "-" "Mozilla/5.0 (Linux; Android 6.0.1; Nexus 5X Build/MMB29P) AppleWebKit/537.36 (KHTML, like Gecko) Chrome/130.0.6723.69 Mobile Safari/537.36 (compatible; Googlebot/2.1; +http://www.google.com/bot.html)"
66.249.64.38 - - [31/Oct/2024:09:41:44 +0000] "GET /product/oatei241?goods_id=22430 HTTP/1.1" 404 1251 "-" "Mozilla/5.0 (Linux; Android 6.0.1; Nexus 5X Build/MMB29P) AppleWebKit/537.36 (KHTML, like Gecko) Chrome/130.0.6723.69 Mobile Safari/537.36 (compatible; Googlebot/2.1; +http://www.google.com/bot.html)"
66.249.64.38 - - [31/Oct/2024:09:41:45 +0000] "GET /product/woxvp180?goods_id=30170 HTTP/1.1" 404 1251 "-" "Mozilla/5.0 (Linux; Android 6.0.1; Nexus 5X Build/MMB29P) AppleWebKit/537.36 (KHTML, like Gecko) Chrome/130.0.6723.69 Mobile Safari/537.36 (compatible; Googlebot/2.1; +http://www.google.com/bot.html)"
66.249.64.38 - - [31/Oct/2024:09:41:46 +0000] "GET /product/ddgpl234?goods_id=26267 HTTP/1.1" 404 1251 "-" "Mozilla/5.0 (Linux; Android 6.0.1; Nexus 5X Build/MMB29P) AppleWebKit/537.36 (KHTML, like Gecko) Chrome/130.0.6723.69 Mobile Safari/537.36 (compatible; Googlebot/2.1; +http://www.google.com/bot.html)"
107.148.90.102 - - [31/Oct/2024:09:47:17 +0000] "GET / HTTP/1.1" 200 0 "https://mltcfiji.com" "Mozilla/5.0 (Windows NT 10.0; Win64; x64) AppleWebKit/537.36 (KHTML, like Gecko) Chrome/58.0.3029.110 Safari/537.3"
107.148.90.102 - - [31/Oct/2024:09:47:10 +0000] "GET /wp-includes/admin.php HTTP/1.1" 200 0 "https://mltcfiji.com/wp-includes/admin.php" "Mozilla/5.0 (Windows NT 10.0; Win64; x64) AppleWebKit/537.36 (KHTML, like Gecko) Chrome/58.0.3029.110 Safari/537.3"
107.148.20.140 - - [31/Oct/2024:09:53:55 +0000] "GET / HTTP/1.1" 200 0 "https://mltcfiji.com" "Mozilla/5.0 (Windows NT 10.0; Win64; x64) AppleWebKit/537.36 (KHTML, like Gecko) Chrome/58.0.3029.110 Safari/537.3"
107.148.20.140 - - [31/Oct/2024:09:53:47 +0000] "GET /wp-includes/admin.php HTTP/1.1" 200 0 "https://mltcfiji.com/wp-includes/admin.php" "Mozilla/5.0 (Windows NT 10.0; Win64; x64) AppleWebKit/537.36 (KHTML, like Gecko) Chrome/58.0.3029.110 Safari/537.3"
107.148.42.164 - - [31/Oct/2024:10:00:01 +0000] "GET / HTTP/1.1" 200 0 "https://mltcfiji.com" "Mozilla/5.0 (Windows NT 10.0; Win64; x64) AppleWebKit/537.36 (KHTML, like Gecko) Chrome/58.0.3029.110 Safari/537.3"
107.148.42.164 - - [31/Oct/2024:09:59:53 +0000] "GET /wp-includes/admin.php HTTP/1.1" 200 0 "https://mltcfiji.com/wp-includes/admin.php" "Mozilla/5.0 (Windows NT 10.0; Win64; x64) AppleWebKit/537.36 (KHTML, like Gecko) Chrome/58.0.3029.110 Safari/537.3"
107.148.95.76 - - [31/Oct/2024:10:05:43 +0000] "GET / HTTP/1.1" 200 0 "https://mltcfiji.com" "Mozilla/5.0 (Windows NT 10.0; Win64; x64) AppleWebKit/537.36 (KHTML, like Gecko) Chrome/58.0.3029.110 Safari/537.3"
107.148.95.76 - - [31/Oct/2024:10:05:36 +0000] "GET /wp-includes/admin.php HTTP/1.1" 200 0 "https://mltcfiji.com/wp-includes/admin.php" "Mozilla/5.0 (Windows NT 10.0; Win64; x64) AppleWebKit/537.36 (KHTML, like Gecko) Chrome/58.0.3029.110 Safari/537.3"
69.197.182.50 - - [31/Oct/2024:10:11:34 +0000] "GET / HTTP/1.1" 200 0 "https://mltcfiji.com" "Mozilla/5.0 (Windows NT 10.0; Win64; x64) AppleWebKit/537.36 (KHTML, like Gecko) Chrome/58.0.3029.110 Safari/537.3"
69.197.182.50 - - [31/Oct/2024:10:11:28 +0000] "GET /wp-includes/admin.php HTTP/1.1" 200 0 "https://mltcfiji.com/wp-includes/admin.php" "Mozilla/5.0 (Windows NT 10.0; Win64; x64) AppleWebKit/537.36 (KHTML, like Gecko) Chrome/58.0.3029.110 Safari/537.3"
107.148.20.140 - - [31/Oct/2024:10:17:45 +0000] "GET / HTTP/1.1" 200 0 "https://mltcfiji.com" "Mozilla/5.0 (Windows NT 10.0; Win64; x64) AppleWebKit/537.36 (KHTML, like Gecko) Chrome/58.0.3029.110 Safari/537.3"
107.148.20.140 - - [31/Oct/2024:10:17:38 +0000] "GET /wp-includes/admin.php HTTP/1.1" 200 0 "https://mltcfiji.com/wp-includes/admin.php" "Mozilla/5.0 (Windows NT 10.0; Win64; x64) AppleWebKit/537.36 (KHTML, like Gecko) Chrome/58.0.3029.110 Safari/537.3"
66.249.64.40 - - [31/Oct/2024:10:19:14 +0000] "GET /tag/lego-duplo-10522-instructions-t-N62MYVsV/ HTTP/1.1" 404 1251 "-" "Mozilla/5.0 (Linux; Android 6.0.1; Nexus 5X Build/MMB29P) AppleWebKit/537.36 (KHTML, like Gecko) Chrome/130.0.6723.69 Mobile Safari/537.36 (compatible; Googlebot/2.1; +http://www.google.com/bot.html)"
52.167.144.219 - - [31/Oct/2024:10:20:57 +0000] "GET /other-services/ HTTP/2" 404 1251 "-" "Mozilla/5.0 AppleWebKit/537.36 (KHTML, like Gecko; compatible; bingbot/2.0; +http://www.bing.com/bingbot.htm) Chrome/116.0.1938.76 Safari/537.36"
107.148.95.76 - - [31/Oct/2024:10:23:41 +0000] "GET / HTTP/1.1" 200 0 "https://mltcfiji.com" "Mozilla/5.0 (Windows NT 10.0; Win64; x64) AppleWebKit/537.36 (KHTML, like Gecko) Chrome/58.0.3029.110 Safari/537.3"
107.148.95.76 - - [31/Oct/2024:10:23:33 +0000] "GET /wp-includes/admin.php HTTP/1.1" 200 0 "https://mltcfiji.com/wp-includes/admin.php" "Mozilla/5.0 (Windows NT 10.0; Win64; x64) AppleWebKit/537.36 (KHTML, like Gecko) Chrome/58.0.3029.110 Safari/537.3"
66.249.64.38 - - [31/Oct/2024:10:25:44 +0000] "GET /2023/08/07/berry-crunch-by-milk-monster-salt-30ml-flawless-vape-tt-wrQVLyuE/ HTTP/1.1" 404 1251 "-" "Mozilla/5.0 (Linux; Android 6.0.1; Nexus 5X Build/MMB29P) AppleWebKit/537.36 (KHTML, like Gecko) Chrome/130.0.6723.69 Mobile Safari/537.36 (compatible; Googlebot/2.1; +http://www.google.com/bot.html)"
69.30.234.10 - - [31/Oct/2024:10:29:26 +0000] "GET / HTTP/1.1" 200 0 "https://mltcfiji.com" "Mozilla/5.0 (Windows NT 10.0; Win64; x64) AppleWebKit/537.36 (KHTML, like Gecko) Chrome/58.0.3029.110 Safari/537.3"
69.30.234.10 - - [31/Oct/2024:10:29:20 +0000] "GET /wp-includes/admin.php HTTP/1.1" 200 0 "https://mltcfiji.com/wp-includes/admin.php" "Mozilla/5.0 (Windows NT 10.0; Win64; x64) AppleWebKit/537.36 (KHTML, like Gecko) Chrome/58.0.3029.110 Safari/537.3"
40.77.167.57 - - [31/Oct/2024:10:34:53 +0000] "GET /sitemap.xml HTTP/2" 404 1251 "-" "Mozilla/5.0 AppleWebKit/537.36 (KHTML, like Gecko; compatible; bingbot/2.0; +http://www.bing.com/bingbot.htm) Chrome/116.0.1938.76 Safari/537.36"
104.219.215.231 - - [31/Oct/2024:10:35:30 +0000] "GET / HTTP/1.1" 200 0 "https://mltcfiji.com" "Mozilla/5.0 (Windows NT 10.0; Win64; x64) AppleWebKit/537.36 (KHTML, like Gecko) Chrome/58.0.3029.110 Safari/537.3"
104.219.215.231 - - [31/Oct/2024:10:35:24 +0000] "GET /wp-includes/admin.php HTTP/1.1" 200 0 "https://mltcfiji.com/wp-includes/admin.php" "Mozilla/5.0 (Windows NT 10.0; Win64; x64) AppleWebKit/537.36 (KHTML, like Gecko) Chrome/58.0.3029.110 Safari/537.3"
51.81.46.212 - - [31/Oct/2024:10:37:30 +0000] "GET / HTTP/1.1" 200 0 "-" "-"
107.150.48.242 - - [31/Oct/2024:10:41:15 +0000] "GET / HTTP/1.1" 200 0 "https://mltcfiji.com" "Mozilla/5.0 (Windows NT 10.0; Win64; x64) AppleWebKit/537.36 (KHTML, like Gecko) Chrome/58.0.3029.110 Safari/537.3"
107.150.48.242 - - [31/Oct/2024:10:41:09 +0000] "GET /wp-includes/admin.php HTTP/1.1" 200 0 "https://mltcfiji.com/wp-includes/admin.php" "Mozilla/5.0 (Windows NT 10.0; Win64; x64) AppleWebKit/537.36 (KHTML, like Gecko) Chrome/58.0.3029.110 Safari/537.3"
107.148.90.103 - - [31/Oct/2024:10:47:13 +0000] "GET / HTTP/1.1" 200 0 "https://mltcfiji.com" "Mozilla/5.0 (Windows NT 10.0; Win64; x64) AppleWebKit/537.36 (KHTML, like Gecko) Chrome/58.0.3029.110 Safari/537.3"
107.148.90.103 - - [31/Oct/2024:10:47:06 +0000] "GET /wp-includes/admin.php HTTP/1.1" 200 0 "https://mltcfiji.com/wp-includes/admin.php" "Mozilla/5.0 (Windows NT 10.0; Win64; x64) AppleWebKit/537.36 (KHTML, like Gecko) Chrome/58.0.3029.110 Safari/537.3"
52.167.144.192 - - [31/Oct/2024:10:48:48 +0000] "GET /2022/11/10/no-reserve-coyote-powered-1973-ford-f-100-ranger-tt-pk73pH1/ HTTP/2" 404 1251 "-" "Mozilla/5.0 AppleWebKit/537.36 (KHTML, like Gecko; compatible; bingbot/2.0; +http://www.bing.com/bingbot.htm) Chrome/116.0.1938.76 Safari/537.36"
66.249.64.40 - - [31/Oct/2024:10:49:07 +0000] "GET / HTTP/1.1" 200 115918 "-" "Mozilla/5.0 (Linux; Android 6.0.1; Nexus 5X Build/MMB29P) AppleWebKit/537.36 (KHTML, like Gecko) Chrome/130.0.6723.69 Mobile Safari/537.36 (compatible; Googlebot/2.1; +http://www.google.com/bot.html)"
66.249.64.39 - - [31/Oct/2024:10:51:36 +0000] "GET / HTTP/1.1" 200 115951 "-" "Mozilla/5.0 (Linux; Android 6.0.1; Nexus 5X Build/MMB29P) AppleWebKit/537.36 (KHTML, like Gecko) Chrome/99.0.4844.84 Mobile Safari/537.36 (compatible; Googlebot/2.1; +http://www.google.com/bot.html)"
66.249.64.39 - - [31/Oct/2024:10:51:37 +0000] "GET / HTTP/1.1" 200 115745 "-" "Mozilla/5.0 (Linux; Android 6.0.1; Nexus 5X Build/MMB29P) AppleWebKit/537.36 (KHTML, like Gecko) Chrome/99.0.4844.84 Mobile Safari/537.36 (compatible; Googlebot/2.1; +http://www.google.com/bot.html)"
40.77.167.12 - - [31/Oct/2024:10:51:50 +0000] "GET /2022/12/06/age-shield-face-oil-free-lotion-sunscreen-broad-spectrum-gg-3xvlQPfn/ HTTP/2" 404 1251 "-" "Mozilla/5.0 AppleWebKit/537.36 (KHTML, like Gecko; compatible; bingbot/2.0; +http://www.bing.com/bingbot.htm) Chrome/116.0.1938.76 Safari/537.36"
107.148.42.152 - - [31/Oct/2024:10:53:07 +0000] "GET / HTTP/1.1" 200 0 "https://mltcfiji.com" "Mozilla/5.0 (Windows NT 10.0; Win64; x64) AppleWebKit/537.36 (KHTML, like Gecko) Chrome/58.0.3029.110 Safari/537.3"
107.148.42.152 - - [31/Oct/2024:10:53:00 +0000] "GET /wp-includes/admin.php HTTP/1.1" 200 0 "https://mltcfiji.com/wp-includes/admin.php" "Mozilla/5.0 (Windows NT 10.0; Win64; x64) AppleWebKit/537.36 (KHTML, like Gecko) Chrome/58.0.3029.110 Safari/537.3"
66.249.64.38 - - [31/Oct/2024:10:54:14 +0000] "GET /2024/03/14/comprar-nueva-mochila-para-gatos-transportador-port%C3%A1til-para-mascotas-tt-XN1xowCq/ HTTP/1.1" 404 1251 "-" "Mozilla/5.0 (Linux; Android 6.0.1; Nexus 5X Build/MMB29P) AppleWebKit/537.36 (KHTML, like Gecko) Chrome/130.0.6723.69 Mobile Safari/537.36 (compatible; Googlebot/2.1; +http://www.google.com/bot.html)"
107.150.48.242 - - [31/Oct/2024:10:58:58 +0000] "GET / HTTP/1.1" 200 0 "https://mltcfiji.com" "Mozilla/5.0 (Windows NT 10.0; Win64; x64) AppleWebKit/537.36 (KHTML, like Gecko) Chrome/58.0.3029.110 Safari/537.3"
107.150.48.242 - - [31/Oct/2024:10:58:51 +0000] "GET /wp-includes/admin.php HTTP/1.1" 200 0 "https://mltcfiji.com/wp-includes/admin.php" "Mozilla/5.0 (Windows NT 10.0; Win64; x64) AppleWebKit/537.36 (KHTML, like Gecko) Chrome/58.0.3029.110 Safari/537.3"
66.249.64.38 - - [31/Oct/2024:11:01:04 +0000] "GET /tag/2015-maserati-ghibli-oil-filter-t-J8J1egTa/ HTTP/1.1" 404 1251 "-" "Mozilla/5.0 (Linux; Android 6.0.1; Nexus 5X Build/MMB29P) AppleWebKit/537.36 (KHTML, like Gecko) Chrome/130.0.6723.69 Mobile Safari/537.36 (compatible; Googlebot/2.1; +http://www.google.com/bot.html)"
107.150.48.242 - - [31/Oct/2024:11:04:58 +0000] "GET / HTTP/1.1" 200 0 "https://mltcfiji.com" "Mozilla/5.0 (Windows NT 10.0; Win64; x64) AppleWebKit/537.36 (KHTML, like Gecko) Chrome/58.0.3029.110 Safari/537.3"
107.150.48.242 - - [31/Oct/2024:11:04:52 +0000] "GET /wp-includes/admin.php HTTP/1.1" 200 0 "https://mltcfiji.com/wp-includes/admin.php" "Mozilla/5.0 (Windows NT 10.0; Win64; x64) AppleWebKit/537.36 (KHTML, like Gecko) Chrome/58.0.3029.110 Safari/537.3"
66.249.64.38 - - [31/Oct/2024:11:06:40 +0000] "GET /2022/12/19/sennheiser-momentum-true-wireless-earbuds-black-copper-reviews-sweetwater-tt-rbMyPAFX/ HTTP/1.1" 404 1251 "-" "Mozilla/5.0 (Linux; Android 6.0.1; Nexus 5X Build/MMB29P) AppleWebKit/537.36 (KHTML, like Gecko) Chrome/130.0.6723.69 Mobile Safari/537.36 (compatible; Googlebot/2.1; +http://www.google.com/bot.html)"
107.148.20.140 - - [31/Oct/2024:11:11:15 +0000] "GET / HTTP/1.1" 200 0 "https://mltcfiji.com" "Mozilla/5.0 (Windows NT 10.0; Win64; x64) AppleWebKit/537.36 (KHTML, like Gecko) Chrome/58.0.3029.110 Safari/537.3"
107.148.20.140 - - [31/Oct/2024:11:11:08 +0000] "GET /wp-includes/admin.php HTTP/1.1" 200 0 "https://mltcfiji.com/wp-includes/admin.php" "Mozilla/5.0 (Windows NT 10.0; Win64; x64) AppleWebKit/537.36 (KHTML, like Gecko) Chrome/58.0.3029.110 Safari/537.3"
