109.106.251.75 - - [30/Oct/2024:17:24:24 +0000] "POST /wp-cron.php?doing_wp_cron=1730309064.0772120952606201171875 HTTP/1.1" 200 0 "-" "WordPress/6.6.2; https://lakoyanimedia.tech"
66.249.64.110 - - [30/Oct/2024:17:24:22 +0000] "GET /slot-thailand/react.js HTTP/1.1" 404 11511 "https://www.lakoyanimedia.tech/" "Mozilla/5.0 (Linux; Android 6.0.1; Nexus 5X Build/MMB29P) AppleWebKit/537.36 (KHTML, like Gecko) Chrome/130.0.6723.58 Mobile Safari/537.36 (compatible; Googlebot/2.1; +http://www.google.com/bot.html)"
66.249.64.109 - - [30/Oct/2024:17:25:25 +0000] "GET /cdn-cgi/challenge-platform/scripts/jsd/main.js HTTP/1.1" 404 11510 "-" "Mozilla/5.0 (Linux; Android 6.0.1; Nexus 5X Build/MMB29P) AppleWebKit/537.36 (KHTML, like Gecko) Chrome/130.0.6723.58 Mobile Safari/537.36 (compatible; Googlebot/2.1; +http://www.google.com/bot.html)"
109.106.251.75 - - [30/Oct/2024:17:27:21 +0000] "POST /wp-admin/admin-ajax.php?action=async_litespeed&nonce=c0PX2sAbAksZnzIMfR4j1WxVrzjYtJJK&litespeed_type=imgoptm HTTP/1.1" 200 21 "-" "WordPress/6.6.2; https://lakoyanimedia.tech"
66.249.64.109 - - [30/Oct/2024:17:27:24 +0000] "GET /cdn-cgi/challenge-platform/scripts/jsd/main.js HTTP/1.1" 404 11510 "-" "Mozilla/5.0 (Linux; Android 6.0.1; Nexus 5X Build/MMB29P) AppleWebKit/537.36 (KHTML, like Gecko) Chrome/130.0.6723.58 Mobile Safari/537.36 (compatible; Googlebot/2.1; +http://www.google.com/bot.html)"
109.106.251.75 - - [30/Oct/2024:17:27:44 +0000] "POST /wp-admin/admin-ajax.php?action=async_litespeed&nonce=MAdktwltXO1NcRcbA5mYmmjcHJHOU1ZB&litespeed_type=imgoptm HTTP/1.1" 200 21 "-" "WordPress/6.6.2; https://lakoyanimedia.tech"
185.243.11.107 - - [30/Oct/2024:17:27:44 +0000] "GET /wp-login.php HTTP/1.1" 200 1821 "-" "Mozilla/5.0 (Windows NT 10.0; Win64; x64; rv:68.0) Gecko/20100101 Firefox/68.0"
109.106.251.75 - - [30/Oct/2024:17:27:58 +0000] "POST /wp-cron.php?doing_wp_cron=1730309278.3097720146179199218750 HTTP/1.1" 200 0 "-" "WordPress/6.6.2; https://lakoyanimedia.tech"
51.222.253.3 - - [30/Oct/2024:17:27:58 +0000] "GET /nm.php?gzfile=L2hvbWUvbGFrb3lhbmkvcHVibGljX2h0bWwvLmxpdGVzcGVlZF9mbGFn HTTP/2" 404 11511 "-" "Mozilla/5.0 (compatible; AhrefsBot/7.0; +http://ahrefs.com/robot/)"
109.106.251.75 - - [30/Oct/2024:17:30:14 +0000] "POST /wp-cron.php?doing_wp_cron=1730309414.2803800106048583984375 HTTP/1.1" 200 0 "-" "WordPress/6.6.2; https://lakoyanimedia.tech"
46.165.214.140 - - [30/Oct/2024:17:30:14 +0000] "POST /xmlrpc.php HTTP/1.1" 200 403 "-" "Mozilla/5.0 (Linux; Android 10; SM-N960U) AppleWebKit/537.36 (KHTML, like Gecko) Chrome/91.0.4472.114 Mobile Safari/537.36"
18.134.222.185 - - [30/Oct/2024:17:30:14 +0000] "POST /xmlrpc.php HTTP/1.1" 200 403 "-" "Mozilla/5.0 (Windows NT 10.0; Win64; x64; rv:57.0) Gecko/20100101 Firefox/57.0"
109.106.251.75 - - [30/Oct/2024:17:30:14 +0000] "POST /wp-admin/admin-ajax.php?action=async_litespeed&nonce=lbRXLFiUS06QOUMSN4PzS0EJgpQX14qF&litespeed_type=imgoptm HTTP/1.1" 200 21 "-" "WordPress/6.6.2; https://lakoyanimedia.tech"
185.50.25.30 - - [30/Oct/2024:17:30:16 +0000] "POST /wp-login.php HTTP/1.1" 200 1938 "-" "Mozilla/5.0 (Windows NT 6.1; WOW64) AppleWebKit/537.36 (KHTML, like Gecko) Chrome/47.0.2526.111 Safari/537.36"
81.88.52.75 - - [30/Oct/2024:17:30:16 +0000] "POST /xmlrpc.php HTTP/1.1" 200 403 "-" "Mozilla/5.0 (Windows NT 10.0; Win64; x64) AppleWebKit/537.36 (KHTML, like Gecko) Chrome/64.0.3282.186 Safari/537.36"
109.106.251.75 - - [30/Oct/2024:17:30:24 +0000] "POST /wp-cron.php?doing_wp_cron=1730309424.6388919353485107421875 HTTP/1.1" 200 0 "-" "WordPress/6.6.2; https://lakoyanimedia.tech"
47.109.17.108 - - [30/Oct/2024:17:30:24 +0000] "POST /xmlrpc.php HTTP/1.1" 200 403 "-" "Mozilla/5.0 (Windows NT 10.0; Win64; x64) AppleWebKit/537.36 (KHTML, like Gecko) Chrome/91.0.4472.114 Safari/537.36"
109.106.251.75 - - [30/Oct/2024:17:30:24 +0000] "POST /wp-admin/admin-ajax.php?action=async_litespeed&nonce=poND9aMObxpFzRm9BCyqaLS4PdVU0Z1K&litespeed_type=imgoptm HTTP/1.1" 200 21 "-" "WordPress/6.6.2; https://lakoyanimedia.tech"
51.77.52.109 - - [30/Oct/2024:17:30:28 +0000] "POST /xmlrpc.php HTTP/1.1" 200 403 "-" "Mozilla/5.0 (Windows NT 10.0; Win64; x64) AppleWebKit/537.36 (KHTML, like Gecko) Chrome/68.0.3440.106 Safari/537.36"
88.99.4.143 - - [30/Oct/2024:17:30:29 +0000] "POST /xmlrpc.php HTTP/1.1" 200 403 "-" "Mozilla/5.0 (Windows NT 6.1; Win64; x64) AppleWebKit/537.36 (KHTML, like Gecko) Chrome/74.0.3729.169 Safari/537.36"
66.249.64.108 - - [30/Oct/2024:17:30:36 +0000] "GET /u/H1911102 HTTP/1.1" 404 11509 "-" "Mozilla/5.0 (Linux; Android 6.0.1; Nexus 5X Build/MMB29P) AppleWebKit/537.36 (KHTML, like Gecko) Chrome/130.0.6723.69 Mobile Safari/537.36 (compatible; Googlebot/2.1; +http://www.google.com/bot.html)"
66.29.141.32 - - [30/Oct/2024:17:30:37 +0000] "POST /xmlrpc.php HTTP/1.1" 200 403 "-" "Mozilla/5.0 (Windows NT 6.1; Win64; x64; rv:57.0) Gecko/20100101 Firefox/57.0"
91.212.213.24 - - [30/Oct/2024:17:30:40 +0000] "POST /xmlrpc.php HTTP/1.1" 200 403 "-" "Mozilla/5.0 (Windows NT 6.1) AppleWebKit/537.36 (KHTML, like Gecko) Chrome/56.0.2924.76 Safari/537.36"
40.84.159.58 - - [30/Oct/2024:17:30:41 +0000] "POST /xmlrpc.php HTTP/1.1" 200 403 "-" "Mozilla/5.0 (Windows NT 10.0; Win64; x64) AppleWebKit/537.36 (KHTML, like Gecko) Chrome/81.0.4044.138 Safari/537.36"
108.181.192.15 - - [30/Oct/2024:17:30:46 +0000] "POST /xmlrpc.php HTTP/1.1" 200 403 "-" "Mozilla/5.0 (Windows NT 6.1; Win64; x64; rv:58.0) Gecko/20100101 Firefox/58.0"
85.128.54.15 - - [30/Oct/2024:17:31:01 +0000] "POST /xmlrpc.php HTTP/1.1" 200 403 "-" "Mozilla/5.0 (Windows NT 10.0; Win64; x64) AppleWebKit/537.36 (KHTML, like Gecko) Chrome/65.0.3325.181 Safari/537.36"
203.161.63.25 - - [30/Oct/2024:17:31:13 +0000] "POST /xmlrpc.php HTTP/1.1" 200 403 "-" "Mozilla/5.0 (Windows NT 10.0; Win64; x64; rv:85.0) Gecko/20100101 Firefox/85.0"
66.249.70.137 - - [30/Oct/2024:17:32:00 +0000] "GET /slot-thailand/?brandName=BENUATOTOshop-motorcycle-riding-gear-face-masks/beli-pakaian-bayi-laki-laki/jual-flash-drives/ HTTP/1.1" 200 113941 "-" "Mozilla/5.0 (Linux; Android 6.0.1; Nexus 5X Build/MMB29P) AppleWebKit/537.36 (KHTML, like Gecko) Chrome/130.0.6723.69 Mobile Safari/537.36 (compatible; GoogleOther)"
109.106.251.75 - - [30/Oct/2024:17:34:15 +0000] "POST /wp-cron.php?doing_wp_cron=1730309655.5169060230255126953125 HTTP/1.1" 200 0 "-" "WordPress/6.6.2; https://lakoyanimedia.tech"
40.77.167.28 - - [30/Oct/2024:17:34:13 +0000] "GET /u/O1274885 HTTP/2" 404 11510 "-" "Mozilla/5.0 AppleWebKit/537.36 (KHTML, like Gecko; compatible; bingbot/2.0; +http://www.bing.com/bingbot.htm) Chrome/116.0.1938.76 Safari/537.36"
109.106.251.75 - - [30/Oct/2024:17:34:15 +0000] "POST /wp-admin/admin-ajax.php?action=async_litespeed&nonce=yFXSrsbZyvy2Vte9YKahggwou4wcFatv&litespeed_type=imgoptm HTTP/1.1" 200 21 "-" "WordPress/6.6.2; https://lakoyanimedia.tech"
66.249.70.139 - - [30/Oct/2024:17:36:36 +0000] "GET /slot-thailand/?brandName=slot+bet+200+perakpayung-wanita/jual-remote-control-tv/shop-motorcycle-riding-gear-gloves/ HTTP/1.1" 200 113359 "-" "Mozilla/5.0 (Linux; Android 6.0.1; Nexus 5X Build/MMB29P) AppleWebKit/537.36 (KHTML, like Gecko) Chrome/130.0.6723.69 Mobile Safari/537.36 (compatible; Googlebot/2.1; +http://www.google.com/bot.html)"
109.106.251.75 - - [30/Oct/2024:17:36:54 +0000] "POST /wp-admin/admin-ajax.php?action=async_litespeed&nonce=dLJEeypu0aPigxAHFkcg6KkA6Qy475GW&litespeed_type=imgoptm HTTP/1.1" 200 21 "-" "WordPress/6.6.2; https://lakoyanimedia.tech"
51.222.253.4 - - [30/Oct/2024:17:40:24 +0000] "GET /nm.php?download=L2hvbWUvbGFrb3lhbmkvcHVibGljX2h0bWwvZ292am9wLmdvdi5waHA= HTTP/2" 404 11511 "-" "Mozilla/5.0 (compatible; AhrefsBot/7.0; +http://ahrefs.com/robot/)"
109.106.251.75 - - [30/Oct/2024:17:40:27 +0000] "POST /wp-cron.php?doing_wp_cron=1730310027.1449298858642578125000 HTTP/1.1" 200 0 "-" "WordPress/6.6.2; https://lakoyanimedia.tech"
109.106.251.75 - - [30/Oct/2024:17:40:27 +0000] "POST /wp-admin/admin-ajax.php?action=async_litespeed&nonce=YPrLZemwEkZ3X4uoPjnkdIpuxLi97AA4&litespeed_type=imgoptm HTTP/1.1" 200 21 "-" "WordPress/6.6.2; https://lakoyanimedia.tech"
66.249.70.133 - - [30/Oct/2024:17:44:51 +0000] "GET /slot-thailand/?brandName=BENUATOTOshop-motorcycle-riding-gear-face-masks/beli-pakaian-bayi-laki-laki/koper-anak-2/shop-boy%27s-muslim-wear HTTP/1.1" 200 115719 "-" "Mozilla/5.0 (Linux; Android 6.0.1; Nexus 5X Build/MMB29P) AppleWebKit/537.36 (KHTML, like Gecko) Chrome/130.0.6723.69 Mobile Safari/537.36 (compatible; GoogleOther)"
154.0.173.95 - - [30/Oct/2024:17:45:04 +0000] "POST /wp-login.php HTTP/1.1" 200 1938 "-" "Mozilla/5.0 (Windows NT 10.0; Win64; x64) AppleWebKit/537.36 (KHTML, like Gecko) Chrome/78.0.3904.70 Safari/537.36"
109.106.251.75 - - [30/Oct/2024:17:45:06 +0000] "POST /wp-cron.php?doing_wp_cron=1730310306.4003150463104248046875 HTTP/1.1" 200 0 "-" "WordPress/6.6.2; https://lakoyanimedia.tech"
109.106.251.75 - - [30/Oct/2024:17:45:06 +0000] "POST /wp-admin/admin-ajax.php?action=async_litespeed&nonce=s5fOxO6Gl27FTp8nYp7SHzuG94XzLT0Y&litespeed_type=imgoptm HTTP/1.1" 200 21 "-" "WordPress/6.6.2; https://lakoyanimedia.tech"
66.249.70.139 - - [30/Oct/2024:17:48:21 +0000] "GET /slot-thailand/?brandName=BENUATOTOshop-motorcycle-riding-gear-face-masks/beli-pakaian-bayi-laki-laki/koper-anak-2/shop-perawatan-mobil/shop-motorcycle-electronics/ HTTP/1.1" 200 117276 "-" "Mozilla/5.0 (Linux; Android 6.0.1; Nexus 5X Build/MMB29P) AppleWebKit/537.36 (KHTML, like Gecko) Chrome/130.0.6723.69 Mobile Safari/537.36 (compatible; GoogleOther)"
66.249.70.137 - - [30/Oct/2024:17:48:27 +0000] "GET /slot-thailand/?brandName=BENUATOTOshop-motorcycle-riding-gear-face-masks/beli-pakaian-bayi-laki-laki/koper-anak-2/beli-alat-kesehatan-kecantikan/jual-olahraga-senam/ HTTP/1.1" 200 118139 "-" "Mozilla/5.0 (Linux; Android 6.0.1; Nexus 5X Build/MMB29P) AppleWebKit/537.36 (KHTML, like Gecko) Chrome/130.0.6723.69 Mobile Safari/537.36 (compatible; GoogleOther)"
66.249.70.130 - - [30/Oct/2024:17:48:40 +0000] "GET /slot-thailand/?brandName=BENUATOTOshop-motorcycle-riding-gear-face-masks/beli-pakaian-bayi-laki-laki/koper-anak-2/beli-alat-tulis-kerajinan/shop-automotive-shift-boots-knobs/ HTTP/1.1" 200 118951 "-" "Mozilla/5.0 (Linux; Android 6.0.1; Nexus 5X Build/MMB29P) AppleWebKit/537.36 (KHTML, like Gecko) Chrome/130.0.6723.69 Mobile Safari/537.36 (compatible; GoogleOther)"
66.249.70.130 - - [30/Oct/2024:17:48:43 +0000] "GET /slot-thailand/?brandName=BENUATOTOshop-motorcycle-riding-gear-face-masks/beli-pakaian-bayi-laki-laki/sepatu-wanita/beli-perawatan-rambut/gym-tote-pria/ HTTP/1.1" 200 116391 "-" "Mozilla/5.0 (Linux; Android 6.0.1; Nexus 5X Build/MMB29P) AppleWebKit/537.36 (KHTML, like Gecko) Chrome/130.0.6723.69 Mobile Safari/537.36 (compatible; GoogleOther)"
66.249.70.138 - - [30/Oct/2024:17:48:48 +0000] "GET /slot-thailand/?brandName=slot+bet+200+perakpayung-wanita/jual-remote-control-tv/aksesoris-perawatan-rambutbeli-slr/sepatu-badminton-wanita/rugby/shop-palet-set-makeupshop-boy%27s-muslim-wearKebun%20&%20Luar%20Ruangan/ HTTP/1.1" 200 122623 "-" "Mozilla/5.0 (Linux; Android 6.0.1; Nexus 5X Build/MMB29P) AppleWebKit/537.36 (KHTML, like Gecko) Chrome/130.0.6723.69 Mobile Safari/537.36 (compatible; GoogleOther)"
66.249.70.138 - - [30/Oct/2024:17:49:02 +0000] "GET /slot-thailand/?brandName=BENUATOTOshop-motorcycle-riding-gear-face-masks/beli-pakaian-bayi-laki-laki/koper-anak-2/beli-perawatan-lantai/jual-kacamata-3d-tv/ HTTP/1.1" 200 116956 "-" "Mozilla/5.0 (Linux; Android 6.0.1; Nexus 5X Build/MMB29P) AppleWebKit/537.36 (KHTML, like Gecko) Chrome/130.0.6723.69 Mobile Safari/537.36 (compatible; GoogleOther)"
109.106.251.75 - - [30/Oct/2024:17:53:17 +0000] "POST /wp-cron.php?doing_wp_cron=1730310797.7990279197692871093750 HTTP/1.1" 200 0 "-" "WordPress/6.6.2; https://lakoyanimedia.tech"
51.222.253.19 - - [30/Oct/2024:17:53:15 +0000] "GET /nm.php?download=L2hvbWUvbGFrb3lhbmkvcHVibGljX2h0bWwvd3AtdHJhY2tiYWNrLnBocA== HTTP/2" 404 11510 "-" "Mozilla/5.0 (compatible; AhrefsBot/7.0; +http://ahrefs.com/robot/)"
109.106.251.75 - - [30/Oct/2024:17:53:18 +0000] "POST /wp-admin/admin-ajax.php?action=async_litespeed&nonce=V0o1ZV8QWkSMVj8hey5VGQEGRh6sb2CF&litespeed_type=imgoptm HTTP/1.1" 200 21 "-" "WordPress/6.6.2; https://lakoyanimedia.tech"
66.249.64.110 - - [30/Oct/2024:17:53:57 +0000] "GET /cdn-cgi/challenge-platform/scripts/jsd/main.js HTTP/1.1" 404 11510 "-" "Mozilla/5.0 (Linux; Android 6.0.1; Nexus 5X Build/MMB29P) AppleWebKit/537.36 (KHTML, like Gecko) Chrome/130.0.6723.58 Mobile Safari/537.36 (compatible; Googlebot/2.1; +http://www.google.com/bot.html)"
109.106.251.75 - - [30/Oct/2024:17:59:38 +0000] "POST /wp-cron.php?doing_wp_cron=1730311178.5791180133819580078125 HTTP/1.1" 200 0 "-" "WordPress/6.6.2; https://lakoyanimedia.tech"
167.71.233.39 - - [30/Oct/2024:17:59:36 +0000] "POST /wp-login.php HTTP/1.1" 200 1938 "-" "Mozilla/5.0 (Windows NT 10.0; Win64; x64) AppleWebKit/537.36 (KHTML, like Gecko) Chrome/87.0.4280.88 Safari/537.36"
109.106.251.75 - - [30/Oct/2024:17:59:38 +0000] "POST /wp-admin/admin-ajax.php?action=async_litespeed&nonce=2HcFON4bDwEwf6BO7HiY8VE8ixFEgdAz&litespeed_type=imgoptm HTTP/1.1" 200 21 "-" "WordPress/6.6.2; https://lakoyanimedia.tech"
109.106.251.75 - - [30/Oct/2024:18:08:54 +0000] "POST /wp-cron.php?doing_wp_cron=1730311734.9512009620666503906250 HTTP/1.1" 200 0 "-" "WordPress/6.6.2; https://lakoyanimedia.tech"
51.222.253.10 - - [30/Oct/2024:18:08:53 +0000] "GET /nm.php?fm=true&edit=gwztism.php&path=/home/lakoyani/public_html/ HTTP/2" 404 11510 "-" "Mozilla/5.0 (compatible; AhrefsBot/7.0; +http://ahrefs.com/robot/)"
109.106.251.75 - - [30/Oct/2024:18:08:55 +0000] "POST /wp-admin/admin-ajax.php?action=async_litespeed&nonce=0bqk4zyDIHEWhNTmdzAhlvowqxKFyVTR&litespeed_type=imgoptm HTTP/1.1" 200 21 "-" "WordPress/6.6.2; https://lakoyanimedia.tech"
109.106.251.75 - - [30/Oct/2024:18:09:21 +0000] "POST /wp-cron.php?doing_wp_cron=1730311761.8227169513702392578125 HTTP/1.1" 200 0 "-" "WordPress/6.6.2; https://lakoyanimedia.tech"
66.249.64.110 - - [30/Oct/2024:18:09:21 +0000] "GET /cdn-cgi/challenge-platform/scripts/jsd/main.js HTTP/1.1" 404 11511 "-" "Mozilla/5.0 (Linux; Android 6.0.1; Nexus 5X Build/MMB29P) AppleWebKit/537.36 (KHTML, like Gecko) Chrome/130.0.6723.58 Mobile Safari/537.36 (compatible; Googlebot/2.1; +http://www.google.com/bot.html)"
66.249.64.110 - - [30/Oct/2024:18:11:15 +0000] "GET /cdn-cgi/challenge-platform/scripts/jsd/main.js HTTP/1.1" 404 11511 "-" "Mozilla/5.0 (Linux; Android 6.0.1; Nexus 5X Build/MMB29P) AppleWebKit/537.36 (KHTML, like Gecko) Chrome/130.0.6723.58 Mobile Safari/537.36 (compatible; Googlebot/2.1; +http://www.google.com/bot.html)"
109.106.251.75 - - [30/Oct/2024:18:14:27 +0000] "POST /wp-cron.php?doing_wp_cron=1730312067.9624850749969482421875 HTTP/1.1" 200 0 "-" "WordPress/6.6.2; https://lakoyanimedia.tech"
203.124.33.211 - - [30/Oct/2024:18:14:25 +0000] "POST /wp-login.php HTTP/1.1" 200 1938 "-" "Mozilla/5.0 (Windows NT 10.0; Win64; x64) AppleWebKit/537.36 (KHTML, like Gecko) Chrome/62.0.3202.89 Safari/537.36"
109.106.251.75 - - [30/Oct/2024:18:14:28 +0000] "POST /wp-admin/admin-ajax.php?action=async_litespeed&nonce=lGmFcOXdFPWHdd5Mgf4n2BAjmwGzme0B&litespeed_type=imgoptm HTTP/1.1" 200 21 "-" "WordPress/6.6.2; https://lakoyanimedia.tech"
109.106.251.75 - - [30/Oct/2024:18:15:59 +0000] "POST /wp-cron.php?doing_wp_cron=1730312159.5998680591583251953125 HTTP/1.1" 200 0 "-" "WordPress/6.6.2; https://lakoyanimedia.tech"
40.77.167.5 - - [30/Oct/2024:18:15:57 +0000] "GET /u/D432330 HTTP/2" 404 11511 "-" "Mozilla/5.0 AppleWebKit/537.36 (KHTML, like Gecko; compatible; bingbot/2.0; +http://www.bing.com/bingbot.htm) Chrome/116.0.1938.76 Safari/537.36"
109.106.251.75 - - [30/Oct/2024:18:15:59 +0000] "POST /wp-admin/admin-ajax.php?action=async_litespeed&nonce=g8o5NHVqwZzK59nxxMD7bpUlmjbE1aEh&litespeed_type=imgoptm HTTP/1.1" 200 21 "-" "WordPress/6.6.2; https://lakoyanimedia.tech"
66.249.70.137 - - [30/Oct/2024:18:18:37 +0000] "GET /slot-thailand/?brandName=BENUATOTOshop-motorcycle-riding-gear-face-masks/beli-pakaian-bayi-laki-laki/beli-perhiasan-anak/beli-perawatan-lantai/jubah-muslim-pria/ HTTP/1.1" 200 117340 "-" "Mozilla/5.0 (Linux; Android 6.0.1; Nexus 5X Build/MMB29P) AppleWebKit/537.36 (KHTML, like Gecko) Chrome/130.0.6723.69 Mobile Safari/537.36 (compatible; GoogleOther)"
66.249.70.138 - - [30/Oct/2024:18:18:44 +0000] "GET /slot-thailand/?brandName=BENUATOTOshop-motorcycle-riding-gear-face-masks/beli-pakaian-bayi-laki-laki/koper-anak-2/beli-perawatan-rambut/beli-kursi-rodabeli-suplemen-pemutih HTTP/1.1" 200 117959 "-" "Mozilla/5.0 (Linux; Android 6.0.1; Nexus 5X Build/MMB29P) AppleWebKit/537.36 (KHTML, like Gecko) Chrome/130.0.6723.69 Mobile Safari/537.36 (compatible; GoogleOther)"
66.249.70.137 - - [30/Oct/2024:18:18:50 +0000] "GET /slot-thailand/?brandName=BENUATOTOshop-motorcycle-riding-gear-face-masks/beli-pakaian-bayi-laki-laki/beli-perhiasan-pria/beli-suplemen-makanan/jual-sepatu-olahraga-air-pria/ HTTP/1.1" 200 118200 "-" "Mozilla/5.0 (Linux; Android 6.0.1; Nexus 5X Build/MMB29P) AppleWebKit/537.36 (KHTML, like Gecko) Chrome/130.0.6723.69 Mobile Safari/537.36 (compatible; GoogleOther)"
66.249.70.137 - - [30/Oct/2024:18:18:56 +0000] "GET /slot-thailand/?brandName=BENUATOTOshop-motorcycle-riding-gear-face-masks/beli-pakaian-bayi-laki-laki/beli-perhiasan-anak/helpcenter/orders-payment/beli-alat-tulis-kerajinan/ HTTP/1.1" 200 118554 "-" "Mozilla/5.0 (Linux; Android 6.0.1; Nexus 5X Build/MMB29P) AppleWebKit/537.36 (KHTML, like Gecko) Chrome/130.0.6723.69 Mobile Safari/537.36 (compatible; GoogleOther)"
66.249.70.137 - - [30/Oct/2024:18:19:01 +0000] "GET /slot-thailand/?brandName=BENUATOTOshop-motorcycle-riding-gear-face-masks/beli-pakaian-bayi-laki-laki/pakaian-pria/marketplace/jual-sepatu-hiking-pria/ HTTP/1.1" 200 116522 "-" "Mozilla/5.0 (Linux; Android 6.0.1; Nexus 5X Build/MMB29P) AppleWebKit/537.36 (KHTML, like Gecko) Chrome/130.0.6723.69 Mobile Safari/537.36 (compatible; GoogleOther)"
66.249.70.138 - - [30/Oct/2024:18:19:05 +0000] "GET /slot-thailand/?brandName=BENUATOTOshop-motorcycle-riding-gear-face-masks/beli-pakaian-bayi-laki-laki/koper-anak-2/beli-suplemen-makanan/beli-sistem-pengairan/beli-foot-relief HTTP/1.1" 200 118709 "-" "Mozilla/5.0 (Linux; Android 6.0.1; Nexus 5X Build/MMB29P) AppleWebKit/537.36 (KHTML, like Gecko) Chrome/130.0.6723.69 Mobile Safari/537.36 (compatible; GoogleOther)"
66.249.70.137 - - [30/Oct/2024:18:19:11 +0000] "GET /slot-thailand/?brandName=BENUATOTOshop-motorcycle-riding-gear-face-masks/beli-pakaian-bayi-laki-laki/sepatu-wanita/beli-perawatan-rambut/jual-aksesoris-pompa-asi/helpcenter/products-on-lazada/ HTTP/1.1" 200 120143 "-" "Mozilla/5.0 (Linux; Android 6.0.1; Nexus 5X Build/MMB29P) AppleWebKit/537.36 (KHTML, like Gecko) Chrome/130.0.6723.69 Mobile Safari/537.36 (compatible; GoogleOther)"
66.249.70.137 - - [30/Oct/2024:18:19:17 +0000] "GET /slot-thailand/?brandName=BENUATOTOshop-motorcycle-riding-gear-face-masks/beli-pakaian-bayi-laki-laki/koper-anak-2/beli-perlengkapan-mandi-perawatan-kulit-anak/beli-losion-krim-tubuhbeli-scrub-tubuh HTTP/1.1" 200 120409 "-" "Mozilla/5.0 (Linux; Android 6.0.1; Nexus 5X Build/MMB29P) AppleWebKit/537.36 (KHTML, like Gecko) Chrome/130.0.6723.69 Mobile Safari/537.36 (compatible; GoogleOther)"
66.249.70.137 - - [30/Oct/2024:18:19:24 +0000] "GET /slot-thailand/?brandName=BENUATOTOshop-motorcycle-riding-gear-face-masks/beli-pakaian-bayi-laki-laki/beli-perlengkapan-mandi-tubuh/pakaian-renang-dan-selancar-pria/shop-busi-motor/ HTTP/1.1" 200 118336 "-" "Mozilla/5.0 (Linux; Android 6.0.1; Nexus 5X Build/MMB29P) AppleWebKit/537.36 (KHTML, like Gecko) Chrome/130.0.6723.69 Mobile Safari/537.36 (compatible; GoogleOther)"
109.106.251.75 - - [30/Oct/2024:18:21:01 +0000] "POST /wp-cron.php?doing_wp_cron=1730312461.0975170135498046875000 HTTP/1.1" 200 0 "-" "WordPress/6.6.2; https://lakoyanimedia.tech"
167.71.220.193 - - [30/Oct/2024:18:20:59 +0000] "GET /wp/wp-login.php HTTP/1.1" 404 9424 "-" "Mozilla/5.0 (X11; Linux x86_64; rv:121.0) Gecko/20100101 Firefox/121.0"
167.71.220.193 - - [30/Oct/2024:18:21:01 +0000] "POST /wp/wp-login.php HTTP/1.1" 404 9371 "-" "Mozilla/5.0 (X11; Linux x86_64; rv:121.0) Gecko/20100101 Firefox/121.0"
109.106.251.75 - - [30/Oct/2024:18:21:01 +0000] "POST /wp-admin/admin-ajax.php?action=async_litespeed&nonce=MEOdpSufGfORyrcJ02RdPsH8CRN8zs4O&litespeed_type=imgoptm HTTP/1.1" 200 21 "-" "WordPress/6.6.2; https://lakoyanimedia.tech"
167.71.220.193 - - [30/Oct/2024:18:21:02 +0000] "POST /wp/wp-login.php HTTP/1.1" 404 9377 "-" "Mozilla/5.0 (X11; Linux x86_64; rv:121.0) Gecko/20100101 Firefox/121.0"
66.249.64.109 - - [30/Oct/2024:18:21:17 +0000] "GET /cdn-cgi/challenge-platform/scripts/jsd/main.js HTTP/1.1" 404 11511 "-" "Mozilla/5.0 (Linux; Android 6.0.1; Nexus 5X Build/MMB29P) AppleWebKit/537.36 (KHTML, like Gecko) Chrome/130.0.6723.58 Mobile Safari/537.36 (compatible; Googlebot/2.1; +http://www.google.com/bot.html)"
66.249.64.108 - - [30/Oct/2024:18:23:54 +0000] "GET /cdn-cgi/challenge-platform/scripts/jsd/main.js HTTP/1.1" 404 11511 "-" "Mozilla/5.0 (Linux; Android 6.0.1; Nexus 5X Build/MMB29P) AppleWebKit/537.36 (KHTML, like Gecko) Chrome/130.0.6723.58 Mobile Safari/537.36 (compatible; Googlebot/2.1; +http://www.google.com/bot.html)"
109.106.251.75 - - [30/Oct/2024:18:29:23 +0000] "POST /wp-cron.php?doing_wp_cron=1730312963.4412341117858886718750 HTTP/1.1" 200 0 "-" "WordPress/6.6.2; https://lakoyanimedia.tech"
94.23.61.165 - - [30/Oct/2024:18:29:21 +0000] "POST /wp-login.php HTTP/1.1" 200 1938 "-" "Mozilla/5.0 (Windows NT 6.1; WOW64) AppleWebKit/537.36 (KHTML, like Gecko) Chrome/63.0.3239.132 Safari/537.36"
109.106.251.75 - - [30/Oct/2024:18:29:23 +0000] "POST /wp-admin/admin-ajax.php?action=async_litespeed&nonce=ZoQIuOFBn3wf6EmBaHdUO7hQBoMzkhOD&litespeed_type=imgoptm HTTP/1.1" 200 21 "-" "WordPress/6.6.2; https://lakoyanimedia.tech"
109.106.251.75 - - [30/Oct/2024:18:32:43 +0000] "POST /wp-cron.php?doing_wp_cron=1730313163.7639949321746826171875 HTTP/1.1" 200 0 "-" "WordPress/6.6.2; https://lakoyanimedia.tech"
51.222.253.1 - - [30/Oct/2024:18:32:41 +0000] "GET /nm.php?fm=true&rename=wp-login.php&path=/home/lakoyani/public_html/ HTTP/2" 404 11510 "-" "Mozilla/5.0 (compatible; AhrefsBot/7.0; +http://ahrefs.com/robot/)"
109.106.251.75 - - [30/Oct/2024:18:32:44 +0000] "POST /wp-admin/admin-ajax.php?action=async_litespeed&nonce=z4lrWb4zUjvpfF5KRe4VldCTNf5ZhpeY&litespeed_type=imgoptm HTTP/1.1" 200 21 "-" "WordPress/6.6.2; https://lakoyanimedia.tech"
80.64.30.198 - - [30/Oct/2024:18:38:15 +0000] "GET /wp/wp-login.php HTTP/1.1" 404 9424 "-" "Mozilla/5.0 (Windows NT 10.0; WOW64; rv:45.0) Gecko/20100101 Firefox/45.0"
185.126.67.202 - - [30/Oct/2024:18:38:16 +0000] "GET /wp/wp-login.php HTTP/1.1" 404 9424 "-" "Mozilla/5.0 (Windows NT 10.0; WOW64; rv:45.0) Gecko/20100101 Firefox/45.0"
109.106.251.75 - - [30/Oct/2024:18:38:19 +0000] "POST /wp-cron.php?doing_wp_cron=1730313499.1884970664978027343750 HTTP/1.1" 200 0 "-" "WordPress/6.6.2; https://lakoyanimedia.tech"
185.126.67.202 - - [30/Oct/2024:18:38:17 +0000] "POST /wp/wp-login.php HTTP/1.1" 404 9377 "https://lakoyanimedia.tech/wp/wp-login.php" "Mozilla/5.0 (Windows NT 10.0; WOW64; rv:45.0) Gecko/20100101 Firefox/45.0"
109.106.251.75 - - [30/Oct/2024:18:38:19 +0000] "POST /wp-admin/admin-ajax.php?action=async_litespeed&nonce=Ux99pR0l015dVBeYNwxXjJJsKqDhFiHt&litespeed_type=imgoptm HTTP/1.1" 200 21 "-" "WordPress/6.6.2; https://lakoyanimedia.tech"
80.64.30.198 - - [30/Oct/2024:18:38:19 +0000] "GET /wp/wp-admin/ HTTP/1.1" 404 9424 "-" "Mozilla/5.0 (Windows NT 10.0; WOW64; rv:45.0) Gecko/20100101 Firefox/45.0"
185.126.67.202 - - [30/Oct/2024:18:38:21 +0000] "GET /wp/wp-login.php HTTP/2" 404 12058 "-" "Mozilla/5.0 (Windows NT 10.0; Win64; x64) AppleWebKit/537.36 (KHTML, like Gecko) Chrome/114.0.0.0 Safari/537.36"
185.126.67.202 - - [30/Oct/2024:18:38:21 +0000] "GET /wp-includes/css/dist/block-library/style.min.css?ver=6.6.2 HTTP/2" 200 13760 "https://lakoyanimedia.tech/wp/wp-login.php" "Mozilla/5.0 (Windows NT 10.0; Win64; x64) AppleWebKit/537.36 (KHTML, like Gecko) Chrome/114.0.0.0 Safari/537.36"
185.126.67.202 - - [30/Oct/2024:18:38:21 +0000] "GET /wp-content/plugins/woocommerce/assets/css/woocommerce-layout.css?ver=9.3.3 HTTP/2" 200 2339 "https://lakoyanimedia.tech/wp/wp-login.php" "Mozilla/5.0 (Windows NT 10.0; Win64; x64) AppleWebKit/537.36 (KHTML, like Gecko) Chrome/114.0.0.0 Safari/537.36"
185.126.67.202 - - [30/Oct/2024:18:38:21 +0000] "GET /wp-content/themes/exnova/style.css?ver=6.6.2 HTTP/2" 200 5215 "https://lakoyanimedia.tech/wp/wp-login.php" "Mozilla/5.0 (Windows NT 10.0; Win64; x64) AppleWebKit/537.36 (KHTML, like Gecko) Chrome/114.0.0.0 Safari/537.36"
185.126.67.202 - - [30/Oct/2024:18:38:21 +0000] "GET /wp-content/plugins/woocommerce/assets/css/woocommerce.css?ver=9.3.3 HTTP/2" 200 9295 "https://lakoyanimedia.tech/wp/wp-login.php" "Mozilla/5.0 (Windows NT 10.0; Win64; x64) AppleWebKit/537.36 (KHTML, like Gecko) Chrome/114.0.0.0 Safari/537.36"
185.126.67.202 - - [30/Oct/2024:18:38:21 +0000] "GET /wp-content/themes/specia/css/owl.carousel.css?ver=6.6.2 HTTP/2" 200 1004 "https://lakoyanimedia.tech/wp/wp-login.php" "Mozilla/5.0 (Windows NT 10.0; Win64; x64) AppleWebKit/537.36 (KHTML, like Gecko) Chrome/114.0.0.0 Safari/537.36"
185.126.67.202 - - [30/Oct/2024:18:38:21 +0000] "GET /wp-content/themes/specia/css/bootstrap.min.css?ver=6.6.2 HTTP/2" 200 17838 "https://lakoyanimedia.tech/wp/wp-login.php" "Mozilla/5.0 (Windows NT 10.0; Win64; x64) AppleWebKit/537.36 (KHTML, like Gecko) Chrome/114.0.0.0 Safari/537.36"
185.126.67.202 - - [30/Oct/2024:18:38:21 +0000] "GET /wp-content/themes/specia/css/woo.css?ver=6.6.2 HTTP/2" 200 2350 "https://lakoyanimedia.tech/wp/wp-login.php" "Mozilla/5.0 (Windows NT 10.0; Win64; x64) AppleWebKit/537.36 (KHTML, like Gecko) Chrome/114.0.0.0 Safari/537.36"
185.126.67.202 - - [30/Oct/2024:18:38:21 +0000] "GET /wp-content/themes/specia/css/form.css?ver=6.6.2 HTTP/2" 200 1500 "https://lakoyanimedia.tech/wp/wp-login.php" "Mozilla/5.0 (Windows NT 10.0; Win64; x64) AppleWebKit/537.36 (KHTML, like Gecko) Chrome/114.0.0.0 Safari/537.36"
185.126.67.202 - - [30/Oct/2024:18:38:21 +0000] "GET /wp-content/themes/specia/css/widget.css?ver=6.6.2 HTTP/2" 200 2527 "https://lakoyanimedia.tech/wp/wp-login.php" "Mozilla/5.0 (Windows NT 10.0; Win64; x64) AppleWebKit/537.36 (KHTML, like Gecko) Chrome/114.0.0.0 Safari/537.36"
185.126.67.202 - - [30/Oct/2024:18:38:21 +0000] "GET /wp-content/themes/specia/css/top-widget.css?ver=6.6.2 HTTP/2" 200 972 "https://lakoyanimedia.tech/wp/wp-login.php" "Mozilla/5.0 (Windows NT 10.0; Win64; x64) AppleWebKit/537.36 (KHTML, like Gecko) Chrome/114.0.0.0 Safari/537.36"
185.126.67.202 - - [30/Oct/2024:18:38:21 +0000] "GET /wp-content/themes/specia/css/text-animate.css?ver=6.6.2 HTTP/2" 200 3612 "https://lakoyanimedia.tech/wp/wp-login.php" "Mozilla/5.0 (Windows NT 10.0; Win64; x64) AppleWebKit/537.36 (KHTML, like Gecko) Chrome/114.0.0.0 Safari/537.36"
185.126.67.202 - - [30/Oct/2024:18:38:21 +0000] "GET /wp-content/themes/specia/css/animate.min.css?ver=6.6.2 HTTP/2" 200 3577 "https://lakoyanimedia.tech/wp/wp-login.php" "Mozilla/5.0 (Windows NT 10.0; Win64; x64) AppleWebKit/537.36 (KHTML, like Gecko) Chrome/114.0.0.0 Safari/537.36"
185.126.67.202 - - [30/Oct/2024:18:38:21 +0000] "GET /wp-content/themes/specia/css/menus.css?ver=6.6.2 HTTP/2" 200 7186 "https://lakoyanimedia.tech/wp/wp-login.php" "Mozilla/5.0 (Windows NT 10.0; Win64; x64) AppleWebKit/537.36 (KHTML, like Gecko) Chrome/114.0.0.0 Safari/537.36"
185.126.67.202 - - [30/Oct/2024:18:38:21 +0000] "GET /wp-content/themes/specia/css/fonts/font-awesome/css/font-awesome.min.css?ver=6.6.2 HTTP/2" 200 6642 "https://lakoyanimedia.tech/wp/wp-login.php" "Mozilla/5.0 (Windows NT 10.0; Win64; x64) AppleWebKit/537.36 (KHTML, like Gecko) Chrome/114.0.0.0 Safari/537.36"
185.126.67.202 - - [30/Oct/2024:18:38:21 +0000] "GET /wp-content/themes/specia/style.css?ver=6.6.2 HTTP/2" 200 13959 "https://lakoyanimedia.tech/wp/wp-login.php" "Mozilla/5.0 (Windows NT 10.0; Win64; x64) AppleWebKit/537.36 (KHTML, like Gecko) Chrome/114.0.0.0 Safari/537.36"
185.126.67.202 - - [30/Oct/2024:18:38:21 +0000] "GET /wp-content/themes/exnova/css/media-query.css?ver=6.6.2 HTTP/2" 200 2114 "https://lakoyanimedia.tech/wp/wp-login.php" "Mozilla/5.0 (Windows NT 10.0; Win64; x64) AppleWebKit/537.36 (KHTML, like Gecko) Chrome/114.0.0.0 Safari/537.36"
185.126.67.202 - - [30/Oct/2024:18:38:21 +0000] "GET /wp-content/themes/specia/css/typography.css?ver=6.6.2 HTTP/2" 200 1781 "https://lakoyanimedia.tech/wp/wp-login.php" "Mozilla/5.0 (Windows NT 10.0; Win64; x64) AppleWebKit/537.36 (KHTML, like Gecko) Chrome/114.0.0.0 Safari/537.36"
185.126.67.202 - - [30/Oct/2024:18:38:21 +0000] "GET /wp-content/themes/exnova/css/colors/default.css?ver=6.6.2 HTTP/2" 200 5222 "https://lakoyanimedia.tech/wp/wp-login.php" "Mozilla/5.0 (Windows NT 10.0; Win64; x64) AppleWebKit/537.36 (KHTML, like Gecko) Chrome/114.0.0.0 Safari/537.36"
185.126.67.202 - - [30/Oct/2024:18:38:21 +0000] "GET /wp-content/themes/specia/css/text-rotator.css?ver=6.6.2 HTTP/2" 200 435 "https://lakoyanimedia.tech/wp/wp-login.php" "Mozilla/5.0 (Windows NT 10.0; Win64; x64) AppleWebKit/537.36 (KHTML, like Gecko) Chrome/114.0.0.0 Safari/537.36"
185.126.67.202 - - [30/Oct/2024:18:38:21 +0000] "GET /wp-content/themes/specia/js/bootstrap.min.js?ver=6.6.2 HTTP/2" 200 9439 "https://lakoyanimedia.tech/wp/wp-login.php" "Mozilla/5.0 (Windows NT 10.0; Win64; x64) AppleWebKit/537.36 (KHTML, like Gecko) Chrome/114.0.0.0 Safari/537.36"
185.126.67.202 - - [30/Oct/2024:18:38:21 +0000] "GET /wp-content/themes/specia/js/jquery.simple-text-rotator.min.js?ver=6.6.2 HTTP/2" 200 629 "https://lakoyanimedia.tech/wp/wp-login.php" "Mozilla/5.0 (Windows NT 10.0; Win64; x64) AppleWebKit/537.36 (KHTML, like Gecko) Chrome/114.0.0.0 Safari/537.36"
185.126.67.202 - - [30/Oct/2024:18:38:21 +0000] "GET /wp-content/themes/specia/js/modernizr.custom.min.js?ver=6.6.2 HTTP/2" 200 3554 "https://lakoyanimedia.tech/wp/wp-login.php" "Mozilla/5.0 (Windows NT 10.0; Win64; x64) AppleWebKit/537.36 (KHTML, like Gecko) Chrome/114.0.0.0 Safari/537.36"
185.126.67.202 - - [30/Oct/2024:18:38:21 +0000] "GET /wp-content/themes/exnova/js/custom.js?ver=6.6.2 HTTP/2" 200 2093 "https://lakoyanimedia.tech/wp/wp-login.php" "Mozilla/5.0 (Windows NT 10.0; Win64; x64) AppleWebKit/537.36 (KHTML, like Gecko) Chrome/114.0.0.0 Safari/537.36"
185.126.67.202 - - [30/Oct/2024:18:38:21 +0000] "GET /wp-content/themes/specia/js/component.min.js?ver=6.6.2 HTTP/2" 200 3554 "https://lakoyanimedia.tech/wp/wp-login.php" "Mozilla/5.0 (Windows NT 10.0; Win64; x64) AppleWebKit/537.36 (KHTML, like Gecko) Chrome/114.0.0.0 Safari/537.36"
185.126.67.202 - - [30/Oct/2024:18:38:21 +0000] "GET /wp-includes/js/jquery/jquery.min.js?ver=3.7.1 HTTP/2" 200 29576 "https://lakoyanimedia.tech/wp/wp-login.php" "Mozilla/5.0 (Windows NT 10.0; Win64; x64) AppleWebKit/537.36 (KHTML, like Gecko) Chrome/114.0.0.0 Safari/537.36"
185.126.67.202 - - [30/Oct/2024:18:38:21 +0000] "GET /wp-content/themes/specia/js/owl.carousel.min.js?ver=6.6.2 HTTP/2" 200 10209 "https://lakoyanimedia.tech/wp/wp-login.php" "Mozilla/5.0 (Windows NT 10.0; Win64; x64) AppleWebKit/537.36 (KHTML, like Gecko) Chrome/114.0.0.0 Safari/537.36"
185.126.67.202 - - [30/Oct/2024:18:38:21 +0000] "GET /wp-content/themes/specia/js/wow.min.js?ver=6.6.2 HTTP/2" 200 2559 "https://lakoyanimedia.tech/wp/wp-login.php" "Mozilla/5.0 (Windows NT 10.0; Win64; x64) AppleWebKit/537.36 (KHTML, like Gecko) Chrome/114.0.0.0 Safari/537.36"
185.126.67.202 - - [30/Oct/2024:18:38:21 +0000] "GET /wp-includes/js/jquery/jquery-migrate.min.js?ver=3.4.1 HTTP/2" 200 4676 "https://lakoyanimedia.tech/wp/wp-login.php" "Mozilla/5.0 (Windows NT 10.0; Win64; x64) AppleWebKit/537.36 (KHTML, like Gecko) Chrome/114.0.0.0 Safari/537.36"
185.126.67.202 - - [30/Oct/2024:18:38:22 +0000] "GET /wp-content/plugins/woocommerce/assets/client/blocks/wc-blocks.css?ver=wc-9.3.3 HTTP/2" 200 2329 "https://lakoyanimedia.tech/wp/wp-login.php" "Mozilla/5.0 (Windows NT 10.0; Win64; x64) AppleWebKit/537.36 (KHTML, like Gecko) Chrome/114.0.0.0 Safari/537.36"
185.126.67.202 - - [30/Oct/2024:18:38:22 +0000] "GET /wp-content/uploads/2024/10/Exnova.png HTTP/2" 200 0 "https://lakoyanimedia.tech/wp/wp-login.php" "Mozilla/5.0 (Windows NT 10.0; Win64; x64) AppleWebKit/537.36 (KHTML, like Gecko) Chrome/114.0.0.0 Safari/537.36"
185.126.67.202 - - [30/Oct/2024:18:38:22 +0000] "GET /wp-content/themes/specia/js/theme.js?ver=6.6.2 HTTP/2" 200 2009 "https://lakoyanimedia.tech/wp/wp-login.php" "Mozilla/5.0 (Windows NT 10.0; Win64; x64) AppleWebKit/537.36 (KHTML, like Gecko) Chrome/114.0.0.0 Safari/537.36"
185.126.67.202 - - [30/Oct/2024:18:38:22 +0000] "GET /wp-content/themes/specia/js/skip-link-focus-fix.js?ver=20151215 HTTP/2" 200 386 "https://lakoyanimedia.tech/wp/wp-login.php" "Mozilla/5.0 (Windows NT 10.0; Win64; x64) AppleWebKit/537.36 (KHTML, like Gecko) Chrome/114.0.0.0 Safari/537.36"
185.126.67.202 - - [30/Oct/2024:18:38:22 +0000] "GET /wp-content/plugins/woocommerce/assets/js/sourcebuster/sourcebuster.min.js?ver=9.3.3 HTTP/2" 200 4603 "https://lakoyanimedia.tech/wp/wp-login.php" "Mozilla/5.0 (Windows NT 10.0; Win64; x64) AppleWebKit/537.36 (KHTML, like Gecko) Chrome/114.0.0.0 Safari/537.36"
185.126.67.202 - - [30/Oct/2024:18:38:22 +0000] "GET /wp-content/plugins/woocommerce/assets/js/frontend/order-attribution.min.js?ver=9.3.3 HTTP/2" 200 1006 "https://lakoyanimedia.tech/wp/wp-login.php" "Mozilla/5.0 (Windows NT 10.0; Win64; x64) AppleWebKit/537.36 (KHTML, like Gecko) Chrome/114.0.0.0 Safari/537.36"
185.126.67.202 - - [30/Oct/2024:18:38:22 +0000] "GET /wp-content/plugins/woocommerce/assets/js/jquery-blockui/jquery.blockUI.min.js?ver=2.7.0-wc.9.3.3 HTTP/2" 200 3275 "https://lakoyanimedia.tech/wp/wp-login.php" "Mozilla/5.0 (Windows NT 10.0; Win64; x64) AppleWebKit/537.36 (KHTML, like Gecko) Chrome/114.0.0.0 Safari/537.36"
185.126.67.202 - - [30/Oct/2024:18:38:22 +0000] "GET /wp-content/plugins/woocommerce/assets/js/frontend/add-to-cart.min.js?ver=9.3.3 HTTP/2" 200 1206 "https://lakoyanimedia.tech/wp/wp-login.php" "Mozilla/5.0 (Windows NT 10.0; Win64; x64) AppleWebKit/537.36 (KHTML, like Gecko) Chrome/114.0.0.0 Safari/537.36"
185.126.67.202 - - [30/Oct/2024:18:38:22 +0000] "GET /wp-content/plugins/woocommerce/assets/js/js-cookie/js.cookie.min.js?ver=2.1.4-wc.9.3.3 HTTP/2" 200 760 "https://lakoyanimedia.tech/wp/wp-login.php" "Mozilla/5.0 (Windows NT 10.0; Win64; x64) AppleWebKit/537.36 (KHTML, like Gecko) Chrome/114.0.0.0 Safari/537.36"
185.126.67.202 - - [30/Oct/2024:18:38:22 +0000] "GET /wp-content/plugins/woocommerce/assets/js/frontend/woocommerce.min.js?ver=9.3.3 HTTP/2" 200 963 "https://lakoyanimedia.tech/wp/wp-login.php" "Mozilla/5.0 (Windows NT 10.0; Win64; x64) AppleWebKit/537.36 (KHTML, like Gecko) Chrome/114.0.0.0 Safari/537.36"
185.126.67.202 - - [30/Oct/2024:18:38:22 +0000] "GET /wp-content/plugins/woocommerce/assets/css/woocommerce-smallscreen.css?ver=9.3.3 HTTP/2" 200 1065 "https://lakoyanimedia.tech/wp/wp-login.php" "Mozilla/5.0 (Windows NT 10.0; Win64; x64) AppleWebKit/537.36 (KHTML, like Gecko) Chrome/114.0.0.0 Safari/537.36"
185.126.67.202 - - [30/Oct/2024:18:38:22 +0000] "GET /wp-content/themes/specia/css/fonts/font-awesome/fonts/fontawesome-webfont.woff2?v=4.7.0 HTTP/2" 200 77160 "https://lakoyanimedia.tech/wp-content/themes/specia/css/fonts/font-awesome/css/font-awesome.min.css?ver=6.6.2" "Mozilla/5.0 (Windows NT 10.0; Win64; x64) AppleWebKit/537.36 (KHTML, like Gecko) Chrome/114.0.0.0 Safari/537.36"
185.126.67.202 - - [30/Oct/2024:18:38:22 +0000] "GET /wp-content/themes/exnova/images/breadcrumb.jpg HTTP/2" 200 306569 "https://lakoyanimedia.tech/wp/wp-login.php" "Mozilla/5.0 (Windows NT 10.0; Win64; x64) AppleWebKit/537.36 (KHTML, like Gecko) Chrome/114.0.0.0 Safari/537.36"
185.126.67.202 - - [30/Oct/2024:18:38:22 +0000] "GET /wp-includes/js/wp-emoji-release.min.js?ver=6.6.2 HTTP/2" 200 4632 "https://lakoyanimedia.tech/wp/wp-login.php" "Mozilla/5.0 (Windows NT 10.0; Win64; x64) AppleWebKit/537.36 (KHTML, like Gecko) Chrome/114.0.0.0 Safari/537.36"
185.126.67.202 - - [30/Oct/2024:18:38:23 +0000] "GET /favicon.ico HTTP/2" 404 1251 "https://lakoyanimedia.tech/wp/wp-login.php" "Mozilla/5.0 (Windows NT 10.0; Win64; x64) AppleWebKit/537.36 (KHTML, like Gecko) Chrome/114.0.0.0 Safari/537.36"
109.106.251.75 - - [30/Oct/2024:18:41:49 +0000] "POST /wp-cron.php?doing_wp_cron=1730313709.4905619621276855468750 HTTP/1.1" 200 0 "-" "WordPress/6.6.2; https://lakoyanimedia.tech"
51.222.253.14 - - [30/Oct/2024:18:41:48 +0000] "GET /nm.php?fm=true&rights=config.json&path=/home/lakoyani/public_html/ HTTP/2" 404 11510 "-" "Mozilla/5.0 (compatible; AhrefsBot/7.0; +http://ahrefs.com/robot/)"
109.106.251.75 - - [30/Oct/2024:18:41:49 +0000] "POST /wp-admin/admin-ajax.php?action=async_litespeed&nonce=FivHo9pVNqp3P54jNQre8mv5YFhkMksw&litespeed_type=imgoptm HTTP/1.1" 200 21 "-" "WordPress/6.6.2; https://lakoyanimedia.tech"
109.106.251.75 - - [30/Oct/2024:18:44:13 +0000] "POST /wp-admin/admin-ajax.php?action=async_litespeed&nonce=qCANQI93sqIZ7TrMGSxR0pQ7Y2xkK1lZ&litespeed_type=imgoptm HTTP/1.1" 200 21 "-" "WordPress/6.6.2; https://lakoyanimedia.tech"
109.106.251.75 - - [30/Oct/2024:18:44:13 +0000] "POST /wp-cron.php?doing_wp_cron=1730313853.0008280277252197265625 HTTP/1.1" 200 0 "-" "WordPress/6.6.2; https://lakoyanimedia.tech"
79.232.60.37 - - [30/Oct/2024:18:44:10 +0000] "POST /wp-login.php HTTP/1.1" 200 1938 "-" "Mozilla/5.0 (Windows; U; Windows NT 5.1; en-US) AppleWebKit/533.4 (KHTML, like Gecko) Chrome/5.0.375.99 Safari/533.4"
109.106.251.75 - - [30/Oct/2024:18:47:11 +0000] "POST /wp-cron.php?doing_wp_cron=1730314031.4914660453796386718750 HTTP/1.1" 200 0 "-" "WordPress/6.6.2; https://lakoyanimedia.tech"
66.249.64.108 - - [30/Oct/2024:18:47:09 +0000] "GET /slot-thailand/react.js HTTP/1.1" 404 11509 "https://www.lakoyanimedia.tech/" "Mozilla/5.0 (Linux; Android 6.0.1; Nexus 5X Build/MMB29P) AppleWebKit/537.36 (KHTML, like Gecko) Chrome/130.0.6723.58 Mobile Safari/537.36 (compatible; Googlebot/2.1; +http://www.google.com/bot.html)"
109.106.251.75 - - [30/Oct/2024:18:47:11 +0000] "POST /wp-admin/admin-ajax.php?action=async_litespeed&nonce=1qZKzTJvc7n31aLGox4FIMFsjTIbcuYc&litespeed_type=imgoptm HTTP/1.1" 200 21 "-" "WordPress/6.6.2; https://lakoyanimedia.tech"
66.249.70.137 - - [30/Oct/2024:18:48:50 +0000] "GET /slot-thailand/?brandName=BENUATOTOshop-motorcycle-riding-gear-face-masks/beli-pakaian-bayi-laki-laki/koper-anak-2/beli-suplemen-makanan/beli-sistem-pengairan/tenis/ HTTP/1.1" 200 117622 "-" "Mozilla/5.0 (Linux; Android 6.0.1; Nexus 5X Build/MMB29P) AppleWebKit/537.36 (KHTML, like Gecko) Chrome/130.0.6723.69 Mobile Safari/537.36 (compatible; GoogleOther)"
66.249.70.137 - - [30/Oct/2024:18:48:56 +0000] "GET /slot-thailand/?brandName=BENUATOTOshop-motorcycle-riding-gear-face-masks/beli-pakaian-bayi-laki-laki/koper-anak-2/beli-perawatan-lantai/jual-kacamata-3d-tv/jual-flash-drives/ HTTP/1.1" 200 118982 "-" "Mozilla/5.0 (Linux; Android 6.0.1; Nexus 5X Build/MMB29P) AppleWebKit/537.36 (KHTML, like Gecko) Chrome/130.0.6723.69 Mobile Safari/537.36 (compatible; GoogleOther)"
66.249.70.138 - - [30/Oct/2024:18:49:02 +0000] "GET /slot-thailand/?brandName=BENUATOTOshop-motorcycle-riding-gear-face-masks/beli-pakaian-bayi-laki-laki/koper-anak-2/beli-alat-kesehatan-kecantikan/jual-olahraga-senam/beli-lampu-khusus/ HTTP/1.1" 200 118925 "-" "Mozilla/5.0 (Linux; Android 6.0.1; Nexus 5X Build/MMB29P) AppleWebKit/537.36 (KHTML, like Gecko) Chrome/130.0.6723.69 Mobile Safari/537.36 (compatible; GoogleOther)"
66.249.70.138 - - [30/Oct/2024:18:49:08 +0000] "GET /slot-thailand/?brandName=BENUATOTOshop-motorcycle-riding-gear-face-masks/beli-pakaian-bayi-laki-laki/beli-komputer/jual-aksesori-lingerie-wanita/shop-penyedot-debu-robot/ HTTP/1.1" 200 118494 "-" "Mozilla/5.0 (Linux; Android 6.0.1; Nexus 5X Build/MMB29P) AppleWebKit/537.36 (KHTML, like Gecko) Chrome/130.0.6723.69 Mobile Safari/537.36 (compatible; GoogleOther)"
66.249.70.137 - - [30/Oct/2024:18:49:17 +0000] "GET /slot-thailand/?brandName=BENUATOTOshop-motorcycle-riding-gear-face-masks/beli-pakaian-bayi-laki-laki/koper-anak-2/beli-alat-kesehatan-kecantikan/jual-olahraga-senam/peralatan-latihan-kardio/ HTTP/1.1" 200 120168 "-" "Mozilla/5.0 (Linux; Android 6.0.1; Nexus 5X Build/MMB29P) AppleWebKit/537.36 (KHTML, like Gecko) Chrome/130.0.6723.69 Mobile Safari/537.36 (compatible; GoogleOther)"
66.249.70.137 - - [30/Oct/2024:18:49:21 +0000] "GET /slot-thailand/?brandName=BENUATOTOshop-motorcycle-riding-gear-face-masks/beli-pakaian-bayi-laki-laki/beli-perhiasan-pria/beli-baterai/beli-kamera-video-aksi/ HTTP/1.1" 200 116993 "-" "Mozilla/5.0 (Linux; Android 6.0.1; Nexus 5X Build/MMB29P) AppleWebKit/537.36 (KHTML, like Gecko) Chrome/130.0.6723.69 Mobile Safari/537.36 (compatible; GoogleOther)"
66.249.70.138 - - [30/Oct/2024:18:49:28 +0000] "GET /slot-thailand/?brandName=BENUATOTOshop-motorcycle-riding-gear-face-masks/beli-pakaian-bayi-laki-laki/beli-handphoneolahraga-air/beli-keyboard/beli-makanan-minuman-mencuci-piring/beli-ac/beli-cat-rambut HTTP/1.1" 200 120773 "-" "Mozilla/5.0 (Linux; Android 6.0.1; Nexus 5X Build/MMB29P) AppleWebKit/537.36 (KHTML, like Gecko) Chrome/130.0.6723.69 Mobile Safari/537.36 (compatible; GoogleOther)"
66.249.70.139 - - [30/Oct/2024:18:49:35 +0000] "GET /slot-thailand/?brandName=BENUATOTOshop-motorcycle-riding-gear-face-masks/beli-pakaian-bayi-laki-laki/beli-printers/gantungan-handuk-dan-penghangat/jual-peralatan-survival-dan-keamanan/beli-detergen-popok-kain/bulutangkis/beli-olahraga-permainan-luar-ruangan/ HTTP/1.1" 200 126085 "-" "Mozilla/5.0 (Linux; Android 6.0.1; Nexus 5X Build/MMB29P) AppleWebKit/537.36 (KHTML, like Gecko) Chrome/130.0.6723.69 Mobile Safari/537.36 (compatible; GoogleOther)"
109.106.251.75 - - [30/Oct/2024:18:50:40 +0000] "POST /wp-admin/admin-ajax.php?action=async_litespeed&nonce=rxR78EOcv6eX9lpFsGR126Iug8EUQrfZ&litespeed_type=imgoptm HTTP/1.1" 200 21 "-" "WordPress/6.6.2; https://lakoyanimedia.tech"
51.222.253.17 - - [30/Oct/2024:18:50:54 +0000] "GET /nm.php?gz=L2hvbWUvbGFrb3lhbmkvcHVibGljX2h0bWwvLndlbGwta25vd24= HTTP/2" 404 11509 "-" "Mozilla/5.0 (compatible; AhrefsBot/7.0; +http://ahrefs.com/robot/)"
109.106.251.75 - - [30/Oct/2024:18:51:34 +0000] "POST /wp-admin/admin-ajax.php?action=async_litespeed&nonce=nVpdY9KaZgClkiZTWkAWu8NaQD2KQ3dT&litespeed_type=imgoptm HTTP/1.1" 200 21 "-" "WordPress/6.6.2; https://lakoyanimedia.tech"
66.249.64.108 - - [30/Oct/2024:18:57:06 +0000] "GET /cdn-cgi/challenge-platform/scripts/jsd/main.js HTTP/1.1" 404 11511 "-" "Mozilla/5.0 (Linux; Android 6.0.1; Nexus 5X Build/MMB29P) AppleWebKit/537.36 (KHTML, like Gecko) Chrome/130.0.6723.58 Mobile Safari/537.36 (compatible; Googlebot/2.1; +http://www.google.com/bot.html)"
109.106.251.75 - - [30/Oct/2024:18:58:07 +0000] "POST /wp-admin/admin-ajax.php?action=async_litespeed&nonce=yqkrtmNHxfLiOIRwAquZOJKkegZtFBs6&litespeed_type=imgoptm HTTP/1.1" 200 21 "-" "WordPress/6.6.2; https://lakoyanimedia.tech"
109.106.251.75 - - [30/Oct/2024:18:58:55 +0000] "POST /wp-cron.php?doing_wp_cron=1730314735.0231389999389648437500 HTTP/1.1" 200 0 "-" "WordPress/6.6.2; https://lakoyanimedia.tech"
64.225.27.151 - - [30/Oct/2024:18:58:54 +0000] "POST /wp-login.php HTTP/1.1" 200 1938 "-" "Mozilla/5.0 (Windows NT 6.1; WOW64) AppleWebKit/537.36 (KHTML, like Gecko) Chrome/32.0.1700.107 Safari/537.36"
109.106.251.75 - - [30/Oct/2024:18:58:55 +0000] "POST /wp-admin/admin-ajax.php?action=async_litespeed&nonce=2yQZcjiY53uhQOpgrISWoA2ZHqBuUDRz&litespeed_type=imgoptm HTTP/1.1" 200 21 "-" "WordPress/6.6.2; https://lakoyanimedia.tech"
167.71.220.193 - - [30/Oct/2024:18:59:34 +0000] "GET /wp/wp-login.php HTTP/1.1" 404 9424 "-" "Mozilla/5.0 (Linux; Android 12; Redmi Note 9 Pro Build/SKQ1.211019.001; wv) AppleWebKit/537.36 (KHTML, like Gecko) Version/4.0 Chrome/126.0.6478.71 Mobile Safari/537.36"
66.249.64.108 - - [30/Oct/2024:19:01:36 +0000] "GET /cdn-cgi/challenge-platform/scripts/jsd/main.js HTTP/1.1" 404 11511 "-" "Mozilla/5.0 (Linux; Android 6.0.1; Nexus 5X Build/MMB29P) AppleWebKit/537.36 (KHTML, like Gecko) Chrome/130.0.6723.58 Mobile Safari/537.36 (compatible; Googlebot/2.1; +http://www.google.com/bot.html)"
51.222.253.14 - - [30/Oct/2024:19:03:05 +0000] "GET /wp-includes/bookmark-template.php HTTP/2" 200 0 "-" "Mozilla/5.0 (compatible; AhrefsBot/7.0; +http://ahrefs.com/robot/)"
66.249.70.137 - - [30/Oct/2024:19:18:30 +0000] "GET /slot-thailand/?brandName=BENUATOTOshop-motorcycle-riding-gear-face-masks/beli-pakaian-bayi-laki-laki/koper-anak-2/baju-olahraga-pria/beli-aksesori-bayi-laki-laki/jaket-dan-mantel-wanita/ HTTP/1.1" 200 119265 "-" "Mozilla/5.0 (Linux; Android 6.0.1; Nexus 5X Build/MMB29P) AppleWebKit/537.36 (KHTML, like Gecko) Chrome/130.0.6723.69 Mobile Safari/537.36 (compatible; GoogleOther)"
66.249.70.138 - - [30/Oct/2024:19:18:37 +0000] "GET /slot-thailand/?brandName=BENUATOTOshop-motorcycle-riding-gear-face-masks/beli-pakaian-bayi-laki-laki/koper-anak-2/beli-perawatan-lantai/jual-kacamata-3d-tv/atasan-muslimah-wanita/ HTTP/1.1" 200 118822 "-" "Mozilla/5.0 (Linux; Android 6.0.1; Nexus 5X Build/MMB29P) AppleWebKit/537.36 (KHTML, like Gecko) Chrome/130.0.6723.69 Mobile Safari/537.36 (compatible; GoogleOther)"
66.249.70.137 - - [30/Oct/2024:19:18:42 +0000] "GET /slot-thailand/?brandName=BENUATOTOshop-motorcycle-riding-gear-face-masks/beli-pakaian-bayi-laki-laki/koper-anak-2/shop-motorcycle-riding-gear/beli-mainan-keranjang-bayi-perlengkapannya-tg/beli-mesin-fax/ HTTP/1.1" 200 119694 "-" "Mozilla/5.0 (Linux; Android 6.0.1; Nexus 5X Build/MMB29P) AppleWebKit/537.36 (KHTML, like Gecko) Chrome/130.0.6723.69 Mobile Safari/537.36 (compatible; GoogleOther)"
66.249.70.137 - - [30/Oct/2024:19:18:48 +0000] "GET /slot-thailand/?brandName=BENUATOTOshop-motorcycle-riding-gear-face-masks/beli-pakaian-bayi-laki-laki/sepatu-wanita/beli-perawatan-rambut/shop-boy%27s-muslimin-shirt HTTP/1.1" 200 117687 "-" "Mozilla/5.0 (Linux; Android 6.0.1; Nexus 5X Build/MMB29P) AppleWebKit/537.36 (KHTML, like Gecko) Chrome/130.0.6723.69 Mobile Safari/537.36 (compatible; GoogleOther)"
66.249.70.138 - - [30/Oct/2024:19:18:52 +0000] "GET /slot-thailand/?brandName=BENUATOTOshop-motorcycle-riding-gear-face-masks/beli-pakaian-bayi-laki-laki/koper-anak-2/tas-wanita/beli-bodysuit-one-piece-bayi/ HTTP/1.1" 200 116794 "-" "Mozilla/5.0 (Linux; Android 6.0.1; Nexus 5X Build/MMB29P) AppleWebKit/537.36 (KHTML, like Gecko) Chrome/130.0.6723.69 Mobile Safari/537.36 (compatible; GoogleOther)"
66.249.70.137 - - [30/Oct/2024:19:18:57 +0000] "GET /slot-thailand/?brandName=BENUATOTOshop-motorcycle-riding-gear-face-masks/beli-pakaian-bayi-laki-laki/koper-anak-2/shop-perawatan-mobil/shop-motorcycle-electronics/tas-ransel-sport-wanita/ HTTP/1.1" 200 119321 "-" "Mozilla/5.0 (Linux; Android 6.0.1; Nexus 5X Build/MMB29P) AppleWebKit/537.36 (KHTML, like Gecko) Chrome/130.0.6723.69 Mobile Safari/537.36 (compatible; GoogleOther)"
66.249.70.138 - - [30/Oct/2024:19:19:00 +0000] "GET /slot-thailand/?brandName=slot+bet+200+perakpayung-wanita/jual-remote-control-tv/aksesoris-perawatan-rambutcamping-dan-hiking/shop-automotive-tire-wheel-care/ HTTP/1.1" 200 117265 "-" "Mozilla/5.0 (Linux; Android 6.0.1; Nexus 5X Build/MMB29P) AppleWebKit/537.36 (KHTML, like Gecko) Chrome/130.0.6723.69 Mobile Safari/537.36 (compatible; GoogleOther)"
66.249.70.138 - - [30/Oct/2024:19:19:07 +0000] "GET /slot-thailand/?brandName=BENUATOTOshop-motorcycle-riding-gear-face-masks/beli-pakaian-bayi-laki-laki/beli-printers/gantungan-handuk-dan-penghangat/jual-peralatan-survival-dan-keamanan/beli-detergen-popok-kain/bulutangkis/beli-meja-ganti/ HTTP/1.1" 200 124546 "-" "Mozilla/5.0 (Linux; Android 6.0.1; Nexus 5X Build/MMB29P) AppleWebKit/537.36 (KHTML, like Gecko) Chrome/130.0.6723.69 Mobile Safari/537.36 (compatible; GoogleOther)"
66.249.70.137 - - [30/Oct/2024:19:19:10 +0000] "GET /slot-thailand/?brandName=BENUATOTOshop-motorcycle-riding-gear-face-masks/beli-pakaian-bayi-laki-laki/sepatu-wanita/beli-perawatan-rambut/gym-tote-pria/beli-mainan-keranjang-bayi-perlengkapannya-tg/ HTTP/1.1" 200 120512 "-" "Mozilla/5.0 (Linux; Android 6.0.1; Nexus 5X Build/MMB29P) AppleWebKit/537.36 (KHTML, like Gecko) Chrome/130.0.6723.69 Mobile Safari/537.36 (compatible; GoogleOther)"
66.249.70.138 - - [30/Oct/2024:19:19:13 +0000] "GET /slot-thailand/?brandName=BENUATOTOshop-motorcycle-riding-gear-face-masks/beli-pakaian-bayi-laki-laki/sepatu-wanita/beli-perawatan-rambut/jual-aksesoris-pompa-asi/beli-mainan-helikopter/ HTTP/1.1" 200 119344 "-" "Mozilla/5.0 (Linux; Android 6.0.1; Nexus 5X Build/MMB29P) AppleWebKit/537.36 (KHTML, like Gecko) Chrome/130.0.6723.69 Mobile Safari/537.36 (compatible; GoogleOther)"
66.249.70.138 - - [30/Oct/2024:19:19:16 +0000] "GET /slot-thailand/?brandName=BENUATOTOshop-motorcycle-riding-gear-face-masks/beli-pakaian-bayi-laki-laki/koper-anak-2/shop-kesehatan-hewan-peliharaanbeli-indoor-climbers-play-structure-tg/shop-tire-parts-air-compressors-inflators/ HTTP/1.1" 200 123286 "-" "Mozilla/5.0 (Linux; Android 6.0.1; Nexus 5X Build/MMB29P) AppleWebKit/537.36 (KHTML, like Gecko) Chrome/130.0.6723.69 Mobile Safari/537.36 (compatible; GoogleOther)"
66.249.70.139 - - [30/Oct/2024:19:19:20 +0000] "GET /slot-thailand/?brandName=BENUATOTOshop-motorcycle-riding-gear-face-masks/beli-pakaian-bayi-laki-laki/koper-anak-2/sepatu-pria/helpcenter/shipping-delivery/shop-motorcycle-stands-accessories/ HTTP/1.1" 200 120016 "-" "Mozilla/5.0 (Linux; Android 6.0.1; Nexus 5X Build/MMB29P) AppleWebKit/537.36 (KHTML, like Gecko) Chrome/130.0.6723.69 Mobile Safari/537.36 (compatible; GoogleOther)"
