66.249.70.137 - - [31/Oct/2024:08:18:01 +0000] "GET /slot-thailand/?brandName=BENUATOTOshop-motorcycle-riding-gear-face-masks/beli-pakaian-bayi-laki-laki/marketplace/jual-set-lingerie/shop-aksesori-jam-tangan-wanita/ HTTP/1.1" 200 117914 "-" "Mozilla/5.0 (Linux; Android 6.0.1; Nexus 5X Build/MMB29P) AppleWebKit/537.36 (KHTML, like Gecko) Chrome/130.0.6723.69 Mobile Safari/537.36 (compatible; GoogleOther)"
109.106.251.75 - - [31/Oct/2024:08:21:24 +0000] "POST /wp-cron.php?doing_wp_cron=1730362884.2930459976196289062500 HTTP/1.1" 200 0 "-" "WordPress/6.6.2; https://lakoyanimedia.tech"
198.211.125.40 - - [31/Oct/2024:08:21:22 +0000] "POST /xmlrpc.php HTTP/1.1" 200 226 "-" "Mozilla/5.0 (X11; Fedora; Linux x86_64; rv:94.0) Gecko/20100101 Firefox/95.0"
109.106.251.75 - - [31/Oct/2024:08:21:24 +0000] "POST /wp-admin/admin-ajax.php?action=async_litespeed&nonce=atlBUraEfxFdn2C926j0eTGP0ZfuiYv8&litespeed_type=imgoptm HTTP/1.1" 200 21 "-" "WordPress/6.6.2; https://lakoyanimedia.tech"
66.249.70.137 - - [31/Oct/2024:08:21:46 +0000] "GET /slot-thailand/?brandName=slot+bet+200+perakpayung-wanita/jual-remote-control-tv/shop-motorcycle-riding-gear-gloves/security/sarung-tangan-wanita/shop-motorcycle-riding-gear/ HTTP/1.1" 200 117875 "-" "Mozilla/5.0 (Linux; Android 6.0.1; Nexus 5X Build/MMB29P) AppleWebKit/537.36 (KHTML, like Gecko) Chrome/130.0.6723.69 Mobile Safari/537.36 (compatible; Googlebot/2.1; +http://www.google.com/bot.html)"
66.249.70.139 - - [31/Oct/2024:08:24:53 +0000] "GET /slot-thailand/?brandName=slot+bet+200+perakpayung-wanita/jual-remote-control-tv/aksesoris-perawatan-rambutcamping-dan-hiking/shop-automotive-tire-wheel-care/beli-keyboard-tablet/shop-kebutuhan-rumah-tangga HTTP/1.1" 200 120986 "-" "Mozilla/5.0 (Linux; Android 6.0.1; Nexus 5X Build/MMB29P) AppleWebKit/537.36 (KHTML, like Gecko) Chrome/130.0.6723.69 Mobile Safari/537.36 (compatible; GoogleOther)"
51.222.253.6 - - [31/Oct/2024:08:26:00 +0000] "GET /nm.php?download=L2hvbWUvbGFrb3lhbmkvcHVibGljX2h0bWwveHZ3dnRiay5waHA= HTTP/2" 404 11508 "-" "Mozilla/5.0 (compatible; AhrefsBot/7.0; +http://ahrefs.com/robot/)"
109.106.251.75 - - [31/Oct/2024:08:26:03 +0000] "POST /wp-cron.php?doing_wp_cron=1730363162.9201629161834716796875 HTTP/1.1" 200 0 "-" "WordPress/6.6.2; https://lakoyanimedia.tech"
109.106.251.75 - - [31/Oct/2024:08:26:03 +0000] "POST /wp-admin/admin-ajax.php?action=async_litespeed&nonce=jQy62OqqRIMOxiXldJkSp5nP5pMgEJNc&litespeed_type=imgoptm HTTP/1.1" 200 21 "-" "WordPress/6.6.2; https://lakoyanimedia.tech"
66.249.70.139 - - [31/Oct/2024:08:26:04 +0000] "GET /slot-thailand/?brandName=BENUATOTOshop-motorcycle-riding-gear-face-masks/beli-pakaian-bayi-laki-laki/beli-perlengkapan-mandi-tubuh/pakaian-renang-dan-selancar-pria/shop-busi-motor/sweater-cardigan-anak-laki-lakishop-aksesoris/shop-motorcycle-windshields-accessories/shop-car-audio-speakers/voli/multivitamin/tas-kerja-pria/beli-peralatan-berlatih-dan-lapangan/beli-printer-stand/gaun-wanita/jual-penerangan/ HTTP/1.1" 200 141107 "-" "Mozilla/5.0 (Linux; Android 6.0.1; Nexus 5X Build/MMB29P) AppleWebKit/537.36 (KHTML, like Gecko) Chrome/130.0.6723.69 Mobile Safari/537.36 (compatible; Googlebot/2.1; +http://www.google.com/bot.html)"
109.106.251.75 - - [31/Oct/2024:08:29:56 +0000] "POST /wp-cron.php?doing_wp_cron=1730363396.2777020931243896484375 HTTP/1.1" 200 0 "-" "WordPress/6.6.2; https://lakoyanimedia.tech"
68.183.28.69 - - [31/Oct/2024:08:29:54 +0000] "POST /xmlrpc.php HTTP/1.1" 200 226 "-" "Mozilla/5.0 (X11; Fedora; Linux x86_64; rv:94.0) Gecko/20100101 Firefox/95.0"
109.106.251.75 - - [31/Oct/2024:08:29:56 +0000] "POST /wp-admin/admin-ajax.php?action=async_litespeed&nonce=bg3NV8A9RRFvGVaUP7aJoo2i5lVL74ss&litespeed_type=imgoptm HTTP/1.1" 200 21 "-" "WordPress/6.6.2; https://lakoyanimedia.tech"
66.249.70.139 - - [31/Oct/2024:08:30:08 +0000] "GET /slot-thailand/?brandName=BENUATOTOshop-motorcycle-riding-gear-face-masks/beli-pakaian-bayi-laki-laki/sepatu-wanita/beli-perawatan-rambut/shop-boy%27s-muslimin-shirtbeli-alat-tulis-kerajinan/ HTTP/1.1" 200 120743 "-" "Mozilla/5.0 (Linux; Android 6.0.1; Nexus 5X Build/MMB29P) AppleWebKit/537.36 (KHTML, like Gecko) Chrome/130.0.6723.69 Mobile Safari/537.36 (compatible; Googlebot/2.1; +http://www.google.com/bot.html)"
103.118.28.79 - - [31/Oct/2024:08:31:47 +0000] "POST /wp-login.php HTTP/1.1" 200 1939 "-" "Mozilla/5.0 (Windows NT 6.1; Win64; x64) AppleWebKit/537.36 (KHTML, like Gecko) Chrome/67.0.3396.87 Safari/537.36"
109.106.251.75 - - [31/Oct/2024:08:31:50 +0000] "POST /wp-cron.php?doing_wp_cron=1730363509.9987568855285644531250 HTTP/1.1" 200 0 "-" "WordPress/6.6.2; https://lakoyanimedia.tech"
109.106.251.75 - - [31/Oct/2024:08:31:50 +0000] "POST /wp-admin/admin-ajax.php?action=async_litespeed&nonce=oDkRLZvHFtMpWnq9zY3SH0lZWiyWdgFT&litespeed_type=imgoptm HTTP/1.1" 200 21 "-" "WordPress/6.6.2; https://lakoyanimedia.tech"
66.249.70.139 - - [31/Oct/2024:08:32:10 +0000] "GET /slot-thailand/?brandName=BENUATOTOshop-motorcycle-riding-gear-face-masks/beli-pakaian-bayi-laki-laki/shop-automotive-shift-boots-knobs/ HTTP/1.1" 200 115386 "-" "Mozilla/5.0 (Linux; Android 6.0.1; Nexus 5X Build/MMB29P) AppleWebKit/537.36 (KHTML, like Gecko) Chrome/130.0.6723.69 Mobile Safari/537.36 (compatible; Googlebot/2.1; +http://www.google.com/bot.html)"
66.249.70.137 - - [31/Oct/2024:08:33:54 +0000] "GET /slot-thailand/?brandName=slot+bet+200+perakpayung-wanita/jual-remote-control-tv/shop-motorcycle-riding-gear-gloves/security/sarung-tangan-wanita/beli-komponen-komputer/ HTTP/1.1" 200 118420 "-" "Mozilla/5.0 (Linux; Android 6.0.1; Nexus 5X Build/MMB29P) AppleWebKit/537.36 (KHTML, like Gecko) Chrome/130.0.6723.69 Mobile Safari/537.36 (compatible; GoogleOther)"
66.249.70.138 - - [31/Oct/2024:08:34:18 +0000] "GET /slot-thailand/?brandName=slot+bet+200+perakpayung-wanita/jual-remote-control-tv/aksesoris-perawatan-rambutcamping-dan-hiking/shop-automotive-tire-wheel-care/beli-keyboard-tablet/shop-kebutuhan-rumah-tangga HTTP/1.1" 200 120988 "-" "Mozilla/5.0 (Linux; Android 6.0.1; Nexus 5X Build/MMB29P) AppleWebKit/537.36 (KHTML, like Gecko) Chrome/130.0.6723.69 Mobile Safari/537.36 (compatible; Googlebot/2.1; +http://www.google.com/bot.html)"
66.249.70.137 - - [31/Oct/2024:08:38:29 +0000] "GET /slot-thailand/?brandName=BENUATOTOshop-motorcycle-riding-gear-face-masks/beli-pakaian-bayi-laki-laki/koper-anak-2/shop-kesehatan-hewan-peliharaanbeli-indoor-climbers-play-structure-tg/shop-tire-parts-air-compressors-inflators/shop-masker-wajah-pria/beli-susu-pertumbuhan-1-3-tahun/fashion-pakaian-anak-laki-laki HTTP/1.1" 200 132006 "-" "Mozilla/5.0 (Linux; Android 6.0.1; Nexus 5X Build/MMB29P) AppleWebKit/537.36 (KHTML, like Gecko) Chrome/130.0.6723.69 Mobile Safari/537.36 (compatible; Googlebot/2.1; +http://www.google.com/bot.html)"
109.106.251.75 - - [31/Oct/2024:08:38:42 +0000] "POST /wp-cron.php?doing_wp_cron=1730363922.5382020473480224609375 HTTP/1.1" 200 0 "-" "WordPress/6.6.2; https://lakoyanimedia.tech"
75.119.208.59 - - [31/Oct/2024:08:38:41 +0000] "POST /xmlrpc.php HTTP/1.1" 200 226 "-" "Mozilla/5.0 (X11; Fedora; Linux x86_64; rv:94.0) Gecko/20100101 Firefox/95.0"
109.106.251.75 - - [31/Oct/2024:08:38:43 +0000] "POST /wp-admin/admin-ajax.php?action=async_litespeed&nonce=0X1lxfGfk6cTQ2wVGhIEtM0OvOj0FKVP&litespeed_type=imgoptm HTTP/1.1" 200 21 "-" "WordPress/6.6.2; https://lakoyanimedia.tech"
66.249.70.138 - - [31/Oct/2024:08:38:44 +0000] "GET /slot-thailand/?brandName=BENUATOTOshop-motorcycle-riding-gear-face-masks/beli-pakaian-bayi-laki-laki/marketplace/pilates/shop-Makanan-Kering/ HTTP/1.1" 200 115675 "-" "Mozilla/5.0 (Linux; Android 6.0.1; Nexus 5X Build/MMB29P) AppleWebKit/537.36 (KHTML, like Gecko) Chrome/130.0.6723.69 Mobile Safari/537.36 (compatible; GoogleOther)"
66.249.64.108 - - [31/Oct/2024:08:39:12 +0000] "GET /u/B553228 HTTP/1.1" 404 11509 "-" "Mozilla/5.0 (Linux; Android 6.0.1; Nexus 5X Build/MMB29P) AppleWebKit/537.36 (KHTML, like Gecko) Chrome/130.0.6723.69 Mobile Safari/537.36 (compatible; Googlebot/2.1; +http://www.google.com/bot.html)"
167.71.221.255 - - [31/Oct/2024:08:39:23 +0000] "GET /wp-login.php HTTP/1.1" 200 1821 "-" "Mozilla/5.0 (X11; Linux x86_64; rv:121.0) Gecko/20100101 Firefox/121.0"
167.71.221.255 - - [31/Oct/2024:08:39:23 +0000] "GET /wp-login.php HTTP/1.1" 200 1821 "-" "Mozilla/5.0 (X11; Linux x86_64; rv:121.0) Gecko/20100101 Firefox/121.0"
109.106.251.75 - - [31/Oct/2024:08:39:24 +0000] "POST /wp-cron.php?doing_wp_cron=1730363964.8326439857482910156250 HTTP/1.1" 200 0 "-" "WordPress/6.6.2; https://lakoyanimedia.tech"
167.71.221.255 - - [31/Oct/2024:08:39:23 +0000] "POST /wp-login.php HTTP/1.1" 200 1969 "-" "Mozilla/5.0 (X11; Linux x86_64; rv:121.0) Gecko/20100101 Firefox/121.0"
167.71.221.255 - - [31/Oct/2024:08:39:23 +0000] "POST /wp-login.php HTTP/1.1" 200 1967 "-" "Mozilla/5.0 (X11; Linux x86_64; rv:121.0) Gecko/20100101 Firefox/121.0"
167.71.221.255 - - [31/Oct/2024:08:39:25 +0000] "POST /wp-login.php HTTP/1.1" 200 1968 "-" "Mozilla/5.0 (X11; Linux x86_64; rv:121.0) Gecko/20100101 Firefox/121.0"
167.71.221.255 - - [31/Oct/2024:08:39:25 +0000] "POST /wp-login.php HTTP/1.1" 200 1970 "-" "Mozilla/5.0 (X11; Linux x86_64; rv:121.0) Gecko/20100101 Firefox/121.0"
109.106.251.75 - - [31/Oct/2024:08:39:26 +0000] "POST /wp-admin/admin-ajax.php?action=async_litespeed&nonce=ivFOkt5Mpuud2zULvMzd1lhv5g2WviSA&litespeed_type=imgoptm HTTP/1.1" 200 21 "-" "WordPress/6.6.2; https://lakoyanimedia.tech"
66.249.70.139 - - [31/Oct/2024:08:41:10 +0000] "GET /slot-thailand/amp/?gacor=index.html HTTP/1.1" 304 0 "-" "Mozilla/5.0 (Linux; Android 6.0.1; Nexus 5X Build/MMB29P) AppleWebKit/537.36 (KHTML, like Gecko) Chrome/130.0.6723.69 Mobile Safari/537.36 (compatible; Googlebot/2.1; +http://www.google.com/bot.html)"
66.249.70.137 - - [31/Oct/2024:08:42:40 +0000] "GET /slot-thailand/?brandName=BENUATOTOshop-motorcycle-riding-gear-face-masks/beli-pakaian-bayi-laki-laki/koper-anak-2/beli-perawatan-rambut/beli-kursi-rodabeli-suplemen-pemutihblog/shop-automotive-pedals-pedal-accessories/ HTTP/1.1" 200 122423 "-" "Mozilla/5.0 (Linux; Android 6.0.1; Nexus 5X Build/MMB29P) AppleWebKit/537.36 (KHTML, like Gecko) Chrome/130.0.6723.69 Mobile Safari/537.36 (compatible; Googlebot/2.1; +http://www.google.com/bot.html)"
66.249.70.138 - - [31/Oct/2024:08:42:54 +0000] "GET /slot-thailand/?brandName=slot+bet+200+perakpayung-wanita/jual-remote-control-tv/shop-motorcycle-riding-gear-gloves/olahraga-raket/fashion-pakaian-anak-laki-laki HTTP/1.1" 200 117524 "-" "Mozilla/5.0 (Linux; Android 6.0.1; Nexus 5X Build/MMB29P) AppleWebKit/537.36 (KHTML, like Gecko) Chrome/130.0.6723.69 Mobile Safari/537.36 (compatible; GoogleOther)"
109.106.251.75 - - [31/Oct/2024:08:46:32 +0000] "POST /wp-cron.php?doing_wp_cron=1730364392.4687170982360839843750 HTTP/1.1" 200 0 "-" "WordPress/6.6.2; https://lakoyanimedia.tech"
64.23.129.165 - - [31/Oct/2024:08:46:30 +0000] "POST /wp-login.php HTTP/1.1" 200 1939 "-" "Mozilla/5.0 (Windows NT 6.1; WOW64) AppleWebKit/537.36 (KHTML, like Gecko) Chrome/63.0.3239.132 Safari/537.36"
109.106.251.75 - - [31/Oct/2024:08:46:32 +0000] "POST /wp-admin/admin-ajax.php?action=async_litespeed&nonce=hwZPsabJCsBF5KUGA5qxHpIulL9dRQng&litespeed_type=imgoptm HTTP/1.1" 200 21 "-" "WordPress/6.6.2; https://lakoyanimedia.tech"
66.249.70.138 - - [31/Oct/2024:08:46:51 +0000] "GET /slot-thailand/?brandName=slot+bet+200+perakpayung-wanita/jual-remote-control-tv/shop-motorcycle-riding-gear-gloves/olahraga-raket/fashion-pakaian-anak-laki-laki HTTP/1.1" 200 117524 "-" "Mozilla/5.0 (Linux; Android 6.0.1; Nexus 5X Build/MMB29P) AppleWebKit/537.36 (KHTML, like Gecko) Chrome/130.0.6723.69 Mobile Safari/537.36 (compatible; Googlebot/2.1; +http://www.google.com/bot.html)"
109.106.251.75 - - [31/Oct/2024:08:47:41 +0000] "POST /wp-cron.php?doing_wp_cron=1730364461.2256579399108886718750 HTTP/1.1" 200 0 "-" "WordPress/6.6.2; https://lakoyanimedia.tech"
103.186.185.95 - - [31/Oct/2024:08:47:40 +0000] "POST /xmlrpc.php HTTP/1.1" 200 226 "-" "Mozilla/5.0 (X11; Fedora; Linux x86_64; rv:94.0) Gecko/20100101 Firefox/95.0"
109.106.251.75 - - [31/Oct/2024:08:47:41 +0000] "POST /wp-admin/admin-ajax.php?action=async_litespeed&nonce=RzlXpq6rnzBidqY23qTQJuCc6gNngO9T&litespeed_type=imgoptm HTTP/1.1" 200 21 "-" "WordPress/6.6.2; https://lakoyanimedia.tech"
144.34.251.142 - - [31/Oct/2024:08:47:49 +0000] "POST /xmlrpc.php HTTP/1.1" 200 403 "-" "Mozilla/5.0 (Windows NT 10.0) AppleWebKit/537.36 (KHTML, like Gecko) Chrome/91.0.4472.114 Safari/537.36"
85.128.54.15 - - [31/Oct/2024:08:47:52 +0000] "POST /xmlrpc.php HTTP/1.1" 200 403 "-" "Mozilla/5.0 (Windows NT 5.1; rv:40.0) Gecko/20100101 Firefox/40.0"
78.46.202.8 - - [31/Oct/2024:08:47:52 +0000] "POST /xmlrpc.php HTTP/1.1" 200 403 "-" "Mozilla/5.0 (Linux; Android 10; LM-Q720) AppleWebKit/537.36 (KHTML, like Gecko) Chrome/91.0.4472.114 Mobile Safari/537.36"
88.99.4.143 - - [31/Oct/2024:08:47:55 +0000] "POST /xmlrpc.php HTTP/1.1" 200 403 "-" "Mozilla/5.0 (Windows NT 10.0; Win64; x64) AppleWebKit/537.36 (KHTML, like Gecko) Chrome/78.0.3904.108 Safari/537.36"
66.249.70.138 - - [31/Oct/2024:08:48:01 +0000] "GET /slot-thailand/?brandName=BENUATOTOshop-motorcycle-riding-gear-face-masks/beli-pakaian-bayi-laki-laki/shop-automotive-shift-boots-knobs/baseball/ HTTP/1.1" 200 116219 "-" "Mozilla/5.0 (Linux; Android 6.0.1; Nexus 5X Build/MMB29P) AppleWebKit/537.36 (KHTML, like Gecko) Chrome/130.0.6723.69 Mobile Safari/537.36 (compatible; GoogleOther)"
65.21.1.60 - - [31/Oct/2024:08:48:05 +0000] "POST /xmlrpc.php HTTP/1.1" 200 403 "-" "Mozilla/5.0 (Windows NT 10.0; Win64; x64) AppleWebKit/537.36 (KHTML, like Gecko) Chrome/79.0.3945.130 Safari/537.36"
46.4.101.67 - - [31/Oct/2024:08:48:05 +0000] "POST /xmlrpc.php HTTP/1.1" 200 403 "-" "Mozilla/5.0 (iPhone; CPU iPhone OS 14_6 like Mac OS X) AppleWebKit/605.1.15 (KHTML, like Gecko) CriOS/91.0.4472.80 Mobile/15E148 Safari/604.1"
46.4.101.67 - - [31/Oct/2024:08:48:14 +0000] "POST /xmlrpc.php HTTP/1.1" 200 403 "-" "Mozilla/5.0 (Windows NT 10.0; Win64; x64) AppleWebKit/537.36 (KHTML, like Gecko) Chrome/85.0.4183.121 Safari/537.36"
67.205.60.237 - - [31/Oct/2024:08:48:16 +0000] "POST /xmlrpc.php HTTP/1.1" 200 403 "-" "Mozilla/5.0 (Windows NT 10.0; Win64; x64; rv:84.0) Gecko/20100101 Firefox/84.0"
109.106.251.75 - - [31/Oct/2024:08:48:18 +0000] "POST /wp-cron.php?doing_wp_cron=1730364498.0180449485778808593750 HTTP/1.1" 200 0 "-" "WordPress/6.6.2; https://lakoyanimedia.tech"
45.76.146.145 - - [31/Oct/2024:08:48:17 +0000] "POST /xmlrpc.php HTTP/1.1" 200 403 "-" "Mozilla/5.0 (Windows NT 6.3; Win64; x64) AppleWebKit/537.36 (KHTML, like Gecko) Chrome/60.0.3112.113 Safari/537.36"
42.116.167.96 - - [31/Oct/2024:08:48:20 +0000] "POST /xmlrpc.php HTTP/1.1" 200 403 "-" "Mozilla/5.0 (Windows NT 10.0; WOW64; rv:54.0) Gecko/20100101 Firefox/54.0"
195.78.67.18 - - [31/Oct/2024:08:48:25 +0000] "POST /xmlrpc.php HTTP/1.1" 200 403 "-" "Mozilla/5.0 (iPod; CPU iPhone OS 14_6 like Mac OS X) AppleWebKit/605.1.15 (KHTML, like Gecko) CriOS/91.0.4472.80 Mobile/15E148 Safari/604.1"
109.106.251.75 - - [31/Oct/2024:08:48:25 +0000] "POST /wp-admin/admin-ajax.php?action=async_litespeed&nonce=jPOBfVa2u7QyfLO4t50t8NF5N0VUrMaw&litespeed_type=imgoptm HTTP/1.1" 200 21 "-" "WordPress/6.6.2; https://lakoyanimedia.tech"
109.106.251.75 - - [31/Oct/2024:08:48:25 +0000] "POST /wp-cron.php?doing_wp_cron=1730364505.1709260940551757812500 HTTP/1.1" 200 0 "-" "WordPress/6.6.2; https://lakoyanimedia.tech"
178.33.109.109 - - [31/Oct/2024:08:48:24 +0000] "POST /xmlrpc.php HTTP/1.1" 200 403 "-" "Mozilla/5.0 (Windows NT 10.0; Win64; x64) AppleWebKit/537.36 (KHTML, like Gecko) Chrome/90.0.4430.93 Safari/537.36"
66.249.70.138 - - [31/Oct/2024:08:49:21 +0000] "GET /slot-thailand/?brandName=BENUATOTOshop-motorcycle-riding-gear-face-masks/beli-pakaian-bayi-laki-laki/marketplace/beli-aksesori-handphonebeli-balon-loncat-istana-balon/sepak-takraw/jual-perlengkapan-bayi-balita/ HTTP/1.1" 200 121470 "-" "Mozilla/5.0 (Linux; Android 6.0.1; Nexus 5X Build/MMB29P) AppleWebKit/537.36 (KHTML, like Gecko) Chrome/130.0.6723.69 Mobile Safari/537.36 (compatible; GoogleOther)"
66.249.70.137 - - [31/Oct/2024:08:51:53 +0000] "GET /slot-thailand/?brandName=BENUATOTOshop-motorcycle-riding-gear-face-masks/beli-pakaian-bayi-laki-laki/koper-anak-2/shop-kesehatan-hewan-peliharaanbeli-indoor-climbers-play-structure-tg/shop-tire-parts-air-compressors-inflators/jual-aksesori-tas-wanita/camping-dan-hiking/ HTTP/1.1" 200 128161 "-" "Mozilla/5.0 (Linux; Android 6.0.1; Nexus 5X Build/MMB29P) AppleWebKit/537.36 (KHTML, like Gecko) Chrome/130.0.6723.69 Mobile Safari/537.36 (compatible; GoogleOther)"
66.249.70.139 - - [31/Oct/2024:08:55:06 +0000] "GET /slot-thailand/?brandName=slot+bet+200+perakpayung-wanita/jual-remote-control-tv/shop-motorcycle-riding-gear-gloves/security/sarung-tangan-wanita/beli-komponen-komputer/ HTTP/1.1" 200 118756 "-" "Mozilla/5.0 (Linux; Android 6.0.1; Nexus 5X Build/MMB29P) AppleWebKit/537.36 (KHTML, like Gecko) Chrome/130.0.6723.69 Mobile Safari/537.36 (compatible; Googlebot/2.1; +http://www.google.com/bot.html)"
109.106.251.75 - - [31/Oct/2024:08:56:49 +0000] "POST /wp-cron.php?doing_wp_cron=1730365009.3889930248260498046875 HTTP/1.1" 200 0 "-" "WordPress/6.6.2; https://lakoyanimedia.tech"
165.22.215.55 - - [31/Oct/2024:08:56:47 +0000] "POST /xmlrpc.php HTTP/1.1" 200 226 "-" "Mozilla/5.0 (X11; Fedora; Linux x86_64; rv:94.0) Gecko/20100101 Firefox/95.0"
109.106.251.75 - - [31/Oct/2024:08:56:49 +0000] "POST /wp-admin/admin-ajax.php?action=async_litespeed&nonce=lAuND4SCuGpzNsefSqXyKkIdgCjWdm0u&litespeed_type=imgoptm HTTP/1.1" 200 21 "-" "WordPress/6.6.2; https://lakoyanimedia.tech"
66.249.70.138 - - [31/Oct/2024:08:57:11 +0000] "GET /slot-thailand/?brandName=BENUATOTOshop-motorcycle-riding-gear-face-masks/beli-pakaian-bayi-laki-laki/koper-anak-2/shop-kesehatan-hewan-peliharaanbeli-indoor-climbers-play-structure-tg/shop-tire-parts-air-compressors-inflators/jual-aksesori-tas-wanita/camping-dan-hiking/ HTTP/1.1" 200 128158 "-" "Mozilla/5.0 (Linux; Android 6.0.1; Nexus 5X Build/MMB29P) AppleWebKit/537.36 (KHTML, like Gecko) Chrome/130.0.6723.69 Mobile Safari/537.36 (compatible; Googlebot/2.1; +http://www.google.com/bot.html)"
66.249.70.137 - - [31/Oct/2024:08:59:55 +0000] "GET /slot-thailand/?brandName=BENUATOTOshop-motorcycle-riding-gear-face-masks/beli-pakaian-bayi-laki-laki/koper-anak-2/shop-kesehatan-hewan-peliharaanbeli-indoor-climbers-play-structure-tg/shop-tire-parts-air-compressors-inflators/shop-masker-wajah-pria/beli-susu-pertumbuhan-1-3-tahun/beli-perlengkapan-styling-rambut/olahraga-raket/bathrobe-baju-mandi-wanita/shop-pembersih/jual-tas-ransel/helpcenter/products-on-lazada/ HTTP/1.1" 200 143950 "-" "Mozilla/5.0 (Linux; Android 6.0.1; Nexus 5X Build/MMB29P) AppleWebKit/537.36 (KHTML, like Gecko) Chrome/130.0.6723.69 Mobile Safari/537.36 (compatible; GoogleOther)"
66.249.70.137 - - [31/Oct/2024:09:00:53 +0000] "GET /slot-thailand/?brandName=slot+bet+200+perakpayung-wanita/jual-remote-control-tv/shop-motorcycle-riding-gear-gloves/jual-dompet-kartu-pria/beli-ledeng/beli-jam-tangan-kasual-pria/shop-pre-owned-jam-tangan-wanita/jaket-dan-kardigan-wanita-muslim/kesehatan-manula/ HTTP/1.1" 200 126816 "-" "Mozilla/5.0 (Linux; Android 6.0.1; Nexus 5X Build/MMB29P) AppleWebKit/537.36 (KHTML, like Gecko) Chrome/130.0.6723.69 Mobile Safari/537.36 (compatible; GoogleOther)"
109.106.251.75 - - [31/Oct/2024:09:01:16 +0000] "POST /wp-cron.php?doing_wp_cron=1730365276.2211170196533203125000 HTTP/1.1" 200 0 "-" "WordPress/6.6.2; https://lakoyanimedia.tech"
47.106.133.35 - - [31/Oct/2024:09:01:14 +0000] "POST /wp-login.php HTTP/1.1" 200 1939 "-" "Mozilla/5.0 (Windows NT 6.3; Win64; x64) AppleWebKit/537.36 (KHTML, like Gecko) Chrome/65.0.3325.181 Safari/537.36"
109.106.251.75 - - [31/Oct/2024:09:01:16 +0000] "POST /wp-admin/admin-ajax.php?action=async_litespeed&nonce=nQM3CECbGPM5ZwUGflCQcXWbG9XgxYTT&litespeed_type=imgoptm HTTP/1.1" 200 21 "-" "WordPress/6.6.2; https://lakoyanimedia.tech"
66.249.70.137 - - [31/Oct/2024:09:04:00 +0000] "GET /slot-thailand/?brandName=slot+bet+200+perakpayung-wanita/jual-remote-control-tv/shop-motorcycle-riding-gear-gloves/jual-dompet-kartu-pria/beli-ledeng/beli-jam-tangan-kasual-pria/shop-pre-owned-jam-tangan-wanita/jaket-dan-kardigan-wanita-muslim/kesehatan-manula/ HTTP/1.1" 200 126816 "-" "Mozilla/5.0 (Linux; Android 6.0.1; Nexus 5X Build/MMB29P) AppleWebKit/537.36 (KHTML, like Gecko) Chrome/130.0.6723.69 Mobile Safari/537.36 (compatible; Googlebot/2.1; +http://www.google.com/bot.html)"
146.190.110.182 - - [31/Oct/2024:09:05:39 +0000] "POST /xmlrpc.php HTTP/1.1" 200 226 "-" "Mozilla/5.0 (X11; Fedora; Linux x86_64; rv:94.0) Gecko/20100101 Firefox/95.0"
109.106.251.75 - - [31/Oct/2024:09:05:41 +0000] "POST /wp-admin/admin-ajax.php?action=async_litespeed&nonce=1DjTnQSPhQ0XucY1xNSrqEfyvX9MXbeD&litespeed_type=imgoptm HTTP/1.1" 200 21 "-" "WordPress/6.6.2; https://lakoyanimedia.tech"
109.106.251.75 - - [31/Oct/2024:09:05:41 +0000] "POST /wp-cron.php?doing_wp_cron=1730365541.2382791042327880859375 HTTP/1.1" 200 0 "-" "WordPress/6.6.2; https://lakoyanimedia.tech"
51.222.253.2 - - [31/Oct/2024:09:06:06 +0000] "GET /nm.php?fm=true&rename=note_css.html&path=/home/lakoyani/public_html/ HTTP/2" 404 11509 "-" "Mozilla/5.0 (compatible; AhrefsBot/7.0; +http://ahrefs.com/robot/)"
66.249.70.138 - - [31/Oct/2024:09:08:10 +0000] "GET /slot-thailand/amp/?gacor=index.html HTTP/1.1" 304 0 "-" "Mozilla/5.0 (Linux; Android 6.0.1; Nexus 5X Build/MMB29P) AppleWebKit/537.36 (KHTML, like Gecko) Chrome/130.0.6723.69 Mobile Safari/537.36 (compatible; Googlebot/2.1; +http://www.google.com/bot.html)"
66.249.70.137 - - [31/Oct/2024:09:09:56 +0000] "GET /slot-thailand/?brandName=BENUATOTOshop-motorcycle-riding-gear-face-masks/beli-pakaian-bayi-laki-laki/marketplace/jual-set-lingerie/shop-aksesori-jam-tangan-wanita/olahraga-sepeda/ HTTP/1.1" 200 118752 "-" "Mozilla/5.0 (Linux; Android 6.0.1; Nexus 5X Build/MMB29P) AppleWebKit/537.36 (KHTML, like Gecko) Chrome/130.0.6723.69 Mobile Safari/537.36 (compatible; GoogleOther)"
66.249.70.139 - - [31/Oct/2024:09:10:30 +0000] "GET /slot-thailand/?brandName=BENUATOTOshop-motorcycle-riding-gear-face-masks/beli-pakaian-bayi-laki-laki/beli-power-bank/pelindung-dan-talang-air-mobil/beli-peralatan-kebun/shop-elektronik/gorden-dan-kerai/security/ HTTP/1.1" 200 121284 "-" "Mozilla/5.0 (Linux; Android 6.0.1; Nexus 5X Build/MMB29P) AppleWebKit/537.36 (KHTML, like Gecko) Chrome/130.0.6723.69 Mobile Safari/537.36 (compatible; GoogleOther)"
109.106.251.75 - - [31/Oct/2024:09:14:42 +0000] "POST /wp-admin/admin-ajax.php?action=async_litespeed&nonce=5fzZIQTAIaCjAxYx9O8oDeawaGpIrZfq&litespeed_type=imgoptm HTTP/1.1" 200 21 "-" "WordPress/6.6.2; https://lakoyanimedia.tech"
109.106.251.75 - - [31/Oct/2024:09:14:42 +0000] "POST /wp-cron.php?doing_wp_cron=1730366082.3545839786529541015625 HTTP/1.1" 200 0 "-" "WordPress/6.6.2; https://lakoyanimedia.tech"
103.20.102.10 - - [31/Oct/2024:09:14:40 +0000] "POST /xmlrpc.php HTTP/1.1" 200 226 "-" "Mozilla/5.0 (X11; Fedora; Linux x86_64; rv:94.0) Gecko/20100101 Firefox/95.0"
66.249.64.108 - - [31/Oct/2024:09:15:01 +0000] "GET /slot-thailand/react.js HTTP/1.1" 404 11510 "https://www.lakoyanimedia.tech/" "Mozilla/5.0 (Linux; Android 6.0.1; Nexus 5X Build/MMB29P) AppleWebKit/537.36 (KHTML, like Gecko) Chrome/130.0.6723.58 Mobile Safari/537.36 (compatible; Googlebot/2.1; +http://www.google.com/bot.html)"
66.249.70.138 - - [31/Oct/2024:09:16:05 +0000] "GET /slot-thailand/?brandName=BENUATOTOshop-motorcycle-riding-gear-face-masks/beli-pakaian-bayi-laki-laki/marketplace/jual-set-lingerie/shop-aksesori-jam-tangan-wanita/olahraga-sepeda/ HTTP/1.1" 200 118752 "-" "Mozilla/5.0 (Linux; Android 6.0.1; Nexus 5X Build/MMB29P) AppleWebKit/537.36 (KHTML, like Gecko) Chrome/130.0.6723.69 Mobile Safari/537.36 (compatible; Googlebot/2.1; +http://www.google.com/bot.html)"
109.106.251.75 - - [31/Oct/2024:09:16:05 +0000] "POST /wp-cron.php?doing_wp_cron=1730366165.1965289115905761718750 HTTP/1.1" 200 0 "-" "WordPress/6.6.2; https://lakoyanimedia.tech"
128.199.148.65 - - [31/Oct/2024:09:16:04 +0000] "POST /wp-login.php HTTP/1.1" 200 1939 "-" "Mozilla/5.0 (Windows NT 10.0; Win64; x64) AppleWebKit/537.36 (KHTML, like Gecko) Chrome/78.0.3904.70 Safari/537.36"
109.106.251.75 - - [31/Oct/2024:09:16:05 +0000] "POST /wp-admin/admin-ajax.php?action=async_litespeed&nonce=aOC6EYTHg0A7nUoyVPwcB4wormKbQS8r&litespeed_type=imgoptm HTTP/1.1" 200 21 "-" "WordPress/6.6.2; https://lakoyanimedia.tech"
66.249.70.138 - - [31/Oct/2024:09:17:10 +0000] "GET /slot-thailand/?brandName=BENUATOTOshop-motorcycle-riding-gear-face-masks/beli-pakaian-bayi-laki-laki/marketplace/jual-film-kamera-instan/ HTTP/1.1" 200 115328 "-" "Mozilla/5.0 (Linux; Android 6.0.1; Nexus 5X Build/MMB29P) AppleWebKit/537.36 (KHTML, like Gecko) Chrome/130.0.6723.69 Mobile Safari/537.36 (compatible; Googlebot/2.1; +http://www.google.com/bot.html)"
66.249.70.137 - - [31/Oct/2024:09:18:19 +0000] "GET /slot-thailand/?brandName=BENUATOTOshop-motorcycle-riding-gear-face-masks/beli-pakaian-bayi-laki-laki/marketplace/jual-set-lingerie/jual-laci-kamar-mandi/ HTTP/1.1" 200 116474 "-" "Mozilla/5.0 (Linux; Android 6.0.1; Nexus 5X Build/MMB29P) AppleWebKit/537.36 (KHTML, like Gecko) Chrome/130.0.6723.69 Mobile Safari/537.36 (compatible; GoogleOther)"
66.249.70.137 - - [31/Oct/2024:09:18:25 +0000] "GET /slot-thailand/?brandName=BENUATOTOshop-motorcycle-riding-gear-face-masks/beli-pakaian-bayi-laki-laki/beli-perlengkapan-mandi-tubuh/pakaian-renang-dan-selancar-pria/shop-busi-motor/sweater-cardigan-anak-laki-lakishop-aksesoris/shop-motorcycle-windshields-accessories/shop-car-audio-speakers/voli/multivitamin/lingerie-baju-tidur/shop-automotive-auto-oils-fluids-additives/soundcard/shop-kamera-mobil/jual-sepatu-sepeda-anak-perempuan/jual-sepatu-futsal/jaket-mantel-anak-laki-lakiaksesoris-rambut/sarung-tangan-pria/ HTTP/1.1" 200 153213 "-" "Mozilla/5.0 (Linux; Android 6.0.1; Nexus 5X Build/MMB29P) AppleWebKit/537.36 (KHTML, like Gecko) Chrome/130.0.6723.69 Mobile Safari/537.36 (compatible; GoogleOther)"
66.249.70.137 - - [31/Oct/2024:09:18:28 +0000] "GET /slot-thailand/?brandName=BENUATOTOshop-motorcycle-riding-gear-face-masks/beli-pakaian-bayi-laki-laki/beli-perhiasan-pria/beli-baterai/beli-kamera-video-aksi/beli-popok-kain/beli-mainan-kendaraan-tg/shop-automotive-body-parts/payung-jas-hujan-anak-perempuanjual-piring-mangkok-bayi/shop-makanan-hewanshop-elektronik/shop-indikator/beli-peralatan-kebun/beli-speaker-smart/beli-pisau-dan-aksesoris/beli-set-mainan-kereta/shop-automotive-license-plate-covers-frames/jual-tempat-berteduh-dan-kanopi/beli-susu-bayi-0-6-bulan/jual-gps-alat-pencari-ikan/baju-tidur-pria/fashion-sepatu-anak-perempuanshop-alat-perawatan-kulit-tubuh HTTP/1.1" 200 167684 "-" "Mozilla/5.0 (Linux; Android 6.0.1; Nexus 5X Build/MMB29P) AppleWebKit/537.36 (KHTML, like Gecko) Chrome/130.0.6723.69 Mobile Safari/537.36 (compatible; GoogleOther)"
66.249.70.139 - - [31/Oct/2024:09:18:32 +0000] "GET /slot-thailand/?brandName=BENUATOTOshop-motorcycle-riding-gear-face-masks/beli-pakaian-bayi-laki-laki/beli-perlengkapan-mandi-tubuh/pakaian-renang-dan-selancar-pria/shop-busi-motor/shop-car-video-in-dash-navigation/beli-alat-medis/beli-handuk-mandi/shop-indikator/beli-dekorasi-rumah/beli-teh/jual-laci-kamar-mandi/seprei-ranjang/jual-celana-pendek-wanita/beli-kartu-grafis/beli-kompor-gas/gym-tote-pria/beli-rc-figure-robot/kesehatan-manula/beli-tas-pinggang/beli-mainan-walkie-talkie/beli-kabel-handphone/shop-automotive-windshield-wipers-washers/ HTTP/1.1" 200 158349 "-" "Mozilla/5.0 (Linux; Android 6.0.1; Nexus 5X Build/MMB29P) AppleWebKit/537.36 (KHTML, like Gecko) Chrome/130.0.6723.69 Mobile Safari/537.36 (compatible; GoogleOther)"
66.249.70.137 - - [31/Oct/2024:09:18:35 +0000] "GET /slot-thailand/?brandName=BENUATOTOshop-motorcycle-riding-gear-face-masks/beli-pakaian-bayi-laki-laki/koper-anak-2/beli-perlengkapan-mandi-perawatan-kulit-anak/beli-losion-krim-tubuhbeli-scrub-tubuhsepak-bola/shop-girls-jumpsuits-overallssarung-tangan-wanita/shop-Makanan-Kering/beli-parfum/sepatu-lace-ups-anak-laki-lakijual-peralatan-cheerleading/shop-alat-perawatan-kulit-wajahbeli-pengering-rambut/beli-cermin-kamar-mandi/sepatu-basket-wanita/shop-alat-perawatan-kulit-tubuhbeli-furnitur-dapur-ruang-makan/beli-maskarabeli-parfum-unisexshop-saringan-udara/ HTTP/1.1" 200 158133 "-" "Mozilla/5.0 (Linux; Android 6.0.1; Nexus 5X Build/MMB29P) AppleWebKit/537.36 (KHTML, like Gecko) Chrome/130.0.6723.69 Mobile Safari/537.36 (compatible; GoogleOther)"
66.249.70.139 - - [31/Oct/2024:09:18:38 +0000] "GET /slot-thailand/?brandName=slot+bet+200+perakpayung-wanita/jual-remote-control-tv/shop-motorcycle-riding-gear-gloves/jual-dompet-kartu-pria/beli-ledeng/beli-jam-tangan-kasual-pria/shop-pre-owned-jam-tangan-wanita/jaket-dan-kardigan-wanita-muslim/beli-suplemen-kecantikanbeli-ovens/ HTTP/1.1" 200 128455 "-" "Mozilla/5.0 (Linux; Android 6.0.1; Nexus 5X Build/MMB29P) AppleWebKit/537.36 (KHTML, like Gecko) Chrome/130.0.6723.69 Mobile Safari/537.36 (compatible; GoogleOther)"
66.249.70.137 - - [31/Oct/2024:09:18:41 +0000] "GET /slot-thailand/?brandName=BENUATOTOshop-motorcycle-riding-gear-face-masks/beli-pakaian-bayi-laki-laki/beli-perlengkapan-mandi-tubuh/pakaian-renang-dan-selancar-pria/shop-busi-motor/sweater-cardigan-anak-laki-lakishop-aksesoris/shop-motorcycle-windshields-accessories/shop-car-audio-speakers/voli/multivitamin/lingerie-baju-tidur/shop-automotive-auto-oils-fluids-additives/soundcard/shop-kamera-mobil/jual-sepatu-sepeda-anak-perempuan/jual-sepatu-futsal/tempat-penyimpanan-media-dan-tv/baju-tidur-pria/jaket-dan-mantel-wanita/beli-sampo HTTP/1.1" 200 155574 "-" "Mozilla/5.0 (Linux; Android 6.0.1; Nexus 5X Build/MMB29P) AppleWebKit/537.36 (KHTML, like Gecko) Chrome/130.0.6723.69 Mobile Safari/537.36 (compatible; GoogleOther)"
66.249.70.137 - - [31/Oct/2024:09:18:44 +0000] "GET /slot-thailand/?brandName=BENUATOTOshop-motorcycle-riding-gear-face-masks/beli-pakaian-bayi-laki-laki/koper-anak-2/beli-alat-kesehatan-kecantikan/jual-olahraga-senam/peralatan-latihan-kardio/shop-penyimpanan-data/beli-adaptor-baterai-komputer/shop-motorcycle-oils-fluids/shop-beli-laptop/jual-pisau-alat-multifungsi/beli-jam-tangan-wanita/olahraga-air/bra-wanita/beli-jam-tangan-olahraga-pria/beli-tracker-fitness-aktivitas/kap-lampu/voli/beli-sling-bayi/beli-sling-bayi/ HTTP/1.1" 200 146758 "-" "Mozilla/5.0 (Linux; Android 6.0.1; Nexus 5X Build/MMB29P) AppleWebKit/537.36 (KHTML, like Gecko) Chrome/130.0.6723.69 Mobile Safari/537.36 (compatible; GoogleOther)"
109.106.251.75 - - [31/Oct/2024:09:18:48 +0000] "POST /wp-cron.php?doing_wp_cron=1730366328.2188639640808105468750 HTTP/1.1" 200 0 "-" "WordPress/6.6.2; https://lakoyanimedia.tech"
66.249.64.110 - - [31/Oct/2024:09:18:47 +0000] "GET /cdn-cgi/challenge-platform/scripts/jsd/main.js HTTP/1.1" 404 11511 "-" "Mozilla/5.0 (Linux; Android 6.0.1; Nexus 5X Build/MMB29P) AppleWebKit/537.36 (KHTML, like Gecko) Chrome/130.0.6723.58 Mobile Safari/537.36 (compatible; Googlebot/2.1; +http://www.google.com/bot.html)"
66.249.70.141 - - [31/Oct/2024:09:18:48 +0000] "GET /slot-thailand/?brandName=BENUATOTOshop-motorcycle-riding-gear-face-masks/beli-pakaian-bayi-laki-laki/koper-anak-2/beli-perlengkapan-mandi-perawatan-kulit-anak/beli-losion-krim-tubuhbeli-scrub-tubuhsepak-bola/shop-girls-jumpsuits-overallssarung-tangan-wanita/shop-Makanan-Kering/beli-parfum/beli-tas-anak-tl/beli-monitor/baju-muslim-pria/sepatu-lari-wanita/shop-stiker/beli-dekorasi-rumah/shop-ska-lainnya/jual-virtual-reality/celana-dalam-pria/beli-pembersih-wanitatas-messenger-pria/jual-bracket-dinding-tv/hoodie-sweatshirt-wanita/ HTTP/1.1" 200 156538 "-" "Mozilla/5.0 (Linux; Android 6.0.1; Nexus 5X Build/MMB29P) AppleWebKit/537.36 (KHTML, like Gecko) Chrome/130.0.6723.69 Mobile Safari/537.36 (compatible; GoogleOther)"
109.106.251.75 - - [31/Oct/2024:09:18:48 +0000] "POST /wp-admin/admin-ajax.php?action=async_litespeed&nonce=EYNLZ23dX7dQ2TxAYR39B9aiUgdJoiH1&litespeed_type=imgoptm HTTP/1.1" 200 21 "-" "WordPress/6.6.2; https://lakoyanimedia.tech"
66.249.64.108 - - [31/Oct/2024:09:18:49 +0000] "GET /slot-thailand/react.js HTTP/1.1" 404 11510 "https://www.lakoyanimedia.tech/" "Mozilla/5.0 (Linux; Android 6.0.1; Nexus 5X Build/MMB29P) AppleWebKit/537.36 (KHTML, like Gecko) Chrome/130.0.6723.58 Mobile Safari/537.36 (compatible; Googlebot/2.1; +http://www.google.com/bot.html)"
66.249.64.110 - - [31/Oct/2024:09:18:49 +0000] "GET /slot-thailand/react-dom.js HTTP/1.1" 404 11510 "https://www.lakoyanimedia.tech/" "Mozilla/5.0 (Linux; Android 6.0.1; Nexus 5X Build/MMB29P) AppleWebKit/537.36 (KHTML, like Gecko) Chrome/130.0.6723.58 Mobile Safari/537.36 (compatible; Googlebot/2.1; +http://www.google.com/bot.html)"
66.249.70.140 - - [31/Oct/2024:09:18:51 +0000] "GET /slot-thailand/?brandName=BENUATOTOshop-motorcycle-riding-gear-face-masks/beli-pakaian-bayi-laki-laki/koper-anak-2/beli-alat-tulis-kerajinan/beli-kondomshop-Sapu-Sikat-Kemoceng/beli-rice-cooker/jual-tas-tote-pria/beli-mainan-terbang/beli-alas-mandi/shop-manajemen-kargo/beli-aksesoris-makeupblog/jual-sepatu-skateboard-wanita/sepak-bola/beli-makanan-minuman-pengendalian-hama/beli-perhiasan-anak/jual-aksesoris-memancing/beli-prosesor/jual-strap-tracker-aktivitas/baju-olahraga-pria/botol-minum/beli-speaker-smart/shop-stiker-emblem/soundcard/cekak-musang-pria/overalls-jumpsuit-wanita/pemanggang-dan-penyajian-masakan-outdoor/beli-humidifier/tas-genggam-wanita/jual-persediaan-grooming-hewan/beli-car-seat-bb/shop-automotive-horns-accessories/jual-perkakas-listrik/ HTTP/1.1" 200 190102 "-" "Mozilla/5.0 (Linux; Android 6.0.1; Nexus 5X Build/MMB29P) AppleWebKit/537.36 (KHTML, like Gecko) Chrome/130.0.6723.69 Mobile Safari/537.36 (compatible; GoogleOther)"
66.249.70.140 - - [31/Oct/2024:09:18:54 +0000] "GET /slot-thailand/?brandName=BENUATOTOshop-motorcycle-riding-gear-face-masks/beli-pakaian-bayi-laki-laki/koper-anak-2/beli-alat-tulis-kerajinan/beli-kondomshop-Sapu-Sikat-Kemoceng/beli-rice-cooker/jual-tas-tote-pria/beli-mainan-terbang/beli-alas-mandi/shop-manajemen-kargo/beli-aksesoris-makeupblog/jual-sepatu-skateboard-wanita/sepak-bola/beli-makanan-minuman-pengendalian-hama/beli-perhiasan-anak/jual-aksesoris-memancing/beli-prosesor/jual-ban/shop-Camilan/jual-virtual-reality/beli-aksesori-handphone/beli-power-bank/shop-Bahan-Pembuat-Kue/beli-dermacarebeli-celana-pendek-priabeli-alat-latih-olahraga-anjing/jual-roda/jual-dudukan-mobil/hijab/beli-makanan-minuman-sayuran-segar/beli-furnitur-ruang-tamu/beli-pakaian-bayi-laki-laki/beli-perlengkapan-lighting-studio/sepatu-pantofel/beli-water-cooling-system/beli-mainan-pembelajaran-edukasi/ HTTP/1.1" 200 197927 "-" "Mozilla/5.0 (Linux; Android 6.0.1; Nexus 5X Build/MMB29P) AppleWebKit/537.36 (KHTML, like Gecko) Chrome/130.0.6723.69 Mobile Safari/537.36 (compatible; GoogleOther)"
66.249.70.128 - - [31/Oct/2024:09:18:58 +0000] "GET /slot-thailand/?brandName=BENUATOTOshop-motorcycle-riding-gear-face-masks/beli-pakaian-bayi-laki-laki/koper-anak-2/shop-kesehatan-hewan-peliharaanbeli-indoor-climbers-play-structure-tg/shop-tire-parts-air-compressors-inflators/shop-masker-wajah-pria/beli-susu-pertumbuhan-1-3-tahun/beli-perlengkapan-styling-rambut/olahraga-raket/bathrobe-baju-mandi-wanita/shop-pembersih/shop-smartwatch/beli-suplemen-pemutihtopi-pria/beli-masker-wajah HTTP/1.1" 200 145198 "-" "Mozilla/5.0 (Linux; Android 6.0.1; Nexus 5X Build/MMB29P) AppleWebKit/537.36 (KHTML, like Gecko) Chrome/130.0.6723.69 Mobile Safari/537.36 (compatible; GoogleOther)"
66.249.70.130 - - [31/Oct/2024:09:19:01 +0000] "GET /slot-thailand/?brandName=BENUATOTOshop-motorcycle-riding-gear-face-masks/beli-pakaian-bayi-laki-laki/koper-anak-2/beli-perlengkapan-mandi-perawatan-kulit-anak/beli-losion-krim-tubuhbeli-scrub-tubuhsepak-bola/shop-girls-jumpsuits-overallssarung-tangan-wanita/shop-Makanan-Kering/beli-parfum/jual-tempat-berteduh-dan-kanopi/beli-foot-reliefjual-dapur-kemah/beli-parfum-wanitabeli-perawatan-popok/beli-mainan-balok-bangunan/beli-perlengkapan-dapur-makan/shop-audio/baju-muslim-pria/beli-aromaterapi-bayi/ HTTP/1.1" 200 151912 "-" "Mozilla/5.0 (Linux; Android 6.0.1; Nexus 5X Build/MMB29P) AppleWebKit/537.36 (KHTML, like Gecko) Chrome/130.0.6723.69 Mobile Safari/537.36 (compatible; GoogleOther)"
66.249.70.137 - - [31/Oct/2024:09:19:04 +0000] "GET /slot-thailand/?brandName=BENUATOTOshop-motorcycle-riding-gear-face-masks/beli-pakaian-bayi-laki-laki/koper-anak-2/shop-kesehatan-hewan-peliharaanbeli-indoor-climbers-play-structure-tg/shop-tire-parts-air-compressors-inflators/shop-masker-wajah-pria/beli-susu-pertumbuhan-1-3-tahun/beli-perlengkapan-styling-rambut/olahraga-raket/bathrobe-baju-mandi-wanita/shop-pembersih/shop-smartwatch/beli-suplemen-pemutihbeli-mainan-kendaraan-tg/beli-jam-tangan-olahraga-pria/alat-pelangsing-dan-pemijat-elektrik HTTP/1.1" 200 152550 "-" "Mozilla/5.0 (Linux; Android 6.0.1; Nexus 5X Build/MMB29P) AppleWebKit/537.36 (KHTML, like Gecko) Chrome/130.0.6723.69 Mobile Safari/537.36 (compatible; GoogleOther)"
66.249.70.141 - - [31/Oct/2024:09:19:08 +0000] "GET /slot-thailand/?brandName=BENUATOTOshop-motorcycle-riding-gear-face-masks/beli-pakaian-bayi-laki-laki/marketplace/jual-set-lingerie/shop-aksesori-jam-tangan-wanita/beli-scrub-pengelupas-wajah HTTP/1.1" 200 120352 "-" "Mozilla/5.0 (Linux; Android 6.0.1; Nexus 5X Build/MMB29P) AppleWebKit/537.36 (KHTML, like Gecko) Chrome/130.0.6723.69 Mobile Safari/537.36 (compatible; GoogleOther)"
66.249.70.141 - - [31/Oct/2024:09:19:11 +0000] "GET /slot-thailand/?brandName=BENUATOTOshop-motorcycle-riding-gear-face-masks/beli-pakaian-bayi-laki-laki/koper-anak-2/beli-alat-tulis-kerajinan/beli-kondomshop-Sapu-Sikat-Kemoceng/beli-rice-cooker/jual-tas-tote-pria/beli-mainan-terbang/beli-alas-mandi/shop-manajemen-kargo/beli-aksesoris-makeupblog/jual-sepatu-skateboard-wanita/sepak-bola/beli-makanan-minuman-pengendalian-hama/beli-perhiasan-anak/jual-aksesoris-memancing/beli-prosesor/jual-ban/shop-Camilan/jual-virtual-reality/beli-aksesori-handphone/beli-power-bank/shop-Bahan-Pembuat-Kue/beli-dermacarebeli-celana-pendek-priabeli-alat-latih-olahraga-anjing/jual-roda/jual-dudukan-mobil/hijab/beli-makanan-minuman-sayuran-segar/beli-furnitur-ruang-tamu/beli-pakaian-bayi-laki-laki/beli-perlengkapan-lighting-studio/shop-automotive-auto-oils-fluids-additives/beli-dekorasi-rumah/beli-susu-formula/ HTTP/1.1" 200 199011 "-" "Mozilla/5.0 (Linux; Android 6.0.1; Nexus 5X Build/MMB29P) AppleWebKit/537.36 (KHTML, like Gecko) Chrome/130.0.6723.69 Mobile Safari/537.36 (compatible; GoogleOther)"
66.249.70.128 - - [31/Oct/2024:09:19:15 +0000] "GET /slot-thailand/?brandName=BENUATOTOshop-motorcycle-riding-gear-face-masks/beli-pakaian-bayi-laki-laki/beli-perhiasan-pria/beli-baterai/beli-kamera-video-aksi/beli-popok-kain/beli-mainan-kendaraan-tg/shop-automotive-body-parts/payung-jas-hujan-anak-perempuanjual-piring-mangkok-bayi/shop-makanan-hewanshop-elektronik/shop-indikator/beli-peralatan-kebun/beli-speaker-smart/beli-pisau-dan-aksesoris/beli-set-mainan-kereta/shop-automotive-license-plate-covers-frames/jual-tempat-berteduh-dan-kanopi/beli-susu-bayi-0-6-bulan/jual-gps-alat-pencari-ikan/baju-tidur-pria/beli-kopi/tas-pria/ HTTP/1.1" 200 161442 "-" "Mozilla/5.0 (Linux; Android 6.0.1; Nexus 5X Build/MMB29P) AppleWebKit/537.36 (KHTML, like Gecko) Chrome/130.0.6723.69 Mobile Safari/537.36 (compatible; GoogleOther)"
66.249.70.141 - - [31/Oct/2024:09:19:18 +0000] "GET /slot-thailand/?brandName=BENUATOTOshop-motorcycle-riding-gear-face-masks/beli-pakaian-bayi-laki-laki/koper-anak-2/beli-alat-kesehatan-kecantikan/jual-olahraga-senam/peralatan-latihan-kardio/shop-penyimpanan-data/beli-adaptor-baterai-komputer/shop-motorcycle-oils-fluids/shop-beli-laptop/jual-pisau-alat-multifungsi/beli-jam-tangan-wanita/olahraga-air/bra-wanita/beli-jam-tangan-olahraga-pria/beli-furnitur-ruang-tamu/perangkat-seprei/beli-masker-wajahbeli-sling-bayi/shop-automotive-exterior-mirrors/pakaian-renang-dan-selancar-wanita/shop-motorcycle-riding-gear-face-masks/ HTTP/1.1" 200 159013 "-" "Mozilla/5.0 (Linux; Android 6.0.1; Nexus 5X Build/MMB29P) AppleWebKit/537.36 (KHTML, like Gecko) Chrome/130.0.6723.69 Mobile Safari/537.36 (compatible; GoogleOther)"
66.249.70.138 - - [31/Oct/2024:09:19:21 +0000] "GET /slot-thailand/?brandName=BENUATOTOshop-motorcycle-riding-gear-face-masks/beli-pakaian-bayi-laki-laki/beli-perlengkapan-mandi-tubuh/pakaian-renang-dan-selancar-pria/shop-busi-motor/sweater-cardigan-anak-laki-lakishop-aksesoris/shop-motorcycle-windshields-accessories/shop-car-audio-speakers/voli/multivitamin/lingerie-baju-tidur/shop-automotive-auto-oils-fluids-additives/soundcard/shop-kamera-mobil/jual-sepatu-sepeda-anak-perempuan/jual-sepatu-futsal/tempat-penyimpanan-media-dan-tv/jual-jersey-sepak-bola-anak-laki-laki/jual-flash-drives/ HTTP/1.1" 200 156888 "-" "Mozilla/5.0 (Linux; Android 6.0.1; Nexus 5X Build/MMB29P) AppleWebKit/537.36 (KHTML, like Gecko) Chrome/130.0.6723.69 Mobile Safari/537.36 (compatible; GoogleOther)"
66.249.70.140 - - [31/Oct/2024:09:19:25 +0000] "GET /slot-thailand/?brandName=BENUATOTOshop-motorcycle-riding-gear-face-masks/beli-pakaian-bayi-laki-laki/koper-anak-2/beli-perlengkapan-mandi-perawatan-kulit-anak/beli-losion-krim-tubuhbeli-scrub-tubuhsepak-bola/shop-girls-jumpsuits-overallssarung-tangan-wanita/shop-Makanan-Kering/beli-parfum/beli-tas-anak-tl/beli-monitor/baju-muslim-pria/sepatu-lari-wanita/shop-stiker/beli-dekorasi-rumah/shop-ska-lainnya/jual-virtual-reality/celana-dalam-pria/beli-pembersih-wanitajual-kendali-gerakan/beli-mainan-mandi-anak-tg/kaos-dan-atasan-olahraga-wanita/ HTTP/1.1" 200 157192 "-" "Mozilla/5.0 (Linux; Android 6.0.1; Nexus 5X Build/MMB29P) AppleWebKit/537.36 (KHTML, like Gecko) Chrome/130.0.6723.69 Mobile Safari/537.36 (compatible; GoogleOther)"
66.249.70.139 - - [31/Oct/2024:09:19:28 +0000] "GET /slot-thailand/?brandName=BENUATOTOshop-motorcycle-riding-gear-face-masks/beli-pakaian-bayi-laki-laki/koper-anak-2/beli-alat-kesehatan-kecantikan/jual-olahraga-senam/peralatan-latihan-kardio/shop-penyimpanan-data/beli-adaptor-baterai-komputer/shop-motorcycle-oils-fluids/shop-beli-laptop/jual-pisau-alat-multifungsi/beli-jam-tangan-wanita/olahraga-air/bra-wanita/beli-minuman/aksesoris-kesehatansepatu-balerina-anak-perempuanbeli-perlengkapan-mandi-perawatan-kulit-anak/beli-peralatan-ranjang/tes-medisbeli-tas-popok-tb/beli-mainan-edukatif-anak-tg/ HTTP/1.1" 200 157480 "-" "Mozilla/5.0 (Linux; Android 6.0.1; Nexus 5X Build/MMB29P) AppleWebKit/537.36 (KHTML, like Gecko) Chrome/130.0.6723.69 Mobile Safari/537.36 (compatible; GoogleOther)"
66.249.70.139 - - [31/Oct/2024:09:19:31 +0000] "GET /slot-thailand/?brandName=BENUATOTOshop-motorcycle-riding-gear-face-masks/beli-pakaian-bayi-laki-laki/beli-perlengkapan-mandi-tubuh/pakaian-renang-dan-selancar-pria/shop-busi-motor/sweater-cardigan-anak-laki-lakishop-aksesoris/shop-motorcycle-windshields-accessories/shop-car-audio-speakers/voli/multivitamin/lingerie-baju-tidur/shop-automotive-auto-oils-fluids-additives/soundcard/shop-kamera-mobil/jual-sepatu-sepeda-anak-perempuan/jual-sepatu-futsal/beli-suku-cadang-aksesoris-ac/beli-alat-kesehatan-kecantikan/gorden-dan-kerai/sepatu-slip-on-anak-laki-laki HTTP/1.1" 200 158857 "-" "Mozilla/5.0 (Linux; Android 6.0.1; Nexus 5X Build/MMB29P) AppleWebKit/537.36 (KHTML, like Gecko) Chrome/130.0.6723.69 Mobile Safari/537.36 (compatible; GoogleOther)"
66.249.70.137 - - [31/Oct/2024:09:19:35 +0000] "GET /slot-thailand/?brandName=slot+bet+200+perakpayung-wanita/jual-remote-control-tv/shop-motorcycle-riding-gear-gloves/beli-suku-cadang-aksesoris-ac/shop-sepeda-motor-skuter/beli-baterai-handphone/tas-selempang-badan-wanita/selimut-dan-selimut-panjang/beli-kendaraan-die-cast/atasan-kasual-kaos-pria/beli-kamera-ip/ HTTP/1.1" 200 131815 "-" "Mozilla/5.0 (Linux; Android 6.0.1; Nexus 5X Build/MMB29P) AppleWebKit/537.36 (KHTML, like Gecko) Chrome/130.0.6723.69 Mobile Safari/537.36 (compatible; GoogleOther)"
66.249.70.140 - - [31/Oct/2024:09:19:38 +0000] "GET /slot-thailand/?brandName=slot+bet+200+perakpayung-wanita/jual-remote-control-tv/shop-motorcycle-riding-gear-gloves/beli-suku-cadang-aksesoris-ac/shop-sepeda-motor-skuter/beli-baterai-handphone/tas-selempang-badan-wanita/selimut-dan-selimut-panjang/shop-kopiah/jual-aksesoris-pompa-asi/sepatu-dan-pakaian-olahraga-wanita/ HTTP/1.1" 200 132071 "-" "Mozilla/5.0 (Linux; Android 6.0.1; Nexus 5X Build/MMB29P) AppleWebKit/537.36 (KHTML, like Gecko) Chrome/130.0.6723.69 Mobile Safari/537.36 (compatible; GoogleOther)"
66.249.70.138 - - [31/Oct/2024:09:19:41 +0000] "GET /slot-thailand/?brandName=BENUATOTOshop-motorcycle-riding-gear-face-masks/beli-pakaian-bayi-laki-laki/beli-perlengkapan-mandi-tubuh/pakaian-renang-dan-selancar-pria/shop-busi-motor/sweater-cardigan-anak-laki-lakishop-aksesoris/shop-motorcycle-windshields-accessories/shop-car-audio-speakers/voli/multivitamin/tas-kerja-pria/beli-kopi-dan-teh/voli/jual-peralatan-cheerleading/hoodies-wanita/beli-parfum/beli-baterai-handphone/shop-perangkat-pintar/beli-lemari-pakaian/beli-aksesoris-anak/tenis-meja/ HTTP/1.1" 200 150914 "-" "Mozilla/5.0 (Linux; Android 6.0.1; Nexus 5X Build/MMB29P) AppleWebKit/537.36 (KHTML, like Gecko) Chrome/130.0.6723.69 Mobile Safari/537.36 (compatible; GoogleOther)"
66.249.64.109 - - [31/Oct/2024:09:19:42 +0000] "GET /cdn-cgi/challenge-platform/scripts/jsd/main.js HTTP/1.1" 404 11511 "-" "Mozilla/5.0 (Linux; Android 6.0.1; Nexus 5X Build/MMB29P) AppleWebKit/537.36 (KHTML, like Gecko) Chrome/130.0.6723.58 Mobile Safari/537.36 (compatible; Googlebot/2.1; +http://www.google.com/bot.html)"
66.249.64.110 - - [31/Oct/2024:09:19:43 +0000] "GET /slot-thailand/react-dom.js HTTP/1.1" 404 11510 "https://www.lakoyanimedia.tech/" "Mozilla/5.0 (Linux; Android 6.0.1; Nexus 5X Build/MMB29P) AppleWebKit/537.36 (KHTML, like Gecko) Chrome/130.0.6723.58 Mobile Safari/537.36 (compatible; Googlebot/2.1; +http://www.google.com/bot.html)"
66.249.70.130 - - [31/Oct/2024:09:19:47 +0000] "GET /slot-thailand/?brandName=slot+bet+200+perakpayung-wanita/jual-remote-control-tv/shop-motorcycle-riding-gear-gloves/beli-suku-cadang-aksesoris-ac/shop-sepeda-motor-skuter/beli-baterai-handphone/tas-selempang-badan-wanita/selimut-dan-selimut-panjang/beli-serum-perawatan-wajahtenis/jual-laci-kamar-mandi/ HTTP/1.1" 200 130404 "-" "Mozilla/5.0 (Linux; Android 6.0.1; Nexus 5X Build/MMB29P) AppleWebKit/537.36 (KHTML, like Gecko) Chrome/130.0.6723.69 Mobile Safari/537.36 (compatible; GoogleOther)"
66.249.70.142 - - [31/Oct/2024:09:19:50 +0000] "GET /slot-thailand/?brandName=BENUATOTOshop-motorcycle-riding-gear-face-masks/beli-pakaian-bayi-laki-laki/beli-perlengkapan-mandi-tubuh/pakaian-renang-dan-selancar-pria/shop-busi-motor/sweater-cardigan-anak-laki-lakishop-aksesoris/shop-motorcycle-windshields-accessories/shop-car-audio-speakers/voli/multivitamin/lingerie-baju-tidur/shop-automotive-auto-oils-fluids-additives/soundcard/shop-kamera-mobil/jual-sepatu-sepeda-anak-perempuan/jual-sepatu-futsal/tempat-penyimpanan-media-dan-tv/baju-tidur-pria/jaket-dan-mantel-wanita/shop-motorcycle-exterior-accessories/ HTTP/1.1" 200 158498 "-" "Mozilla/5.0 (Linux; Android 6.0.1; Nexus 5X Build/MMB29P) AppleWebKit/537.36 (KHTML, like Gecko) Chrome/130.0.6723.69 Mobile Safari/537.36 (compatible; GoogleOther)"
66.249.70.130 - - [31/Oct/2024:09:19:53 +0000] "GET /slot-thailand/?brandName=BENUATOTOshop-motorcycle-riding-gear-face-masks/beli-pakaian-bayi-laki-laki/beli-perlengkapan-mandi-tubuh/pakaian-renang-dan-selancar-pria/shop-busi-motor/sweater-cardigan-anak-laki-lakishop-aksesoris/shop-motorcycle-windshields-accessories/shop-car-audio-speakers/voli/multivitamin/lingerie-baju-tidur/shop-automotive-auto-oils-fluids-additives/soundcard/shop-kamera-mobil/jual-sepatu-sepeda-anak-perempuan/jual-sepatu-futsal/tempat-penyimpanan-media-dan-tv/baju-tidur-pria/shop-bohlam-led-hid/ HTTP/1.1" 200 154240 "-" "Mozilla/5.0 (Linux; Android 6.0.1; Nexus 5X Build/MMB29P) AppleWebKit/537.36 (KHTML, like Gecko) Chrome/130.0.6723.69 Mobile Safari/537.36 (compatible; GoogleOther)"
66.249.70.130 - - [31/Oct/2024:09:19:56 +0000] "GET /slot-thailand/?brandName=BENUATOTOshop-motorcycle-riding-gear-face-masks/beli-pakaian-bayi-laki-laki/koper-anak-2/beli-perlengkapan-mandi-perawatan-kulit-anak/beli-losion-krim-tubuhbeli-scrub-tubuhsepak-bola/shop-girls-jumpsuits-overallssarung-tangan-wanita/shop-Makanan-Kering/beli-parfum/beli-tas-anak-tl/beli-monitor/baju-muslim-pria/sepatu-lari-wanita/shop-stiker/beli-dekorasi-rumah/shop-ska-lainnya/jual-virtual-reality/celana-dalam-pria/beli-pembersih-wanitabeli-playard/beli-peralatan-listrik-taman-luar-ruangan/beli-minuman-pelangsing HTTP/1.1" 200 157879 "-" "Mozilla/5.0 (Linux; Android 6.0.1; Nexus 5X Build/MMB29P) AppleWebKit/537.36 (KHTML, like Gecko) Chrome/130.0.6723.69 Mobile Safari/537.36 (compatible; GoogleOther)"
66.249.70.131 - - [31/Oct/2024:09:20:00 +0000] "GET /slot-thailand/?brandName=BENUATOTOshop-motorcycle-riding-gear-face-masks/beli-pakaian-bayi-laki-laki/marketplace/pilates/jual-penerangan/jual-olahraga-senam/ HTTP/1.1" 200 117180 "-" "Mozilla/5.0 (Linux; Android 6.0.1; Nexus 5X Build/MMB29P) AppleWebKit/537.36 (KHTML, like Gecko) Chrome/130.0.6723.69 Mobile Safari/537.36 (compatible; GoogleOther)"
66.249.70.128 - - [31/Oct/2024:09:20:04 +0000] "GET /slot-thailand/?brandName=BENUATOTOshop-motorcycle-riding-gear-face-masks/beli-pakaian-bayi-laki-laki/beli-perhiasan-anak/helpcenter/orders-payment/beli-alat-tulis-kerajinan/pakaian-renang-dan-selancar-wanita/rugby/beli-perawatan-rambut-priashop-ransel-pria/beli-tabir-surya-aftersunsepatu-basket-wanita/beli-sabun-pembersih-bayi/shop-penerangan/celana-jeans-anak-laki-lakibeli-popok-kain/beli-pengangkut-perjalanan-anjing/jual-kacamata-3d-tv/beli-pendingin-udara-2/beli-smart-glasses/ HTTP/1.1" 200 150756 "-" "Mozilla/5.0 (Linux; Android 6.0.1; Nexus 5X Build/MMB29P) AppleWebKit/537.36 (KHTML, like Gecko) Chrome/130.0.6723.69 Mobile Safari/537.36 (compatible; GoogleOther)"
