66.249.70.137 - - [31/Oct/2024:01:58:00 +0000] "GET /slot-thailand/?brandName=BENUATOTOshop-motorcycle-riding-gear-face-masks/beli-pakaian-bayi-laki-laki/koper-anak-2/beli-alat-tulis-kerajinan/beli-kondomshop-Sapu-Sikat-Kemoceng/beli-rice-cooker/jual-tas-tote-pria/beli-mainan-terbang/beli-alas-mandi/shop-manajemen-kargo/beli-aksesoris-makeupblog/jual-sepatu-skateboard-wanita/sepak-bola/beli-makanan-minuman-pengendalian-hama/beli-perhiasan-anak/jual-aksesoris-memancing/beli-prosesor/beli-sirup/jual-sepatu-jalan-wanita/jual-kapal/beli-car-seat-bb/beli-aksesoris-blender-dan-mixer/kaos-kaki-celana-tights-wanita/shop-kesehatan-hewan-peliharaanshop-kesehatan-hewan-peliharaanpakaian-dalam-pria-thongs-lainnya/ HTTP/1.1" 200 170542 "-" "Mozilla/5.0 (Linux; Android 6.0.1; Nexus 5X Build/MMB29P) AppleWebKit/537.36 (KHTML, like Gecko) Chrome/130.0.6723.69 Mobile Safari/537.36 (compatible; GoogleOther)"
66.249.64.110 - - [31/Oct/2024:01:58:06 +0000] "GET /cdn-cgi/challenge-platform/scripts/jsd/main.js HTTP/1.1" 404 11510 "-" "Mozilla/5.0 (Linux; Android 6.0.1; Nexus 5X Build/MMB29P) AppleWebKit/537.36 (KHTML, like Gecko) Chrome/130.0.6723.58 Mobile Safari/537.36 (compatible; Googlebot/2.1; +http://www.google.com/bot.html)"
66.249.64.108 - - [31/Oct/2024:01:58:07 +0000] "GET /slot-thailand/react.js HTTP/1.1" 404 11510 "https://www.lakoyanimedia.tech/" "Mozilla/5.0 (Linux; Android 6.0.1; Nexus 5X Build/MMB29P) AppleWebKit/537.36 (KHTML, like Gecko) Chrome/130.0.6723.58 Mobile Safari/537.36 (compatible; Googlebot/2.1; +http://www.google.com/bot.html)"
66.249.70.137 - - [31/Oct/2024:01:58:07 +0000] "GET /slot-thailand/?brandName=slot+bet+200+perakpayung-wanita/jual-remote-control-tv/aksesoris-perawatan-rambutcamping-dan-hiking/shop-automotive-tire-wheel-care/beli-keyboard-tablet/helpcenter/products-on-lazada/ HTTP/1.1" 200 121842 "-" "Mozilla/5.0 (Linux; Android 6.0.1; Nexus 5X Build/MMB29P) AppleWebKit/537.36 (KHTML, like Gecko) Chrome/130.0.6723.69 Mobile Safari/537.36 (compatible; GoogleOther)"
66.249.64.109 - - [31/Oct/2024:01:58:16 +0000] "GET /cdn-cgi/challenge-platform/scripts/jsd/main.js HTTP/1.1" 404 11510 "-" "Mozilla/5.0 (Linux; Android 6.0.1; Nexus 5X Build/MMB29P) AppleWebKit/537.36 (KHTML, like Gecko) Chrome/130.0.6723.58 Mobile Safari/537.36 (compatible; Googlebot/2.1; +http://www.google.com/bot.html)"
109.106.251.75 - - [31/Oct/2024:01:59:10 +0000] "POST /wp-cron.php?doing_wp_cron=1730339950.2295119762420654296875 HTTP/1.1" 200 0 "-" "WordPress/6.6.2; https://lakoyanimedia.tech"
51.222.253.5 - - [31/Oct/2024:01:59:09 +0000] "GET /nm.php?gzfile=L2hvbWUvbGFrb3lhbmkvcHVibGljX2h0bWwvcXl2dWJhei5waHA= HTTP/2" 404 11510 "-" "Mozilla/5.0 (compatible; AhrefsBot/7.0; +http://ahrefs.com/robot/)"
109.106.251.75 - - [31/Oct/2024:01:59:10 +0000] "POST /wp-admin/admin-ajax.php?action=async_litespeed&nonce=jSAsdSvPyjpchCAfIS5So1mWsPA8wZyi&litespeed_type=imgoptm HTTP/1.1" 200 21 "-" "WordPress/6.6.2; https://lakoyanimedia.tech"
66.249.64.110 - - [31/Oct/2024:02:02:25 +0000] "GET /cdn-cgi/challenge-platform/scripts/jsd/main.js HTTP/1.1" 404 11510 "-" "Mozilla/5.0 (Linux; Android 6.0.1; Nexus 5X Build/MMB29P) AppleWebKit/537.36 (KHTML, like Gecko) Chrome/130.0.6723.58 Mobile Safari/537.36 (compatible; Googlebot/2.1; +http://www.google.com/bot.html)"
66.249.64.110 - - [31/Oct/2024:02:02:25 +0000] "GET /slot-thailand/react-dom.js HTTP/1.1" 404 11510 "https://www.lakoyanimedia.tech/" "Mozilla/5.0 (Linux; Android 6.0.1; Nexus 5X Build/MMB29P) AppleWebKit/537.36 (KHTML, like Gecko) Chrome/130.0.6723.58 Mobile Safari/537.36 (compatible; Googlebot/2.1; +http://www.google.com/bot.html)"
51.222.253.9 - - [31/Oct/2024:02:05:34 +0000] "GET /wp-includes/admin-bar.php HTTP/2" 200 0 "-" "Mozilla/5.0 (compatible; AhrefsBot/7.0; +http://ahrefs.com/robot/)"
66.249.70.137 - - [31/Oct/2024:02:05:47 +0000] "GET /slot-thailand/?brandName=slot+bet+200+perakpayung-wanita/jual-remote-control-tv/shop-motorcycle-riding-gear-gloves/jual-dompet-kartu-pria/beli-aksesori-handphone/ HTTP/1.1" 200 118047 "-" "Mozilla/5.0 (Linux; Android 6.0.1; Nexus 5X Build/MMB29P) AppleWebKit/537.36 (KHTML, like Gecko) Chrome/130.0.6723.69 Mobile Safari/537.36 (compatible; Googlebot/2.1; +http://www.google.com/bot.html)"
109.106.251.75 - - [31/Oct/2024:02:07:22 +0000] "POST /wp-cron.php?doing_wp_cron=1730340442.8149321079254150390625 HTTP/1.1" 200 0 "-" "WordPress/6.6.2; https://lakoyanimedia.tech"
52.167.144.156 - - [31/Oct/2024:02:07:20 +0000] "GET /product-category/new-king-james-version-nkjv/ HTTP/2" 404 11510 "-" "Mozilla/5.0 AppleWebKit/537.36 (KHTML, like Gecko; compatible; bingbot/2.0; +http://www.bing.com/bingbot.htm) Chrome/116.0.1938.76 Safari/537.36"
109.106.251.75 - - [31/Oct/2024:02:07:23 +0000] "POST /wp-admin/admin-ajax.php?action=async_litespeed&nonce=KIQpIDL6hpwdDFpM0JbeTX5x2DRCzpwj&litespeed_type=imgoptm HTTP/1.1" 200 21 "-" "WordPress/6.6.2; https://lakoyanimedia.tech"
46.101.123.241 - - [31/Oct/2024:02:10:52 +0000] "GET /wp-login.php HTTP/1.1" 200 1821 "-" "Mozilla/5.0 (Linux; Android 12; Redmi Note 9 Pro Build/SKQ1.211019.001; wv) AppleWebKit/537.36 (KHTML, like Gecko) Version/4.0 Chrome/126.0.6478.71 Mobile Safari/537.36"
46.101.123.241 - - [31/Oct/2024:02:10:52 +0000] "POST /wp-login.php HTTP/1.1" 200 1975 "-" "Mozilla/5.0 (Linux; Android 12; Redmi Note 9 Pro Build/SKQ1.211019.001; wv) AppleWebKit/537.36 (KHTML, like Gecko) Version/4.0 Chrome/126.0.6478.71 Mobile Safari/537.36"
109.106.251.75 - - [31/Oct/2024:02:10:54 +0000] "POST /wp-admin/admin-ajax.php?action=async_litespeed&nonce=NNLfRW7tojjIV9b5KqNlasPYC9ykMDmU&litespeed_type=imgoptm HTTP/1.1" 200 21 "-" "WordPress/6.6.2; https://lakoyanimedia.tech"
46.101.123.241 - - [31/Oct/2024:02:10:54 +0000] "GET /wp-admin/plugin-install.php HTTP/1.1" 302 0 "-" "Mozilla/5.0 (Linux; Android 12; Redmi Note 9 Pro Build/SKQ1.211019.001; wv) AppleWebKit/537.36 (KHTML, like Gecko) Version/4.0 Chrome/126.0.6478.71 Mobile Safari/537.36"
109.106.251.75 - - [31/Oct/2024:02:10:54 +0000] "POST /wp-cron.php?doing_wp_cron=1730340654.1893320083618164062500 HTTP/1.1" 200 0 "-" "WordPress/6.6.2; https://lakoyanimedia.tech"
46.101.123.241 - - [31/Oct/2024:02:10:54 +0000] "GET /wp-login.php?redirect_to=https%3A%2F%2Flakoyanimedia.tech%2Fwp-admin%2Fplugin-install.php&reauth=1 HTTP/1.1" 200 1830 "-" "Mozilla/5.0 (Linux; Android 12; Redmi Note 9 Pro Build/SKQ1.211019.001; wv) AppleWebKit/537.36 (KHTML, like Gecko) Version/4.0 Chrome/126.0.6478.71 Mobile Safari/537.36"
46.101.123.241 - - [31/Oct/2024:02:10:55 +0000] "GET /wp-login.php HTTP/1.1" 200 1821 "-" "Mozilla/5.0 (Linux; Android 12; Redmi Note 9 Pro Build/SKQ1.211019.001; wv) AppleWebKit/537.36 (KHTML, like Gecko) Version/4.0 Chrome/126.0.6478.71 Mobile Safari/537.36"
46.101.123.241 - - [31/Oct/2024:02:10:55 +0000] "POST /wp-login.php HTTP/1.1" 200 1976 "-" "Mozilla/5.0 (Linux; Android 12; Redmi Note 9 Pro Build/SKQ1.211019.001; wv) AppleWebKit/537.36 (KHTML, like Gecko) Version/4.0 Chrome/126.0.6478.71 Mobile Safari/537.36"
46.101.123.241 - - [31/Oct/2024:02:10:55 +0000] "GET /wp-admin/plugin-install.php HTTP/1.1" 302 0 "-" "Mozilla/5.0 (Linux; Android 12; Redmi Note 9 Pro Build/SKQ1.211019.001; wv) AppleWebKit/537.36 (KHTML, like Gecko) Version/4.0 Chrome/126.0.6478.71 Mobile Safari/537.36"
46.101.123.241 - - [31/Oct/2024:02:10:56 +0000] "GET /wp-login.php?redirect_to=https%3A%2F%2Flakoyanimedia.tech%2Fwp-admin%2Fplugin-install.php&reauth=1 HTTP/1.1" 200 1830 "-" "Mozilla/5.0 (Linux; Android 12; Redmi Note 9 Pro Build/SKQ1.211019.001; wv) AppleWebKit/537.36 (KHTML, like Gecko) Version/4.0 Chrome/126.0.6478.71 Mobile Safari/537.36"
80.76.51.114 - - [31/Oct/2024:02:17:01 +0000] "GET /wp-atom.php HTTP/2" 301 0 "-" "Go-http-client/2.0"
80.76.51.114 - - [31/Oct/2024:02:17:01 +0000] "GET /feed/atom/ HTTP/2" 200 29252 "https://lakoyanimedia.tech/wp-atom.php" "Go-http-client/2.0"
66.249.70.139 - - [31/Oct/2024:02:18:06 +0000] "GET /slot-thailand/?brandName=BENUATOTOshop-motorcycle-riding-gear-face-masks/beli-pakaian-bayi-laki-laki/beli-perlengkapan-mandi-tubuh/pakaian-renang-dan-selancar-pria/shop-busi-motor/sweater-cardigan-anak-laki-lakishop-aksesoris/shop-motorcycle-windshields-accessories/shop-car-audio-speakers/voli/multivitamin/tas-kerja-pria/shop-Cokelat/ HTTP/1.1" 200 133364 "-" "Mozilla/5.0 (Linux; Android 6.0.1; Nexus 5X Build/MMB29P) AppleWebKit/537.36 (KHTML, like Gecko) Chrome/130.0.6723.69 Mobile Safari/537.36 (compatible; GoogleOther)"
66.249.70.138 - - [31/Oct/2024:02:18:13 +0000] "GET /slot-thailand/?brandName=BENUATOTOshop-motorcycle-riding-gear-face-masks/beli-pakaian-bayi-laki-laki/koper-anak-2/beli-perawatan-rambut/beli-kursi-rodabeli-suplemen-pemutihblog/shop-automotive-pedals-pedal-accessories/beli-hard-drive-internal/ HTTP/1.1" 200 124589 "-" "Mozilla/5.0 (Linux; Android 6.0.1; Nexus 5X Build/MMB29P) AppleWebKit/537.36 (KHTML, like Gecko) Chrome/130.0.6723.69 Mobile Safari/537.36 (compatible; GoogleOther)"
66.249.70.137 - - [31/Oct/2024:02:18:19 +0000] "GET /slot-thailand/?brandName=BENUATOTOshop-motorcycle-riding-gear-face-masks/beli-pakaian-bayi-laki-laki/beli-perhiasan-anak/helpcenter/orders-payment/beli-alat-tulis-kerajinan/pakaian-renang-dan-selancar-wanita/rugby/beli-perawatan-rambut-priashop-ransel-pria/beli-tabir-surya-aftersunbeli-external-solid-state-drive/interior-care/beli-suplemen-penambah-berat-badanbeli-sepatu-sneakers-pria/ HTTP/1.1" 200 139782 "-" "Mozilla/5.0 (Linux; Android 6.0.1; Nexus 5X Build/MMB29P) AppleWebKit/537.36 (KHTML, like Gecko) Chrome/130.0.6723.69 Mobile Safari/537.36 (compatible; GoogleOther)"
66.249.70.137 - - [31/Oct/2024:02:18:37 +0000] "GET /slot-thailand/?brandName=BENUATOTOshop-motorcycle-riding-gear-face-masks/beli-pakaian-bayi-laki-laki/koper-anak-2/beli-alat-kesehatan-kecantikan/jual-olahraga-senam/peralatan-latihan-kardio/shop-penyimpanan-data/beli-adaptor-baterai-komputer/shop-motorcycle-oils-fluids/shop-beli-laptop/jual-pisau-alat-multifungsi/beli-jam-tangan-wanita/olahraga-air/bra-wanita/beli-jam-tangan-olahraga-pria/ HTTP/1.1" 200 138582 "-" "Mozilla/5.0 (Linux; Android 6.0.1; Nexus 5X Build/MMB29P) AppleWebKit/537.36 (KHTML, like Gecko) Chrome/130.0.6723.69 Mobile Safari/537.36 (compatible; GoogleOther)"
66.249.70.137 - - [31/Oct/2024:02:18:44 +0000] "GET /slot-thailand/?brandName=BENUATOTOshop-motorcycle-riding-gear-face-masks/beli-pakaian-bayi-laki-laki/beli-perlengkapan-mandi-tubuh/pakaian-renang-dan-selancar-pria/shop-busi-motor/shop-car-video-in-dash-navigation/beli-alat-medis/beli-handuk-mandi/shop-indikator/beli-dekorasi-rumah/beli-teh/jual-laci-kamar-mandi/seprei-ranjang/jual-celana-pendek-wanita/ HTTP/1.1" 200 135524 "-" "Mozilla/5.0 (Linux; Android 6.0.1; Nexus 5X Build/MMB29P) AppleWebKit/537.36 (KHTML, like Gecko) Chrome/130.0.6723.69 Mobile Safari/537.36 (compatible; GoogleOther)"
66.249.70.139 - - [31/Oct/2024:02:18:48 +0000] "GET /slot-thailand/?brandName=BENUATOTOshop-motorcycle-riding-gear-face-masks/beli-pakaian-bayi-laki-laki/koper-anak-2/beli-perlengkapan-mandi-perawatan-kulit-anak/beli-losion-krim-tubuhbeli-scrub-tubuhsepak-bola/shop-automotive-spoilers-wings-styling-kits/jual-peralatan-cheerleading/beli-sarung-bantal/sepatu-dan-pakaian-olahraga-pria/beli-scrub-tubuhbeli-boneka-aksesori/shop-Manisan/beli-mainan-helikopter/shop-bohlam-lampu/ HTTP/1.1" 200 143241 "-" "Mozilla/5.0 (Linux; Android 6.0.1; Nexus 5X Build/MMB29P) AppleWebKit/537.36 (KHTML, like Gecko) Chrome/130.0.6723.69 Mobile Safari/537.36 (compatible; GoogleOther)"
66.249.70.137 - - [31/Oct/2024:02:18:52 +0000] "GET /slot-thailand/?brandName=BENUATOTOshop-motorcycle-riding-gear-face-masks/beli-pakaian-bayi-laki-laki/koper-anak-2/beli-perawatan-rambut/beli-kursi-rodabeli-suplemen-pemutihblog/shop-automotive-pedals-pedal-accessories/beli-dress-bayi-perempuan/ HTTP/1.1" 200 124930 "-" "Mozilla/5.0 (Linux; Android 6.0.1; Nexus 5X Build/MMB29P) AppleWebKit/537.36 (KHTML, like Gecko) Chrome/130.0.6723.69 Mobile Safari/537.36 (compatible; GoogleOther)"
66.249.70.141 - - [31/Oct/2024:02:18:59 +0000] "GET /slot-thailand/?brandName=BENUATOTOshop-motorcycle-riding-gear-face-masks/beli-pakaian-bayi-laki-laki/sepatu-wanita/beli-perawatan-rambut/jual-aksesoris-pompa-asi/beli-mainan-helikopter/tenis/soundcard/beli-parfum-priabeli-sepatu-bayi-perempuan/beli-perlengkapan-sekolah/beli-perlengkapan-sekolah/shop-motorcycle-oils-fluids/beli-makanan-bayi/beli-alat-kesehatan-kecantikan/ HTTP/1.1" 200 135669 "-" "Mozilla/5.0 (Linux; Android 6.0.1; Nexus 5X Build/MMB29P) AppleWebKit/537.36 (KHTML, like Gecko) Chrome/130.0.6723.69 Mobile Safari/537.36 (compatible; GoogleOther)"
66.249.70.138 - - [31/Oct/2024:02:19:32 +0000] "GET /slot-thailand/?brandName=BENUATOTOshop-motorcycle-riding-gear-face-masks/beli-pakaian-bayi-laki-laki/koper-anak-2/shop-kesehatan-hewan-peliharaanbeli-indoor-climbers-play-structure-tg/shop-tire-parts-air-compressors-inflators/shop-masker-wajah-pria/beli-susu-pertumbuhan-1-3-tahun/beli-perlengkapan-styling-rambut/olahraga-raket/bathrobe-baju-mandi-wanita/shop-pembersih/jual-tas-ransel/beli-susu-bayi-0-6-bulan/ HTTP/1.1" 200 142876 "-" "Mozilla/5.0 (Linux; Android 6.0.1; Nexus 5X Build/MMB29P) AppleWebKit/537.36 (KHTML, like Gecko) Chrome/130.0.6723.69 Mobile Safari/537.36 (compatible; GoogleOther)"
66.249.70.138 - - [31/Oct/2024:02:19:39 +0000] "GET /slot-thailand/?brandName=BENUATOTOshop-motorcycle-riding-gear-face-masks/beli-pakaian-bayi-laki-laki/beli-perlengkapan-mandi-tubuh/pakaian-renang-dan-selancar-pria/shop-busi-motor/sweater-cardigan-anak-laki-lakishop-aksesoris/shop-motorcycle-windshields-accessories/shop-car-audio-speakers/voli/multivitamin/tas-kerja-pria/beli-kopi-dan-teh/ HTTP/1.1" 200 133674 "-" "Mozilla/5.0 (Linux; Android 6.0.1; Nexus 5X Build/MMB29P) AppleWebKit/537.36 (KHTML, like Gecko) Chrome/130.0.6723.69 Mobile Safari/537.36 (compatible; GoogleOther)"
66.249.70.138 - - [31/Oct/2024:02:19:45 +0000] "GET /slot-thailand/?brandName=BENUATOTOshop-motorcycle-riding-gear-face-masks/beli-pakaian-bayi-laki-laki/beli-perlengkapan-mandi-tubuh/pakaian-renang-dan-selancar-pria/shop-busi-motor/shop-car-video-in-dash-navigation/beli-alat-medis/beli-handuk-mandi/shop-indikator/beli-dekorasi-rumah/beli-teh/beli-remote-control-mainan-kendaraan/beli-rak-piring-aksesoris-bak/jual-baju-kurung-wanita/ HTTP/1.1" 200 138447 "-" "Mozilla/5.0 (Linux; Android 6.0.1; Nexus 5X Build/MMB29P) AppleWebKit/537.36 (KHTML, like Gecko) Chrome/130.0.6723.69 Mobile Safari/537.36 (compatible; GoogleOther)"
66.249.70.137 - - [31/Oct/2024:02:19:52 +0000] "GET /slot-thailand/?brandName=BENUATOTOshop-motorcycle-riding-gear-face-masks/beli-pakaian-bayi-laki-laki/koper-anak-2/beli-perawatan-rambut/beli-kursi-rodabeli-suplemen-pemutihblog/shop-automotive-pedals-pedal-accessories/beli-sling-bayi/ HTTP/1.1" 200 123861 "-" "Mozilla/5.0 (Linux; Android 6.0.1; Nexus 5X Build/MMB29P) AppleWebKit/537.36 (KHTML, like Gecko) Chrome/130.0.6723.69 Mobile Safari/537.36 (compatible; GoogleOther)"
51.222.253.2 - - [31/Oct/2024:02:19:57 +0000] "GET /wp-includes/cache.php HTTP/2" 500 0 "-" "Mozilla/5.0 (compatible; AhrefsBot/7.0; +http://ahrefs.com/robot/)"
66.249.70.139 - - [31/Oct/2024:02:20:06 +0000] "GET /slot-thailand/?brandName=BENUATOTOshop-motorcycle-riding-gear-face-masks/beli-pakaian-bayi-laki-laki/koper-anak-2/beli-alat-tulis-kerajinan/beli-kondomshop-Sapu-Sikat-Kemoceng/beli-rice-cooker/jual-tas-tote-pria/beli-mainan-terbang/beli-alas-mandi/shop-manajemen-kargo/beli-aksesoris-makeupblog/jual-sepatu-skateboard-wanita/sepak-bola/beli-makanan-minuman-pengendalian-hama/beli-perhiasan-anak/jual-aksesoris-memancing/beli-prosesor/jual-ban/shop-Camilan/jual-virtual-reality/beli-aksesori-handphone/beli-power-bank/shop-Bahan-Pembuat-Kue/beli-dermacarebeli-celana-pendek-priabeli-alat-latih-olahraga-anjing/jual-roda/jual-dudukan-mobil/hijab/ HTTP/1.1" 200 170266 "-" "Mozilla/5.0 (Linux; Android 6.0.1; Nexus 5X Build/MMB29P) AppleWebKit/537.36 (KHTML, like Gecko) Chrome/130.0.6723.69 Mobile Safari/537.36 (compatible; GoogleOther)"
66.249.70.138 - - [31/Oct/2024:02:20:12 +0000] "GET /slot-thailand/?brandName=BENUATOTOshop-motorcycle-riding-gear-face-masks/beli-pakaian-bayi-laki-laki/beli-perlengkapan-mandi-tubuh/pakaian-renang-dan-selancar-pria/shop-busi-motor/sweater-cardigan-anak-laki-lakishop-aksesoris/shop-motorcycle-windshields-accessories/shop-car-audio-speakers/beli-lemari-es/beli-paket-hadiah-bingkisan-alat-mandi-tubuhcoklat-panas/aksesoris-sepeda/ HTTP/1.1" 200 137237 "-" "Mozilla/5.0 (Linux; Android 6.0.1; Nexus 5X Build/MMB29P) AppleWebKit/537.36 (KHTML, like Gecko) Chrome/130.0.6723.69 Mobile Safari/537.36 (compatible; GoogleOther)"
66.249.70.137 - - [31/Oct/2024:02:20:18 +0000] "GET /slot-thailand/?brandName=BENUATOTOshop-motorcycle-riding-gear-face-masks/beli-pakaian-bayi-laki-laki/beli-perlengkapan-mandi-tubuh/pakaian-renang-dan-selancar-pria/shop-busi-motor/sweater-cardigan-anak-laki-lakishop-aksesoris/shop-motorcycle-windshields-accessories/shop-car-audio-speakers/voli/multivitamin/beli-peralatan-dapur/beli-perlengkapan-makan-bayi-bb/ HTTP/1.1" 200 134839 "-" "Mozilla/5.0 (Linux; Android 6.0.1; Nexus 5X Build/MMB29P) AppleWebKit/537.36 (KHTML, like Gecko) Chrome/130.0.6723.69 Mobile Safari/537.36 (compatible; GoogleOther)"
66.249.70.137 - - [31/Oct/2024:02:20:31 +0000] "GET /slot-thailand/?brandName=BENUATOTOshop-motorcycle-riding-gear-face-masks/beli-pakaian-bayi-laki-laki/beli-perlengkapan-mandi-tubuh/pakaian-renang-dan-selancar-pria/shop-busi-motor/sweater-cardigan-anak-laki-lakishop-aksesoris/shop-motorcycle-windshields-accessories/shop-car-audio-speakers/voli/multivitamin/sound-system-panggung/beli-kereta-dorong-bayi/ HTTP/1.1" 200 135565 "-" "Mozilla/5.0 (Linux; Android 6.0.1; Nexus 5X Build/MMB29P) AppleWebKit/537.36 (KHTML, like Gecko) Chrome/130.0.6723.69 Mobile Safari/537.36 (compatible; GoogleOther)"
66.249.70.139 - - [31/Oct/2024:02:20:45 +0000] "GET /slot-thailand/?brandName=BENUATOTOshop-motorcycle-riding-gear-face-masks/beli-pakaian-bayi-laki-laki/koper-anak-2/sepatu-pria/helpcenter/shipping-delivery/jual-jersey-sepak-bola-pria/jual-pelindung-layar/shop-boy%27s-muslimin-accessoriesjual-pisau-alat-multifungsi/kap-lampu/beli-makanan-minuman-selai-madu-spread/beli-ovens/celana-panjang-dan-pendek-olahraga-wanita/beli-permainan-tradisional/jual-makanan-anjing/ HTTP/1.1" 200 143405 "-" "Mozilla/5.0 (Linux; Android 6.0.1; Nexus 5X Build/MMB29P) AppleWebKit/537.36 (KHTML, like Gecko) Chrome/130.0.6723.69 Mobile Safari/537.36 (compatible; GoogleOther)"
66.249.70.140 - - [31/Oct/2024:02:20:51 +0000] "GET /slot-thailand/?brandName=BENUATOTOshop-motorcycle-riding-gear-face-masks/beli-pakaian-bayi-laki-laki/koper-anak-2/beli-alat-tulis-kerajinan/beli-kondomshop-Sapu-Sikat-Kemoceng/beli-rice-cooker/jual-tas-tote-pria/beli-mainan-terbang/beli-alas-mandi/shop-manajemen-kargo/beli-aksesoris-makeupblog/jual-sepatu-skateboard-wanita/sepak-bola/beli-makanan-minuman-pengendalian-hama/beli-perhiasan-anak/jual-aksesoris-memancing/beli-prosesor/jual-strap-tracker-aktivitas/baju-olahraga-pria/botol-minum/beli-speaker-smart/shop-stiker-emblem/soundcard/cekak-musang-pria/overalls-jumpsuit-wanita/pemanggang-dan-penyajian-masakan-outdoor/beli-humidifier/ HTTP/1.1" 200 170834 "-" "Mozilla/5.0 (Linux; Android 6.0.1; Nexus 5X Build/MMB29P) AppleWebKit/537.36 (KHTML, like Gecko) Chrome/130.0.6723.69 Mobile Safari/537.36 (compatible; GoogleOther)"
66.249.70.137 - - [31/Oct/2024:02:20:58 +0000] "GET /slot-thailand/?brandName=BENUATOTOshop-motorcycle-riding-gear-face-masks/beli-pakaian-bayi-laki-laki/koper-anak-2/beli-perlengkapan-mandi-perawatan-kulit-anak/beli-losion-krim-tubuhbeli-scrub-tubuhsepak-bola/shop-automotive-spoilers-wings-styling-kits/jual-peralatan-cheerleading/beli-sarung-bantal/sepatu-dan-pakaian-olahraga-pria/beli-perawatan-popok/buku-catatan/beli-ram/beli-sarung-bantal/ HTTP/1.1" 200 139651 "-" "Mozilla/5.0 (Linux; Android 6.0.1; Nexus 5X Build/MMB29P) AppleWebKit/537.36 (KHTML, like Gecko) Chrome/130.0.6723.69 Mobile Safari/537.36 (compatible; GoogleOther)"
66.249.70.138 - - [31/Oct/2024:02:21:38 +0000] "GET /slot-thailand/?brandName=BENUATOTOshop-motorcycle-riding-gear-face-masks/beli-pakaian-bayi-laki-laki/koper-anak-2/beli-alat-kesehatan-kecantikan/jual-olahraga-senam/peralatan-latihan-kardio/shop-penyimpanan-data/shop-sarung-jok/tenis/jual-flash-drives/beli-dispenser-air/pakaian-tidur-anak-perempuansandal-jepit-wanita/beli-senter HTTP/1.1" 200 133028 "-" "Mozilla/5.0 (Linux; Android 6.0.1; Nexus 5X Build/MMB29P) AppleWebKit/537.36 (KHTML, like Gecko) Chrome/130.0.6723.69 Mobile Safari/537.36 (compatible; GoogleOther)"
66.249.70.139 - - [31/Oct/2024:02:21:44 +0000] "GET /slot-thailand/?brandName=BENUATOTOshop-motorcycle-riding-gear-face-masks/beli-pakaian-bayi-laki-laki/koper-anak-2/beli-perlengkapan-mandi-perawatan-kulit-anak/beli-losion-krim-tubuhbeli-scrub-tubuhsepak-bola/shop-automotive-spoilers-wings-styling-kits/jual-peralatan-cheerleading/beli-sarung-bantal/sepatu-dan-pakaian-olahraga-pria/beli-perawatan-kulit/shop-tas-pinggang-wanita/shop-Sabun-Batangbeli-pc-gaming/ HTTP/1.1" 200 141386 "-" "Mozilla/5.0 (Linux; Android 6.0.1; Nexus 5X Build/MMB29P) AppleWebKit/537.36 (KHTML, like Gecko) Chrome/130.0.6723.69 Mobile Safari/537.36 (compatible; GoogleOther)"
66.249.70.137 - - [31/Oct/2024:02:21:49 +0000] "GET /slot-thailand/?brandName=BENUATOTOshop-motorcycle-riding-gear-face-masks/beli-pakaian-bayi-laki-laki/koper-anak-2/beli-perlengkapan-mandi-perawatan-kulit-anak/beli-losion-krim-tubuhbeli-scrub-tubuhsepak-bola/shop-automotive-spoilers-wings-styling-kits/jual-peralatan-cheerleading/beli-sarung-bantal/sepatu-dan-pakaian-olahraga-pria/beli-perawatan-kulit/shop-tas-pinggang-wanita/shop-penyedot-debu-tongkat/beli-wanita-perhiasan-fashion/ HTTP/1.1" 200 144504 "-" "Mozilla/5.0 (Linux; Android 6.0.1; Nexus 5X Build/MMB29P) AppleWebKit/537.36 (KHTML, like Gecko) Chrome/130.0.6723.69 Mobile Safari/537.36 (compatible; GoogleOther)"
66.249.70.137 - - [31/Oct/2024:02:21:52 +0000] "GET /slot-thailand/?brandName=BENUATOTOshop-motorcycle-riding-gear-face-masks/beli-pakaian-bayi-laki-laki/beli-perlengkapan-mandi-tubuh/pakaian-renang-dan-selancar-pria/shop-busi-motor/sweater-cardigan-anak-laki-lakishop-aksesoris/shop-motorcycle-windshields-accessories/shop-car-audio-speakers/voli/multivitamin/sound-system-panggung/shop-automotive-engine-parts/ HTTP/1.1" 200 136267 "-" "Mozilla/5.0 (Linux; Android 6.0.1; Nexus 5X Build/MMB29P) AppleWebKit/537.36 (KHTML, like Gecko) Chrome/130.0.6723.69 Mobile Safari/537.36 (compatible; GoogleOther)"
66.249.70.138 - - [31/Oct/2024:02:21:57 +0000] "GET /slot-thailand/?brandName=BENUATOTOshop-motorcycle-riding-gear-face-masks/beli-pakaian-bayi-laki-laki/beli-perhiasan-pria/beli-baterai/beli-kamera-video-aksi/beli-popok-kain/beli-mainan-kendaraan-tg/shop-automotive-body-parts/payung-jas-hujan-anak-perempuanjual-piring-mangkok-bayi/shop-makanan-hewanshop-elektronik/shop-indikator/jual-tas-selempang-pria/shop-Bahan-Pembuat-Kue/ HTTP/1.1" 200 137946 "-" "Mozilla/5.0 (Linux; Android 6.0.1; Nexus 5X Build/MMB29P) AppleWebKit/537.36 (KHTML, like Gecko) Chrome/130.0.6723.69 Mobile Safari/537.36 (compatible; GoogleOther)"
66.249.70.137 - - [31/Oct/2024:02:22:17 +0000] "GET /slot-thailand/?brandName=BENUATOTOshop-motorcycle-riding-gear-face-masks/beli-pakaian-bayi-laki-laki/beli-perhiasan-anak/helpcenter/orders-payment/beli-alat-tulis-kerajinan/pakaian-renang-dan-selancar-wanita/rugby/beli-perawatan-rambut-priashop-ransel-pria/beli-tabir-surya-aftersunbeli-external-solid-state-drive/interior-care/beli-suplemen-penambah-berat-badanbeli-external-solid-state-drive/ HTTP/1.1" 200 139438 "-" "Mozilla/5.0 (Linux; Android 6.0.1; Nexus 5X Build/MMB29P) AppleWebKit/537.36 (KHTML, like Gecko) Chrome/130.0.6723.69 Mobile Safari/537.36 (compatible; GoogleOther)"
66.249.70.137 - - [31/Oct/2024:02:22:51 +0000] "GET /slot-thailand/?brandName=BENUATOTOshop-motorcycle-riding-gear-face-masks/beli-pakaian-bayi-laki-laki/beli-perhiasan-pria/beli-baterai/beli-kamera-video-aksi/beli-popok-kain/beli-mainan-kendaraan-tg/shop-automotive-body-parts/payung-jas-hujan-anak-perempuanjual-piring-mangkok-bayi/shop-makanan-hewanshop-elektronik/beli-kerajinan-tangan-kesenian-anak/pemanggang-dan-penyajian-masakan-outdoor/beli-mini-figure-tg/ HTTP/1.1" 200 142292 "-" "Mozilla/5.0 (Linux; Android 6.0.1; Nexus 5X Build/MMB29P) AppleWebKit/537.36 (KHTML, like Gecko) Chrome/130.0.6723.69 Mobile Safari/537.36 (compatible; GoogleOther)"
66.249.70.138 - - [31/Oct/2024:02:22:57 +0000] "GET /slot-thailand/?brandName=BENUATOTOshop-motorcycle-riding-gear-face-masks/beli-pakaian-bayi-laki-laki/koper-anak-2/beli-perlengkapan-mandi-perawatan-kulit-anak/beli-losion-krim-tubuhbeli-scrub-tubuhsepak-bola/shop-automotive-spoilers-wings-styling-kits/jual-peralatan-cheerleading/beli-sarung-bantal/sepatu-dan-pakaian-olahraga-pria/beli-scrub-tubuhbeli-boneka-aksesori/shop-Manisan/Kebun%20&%20Luar%20Ruangan/beli-tripod-monopod/ HTTP/1.1" 200 143836 "-" "Mozilla/5.0 (Linux; Android 6.0.1; Nexus 5X Build/MMB29P) AppleWebKit/537.36 (KHTML, like Gecko) Chrome/130.0.6723.69 Mobile Safari/537.36 (compatible; GoogleOther)"
66.249.70.137 - - [31/Oct/2024:02:23:04 +0000] "GET /slot-thailand/?brandName=BENUATOTOshop-motorcycle-riding-gear-face-masks/beli-pakaian-bayi-laki-laki/beli-perlengkapan-mandi-tubuh/pakaian-renang-dan-selancar-pria/shop-busi-motor/shop-car-video-in-dash-navigation/beli-alat-medis/beli-handuk-mandi/shop-indikator/beli-dekorasi-rumah/beli-teh/beli-remote-control-mainan-kendaraan/beli-rak-piring-aksesoris-bak/jual-umpan/ HTTP/1.1" 200 136918 "-" "Mozilla/5.0 (Linux; Android 6.0.1; Nexus 5X Build/MMB29P) AppleWebKit/537.36 (KHTML, like Gecko) Chrome/130.0.6723.69 Mobile Safari/537.36 (compatible; GoogleOther)"
66.249.70.137 - - [31/Oct/2024:02:23:23 +0000] "GET /slot-thailand/?brandName=BENUATOTOshop-motorcycle-riding-gear-face-masks/beli-pakaian-bayi-laki-laki/beli-perlengkapan-mandi-tubuh/pakaian-renang-dan-selancar-pria/shop-busi-motor/shop-car-video-in-dash-navigation/beli-alat-medis/beli-handuk-mandi/shop-indikator/beli-dekorasi-rumah/beli-teh/jual-laci-kamar-mandi/seprei-ranjang/sepatu-pria/ HTTP/1.1" 200 133748 "-" "Mozilla/5.0 (Linux; Android 6.0.1; Nexus 5X Build/MMB29P) AppleWebKit/537.36 (KHTML, like Gecko) Chrome/130.0.6723.69 Mobile Safari/537.36 (compatible; GoogleOther)"
66.249.70.137 - - [31/Oct/2024:02:24:06 +0000] "GET /slot-thailand/?brandName=BENUATOTOshop-motorcycle-riding-gear-face-masks/beli-pakaian-bayi-laki-laki/beli-perhiasan-pria/beli-baterai/beli-kamera-video-aksi/beli-popok-kain/beli-mainan-kendaraan-tg/shop-automotive-body-parts/payung-jas-hujan-anak-perempuanjual-piring-mangkok-bayi/shop-makanan-hewanshop-elektronik/shop-indikator/beli-peralatan-kebun/beli-speaker-smart/ HTTP/1.1" 200 137360 "-" "Mozilla/5.0 (Linux; Android 6.0.1; Nexus 5X Build/MMB29P) AppleWebKit/537.36 (KHTML, like Gecko) Chrome/130.0.6723.69 Mobile Safari/537.36 (compatible; GoogleOther)"
66.249.70.137 - - [31/Oct/2024:02:24:10 +0000] "GET /slot-thailand/?brandName=BENUATOTOshop-motorcycle-riding-gear-face-masks/beli-pakaian-bayi-laki-laki/koper-anak-2/sepatu-pria/helpcenter/shipping-delivery/jual-jersey-sepak-bola-pria/jual-pelindung-layar/shop-boy%27s-muslimin-accessoriesjual-pisau-alat-multifungsi/kap-lampu/beli-makanan-minuman-selai-madu-spread/gym-tote-pria/topi-pria/Kebun%20&%20Luar%20Ruangan/beli-deodoran HTTP/1.1" 200 140055 "-" "Mozilla/5.0 (Linux; Android 6.0.1; Nexus 5X Build/MMB29P) AppleWebKit/537.36 (KHTML, like Gecko) Chrome/130.0.6723.69 Mobile Safari/537.36 (compatible; GoogleOther)"
66.249.70.137 - - [31/Oct/2024:02:24:16 +0000] "GET /slot-thailand/?brandName=BENUATOTOshop-motorcycle-riding-gear-face-masks/beli-pakaian-bayi-laki-laki/koper-anak-2/shop-kesehatan-hewan-peliharaanbeli-indoor-climbers-play-structure-tg/shop-tire-parts-air-compressors-inflators/shop-masker-wajah-pria/beli-susu-pertumbuhan-1-3-tahun/beli-perlengkapan-styling-rambut/olahraga-raket/bathrobe-baju-mandi-wanita/jual-navigasi-elektronik/shop-automotive-windshield-wipers-washers/beli-perawatan-kaki HTTP/1.1" 200 146670 "-" "Mozilla/5.0 (Linux; Android 6.0.1; Nexus 5X Build/MMB29P) AppleWebKit/537.36 (KHTML, like Gecko) Chrome/130.0.6723.69 Mobile Safari/537.36 (compatible; GoogleOther)"
51.222.253.5 - - [31/Oct/2024:02:25:04 +0000] "GET /wp-includes/class-http.php HTTP/2" 500 0 "-" "Mozilla/5.0 (compatible; AhrefsBot/7.0; +http://ahrefs.com/robot/)"
109.106.251.75 - - [31/Oct/2024:02:25:30 +0000] "POST /wp-cron.php?doing_wp_cron=1730341530.2817409038543701171875 HTTP/1.1" 200 0 "-" "WordPress/6.6.2; https://lakoyanimedia.tech"
20.253.155.235 - - [31/Oct/2024:02:25:28 +0000] "POST /wp-login.php HTTP/1.1" 200 1939 "-" "Mozilla/5.0 (Windows NT 6.1) AppleWebKit/537.36 (KHTML, like Gecko) Chrome/70.0.3538.77 Safari/537.36"
109.106.251.75 - - [31/Oct/2024:02:25:31 +0000] "POST /wp-admin/admin-ajax.php?action=async_litespeed&nonce=QRzdyVdaBs7xvYXlAVyIJHFY72xIKgbX&litespeed_type=imgoptm HTTP/1.1" 200 21 "-" "WordPress/6.6.2; https://lakoyanimedia.tech"
66.249.64.110 - - [31/Oct/2024:02:28:00 +0000] "GET /slot-thailand/react-dom.js HTTP/1.1" 404 11510 "https://www.lakoyanimedia.tech/" "Mozilla/5.0 (Linux; Android 6.0.1; Nexus 5X Build/MMB29P) AppleWebKit/537.36 (KHTML, like Gecko) Chrome/130.0.6723.58 Mobile Safari/537.36 (compatible; Googlebot/2.1; +http://www.google.com/bot.html)"
109.106.251.75 - - [31/Oct/2024:02:28:03 +0000] "POST /wp-cron.php?doing_wp_cron=1730341682.9136190414428710937500 HTTP/1.1" 200 0 "-" "WordPress/6.6.2; https://lakoyanimedia.tech"
66.249.64.108 - - [31/Oct/2024:02:28:00 +0000] "GET /slot-thailand/react.js HTTP/1.1" 404 11508 "https://www.lakoyanimedia.tech/" "Mozilla/5.0 (Linux; Android 6.0.1; Nexus 5X Build/MMB29P) AppleWebKit/537.36 (KHTML, like Gecko) Chrome/130.0.6723.58 Mobile Safari/537.36 (compatible; Googlebot/2.1; +http://www.google.com/bot.html)"
109.106.251.75 - - [31/Oct/2024:02:28:03 +0000] "POST /wp-admin/admin-ajax.php?action=async_litespeed&nonce=Z0Rj88vbmbSGXxYXFXZkiYAb5kiBDPYB&litespeed_type=imgoptm HTTP/1.1" 200 21 "-" "WordPress/6.6.2; https://lakoyanimedia.tech"
192.145.119.243 - - [31/Oct/2024:02:32:01 +0000] "GET /sample-page/?tod=75706c6f6164 HTTP/1.1" 200 10111 "-" "Mozilla/5.0 (Windows NT 10.0; Win64; x64) AppleWebKit/537.36 (KHTML, like Gecko) Chrome/58.0.3029.110 Safari/537.3"
192.145.119.243 - - [31/Oct/2024:02:32:03 +0000] "GET /sample-page/?act=nd HTTP/1.1" 200 10111 "-" "Mozilla/5.0 (Windows NT 10.0; Win64; x64) AppleWebKit/537.36 (KHTML, like Gecko) Chrome/58.0.3029.110 Safari/537.3"
192.145.119.243 - - [31/Oct/2024:02:32:06 +0000] "GET /sample-page/?tod=75706c6f6164 HTTP/1.1" 200 10111 "-" "Mozilla/5.0 (Windows NT 10.0; Win64; x64) AppleWebKit/537.36 (KHTML, like Gecko) Chrome/58.0.3029.110 Safari/537.3"
109.106.251.75 - - [31/Oct/2024:02:32:09 +0000] "POST /wp-admin/admin-ajax.php?action=async_litespeed&nonce=bkGyl3dFFG7IfJXcGKhOcYB3vyoZbn2J&litespeed_type=imgoptm HTTP/1.1" 200 21 "-" "WordPress/6.6.2; https://lakoyanimedia.tech"
192.145.119.243 - - [31/Oct/2024:02:32:10 +0000] "GET /sample-page/?tod=75706c6f6164 HTTP/1.1" 200 10111 "-" "Mozilla/5.0 (Windows NT 10.0; Win64; x64) AppleWebKit/537.36 (KHTML, like Gecko) Chrome/58.0.3029.110 Safari/537.3"
192.145.119.243 - - [31/Oct/2024:02:32:12 +0000] "GET /sample-page/?tod=75706c6f6164 HTTP/1.1" 200 10111 "-" "Mozilla/5.0 (Windows NT 10.0; Win64; x64) AppleWebKit/537.36 (KHTML, like Gecko) Chrome/58.0.3029.110 Safari/537.3"
109.106.251.75 - - [31/Oct/2024:02:41:22 +0000] "POST /wp-cron.php?doing_wp_cron=1730342482.5319089889526367187500 HTTP/1.1" 200 0 "-" "WordPress/6.6.2; https://lakoyanimedia.tech"
217.133.221.210 - - [31/Oct/2024:02:41:20 +0000] "POST /wp-login.php HTTP/1.1" 200 1939 "-" "Mozilla/5.0 (Windows NT 6.3; Win64; x64) AppleWebKit/537.36 (KHTML, like Gecko) Chrome/62.0.3202.94 Safari/537.36"
109.106.251.75 - - [31/Oct/2024:02:41:22 +0000] "POST /wp-admin/admin-ajax.php?action=async_litespeed&nonce=pHhUnlqp8jygHGCdikYfq5lkFkMexXQy&litespeed_type=imgoptm HTTP/1.1" 200 21 "-" "WordPress/6.6.2; https://lakoyanimedia.tech"
66.249.70.138 - - [31/Oct/2024:02:48:10 +0000] "GET /slot-thailand/?brandName=BENUATOTOshop-motorcycle-riding-gear-face-masks/beli-pakaian-bayi-laki-laki/koper-anak-2/beli-perlengkapan-mandi-perawatan-kulit-anak/beli-losion-krim-tubuhbeli-scrub-tubuhsepak-bola/shop-automotive-spoilers-wings-styling-kits/jual-peralatan-cheerleading/beli-sarung-bantal/sepatu-dan-pakaian-olahraga-pria/beli-scrub-tubuhbeli-boneka-aksesori/shop-Manisan/beli-mainan-helikopter/shop-bohlam-lampu/beli-perlengkapan-mandi-perawatan-kulit-anak/ HTTP/1.1" 200 146139 "-" "Mozilla/5.0 (Linux; Android 6.0.1; Nexus 5X Build/MMB29P) AppleWebKit/537.36 (KHTML, like Gecko) Chrome/130.0.6723.69 Mobile Safari/537.36 (compatible; GoogleOther)"
66.249.70.137 - - [31/Oct/2024:02:48:17 +0000] "GET /slot-thailand/?brandName=BENUATOTOshop-motorcycle-riding-gear-face-masks/beli-pakaian-bayi-laki-laki/koper-anak-2/beli-alat-tulis-kerajinan/beli-kondomshop-Sapu-Sikat-Kemoceng/beli-rice-cooker/jual-tas-tote-pria/beli-mainan-terbang/beli-alas-mandi/shop-manajemen-kargo/beli-aksesoris-makeupblog/jual-sepatu-skateboard-wanita/sepak-bola/beli-makanan-minuman-pengendalian-hama/beli-perhiasan-anak/jual-aksesoris-memancing/beli-prosesor/jual-ban/shop-Camilan/jual-virtual-reality/beli-aksesori-handphone/beli-power-bank/shop-Bahan-Pembuat-Kue/beli-dermacarebeli-celana-pendek-priabeli-alat-latih-olahraga-anjing/jual-roda/jual-dudukan-mobil/jual-pelindung-layar/ HTTP/1.1" 200 172384 "-" "Mozilla/5.0 (Linux; Android 6.0.1; Nexus 5X Build/MMB29P) AppleWebKit/537.36 (KHTML, like Gecko) Chrome/130.0.6723.69 Mobile Safari/537.36 (compatible; GoogleOther)"
66.249.70.137 - - [31/Oct/2024:02:48:23 +0000] "GET /slot-thailand/?brandName=BENUATOTOshop-motorcycle-riding-gear-face-masks/beli-pakaian-bayi-laki-laki/beli-perlengkapan-mandi-tubuh/pakaian-renang-dan-selancar-pria/shop-busi-motor/sweater-cardigan-anak-laki-lakishop-aksesoris/shop-motorcycle-windshields-accessories/shop-car-audio-speakers/voli/multivitamin/lingerie-baju-tidur/ HTTP/1.1" 200 132915 "-" "Mozilla/5.0 (Linux; Android 6.0.1; Nexus 5X Build/MMB29P) AppleWebKit/537.36 (KHTML, like Gecko) Chrome/130.0.6723.69 Mobile Safari/537.36 (compatible; GoogleOther)"
66.249.70.138 - - [31/Oct/2024:02:48:34 +0000] "GET /slot-thailand/?brandName=BENUATOTOshop-motorcycle-riding-gear-face-masks/beli-pakaian-bayi-laki-laki/beli-perlengkapan-mandi-tubuh/pakaian-renang-dan-selancar-pria/shop-busi-motor/sweater-cardigan-anak-laki-lakishop-aksesoris/shop-motorcycle-windshields-accessories/shop-car-audio-speakers/voli/multivitamin/sound-system-panggung/beli-kereta-dorong-bayi/sepatu-sneaker-anak-laki-laki HTTP/1.1" 200 138107 "-" "Mozilla/5.0 (Linux; Android 6.0.1; Nexus 5X Build/MMB29P) AppleWebKit/537.36 (KHTML, like Gecko) Chrome/130.0.6723.69 Mobile Safari/537.36 (compatible; GoogleOther)"
66.249.70.137 - - [31/Oct/2024:02:48:37 +0000] "GET /slot-thailand/?brandName=BENUATOTOshop-motorcycle-riding-gear-face-masks/beli-pakaian-bayi-laki-laki/koper-anak-2/beli-perlengkapan-mandi-perawatan-kulit-anak/beli-losion-krim-tubuhbeli-scrub-tubuhsepak-bola/shop-girls-jumpsuits-overallssarung-tangan-wanita/shop-Makanan-Kering/beli-parfum/sepatu-lace-ups-anak-laki-lakijual-peralatan-cheerleading/shop-alat-perawatan-kulit-wajahshop-automotive-trailer-accessories/ HTTP/1.1" 200 142546 "-" "Mozilla/5.0 (Linux; Android 6.0.1; Nexus 5X Build/MMB29P) AppleWebKit/537.36 (KHTML, like Gecko) Chrome/130.0.6723.69 Mobile Safari/537.36 (compatible; GoogleOther)"
66.249.70.139 - - [31/Oct/2024:02:48:43 +0000] "GET /slot-thailand/?brandName=BENUATOTOshop-motorcycle-riding-gear-face-masks/beli-pakaian-bayi-laki-laki/koper-anak-2/beli-alat-tulis-kerajinan/beli-kondomshop-Sapu-Sikat-Kemoceng/beli-rice-cooker/jual-tas-tote-pria/beli-mainan-terbang/beli-alas-mandi/shop-manajemen-kargo/beli-aksesoris-makeupblog/jual-sepatu-skateboard-wanita/sepak-bola/beli-makanan-minuman-pengendalian-hama/beli-perhiasan-anak/jual-aksesoris-memancing/beli-prosesor/jual-ban/shop-Camilan/jual-virtual-reality/beli-aksesori-handphone/beli-power-bank/shop-Bahan-Pembuat-Kue/beli-dermacarebeli-celana-pendek-priabeli-alat-latih-olahraga-anjing/jual-roda/jual-dudukan-mobil/hijab/sepatu-sepeda-wanita/ HTTP/1.1" 200 173231 "-" "Mozilla/5.0 (Linux; Android 6.0.1; Nexus 5X Build/MMB29P) AppleWebKit/537.36 (KHTML, like Gecko) Chrome/130.0.6723.69 Mobile Safari/537.36 (compatible; GoogleOther)"
66.249.70.138 - - [31/Oct/2024:02:49:07 +0000] "GET /slot-thailand/?brandName=BENUATOTOshop-motorcycle-riding-gear-face-masks/beli-pakaian-bayi-laki-laki/beli-perlengkapan-mandi-tubuh/pakaian-renang-dan-selancar-pria/shop-busi-motor/sweater-cardigan-anak-laki-lakishop-aksesoris/shop-motorcycle-windshields-accessories/shop-car-audio-speakers/voli/multivitamin/beli-perhiasan-wanita/beli-styling-rambut HTTP/1.1" 200 134370 "-" "Mozilla/5.0 (Linux; Android 6.0.1; Nexus 5X Build/MMB29P) AppleWebKit/537.36 (KHTML, like Gecko) Chrome/130.0.6723.69 Mobile Safari/537.36 (compatible; GoogleOther)"
66.249.70.137 - - [31/Oct/2024:02:49:10 +0000] "GET /slot-thailand/?brandName=BENUATOTOshop-motorcycle-riding-gear-face-masks/beli-pakaian-bayi-laki-laki/koper-anak-2/beli-alat-kesehatan-kecantikan/jual-olahraga-senam/peralatan-latihan-kardio/shop-penyimpanan-data/shop-sarung-jok/tenis/jual-flash-drives/beli-dispenser-air/pakaian-tidur-anak-perempuansandal-jepit-wanita/beli-senterjual-olahraga-papan/ HTTP/1.1" 200 135352 "-" "Mozilla/5.0 (Linux; Android 6.0.1; Nexus 5X Build/MMB29P) AppleWebKit/537.36 (KHTML, like Gecko) Chrome/130.0.6723.69 Mobile Safari/537.36 (compatible; GoogleOther)"
66.249.70.138 - - [31/Oct/2024:02:49:13 +0000] "GET /slot-thailand/?brandName=BENUATOTOshop-motorcycle-riding-gear-face-masks/beli-pakaian-bayi-laki-laki/koper-anak-2/beli-perlengkapan-mandi-perawatan-kulit-anak/beli-losion-krim-tubuhbeli-scrub-tubuhsepak-bola/shop-automotive-spoilers-wings-styling-kits/jual-peralatan-cheerleading/beli-sarung-bantal/sepatu-dan-pakaian-olahraga-pria/beli-scrub-tubuhbeli-boneka-aksesori/shop-Manisan/Kebun%20&%20Luar%20Ruangan/beli-tripod-monopod/selimut-dan-selimut-panjang/ HTTP/1.1" 200 147041 "-" "Mozilla/5.0 (Linux; Android 6.0.1; Nexus 5X Build/MMB29P) AppleWebKit/537.36 (KHTML, like Gecko) Chrome/130.0.6723.69 Mobile Safari/537.36 (compatible; GoogleOther)"
66.249.70.138 - - [31/Oct/2024:02:49:16 +0000] "GET /slot-thailand/?brandName=BENUATOTOshop-motorcycle-riding-gear-face-masks/beli-pakaian-bayi-laki-laki/beli-perlengkapan-mandi-tubuh/pakaian-renang-dan-selancar-pria/shop-busi-motor/sweater-cardigan-anak-laki-lakishop-aksesoris/shop-motorcycle-windshields-accessories/shop-car-audio-speakers/beli-lemari-es/beli-paket-hadiah-bingkisan-alat-mandi-tubuhcoklat-panas/aksesoris-sepeda/perawatan-mulut HTTP/1.1" 200 139289 "-" "Mozilla/5.0 (Linux; Android 6.0.1; Nexus 5X Build/MMB29P) AppleWebKit/537.36 (KHTML, like Gecko) Chrome/130.0.6723.69 Mobile Safari/537.36 (compatible; GoogleOther)"
66.249.70.139 - - [31/Oct/2024:02:49:20 +0000] "GET /slot-thailand/?brandName=BENUATOTOshop-motorcycle-riding-gear-face-masks/beli-pakaian-bayi-laki-laki/koper-anak-2/beli-alat-kesehatan-kecantikan/jual-olahraga-senam/peralatan-latihan-kardio/shop-penyimpanan-data/beli-adaptor-baterai-komputer/shop-motorcycle-oils-fluids/shop-beli-laptop/jual-pisau-alat-multifungsi/beli-jam-tangan-wanita/olahraga-air/bra-wanita/beli-minuman/ HTTP/1.1" 200 137524 "-" "Mozilla/5.0 (Linux; Android 6.0.1; Nexus 5X Build/MMB29P) AppleWebKit/537.36 (KHTML, like Gecko) Chrome/130.0.6723.69 Mobile Safari/537.36 (compatible; GoogleOther)"
66.249.70.139 - - [31/Oct/2024:02:49:23 +0000] "GET /slot-thailand/?brandName=BENUATOTOshop-motorcycle-riding-gear-face-masks/beli-pakaian-bayi-laki-laki/beli-perlengkapan-mandi-tubuh/pakaian-renang-dan-selancar-pria/shop-busi-motor/sweater-cardigan-anak-laki-lakishop-aksesoris/shop-motorcycle-windshields-accessories/shop-car-audio-speakers/beli-lemari-es/beli-paket-hadiah-bingkisan-alat-mandi-tubuhcoklat-panas/helpcenter/returns-refunds/ HTTP/1.1" 200 138770 "-" "Mozilla/5.0 (Linux; Android 6.0.1; Nexus 5X Build/MMB29P) AppleWebKit/537.36 (KHTML, like Gecko) Chrome/130.0.6723.69 Mobile Safari/537.36 (compatible; GoogleOther)"
66.249.70.140 - - [31/Oct/2024:02:49:56 +0000] "GET /slot-thailand/?brandName=BENUATOTOshop-motorcycle-riding-gear-face-masks/beli-pakaian-bayi-laki-laki/koper-anak-2/beli-perlengkapan-mandi-perawatan-kulit-anak/beli-losion-krim-tubuhbeli-scrub-tubuhsepak-bola/shop-automotive-spoilers-wings-styling-kits/jual-peralatan-cheerleading/beli-sarung-bantal/sepatu-dan-pakaian-olahraga-pria/beli-perawatan-popok/buku-catatan/beli-ram/beli-sarung-bantal/jual-baju-kaos-sepeda/ HTTP/1.1" 200 142027 "-" "Mozilla/5.0 (Linux; Android 6.0.1; Nexus 5X Build/MMB29P) AppleWebKit/537.36 (KHTML, like Gecko) Chrome/130.0.6723.69 Mobile Safari/537.36 (compatible; GoogleOther)"
66.249.70.140 - - [31/Oct/2024:02:50:16 +0000] "GET /slot-thailand/?brandName=BENUATOTOshop-motorcycle-riding-gear-face-masks/beli-pakaian-bayi-laki-laki/beli-perhiasan-anak/helpcenter/orders-payment/beli-alat-tulis-kerajinan/pakaian-renang-dan-selancar-wanita/rugby/beli-perawatan-rambut-priashop-ransel-pria/beli-tabir-surya-aftersunsepatu-basket-wanita/beli-sabun-pembersih-bayi/beli-detergen-popok-kain/beli-media-musik-dan-buku/beli-protein HTTP/1.1" 200 139718 "-" "Mozilla/5.0 (Linux; Android 6.0.1; Nexus 5X Build/MMB29P) AppleWebKit/537.36 (KHTML, like Gecko) Chrome/130.0.6723.69 Mobile Safari/537.36 (compatible; GoogleOther)"
66.249.70.137 - - [31/Oct/2024:02:50:23 +0000] "GET /slot-thailand/?brandName=BENUATOTOshop-motorcycle-riding-gear-face-masks/beli-pakaian-bayi-laki-laki/koper-anak-2/shop-kesehatan-hewan-peliharaanbeli-indoor-climbers-play-structure-tg/shop-tire-parts-air-compressors-inflators/shop-masker-wajah-pria/beli-susu-pertumbuhan-1-3-tahun/beli-perlengkapan-styling-rambut/beli-kursi-rodabeli-wadah-alat-alat-kantor/beli-parfum/jual-tv-receiver/ HTTP/1.1" 200 139857 "-" "Mozilla/5.0 (Linux; Android 6.0.1; Nexus 5X Build/MMB29P) AppleWebKit/537.36 (KHTML, like Gecko) Chrome/130.0.6723.69 Mobile Safari/537.36 (compatible; GoogleOther)"
66.249.70.138 - - [31/Oct/2024:02:50:29 +0000] "GET /slot-thailand/?brandName=BENUATOTOshop-motorcycle-riding-gear-face-masks/beli-pakaian-bayi-laki-laki/beli-perhiasan-pria/beli-baterai/beli-kamera-video-aksi/beli-popok-kain/beli-mainan-kendaraan-tg/shop-automotive-body-parts/payung-jas-hujan-anak-perempuanjual-piring-mangkok-bayi/shop-makanan-hewanshop-elektronik/beli-kerajinan-tangan-kesenian-anak/pemanggang-dan-penyajian-masakan-outdoor/lagu/ HTTP/1.1" 200 140925 "-" "Mozilla/5.0 (Linux; Android 6.0.1; Nexus 5X Build/MMB29P) AppleWebKit/537.36 (KHTML, like Gecko) Chrome/130.0.6723.69 Mobile Safari/537.36 (compatible; GoogleOther)"
66.249.70.137 - - [31/Oct/2024:02:51:09 +0000] "GET /slot-thailand/?brandName=BENUATOTOshop-motorcycle-riding-gear-face-masks/beli-pakaian-bayi-laki-laki/beli-perlengkapan-mandi-tubuh/pakaian-renang-dan-selancar-pria/shop-busi-motor/sweater-cardigan-anak-laki-lakishop-aksesoris/shop-motorcycle-windshields-accessories/shop-car-audio-speakers/voli/multivitamin/sound-system-panggung/beli-kereta-dorong-bayi/shop-automotive-engine-parts/ HTTP/1.1" 200 138621 "-" "Mozilla/5.0 (Linux; Android 6.0.1; Nexus 5X Build/MMB29P) AppleWebKit/537.36 (KHTML, like Gecko) Chrome/130.0.6723.69 Mobile Safari/537.36 (compatible; GoogleOther)"
66.249.70.137 - - [31/Oct/2024:02:51:15 +0000] "GET /slot-thailand/?brandName=BENUATOTOshop-motorcycle-riding-gear-face-masks/beli-pakaian-bayi-laki-laki/sepatu-wanita/beli-perawatan-rambut/jual-aksesoris-pompa-asi/beli-mainan-helikopter/tenis/soundcard/beli-parfum-priabeli-sepatu-bayi-perempuan/beli-perlengkapan-sekolah/beli-perlengkapan-sekolah/shop-motorcycle-oils-fluids/beli-makanan-bayi/beli-peralatan-mandi/ HTTP/1.1" 200 134623 "-" "Mozilla/5.0 (Linux; Android 6.0.1; Nexus 5X Build/MMB29P) AppleWebKit/537.36 (KHTML, like Gecko) Chrome/130.0.6723.69 Mobile Safari/537.36 (compatible; GoogleOther)"
66.249.70.138 - - [31/Oct/2024:02:51:22 +0000] "GET /slot-thailand/?brandName=BENUATOTOshop-motorcycle-riding-gear-face-masks/beli-pakaian-bayi-laki-laki/beli-perhiasan-pria/beli-baterai/beli-kamera-video-aksi/beli-popok-kain/beli-mainan-kendaraan-tg/shop-automotive-body-parts/payung-jas-hujan-anak-perempuanjual-piring-mangkok-bayi/shop-makanan-hewanshop-elektronik/shop-indikator/beli-peralatan-kebun/beli-speaker-smart/beli-pisau-dan-aksesoris/ HTTP/1.1" 200 140138 "-" "Mozilla/5.0 (Linux; Android 6.0.1; Nexus 5X Build/MMB29P) AppleWebKit/537.36 (KHTML, like Gecko) Chrome/130.0.6723.69 Mobile Safari/537.36 (compatible; GoogleOther)"
66.249.70.138 - - [31/Oct/2024:02:51:29 +0000] "GET /slot-thailand/?brandName=BENUATOTOshop-motorcycle-riding-gear-face-masks/beli-pakaian-bayi-laki-laki/beli-perhiasan-anak/helpcenter/orders-payment/beli-alat-tulis-kerajinan/pakaian-renang-dan-selancar-wanita/rugby/beli-perawatan-rambut-priashop-ransel-pria/beli-tabir-surya-aftersunsepatu-basket-wanita/beli-sabun-pembersih-bayi/beli-detergen-popok-kain/beli-media-musik-dan-buku/aksesoris-alat-cukur-dan-trimmer HTTP/1.1" 200 142019 "-" "Mozilla/5.0 (Linux; Android 6.0.1; Nexus 5X Build/MMB29P) AppleWebKit/537.36 (KHTML, like Gecko) Chrome/130.0.6723.69 Mobile Safari/537.36 (compatible; GoogleOther)"
66.249.70.139 - - [31/Oct/2024:02:51:35 +0000] "GET /slot-thailand/?brandName=BENUATOTOshop-motorcycle-riding-gear-face-masks/beli-pakaian-bayi-laki-laki/koper-anak-2/beli-alat-kesehatan-kecantikan/jual-olahraga-senam/peralatan-latihan-kardio/shop-penyimpanan-data/beli-adaptor-baterai-komputer/shop-motorcycle-oils-fluids/shop-beli-laptop/jual-pisau-alat-multifungsi/beli-jam-tangan-wanita/olahraga-air/bra-wanita/beli-jam-tangan-olahraga-pria/beli-furnitur-ruang-tamu/ HTTP/1.1" 200 141755 "-" "Mozilla/5.0 (Linux; Android 6.0.1; Nexus 5X Build/MMB29P) AppleWebKit/537.36 (KHTML, like Gecko) Chrome/130.0.6723.69 Mobile Safari/537.36 (compatible; GoogleOther)"
66.249.70.139 - - [31/Oct/2024:02:51:42 +0000] "GET /slot-thailand/?brandName=BENUATOTOshop-motorcycle-riding-gear-face-masks/beli-pakaian-bayi-laki-laki/beli-perlengkapan-mandi-tubuh/pakaian-renang-dan-selancar-pria/shop-busi-motor/sweater-cardigan-anak-laki-lakishop-aksesoris/shop-motorcycle-windshields-accessories/shop-car-audio-speakers/voli/multivitamin/beli-peralatan-dapur/beli-perlengkapan-makan-bayi-bb/beli-jam-tangan-anak-perempuan/ HTTP/1.1" 200 138218 "-" "Mozilla/5.0 (Linux; Android 6.0.1; Nexus 5X Build/MMB29P) AppleWebKit/537.36 (KHTML, like Gecko) Chrome/130.0.6723.69 Mobile Safari/537.36 (compatible; GoogleOther)"
66.249.70.139 - - [31/Oct/2024:02:52:20 +0000] "GET /slot-thailand/?brandName=BENUATOTOshop-motorcycle-riding-gear-face-masks/beli-pakaian-bayi-laki-laki/koper-anak-2/beli-perlengkapan-mandi-perawatan-kulit-anak/beli-losion-krim-tubuhbeli-scrub-tubuhsepak-bola/shop-automotive-spoilers-wings-styling-kits/jual-peralatan-cheerleading/beli-sarung-bantal/sepatu-dan-pakaian-olahraga-pria/beli-scrub-tubuhbeli-boneka-aksesori/shop-Manisan/beli-mainan-helikopter/shop-bohlam-lampu/beli-suku-cadang-handphone/ HTTP/1.1" 200 145833 "-" "Mozilla/5.0 (Linux; Android 6.0.1; Nexus 5X Build/MMB29P) AppleWebKit/537.36 (KHTML, like Gecko) Chrome/130.0.6723.69 Mobile Safari/537.36 (compatible; GoogleOther)"
66.249.70.138 - - [31/Oct/2024:02:52:24 +0000] "GET /slot-thailand/?brandName=BENUATOTOshop-motorcycle-riding-gear-face-masks/beli-pakaian-bayi-laki-laki/beli-perhiasan-pria/beli-baterai/beli-kamera-video-aksi/beli-popok-kain/beli-mainan-kendaraan-tg/shop-automotive-body-parts/payung-jas-hujan-anak-perempuanjual-piring-mangkok-bayi/shop-makanan-hewanshop-elektronik/shop-indikator/jual-tas-selempang-pria/shop-Bahan-Pembuat-Kue/beli-wadah-penyimpan-makanan/ HTTP/1.1" 200 141790 "-" "Mozilla/5.0 (Linux; Android 6.0.1; Nexus 5X Build/MMB29P) AppleWebKit/537.36 (KHTML, like Gecko) Chrome/130.0.6723.69 Mobile Safari/537.36 (compatible; GoogleOther)"
66.249.70.138 - - [31/Oct/2024:02:52:41 +0000] "GET /slot-thailand/?brandName=BENUATOTOshop-motorcycle-riding-gear-face-masks/beli-pakaian-bayi-laki-laki/beli-perlengkapan-mandi-tubuh/pakaian-renang-dan-selancar-pria/shop-busi-motor/sweater-cardigan-anak-laki-lakishop-aksesoris/shop-motorcycle-windshields-accessories/shop-car-audio-speakers/voli/multivitamin/tas-kerja-pria/beli-kopi-dan-teh/voli/ HTTP/1.1" 200 134461 "-" "Mozilla/5.0 (Linux; Android 6.0.1; Nexus 5X Build/MMB29P) AppleWebKit/537.36 (KHTML, like Gecko) Chrome/130.0.6723.69 Mobile Safari/537.36 (compatible; GoogleOther)"
66.249.70.138 - - [31/Oct/2024:02:52:48 +0000] "GET /slot-thailand/?brandName=BENUATOTOshop-motorcycle-riding-gear-face-masks/beli-pakaian-bayi-laki-laki/koper-anak-2/beli-perawatan-rambut/beli-kursi-rodabeli-suplemen-pemutihblog/shop-automotive-pedals-pedal-accessories/beli-sling-bayi/shop-Makanan-Kaleng/ HTTP/1.1" 200 125725 "-" "Mozilla/5.0 (Linux; Android 6.0.1; Nexus 5X Build/MMB29P) AppleWebKit/537.36 (KHTML, like Gecko) Chrome/130.0.6723.69 Mobile Safari/537.36 (compatible; GoogleOther)"
66.249.70.137 - - [31/Oct/2024:02:53:45 +0000] "GET /slot-thailand/?brandName=BENUATOTOshop-motorcycle-riding-gear-face-masks/beli-pakaian-bayi-laki-laki/beli-perhiasan-pria/beli-baterai/beli-kamera-video-aksi/beli-popok-kain/beli-mainan-kendaraan-tg/shop-automotive-body-parts/payung-jas-hujan-anak-perempuanjual-piring-mangkok-bayi/shop-makanan-hewanshop-elektronik/beli-kerajinan-tangan-kesenian-anak/pemanggang-dan-penyajian-masakan-outdoor/beli-mini-figure-tg/pemanggang-dan-penyajian-masakan-outdoor/ HTTP/1.1" 200 145371 "-" "Mozilla/5.0 (Linux; Android 6.0.1; Nexus 5X Build/MMB29P) AppleWebKit/537.36 (KHTML, like Gecko) Chrome/130.0.6723.69 Mobile Safari/537.36 (compatible; GoogleOther)"
