66.249.70.137 - - [30/Oct/2024:19:52:57 +0000] "GET /slot-thailand/?brandName=BENUATOTOshop-motorcycle-riding-gear-face-masks/beli-pakaian-bayi-laki-laki/beli-perhiasan-pria/beli-suplemen-makanan/jual-sepatu-olahraga-air-pria/fashion-aksesoris-sepatu-anak-perempuanjual-aksesori-lingerie-wanita/ HTTP/1.1" 200 124022 "-" "Mozilla/5.0 (Linux; Android 6.0.1; Nexus 5X Build/MMB29P) AppleWebKit/537.36 (KHTML, like Gecko) Chrome/130.0.6723.69 Mobile Safari/537.36 (compatible; GoogleOther)"
66.249.70.138 - - [30/Oct/2024:19:53:01 +0000] "GET /slot-thailand/?brandName=BENUATOTOshop-motorcycle-riding-gear-face-masks/beli-pakaian-bayi-laki-laki/koper-anak-2/beli-alat-tulis-kerajinan/beli-kondomshop-Sapu-Sikat-Kemoceng/beli-rice-cooker/jual-tas-tote-pria/beli-mainan-terbang/beli-alas-mandi/shop-manajemen-kargo/beli-aksesoris-makeupblog/jual-sepatu-skateboard-wanita/sepak-bola/beli-makanan-minuman-pengendalian-hama/beli-perhiasan-anak/jual-aksesoris-memancing/beli-prosesor/beli-sirup/jual-sepatu-jalan-wanita/beli-bantal-kursi-bayi/beli-playhouses/ HTTP/1.1" 200 153055 "-" "Mozilla/5.0 (Linux; Android 6.0.1; Nexus 5X Build/MMB29P) AppleWebKit/537.36 (KHTML, like Gecko) Chrome/130.0.6723.69 Mobile Safari/537.36 (compatible; GoogleOther)"
66.249.70.137 - - [30/Oct/2024:19:53:05 +0000] "GET /slot-thailand/?brandName=BENUATOTOshop-motorcycle-riding-gear-face-masks/beli-pakaian-bayi-laki-laki/sepatu-wanita/beli-perawatan-rambut/jual-aksesoris-pompa-asi/beli-mainan-helikopter/tenis/ HTTP/1.1" 200 119733 "-" "Mozilla/5.0 (Linux; Android 6.0.1; Nexus 5X Build/MMB29P) AppleWebKit/537.36 (KHTML, like Gecko) Chrome/130.0.6723.69 Mobile Safari/537.36 (compatible; GoogleOther)"
66.249.70.137 - - [30/Oct/2024:19:53:09 +0000] "GET /slot-thailand/?brandName=BENUATOTOshop-motorcycle-riding-gear-face-masks/beli-pakaian-bayi-laki-laki/beli-komputer/jual-aksesori-lingerie-wanita/shop-penyedot-debu-robot/baju-atasan-anak-perempuanjual-sistem-karaoke/ HTTP/1.1" 200 122376 "-" "Mozilla/5.0 (Linux; Android 6.0.1; Nexus 5X Build/MMB29P) AppleWebKit/537.36 (KHTML, like Gecko) Chrome/130.0.6723.69 Mobile Safari/537.36 (compatible; GoogleOther)"
66.249.70.137 - - [30/Oct/2024:19:53:17 +0000] "GET /slot-thailand/?brandName=BENUATOTOshop-motorcycle-riding-gear-face-masks/beli-pakaian-bayi-laki-laki/koper-anak-2/beli-suplemen-makanan/beli-sistem-pengairan/tenis/shop-smartwatch/jual-makanan-kucing/ HTTP/1.1" 200 121184 "-" "Mozilla/5.0 (Linux; Android 6.0.1; Nexus 5X Build/MMB29P) AppleWebKit/537.36 (KHTML, like Gecko) Chrome/130.0.6723.69 Mobile Safari/537.36 (compatible; GoogleOther)"
66.249.70.137 - - [30/Oct/2024:19:53:21 +0000] "GET /slot-thailand/?brandName=BENUATOTOshop-motorcycle-riding-gear-face-masks/beli-pakaian-bayi-laki-laki/koper-anak-2/beli-alat-kesehatan-kecantikan/jual-olahraga-senam/peralatan-latihan-kardio/shop-penyimpanan-data/beli-adaptor-baterai-komputer/ HTTP/1.1" 200 124576 "-" "Mozilla/5.0 (Linux; Android 6.0.1; Nexus 5X Build/MMB29P) AppleWebKit/537.36 (KHTML, like Gecko) Chrome/130.0.6723.69 Mobile Safari/537.36 (compatible; GoogleOther)"
91.239.208.124 - - [30/Oct/2024:19:55:10 +0000] "POST /wp-login.php HTTP/1.1" 200 1968 "https://lakoyanimedia.tech/wp-admin/" "Mozilla/5.0 (Windows NT 10.0; Win64; x64) AppleWebKit/537.36 (KHTML, like Gecko) Chrome/90.0.4430.85 Safari/537.36"
91.239.208.124 - - [30/Oct/2024:19:55:10 +0000] "GET /wp-admin/ HTTP/1.1" 302 0 "www.google.com" "Mozilla/5.0 (Windows NT 10.0; Win64; x64) AppleWebKit/537.36 (KHTML, like Gecko) Chrome/90.0.4430.85 Safari/537.36"
109.106.251.75 - - [30/Oct/2024:19:55:10 +0000] "POST /wp-cron.php?doing_wp_cron=1730318110.4656090736389160156250 HTTP/1.1" 200 0 "-" "WordPress/6.6.2; https://lakoyanimedia.tech"
109.106.251.75 - - [30/Oct/2024:19:55:10 +0000] "POST /wp-admin/admin-ajax.php?action=async_litespeed&nonce=au5OYlV9E2o0nw1RoHn3ZnOGQ9aGOXdy&litespeed_type=imgoptm HTTP/1.1" 200 21 "-" "WordPress/6.6.2; https://lakoyanimedia.tech"
91.239.208.124 - - [30/Oct/2024:19:55:11 +0000] "GET /wp-login.php?redirect_to=https%3A%2F%2Flakoyanimedia.tech%2Fwp-admin%2F&reauth=1 HTTP/1.1" 200 1821 "www.google.com" "Mozilla/5.0 (Windows NT 10.0; Win64; x64) AppleWebKit/537.36 (KHTML, like Gecko) Chrome/90.0.4430.85 Safari/537.36"
109.106.251.75 - - [30/Oct/2024:19:58:50 +0000] "POST /wp-cron.php?doing_wp_cron=1730318330.0195009708404541015625 HTTP/1.1" 200 0 "-" "WordPress/6.6.2; https://lakoyanimedia.tech"
109.106.251.75 - - [30/Oct/2024:19:58:50 +0000] "POST /wp-admin/admin-ajax.php?action=async_litespeed&nonce=EqCINfdkSdeHnLGYgiZuoGXu0lPFkK8w&litespeed_type=imgoptm HTTP/1.1" 200 21 "-" "WordPress/6.6.2; https://lakoyanimedia.tech"
64.23.129.165 - - [30/Oct/2024:19:58:47 +0000] "POST /wp-login.php HTTP/1.1" 200 1938 "-" "Mozilla/5.0 (Windows NT 6.1) AppleWebKit/537.36 (KHTML, like Gecko) Chrome/70.0.3538.102 Safari/537.36"
152.89.107.150 - - [30/Oct/2024:20:00:15 +0000] "POST /xmlrpc.php HTTP/1.1" 200 403 "-" "Mozilla/5.0 (Windows NT 10.0; Win64; x64; rv:60.0) Gecko/20100101 Firefox/60.0"
109.106.251.75 - - [30/Oct/2024:20:00:15 +0000] "POST /wp-cron.php?doing_wp_cron=1730318415.3359820842742919921875 HTTP/1.1" 200 0 "-" "WordPress/6.6.2; https://lakoyanimedia.tech"
109.106.251.75 - - [30/Oct/2024:20:00:15 +0000] "POST /wp-admin/admin-ajax.php?action=async_litespeed&nonce=G7yi9TzSmAn0PbSOpQiYtov8NDZbASPR&litespeed_type=imgoptm HTTP/1.1" 200 21 "-" "WordPress/6.6.2; https://lakoyanimedia.tech"
42.116.167.96 - - [30/Oct/2024:20:00:18 +0000] "POST /xmlrpc.php HTTP/1.1" 200 403 "-" "Mozilla/5.0 (Windows NT 10.0; Win64; x64) AppleWebKit/537.36 (KHTML, like Gecko) Chrome/86.0.4240.198 Safari/537.36"
157.7.190.240 - - [30/Oct/2024:20:00:18 +0000] "POST /xmlrpc.php HTTP/1.1" 200 403 "-" "Mozilla/5.0 (Windows NT 10.0; Win64; x64) AppleWebKit/537.36 (KHTML, like Gecko) Chrome/81.0.4044.138 Safari/537.36"
109.106.251.75 - - [30/Oct/2024:20:00:19 +0000] "POST /wp-cron.php?doing_wp_cron=1730318418.9364469051361083984375 HTTP/1.1" 200 0 "-" "WordPress/6.6.2; https://lakoyanimedia.tech"
51.77.52.109 - - [30/Oct/2024:20:00:22 +0000] "POST /xmlrpc.php HTTP/1.1" 200 403 "-" "Mozilla/5.0 (Windows NT 10.0; WOW64) AppleWebKit/537.36 (KHTML, like Gecko) Chrome/91.0.4472.114 Safari/537.36"
109.106.251.75 - - [30/Oct/2024:20:00:23 +0000] "POST /wp-cron.php?doing_wp_cron=1730318423.0174520015716552734375 HTTP/1.1" 200 0 "-" "WordPress/6.6.2; https://lakoyanimedia.tech"
109.106.251.75 - - [30/Oct/2024:20:00:23 +0000] "POST /wp-admin/admin-ajax.php?action=async_litespeed&nonce=yuSeSs7750epQrAPMpEINKuLjlbs3AjX&litespeed_type=imgoptm HTTP/1.1" 200 21 "-" "WordPress/6.6.2; https://lakoyanimedia.tech"
163.43.131.22 - - [30/Oct/2024:20:00:27 +0000] "POST /xmlrpc.php HTTP/1.1" 200 403 "-" "Mozilla/5.0 (Windows NT 6.1; WOW64; rv:41.0) Gecko/20100101 Firefox/41.0"
46.235.40.39 - - [30/Oct/2024:20:00:34 +0000] "POST /xmlrpc.php HTTP/1.1" 200 403 "-" "Mozilla/5.0 (Windows NT 6.1; Win64; x64; rv:57.0) Gecko/20100101 Firefox/57.0"
142.93.15.2 - - [30/Oct/2024:20:00:36 +0000] "POST /xmlrpc.php HTTP/1.1" 200 403 "-" "Mozilla/5.0 (Windows NT 10.0; Win64; x64) AppleWebKit/537.36 (KHTML, like Gecko) Chrome/61.0.3163.100 Safari/537.36"
134.213.116.141 - - [30/Oct/2024:20:00:38 +0000] "POST /xmlrpc.php HTTP/1.1" 200 403 "-" "Mozilla/5.0 (Windows; U; Windows NT 5.1; en-US; rv:1.7.5) Gecko/20041107 Firefox/1.0"
184.168.31.10 - - [30/Oct/2024:20:00:41 +0000] "POST /xmlrpc.php HTTP/1.1" 200 403 "-" "Mozilla/5.0 (Windows NT 10.0; Win64; x64) AppleWebKit/537.36 (KHTML, like Gecko) Chrome/79.0.3945.117 Safari/537.36"
47.251.36.68 - - [30/Oct/2024:20:00:49 +0000] "POST /xmlrpc.php HTTP/1.1" 200 403 "-" "Mozilla/5.0 (Windows NT 10.0; Win64; x64) AppleWebKit/537.36 (KHTML, like Gecko) Chrome/60.0.3112.113 Safari/537.36"
66.249.64.108 - - [30/Oct/2024:20:10:06 +0000] "GET /robots.txt HTTP/1.1" 200 163 "-" "Mozilla/5.0 (compatible; Googlebot/2.1; +http://www.google.com/bot.html)"
66.249.64.108 - - [30/Oct/2024:20:10:06 +0000] "GET /wp-content/themes/exnova/js/custom.js?ver=6.6.2 HTTP/1.1" 200 2093 "https://lakoyanimedia.tech/" "Mozilla/5.0 (Linux; Android 6.0.1; Nexus 5X Build/MMB29P) AppleWebKit/537.36 (KHTML, like Gecko) Chrome/130.0.6723.69 Mobile Safari/537.36 (compatible; Googlebot/2.1; +http://www.google.com/bot.html)"
66.249.64.108 - - [30/Oct/2024:20:10:06 +0000] "GET /wp-content/themes/specia/js/bootstrap.min.js?ver=6.6.2 HTTP/1.1" 200 9439 "https://lakoyanimedia.tech/" "Mozilla/5.0 (Linux; Android 6.0.1; Nexus 5X Build/MMB29P) AppleWebKit/537.36 (KHTML, like Gecko) Chrome/130.0.6723.69 Mobile Safari/537.36 (compatible; Googlebot/2.1; +http://www.google.com/bot.html)"
66.249.64.109 - - [30/Oct/2024:20:10:07 +0000] "GET /wp-content/themes/specia/js/skip-link-focus-fix.js?ver=20151215 HTTP/1.1" 200 386 "https://lakoyanimedia.tech/" "Mozilla/5.0 (Linux; Android 6.0.1; Nexus 5X Build/MMB29P) AppleWebKit/537.36 (KHTML, like Gecko) Chrome/130.0.6723.69 Mobile Safari/537.36 (compatible; Googlebot/2.1; +http://www.google.com/bot.html)"
66.249.64.108 - - [30/Oct/2024:20:10:08 +0000] "GET /wp-content/themes/specia/js/jquery.simple-text-rotator.min.js?ver=6.6.2 HTTP/1.1" 200 629 "https://lakoyanimedia.tech/" "Mozilla/5.0 (Linux; Android 6.0.1; Nexus 5X Build/MMB29P) AppleWebKit/537.36 (KHTML, like Gecko) Chrome/130.0.6723.69 Mobile Safari/537.36 (compatible; Googlebot/2.1; +http://www.google.com/bot.html)"
66.249.64.110 - - [30/Oct/2024:20:10:07 +0000] "GET /wp-content/themes/exnova/css/colors/default.css?ver=6.6.2 HTTP/1.1" 200 5222 "https://lakoyanimedia.tech/" "Mozilla/5.0 (Linux; Android 6.0.1; Nexus 5X Build/MMB29P) AppleWebKit/537.36 (KHTML, like Gecko) Chrome/130.0.6723.69 Mobile Safari/537.36 (compatible; Googlebot/2.1; +http://www.google.com/bot.html)"
66.249.64.110 - - [30/Oct/2024:20:10:08 +0000] "GET /wp-content/themes/specia/js/wow.min.js?ver=6.6.2 HTTP/1.1" 200 2559 "https://lakoyanimedia.tech/" "Mozilla/5.0 (Linux; Android 6.0.1; Nexus 5X Build/MMB29P) AppleWebKit/537.36 (KHTML, like Gecko) Chrome/130.0.6723.69 Mobile Safari/537.36 (compatible; Googlebot/2.1; +http://www.google.com/bot.html)"
66.249.64.108 - - [30/Oct/2024:20:10:09 +0000] "GET /wp-content/plugins/woocommerce/assets/client/blocks/wc-blocks.css?ver=wc-9.3.3 HTTP/1.1" 200 2329 "https://lakoyanimedia.tech/" "Mozilla/5.0 (Linux; Android 6.0.1; Nexus 5X Build/MMB29P) AppleWebKit/537.36 (KHTML, like Gecko) Chrome/130.0.6723.69 Mobile Safari/537.36 (compatible; Googlebot/2.1; +http://www.google.com/bot.html)"
66.249.64.108 - - [30/Oct/2024:20:10:09 +0000] "GET /wp-content/themes/specia/css/widget.css?ver=6.6.2 HTTP/1.1" 200 2527 "https://lakoyanimedia.tech/" "Mozilla/5.0 (Linux; Android 6.0.1; Nexus 5X Build/MMB29P) AppleWebKit/537.36 (KHTML, like Gecko) Chrome/130.0.6723.69 Mobile Safari/537.36 (compatible; Googlebot/2.1; +http://www.google.com/bot.html)"
66.249.64.109 - - [30/Oct/2024:20:10:10 +0000] "GET /wp-content/themes/specia/js/owl.carousel.min.js?ver=6.6.2 HTTP/1.1" 200 10209 "https://lakoyanimedia.tech/" "Mozilla/5.0 (Linux; Android 6.0.1; Nexus 5X Build/MMB29P) AppleWebKit/537.36 (KHTML, like Gecko) Chrome/130.0.6723.69 Mobile Safari/537.36 (compatible; Googlebot/2.1; +http://www.google.com/bot.html)"
109.106.251.75 - - [30/Oct/2024:20:13:51 +0000] "POST /wp-cron.php?doing_wp_cron=1730319231.4653370380401611328125 HTTP/1.1" 200 0 "-" "WordPress/6.6.2; https://lakoyanimedia.tech"
193.164.17.45 - - [30/Oct/2024:20:13:49 +0000] "POST /wp-login.php HTTP/1.1" 302 0 "-" "Mozilla/5.0 (Windows NT 10.0; Win64; x64) AppleWebKit/537.36 (KHTML, like Gecko) Chrome/54.0.2840.99 Safari/537.36"
109.106.251.75 - - [30/Oct/2024:20:13:51 +0000] "POST /wp-admin/admin-ajax.php?action=async_litespeed&nonce=eRaaQxLV1aLcPUr0EzOxdbDiC5wBG7MJ&litespeed_type=imgoptm HTTP/1.1" 200 21 "-" "WordPress/6.6.2; https://lakoyanimedia.tech"
193.164.17.45 - - [30/Oct/2024:20:13:52 +0000] "GET /wp-admin/ HTTP/1.1" 200 27996 "-" "Mozilla/5.0 (Windows NT 10.0; Win64; x64) AppleWebKit/537.36 (KHTML, like Gecko) Chrome/54.0.2840.99 Safari/537.36"
51.222.253.5 - - [30/Oct/2024:20:14:50 +0000] "GET /wp-includes/class-wp-term.php HTTP/2" 200 0 "-" "Mozilla/5.0 (compatible; AhrefsBot/7.0; +http://ahrefs.com/robot/)"
66.249.70.137 - - [30/Oct/2024:20:18:29 +0000] "GET /slot-thailand/?brandName=BENUATOTOshop-motorcycle-riding-gear-face-masks/beli-pakaian-bayi-laki-laki/koper-anak-2/beli-alat-kesehatan-kecantikan/jual-olahraga-senam/peralatan-latihan-kardio/shop-penyimpanan-data/beli-adaptor-baterai-komputer/shop-motorcycle-oils-fluids/ HTTP/1.1" 200 127521 "-" "Mozilla/5.0 (Linux; Android 6.0.1; Nexus 5X Build/MMB29P) AppleWebKit/537.36 (KHTML, like Gecko) Chrome/130.0.6723.69 Mobile Safari/537.36 (compatible; GoogleOther)"
66.249.70.137 - - [30/Oct/2024:20:18:35 +0000] "GET /slot-thailand/?brandName=BENUATOTOshop-motorcycle-riding-gear-face-masks/beli-pakaian-bayi-laki-laki/koper-anak-2/beli-alat-tulis-kerajinan/beli-kondomshop-Sapu-Sikat-Kemoceng/beli-rice-cooker/jual-tas-tote-pria/beli-mainan-terbang/beli-alas-mandi/shop-manajemen-kargo/beli-aksesoris-makeupblog/jual-sepatu-skateboard-wanita/sepak-bola/beli-makanan-minuman-pengendalian-hama/beli-perhiasan-anak/jual-aksesoris-memancing/beli-prosesor/beli-sirup/jual-sepatu-jalan-wanita/jual-kapal/beli-car-seat-bb/kemeja-pria/ HTTP/1.1" 200 152198 "-" "Mozilla/5.0 (Linux; Android 6.0.1; Nexus 5X Build/MMB29P) AppleWebKit/537.36 (KHTML, like Gecko) Chrome/130.0.6723.69 Mobile Safari/537.36 (compatible; GoogleOther)"
66.249.70.138 - - [30/Oct/2024:20:18:45 +0000] "GET /slot-thailand/?brandName=slot+bet+200+perakpayung-wanita/jual-remote-control-tv/aksesoris-perawatan-rambutcamping-dan-hiking/shop-automotive-tire-wheel-care/beli-keyboard-tablet/aksesoris-muslim-wanita/ HTTP/1.1" 200 120805 "-" "Mozilla/5.0 (Linux; Android 6.0.1; Nexus 5X Build/MMB29P) AppleWebKit/537.36 (KHTML, like Gecko) Chrome/130.0.6723.69 Mobile Safari/537.36 (compatible; GoogleOther)"
66.249.70.138 - - [30/Oct/2024:20:18:52 +0000] "GET /slot-thailand/?brandName=BENUATOTOshop-motorcycle-riding-gear-face-masks/beli-pakaian-bayi-laki-laki/koper-anak-2/beli-alat-tulis-kerajinan/beli-kondomshop-Sapu-Sikat-Kemoceng/beli-rice-cooker/jual-tas-tote-pria/beli-mainan-terbang/beli-alas-mandi/shop-manajemen-kargo/beli-aksesoris-makeupblog/jual-sepatu-skateboard-wanita/sepak-bola/beli-makanan-minuman-pengendalian-hama/beli-perhiasan-anak/jual-aksesoris-memancing/beli-prosesor/jual-ban/shop-Camilan/jual-virtual-reality/beli-aksesori-handphone/beli-power-bank/ HTTP/1.1" 200 153458 "-" "Mozilla/5.0 (Linux; Android 6.0.1; Nexus 5X Build/MMB29P) AppleWebKit/537.36 (KHTML, like Gecko) Chrome/130.0.6723.69 Mobile Safari/537.36 (compatible; GoogleOther)"
66.249.70.139 - - [30/Oct/2024:20:19:04 +0000] "GET /slot-thailand/?brandName=BENUATOTOshop-motorcycle-riding-gear-face-masks/beli-pakaian-bayi-laki-laki/koper-anak-2/beli-alat-kesehatan-kecantikan/jual-olahraga-senam/peralatan-latihan-kardio/shop-penyimpanan-data/shop-sarung-jok/tenis/ HTTP/1.1" 200 123925 "-" "Mozilla/5.0 (Linux; Android 6.0.1; Nexus 5X Build/MMB29P) AppleWebKit/537.36 (KHTML, like Gecko) Chrome/130.0.6723.69 Mobile Safari/537.36 (compatible; GoogleOther)"
66.249.70.138 - - [30/Oct/2024:20:19:25 +0000] "GET /slot-thailand/?brandName=BENUATOTOshop-motorcycle-riding-gear-face-masks/beli-pakaian-bayi-laki-laki/koper-anak-2/beli-alat-kesehatan-kecantikan/jual-olahraga-senam/peralatan-latihan-kardio/beli-dress-bayi-perempuan/sandal-jepit-pria/sneakers-pria/ HTTP/1.1" 200 125713 "-" "Mozilla/5.0 (Linux; Android 6.0.1; Nexus 5X Build/MMB29P) AppleWebKit/537.36 (KHTML, like Gecko) Chrome/130.0.6723.69 Mobile Safari/537.36 (compatible; GoogleOther)"
66.249.70.137 - - [30/Oct/2024:20:19:57 +0000] "GET /slot-thailand/?brandName=BENUATOTOshop-motorcycle-riding-gear-face-masks/beli-pakaian-bayi-laki-laki/koper-anak-2/beli-alat-tulis-kerajinan/beli-kondomshop-Sapu-Sikat-Kemoceng/beli-rice-cooker/jual-tas-tote-pria/beli-mainan-terbang/beli-alas-mandi/shop-manajemen-kargo/beli-aksesoris-makeupblog/jual-sepatu-skateboard-wanita/sepak-bola/beli-makanan-minuman-pengendalian-hama/beli-perhiasan-anak/jual-aksesoris-memancing/beli-prosesor/jual-ban/shop-Camilan/jual-virtual-reality/beli-aksesori-handphone/aksesoris-kesehatan HTTP/1.1" 200 153913 "-" "Mozilla/5.0 (Linux; Android 6.0.1; Nexus 5X Build/MMB29P) AppleWebKit/537.36 (KHTML, like Gecko) Chrome/130.0.6723.69 Mobile Safari/537.36 (compatible; GoogleOther)"
109.106.251.75 - - [30/Oct/2024:20:21:07 +0000] "POST /wp-admin/admin-ajax.php?action=async_litespeed&nonce=2wplQHKoNpq9jujNbLTMQbDQRagktFkH&litespeed_type=imgoptm HTTP/1.1" 200 21 "-" "WordPress/6.6.2; https://lakoyanimedia.tech"
66.249.70.138 - - [30/Oct/2024:20:21:11 +0000] "GET /slot-thailand/?brandName=BENUATOTOshop-motorcycle-riding-gear-face-masks/beli-pakaian-bayi-laki-laki/beli-perlengkapan-mandi-tubuh/pakaian-renang-dan-selancar-pria/shop-busi-motor/sweater-cardigan-anak-laki-lakishop-aksesoris/shop-motorcycle-windshields-accessories/ HTTP/1.1" 200 126249 "-" "Mozilla/5.0 (Linux; Android 6.0.1; Nexus 5X Build/MMB29P) AppleWebKit/537.36 (KHTML, like Gecko) Chrome/130.0.6723.69 Mobile Safari/537.36 (compatible; GoogleOther)"
66.249.70.138 - - [30/Oct/2024:20:21:20 +0000] "GET /slot-thailand/?brandName=BENUATOTOshop-motorcycle-riding-gear-face-masks/beli-pakaian-bayi-laki-laki/koper-anak-2/beli-perawatan-lantai/jual-kacamata-3d-tv/atasan-muslimah-wanita/buku/beli-bantalan/ HTTP/1.1" 200 121065 "-" "Mozilla/5.0 (Linux; Android 6.0.1; Nexus 5X Build/MMB29P) AppleWebKit/537.36 (KHTML, like Gecko) Chrome/130.0.6723.69 Mobile Safari/537.36 (compatible; GoogleOther)"
66.249.70.137 - - [30/Oct/2024:20:21:40 +0000] "GET /slot-thailand/?brandName=BENUATOTOshop-motorcycle-riding-gear-face-masks/beli-pakaian-bayi-laki-laki/beli-perhiasan-anak/helpcenter/orders-payment/beli-alat-tulis-kerajinan/pakaian-renang-dan-selancar-wanita/rugby/beli-jam-tangan-formal-pria/ HTTP/1.1" 200 124648 "-" "Mozilla/5.0 (Linux; Android 6.0.1; Nexus 5X Build/MMB29P) AppleWebKit/537.36 (KHTML, like Gecko) Chrome/130.0.6723.69 Mobile Safari/537.36 (compatible; GoogleOther)"
109.106.251.75 - - [30/Oct/2024:20:21:46 +0000] "POST /wp-admin/admin-ajax.php?action=async_litespeed&nonce=NaNzSktwjPRHM883oOv1euSMg38fLikv&litespeed_type=imgoptm HTTP/1.1" 200 21 "-" "WordPress/6.6.2; https://lakoyanimedia.tech"
66.249.70.137 - - [30/Oct/2024:20:22:13 +0000] "GET /slot-thailand/?brandName=BENUATOTOshop-motorcycle-riding-gear-face-masks/beli-pakaian-bayi-laki-laki/koper-anak-2/beli-perawatan-lantai/jual-kacamata-3d-tv/jual-flash-drives/beli-tas-bahu-anak/jual-aksesori-lingerie-wanita/baju-muslim-wanita/ HTTP/1.1" 200 124441 "-" "Mozilla/5.0 (Linux; Android 6.0.1; Nexus 5X Build/MMB29P) AppleWebKit/537.36 (KHTML, like Gecko) Chrome/130.0.6723.69 Mobile Safari/537.36 (compatible; GoogleOther)"
66.249.70.137 - - [30/Oct/2024:20:22:21 +0000] "GET /slot-thailand/?brandName=BENUATOTOshop-motorcycle-riding-gear-face-masks/beli-pakaian-bayi-laki-laki/koper-anak-2/sepatu-pria/helpcenter/shipping-delivery/shop-motorcycle-stands-accessories/beli-kursi-tinggi-bayi-kursi-booster/jaket-dan-parka-olahraga-pria/ HTTP/1.1" 200 126200 "-" "Mozilla/5.0 (Linux; Android 6.0.1; Nexus 5X Build/MMB29P) AppleWebKit/537.36 (KHTML, like Gecko) Chrome/130.0.6723.69 Mobile Safari/537.36 (compatible; GoogleOther)"
109.106.251.75 - - [30/Oct/2024:20:23:06 +0000] "POST /wp-admin/admin-ajax.php?action=async_litespeed&nonce=gmWrzQXJxkgk9w4dlVfNyLRHZOpLVAKL&litespeed_type=imgoptm HTTP/1.1" 200 21 "-" "WordPress/6.6.2; https://lakoyanimedia.tech"
47.237.82.43 - - [30/Oct/2024:20:23:13 +0000] "GET /wp-login.php HTTP/1.1" 200 1821 "http://lakoyanimedia.tech/wp-admin/" "Mozilla/5.0 (Windows NT 10.0; Win64; x64) AppleWebKit/537.36 (KHTML, like Gecko) Chrome/90.0.4430.85 Safari/537.36"
109.106.251.75 - - [30/Oct/2024:20:23:21 +0000] "POST /wp-cron.php?doing_wp_cron=1730319801.2993309497833251953125 HTTP/1.1" 200 0 "-" "WordPress/6.6.2; https://lakoyanimedia.tech"
47.237.82.43 - - [30/Oct/2024:20:23:21 +0000] "POST /wp-login.php HTTP/1.1" 200 1938 "http://lakoyanimedia.tech/wp-admin/" "Mozilla/5.0 (Windows NT 10.0; Win64; x64) AppleWebKit/537.36 (KHTML, like Gecko) Chrome/90.0.4430.85 Safari/537.36"
47.237.82.43 - - [30/Oct/2024:20:23:21 +0000] "GET /wp-admin/ HTTP/1.1" 302 0 "www.google.com" "Mozilla/5.0 (Windows NT 10.0; Win64; x64) AppleWebKit/537.36 (KHTML, like Gecko) Chrome/90.0.4430.85 Safari/537.36"
47.237.82.43 - - [30/Oct/2024:20:23:22 +0000] "GET /wp-login.php?redirect_to=https%3A%2F%2Flakoyanimedia.tech%2Fwp-admin%2F&reauth=1 HTTP/1.1" 200 1821 "www.google.com" "Mozilla/5.0 (Windows NT 10.0; Win64; x64) AppleWebKit/537.36 (KHTML, like Gecko) Chrome/90.0.4430.85 Safari/537.36"
66.249.70.137 - - [30/Oct/2024:20:23:54 +0000] "GET /slot-thailand/?brandName=BENUATOTOshop-motorcycle-riding-gear-face-masks/beli-pakaian-bayi-laki-laki/beli-perhiasan-anak/helpcenter/orders-payment/beli-alat-tulis-kerajinan/pakaian-renang-dan-selancar-wanita/rugby/beli-perawatan-rambut-pria HTTP/1.1" 200 124644 "-" "Mozilla/5.0 (Linux; Android 6.0.1; Nexus 5X Build/MMB29P) AppleWebKit/537.36 (KHTML, like Gecko) Chrome/130.0.6723.69 Mobile Safari/537.36 (compatible; GoogleOther)"
66.249.70.138 - - [30/Oct/2024:20:24:00 +0000] "GET /slot-thailand/?brandName=BENUATOTOshop-motorcycle-riding-gear-face-masks/beli-pakaian-bayi-laki-laki/koper-anak-2/beli-perlengkapan-mandi-perawatan-kulit-anak/beli-losion-krim-tubuhbeli-scrub-tubuhsepak-bola/shop-automotive-spoilers-wings-styling-kits/jual-peralatan-cheerleading/ HTTP/1.1" 200 128989 "-" "Mozilla/5.0 (Linux; Android 6.0.1; Nexus 5X Build/MMB29P) AppleWebKit/537.36 (KHTML, like Gecko) Chrome/130.0.6723.69 Mobile Safari/537.36 (compatible; GoogleOther)"
66.249.70.137 - - [30/Oct/2024:20:24:10 +0000] "GET /slot-thailand/?brandName=BENUATOTOshop-motorcycle-riding-gear-face-masks/beli-pakaian-bayi-laki-laki/sepatu-wanita/beli-perawatan-rambut/jual-aksesoris-pompa-asi/beli-mainan-helikopter/tenis/soundcard/ HTTP/1.1" 200 120960 "-" "Mozilla/5.0 (Linux; Android 6.0.1; Nexus 5X Build/MMB29P) AppleWebKit/537.36 (KHTML, like Gecko) Chrome/130.0.6723.69 Mobile Safari/537.36 (compatible; GoogleOther)"
66.249.70.138 - - [30/Oct/2024:20:24:16 +0000] "GET /slot-thailand/?brandName=BENUATOTOshop-motorcycle-riding-gear-face-masks/beli-pakaian-bayi-laki-laki/beli-printers/gantungan-handuk-dan-penghangat/jual-peralatan-survival-dan-keamanan/beli-detergen-popok-kain/bulutangkis/beli-meja-ganti/jual-sepatu-futsal-pria/beli-makanan-minuman-air/ HTTP/1.1" 200 129225 "-" "Mozilla/5.0 (Linux; Android 6.0.1; Nexus 5X Build/MMB29P) AppleWebKit/537.36 (KHTML, like Gecko) Chrome/130.0.6723.69 Mobile Safari/537.36 (compatible; GoogleOther)"
66.249.70.137 - - [30/Oct/2024:20:25:22 +0000] "GET /slot-thailand/?brandName=BENUATOTOshop-motorcycle-riding-gear-face-masks/beli-pakaian-bayi-laki-laki/koper-anak-2/beli-alat-tulis-kerajinan/beli-kondomshop-Sapu-Sikat-Kemoceng/beli-rice-cooker/jual-tas-tote-pria/beli-mainan-terbang/beli-alas-mandi/shop-manajemen-kargo/beli-aksesoris-makeupblog/jual-sepatu-skateboard-wanita/sepak-bola/beli-makanan-minuman-pengendalian-hama/beli-perhiasan-anak/jual-aksesoris-memancing/beli-prosesor/jual-ban/shop-Camilan/jual-virtual-reality/beli-aksesori-handphone/shop-aksesoris-dekor/ HTTP/1.1" 200 153823 "-" "Mozilla/5.0 (Linux; Android 6.0.1; Nexus 5X Build/MMB29P) AppleWebKit/537.36 (KHTML, like Gecko) Chrome/130.0.6723.69 Mobile Safari/537.36 (compatible; GoogleOther)"
66.249.70.137 - - [30/Oct/2024:20:25:33 +0000] "GET /slot-thailand/?brandName=BENUATOTOshop-motorcycle-riding-gear-face-masks/beli-pakaian-bayi-laki-laki/koper-anak-2/shop-kesehatan-hewan-peliharaanbeli-indoor-climbers-play-structure-tg/shop-tire-parts-air-compressors-inflators/shop-masker-wajah-pria/shop-perawatan-udara/ HTTP/1.1" 200 127894 "-" "Mozilla/5.0 (Linux; Android 6.0.1; Nexus 5X Build/MMB29P) AppleWebKit/537.36 (KHTML, like Gecko) Chrome/130.0.6723.69 Mobile Safari/537.36 (compatible; GoogleOther)"
51.222.253.7 - - [30/Oct/2024:20:26:34 +0000] "GET /wp-includes/class.wp-dependencies.php HTTP/2" 500 0 "-" "Mozilla/5.0 (compatible; AhrefsBot/7.0; +http://ahrefs.com/robot/)"
109.106.251.75 - - [30/Oct/2024:20:27:04 +0000] "POST /wp-cron.php?doing_wp_cron=1730320024.9683229923248291015625 HTTP/1.1" 200 0 "-" "WordPress/6.6.2; https://lakoyanimedia.tech"
109.106.251.75 - - [30/Oct/2024:20:27:05 +0000] "POST /wp-admin/admin-ajax.php?action=async_litespeed&nonce=5GHGYoquK2xCUF6FpI4oKywZQx7iFED0&litespeed_type=imgoptm HTTP/1.1" 200 21 "-" "WordPress/6.6.2; https://lakoyanimedia.tech"
77.247.108.24 - - [30/Oct/2024:20:27:04 +0000] "GET /xmlrpc.php HTTP/1.1" 405 46 "-" "Mozilla//5.0 (Windows NT 10.0; Win64; x64; rv:109.0) Gecko//20100101 Firefox//116.0"
77.247.108.24 - - [30/Oct/2024:20:27:05 +0000] "POST /xmlrpc.php HTTP/1.1" 200 610 "-" "Python-xmlrpc/3.11"
77.247.108.24 - - [30/Oct/2024:20:27:05 +0000] "POST /xmlrpc.php HTTP/1.1" 200 207 "-" "Python-xmlrpc/3.11"
66.249.70.137 - - [30/Oct/2024:20:27:18 +0000] "GET /slot-thailand/?brandName=BENUATOTOshop-motorcycle-riding-gear-face-masks/beli-pakaian-bayi-laki-laki/beli-perlengkapan-mandi-tubuh/pakaian-renang-dan-selancar-pria/shop-busi-motor/shop-car-video-in-dash-navigation/beli-alat-medis/jual-film-kamera-instan/ HTTP/1.1" 200 125499 "-" "Mozilla/5.0 (Linux; Android 6.0.1; Nexus 5X Build/MMB29P) AppleWebKit/537.36 (KHTML, like Gecko) Chrome/130.0.6723.69 Mobile Safari/537.36 (compatible; GoogleOther)"
66.249.70.137 - - [30/Oct/2024:20:27:30 +0000] "GET /slot-thailand/?brandName=BENUATOTOshop-motorcycle-riding-gear-face-masks/beli-pakaian-bayi-laki-laki/koper-anak-2/beli-perawatan-lantai/jual-kacamata-3d-tv/atasan-muslimah-wanita/beli-proyektor-3/beli-mainan-koleksi-tg/ HTTP/1.1" 200 122430 "-" "Mozilla/5.0 (Linux; Android 6.0.1; Nexus 5X Build/MMB29P) AppleWebKit/537.36 (KHTML, like Gecko) Chrome/130.0.6723.69 Mobile Safari/537.36 (compatible; GoogleOther)"
66.249.70.138 - - [30/Oct/2024:20:27:38 +0000] "GET /slot-thailand/?brandName=BENUATOTOshop-motorcycle-riding-gear-face-masks/beli-pakaian-bayi-laki-laki/koper-anak-2/sepatu-pria/beli-potty-training/hoodies-pria/kaos-dan-atasan-olahraga-wanita/scarf-sarung-tangan-anak-perempuan HTTP/1.1" 200 123393 "-" "Mozilla/5.0 (Linux; Android 6.0.1; Nexus 5X Build/MMB29P) AppleWebKit/537.36 (KHTML, like Gecko) Chrome/130.0.6723.69 Mobile Safari/537.36 (compatible; GoogleOther)"
66.249.70.137 - - [30/Oct/2024:20:27:50 +0000] "GET /slot-thailand/?brandName=BENUATOTOshop-motorcycle-riding-gear-face-masks/beli-pakaian-bayi-laki-laki/koper-anak-2/shop-kesehatan-hewan-peliharaanbeli-indoor-climbers-play-structure-tg/shop-tire-parts-air-compressors-inflators/shop-masker-wajah-pria/beli-susu-pertumbuhan-1-3-tahun/ HTTP/1.1" 200 129469 "-" "Mozilla/5.0 (Linux; Android 6.0.1; Nexus 5X Build/MMB29P) AppleWebKit/537.36 (KHTML, like Gecko) Chrome/130.0.6723.69 Mobile Safari/537.36 (compatible; GoogleOther)"
66.249.70.139 - - [30/Oct/2024:20:27:59 +0000] "GET /slot-thailand/?brandName=BENUATOTOshop-motorcycle-riding-gear-face-masks/beli-pakaian-bayi-laki-laki/beli-perhiasan-pria/beli-baterai/beli-kamera-video-aksi/beli-popok-kain/beli-mainan-kendaraan-tg/shop-automotive-body-parts/ HTTP/1.1" 200 123088 "-" "Mozilla/5.0 (Linux; Android 6.0.1; Nexus 5X Build/MMB29P) AppleWebKit/537.36 (KHTML, like Gecko) Chrome/130.0.6723.69 Mobile Safari/537.36 (compatible; GoogleOther)"
109.106.251.75 - - [30/Oct/2024:20:28:51 +0000] "POST /wp-cron.php?doing_wp_cron=1730320131.9134449958801269531250 HTTP/1.1" 200 0 "-" "WordPress/6.6.2; https://lakoyanimedia.tech"
47.106.243.226 - - [30/Oct/2024:20:28:51 +0000] "POST /wp-login.php HTTP/1.1" 200 1938 "-" "Mozilla/5.0 (Windows NT 6.3; Win64; x64) AppleWebKit/537.36 (KHTML, like Gecko) Chrome/65.0.3325.181 Safari/537.36"
109.106.251.75 - - [30/Oct/2024:20:28:52 +0000] "POST /wp-admin/admin-ajax.php?action=async_litespeed&nonce=YTUbldd5dOaqSdfPWQwiOrmiB4oARiIh&litespeed_type=imgoptm HTTP/1.1" 200 21 "-" "WordPress/6.6.2; https://lakoyanimedia.tech"
66.249.64.109 - - [30/Oct/2024:20:29:08 +0000] "GET /cdn-cgi/challenge-platform/scripts/jsd/main.js HTTP/1.1" 404 11510 "-" "Mozilla/5.0 (Linux; Android 6.0.1; Nexus 5X Build/MMB29P) AppleWebKit/537.36 (KHTML, like Gecko) Chrome/130.0.6723.58 Mobile Safari/537.36 (compatible; Googlebot/2.1; +http://www.google.com/bot.html)"
66.249.70.137 - - [30/Oct/2024:20:29:55 +0000] "GET /slot-thailand/?brandName=BENUATOTOshop-motorcycle-riding-gear-face-masks/beli-pakaian-bayi-laki-laki/koper-anak-2/sepatu-pria/helpcenter/shipping-delivery/jual-jersey-sepak-bola-pria/jual-pelindung-layar/beli-mainan-terbang/ HTTP/1.1" 200 123715 "-" "Mozilla/5.0 (Linux; Android 6.0.1; Nexus 5X Build/MMB29P) AppleWebKit/537.36 (KHTML, like Gecko) Chrome/130.0.6723.69 Mobile Safari/537.36 (compatible; GoogleOther)"
66.249.70.139 - - [30/Oct/2024:20:30:03 +0000] "GET /slot-thailand/?brandName=BENUATOTOshop-motorcycle-riding-gear-face-masks/beli-pakaian-bayi-laki-laki/koper-anak-2/beli-alat-kesehatan-kecantikan/jual-olahraga-senam/peralatan-latihan-kardio/beli-sarung-pelindung-handphone/beli-indoor-climbers-play-structure-tg/beli-kamera-video-aksi/ HTTP/1.1" 200 129304 "-" "Mozilla/5.0 (Linux; Android 6.0.1; Nexus 5X Build/MMB29P) AppleWebKit/537.36 (KHTML, like Gecko) Chrome/130.0.6723.69 Mobile Safari/537.36 (compatible; GoogleOther)"
66.249.70.137 - - [30/Oct/2024:20:30:15 +0000] "GET /slot-thailand/?brandName=BENUATOTOshop-motorcycle-riding-gear-face-masks/beli-pakaian-bayi-laki-laki/koper-anak-2/beli-perlengkapan-mandi-perawatan-kulit-anak/beli-losion-krim-tubuhbeli-scrub-tubuhsepak-bola/shop-automotive-spoilers-wings-styling-kits/beli-tempat-duduk-bak-mandi-bayi/ HTTP/1.1" 200 129728 "-" "Mozilla/5.0 (Linux; Android 6.0.1; Nexus 5X Build/MMB29P) AppleWebKit/537.36 (KHTML, like Gecko) Chrome/130.0.6723.69 Mobile Safari/537.36 (compatible; GoogleOther)"
157.55.39.225 - - [30/Oct/2024:20:30:26 +0000] "GET /robots.txt HTTP/2" 200 163 "-" "Mozilla/5.0 AppleWebKit/537.36 (KHTML, like Gecko; compatible; bingbot/2.0; +http://www.bing.com/bingbot.htm) Chrome/116.0.1938.76 Safari/537.36"
40.77.167.65 - - [30/Oct/2024:20:30:36 +0000] "GET /u/G898592 HTTP/2" 404 11509 "-" "Mozilla/5.0 AppleWebKit/537.36 (KHTML, like Gecko; compatible; bingbot/2.0; +http://www.bing.com/bingbot.htm) Chrome/116.0.1938.76 Safari/537.36"
109.106.251.75 - - [30/Oct/2024:20:30:36 +0000] "POST /wp-admin/admin-ajax.php?action=async_litespeed&nonce=4SCCDzVRBFKb4vgfZDmWmEFrDLmMsbqE&litespeed_type=imgoptm HTTP/1.1" 200 21 "-" "WordPress/6.6.2; https://lakoyanimedia.tech"
109.106.251.75 - - [30/Oct/2024:20:30:36 +0000] "POST /wp-cron.php?doing_wp_cron=1730320236.3523440361022949218750 HTTP/1.1" 200 0 "-" "WordPress/6.6.2; https://lakoyanimedia.tech"
66.249.70.137 - - [30/Oct/2024:20:31:17 +0000] "GET /slot-thailand/?brandName=BENUATOTOshop-motorcycle-riding-gear-face-masks/beli-pakaian-bayi-laki-laki/beli-perhiasan-anak/beli-perawatan-lantai/jubah-muslim-pria/shop-dalaman-sarung-bantal/jual-kapal/ HTTP/1.1" 200 120654 "-" "Mozilla/5.0 (Linux; Android 6.0.1; Nexus 5X Build/MMB29P) AppleWebKit/537.36 (KHTML, like Gecko) Chrome/130.0.6723.69 Mobile Safari/537.36 (compatible; GoogleOther)"
66.249.70.137 - - [30/Oct/2024:20:31:29 +0000] "GET /slot-thailand/?brandName=BENUATOTOshop-motorcycle-riding-gear-face-masks/beli-pakaian-bayi-laki-laki/koper-anak-2/beli-alat-kesehatan-kecantikan/jual-olahraga-senam/peralatan-latihan-kardio/shop-penyimpanan-data/shop-sarung-jok/beli-tempat-penyimpanan/ HTTP/1.1" 200 125372 "-" "Mozilla/5.0 (Linux; Android 6.0.1; Nexus 5X Build/MMB29P) AppleWebKit/537.36 (KHTML, like Gecko) Chrome/130.0.6723.69 Mobile Safari/537.36 (compatible; GoogleOther)"
66.249.70.138 - - [30/Oct/2024:20:31:37 +0000] "GET /slot-thailand/?brandName=BENUATOTOshop-motorcycle-riding-gear-face-masks/beli-pakaian-bayi-laki-laki/koper-anak-2/beli-perlengkapan-mandi-perawatan-kulit-anak/beli-losion-krim-tubuhbeli-scrub-tubuhsepak-bola/shop-girls-jumpsuits-overallssarung-tangan-wanita/ HTTP/1.1" 200 126111 "-" "Mozilla/5.0 (Linux; Android 6.0.1; Nexus 5X Build/MMB29P) AppleWebKit/537.36 (KHTML, like Gecko) Chrome/130.0.6723.69 Mobile Safari/537.36 (compatible; GoogleOther)"
66.249.70.137 - - [30/Oct/2024:20:34:52 +0000] "GET /slot-thailand/?brandName=BENUATOTOshop-motorcycle-riding-gear-face-masks/beli-pakaian-bayi-laki-laki/beli-perhiasan-anak/helpcenter/orders-payment/beli-alat-tulis-kerajinan/pakaian-renang-dan-selancar-wanita/rugby/beli-ayunan-jumper-bouncer-bayi/ HTTP/1.1" 200 125275 "-" "Mozilla/5.0 (Linux; Android 6.0.1; Nexus 5X Build/MMB29P) AppleWebKit/537.36 (KHTML, like Gecko) Chrome/130.0.6723.69 Mobile Safari/537.36 (compatible; GoogleOther)"
66.249.70.137 - - [30/Oct/2024:20:35:00 +0000] "GET /slot-thailand/?brandName=BENUATOTOshop-motorcycle-riding-gear-face-masks/beli-pakaian-bayi-laki-laki/beli-perlengkapan-mandi-tubuh/pakaian-renang-dan-selancar-pria/shop-busi-motor/shop-car-video-in-dash-navigation/beli-alat-medis/beli-handuk-mandi/ HTTP/1.1" 200 125435 "-" "Mozilla/5.0 (Linux; Android 6.0.1; Nexus 5X Build/MMB29P) AppleWebKit/537.36 (KHTML, like Gecko) Chrome/130.0.6723.69 Mobile Safari/537.36 (compatible; GoogleOther)"
66.249.70.137 - - [30/Oct/2024:20:36:27 +0000] "GET /slot-thailand/?brandName=BENUATOTOshop-motorcycle-riding-gear-face-masks/beli-pakaian-bayi-laki-laki/koper-anak-2/sepatu-pria/beli-potty-training/hoodies-pria/kaos-dan-atasan-olahraga-wanita/jual-aksesoris-televisi/ HTTP/1.1" 200 121782 "-" "Mozilla/5.0 (Linux; Android 6.0.1; Nexus 5X Build/MMB29P) AppleWebKit/537.36 (KHTML, like Gecko) Chrome/130.0.6723.69 Mobile Safari/537.36 (compatible; GoogleOther)"
66.249.70.137 - - [30/Oct/2024:20:36:35 +0000] "GET /slot-thailand/?brandName=BENUATOTOshop-motorcycle-riding-gear-face-masks/beli-pakaian-bayi-laki-laki/koper-anak-2/beli-perlengkapan-mandi-perawatan-kulit-anak/beli-losion-krim-tubuhbeli-scrub-tubuhsepak-bola/bulutangkis/rok-wanita/ HTTP/1.1" 200 123587 "-" "Mozilla/5.0 (Linux; Android 6.0.1; Nexus 5X Build/MMB29P) AppleWebKit/537.36 (KHTML, like Gecko) Chrome/130.0.6723.69 Mobile Safari/537.36 (compatible; GoogleOther)"
66.249.70.138 - - [30/Oct/2024:20:36:56 +0000] "GET /slot-thailand/?brandName=BENUATOTOshop-motorcycle-riding-gear-face-masks/beli-pakaian-bayi-laki-laki/koper-anak-2/beli-alat-tulis-kerajinan/beli-kondomshop-Sapu-Sikat-Kemoceng/beli-rice-cooker/jual-tas-tote-pria/beli-mainan-terbang/beli-alas-mandi/shop-manajemen-kargo/beli-aksesoris-makeupblog/jual-sepatu-skateboard-wanita/sepak-bola/beli-makanan-minuman-pengendalian-hama/beli-perhiasan-anak/jual-aksesoris-memancing/beli-prosesor/beli-sirup/jual-sepatu-jalan-wanita/international-football-clubs-fan-merchandise/shop-penyedot-debu-tongkat/beli-perlengkapan-styling-rambut/ HTTP/1.1" 200 161822 "-" "Mozilla/5.0 (Linux; Android 6.0.1; Nexus 5X Build/MMB29P) AppleWebKit/537.36 (KHTML, like Gecko) Chrome/130.0.6723.69 Mobile Safari/537.36 (compatible; GoogleOther)"
51.222.253.8 - - [30/Oct/2024:20:37:07 +0000] "GET /wp-includes/https-migration.php HTTP/2" 200 0 "-" "Mozilla/5.0 (compatible; AhrefsBot/7.0; +http://ahrefs.com/robot/)"
66.249.70.138 - - [30/Oct/2024:20:37:08 +0000] "GET /slot-thailand/?brandName=BENUATOTOshop-motorcycle-riding-gear-face-masks/beli-pakaian-bayi-laki-laki/koper-anak-2/beli-alat-tulis-kerajinan/beli-kondomshop-Sapu-Sikat-Kemoceng/beli-rice-cooker/jual-tas-tote-pria/beli-mainan-terbang/beli-alas-mandi/shop-manajemen-kargo/beli-aksesoris-makeupblog/jual-sepatu-skateboard-wanita/sepak-bola/beli-makanan-minuman-pengendalian-hama/beli-perhiasan-anak/jual-aksesoris-memancing/beli-prosesor/jual-strap-tracker-aktivitas/baju-olahraga-pria/botol-minum/beli-speaker-smart/shop-stiker-emblem/ HTTP/1.1" 200 156126 "-" "Mozilla/5.0 (Linux; Android 6.0.1; Nexus 5X Build/MMB29P) AppleWebKit/537.36 (KHTML, like Gecko) Chrome/130.0.6723.69 Mobile Safari/537.36 (compatible; GoogleOther)"
66.249.70.137 - - [30/Oct/2024:20:39:38 +0000] "GET /slot-thailand/?brandName=BENUATOTOshop-motorcycle-riding-gear-face-masks/beli-pakaian-bayi-laki-laki/koper-anak-2/beli-alat-tulis-kerajinan/beli-kondomshop-Sapu-Sikat-Kemoceng/beli-rice-cooker/jual-tas-tote-pria/beli-mainan-terbang/beli-alas-mandi/shop-manajemen-kargo/beli-aksesoris-makeupblog/jual-sepatu-skateboard-wanita/sepak-bola/beli-makanan-minuman-pengendalian-hama/beli-perhiasan-anak/jual-aksesoris-memancing/beli-prosesor/beli-sirup/jual-sepatu-jalan-wanita/jual-kapal/beli-car-seat-bb/beli-aksesoris-jam-tangan-pria/ HTTP/1.1" 200 154525 "-" "Mozilla/5.0 (Linux; Android 6.0.1; Nexus 5X Build/MMB29P) AppleWebKit/537.36 (KHTML, like Gecko) Chrome/130.0.6723.69 Mobile Safari/537.36 (compatible; GoogleOther)"
66.249.70.137 - - [30/Oct/2024:20:39:58 +0000] "GET /slot-thailand/?brandName=BENUATOTOshop-motorcycle-riding-gear-face-masks/beli-pakaian-bayi-laki-laki/koper-anak-2/sepatu-pria/helpcenter/shipping-delivery/shop-motorcycle-stands-accessories/beli-kursi-tinggi-bayi-kursi-booster/tas-pria/ HTTP/1.1" 200 124039 "-" "Mozilla/5.0 (Linux; Android 6.0.1; Nexus 5X Build/MMB29P) AppleWebKit/537.36 (KHTML, like Gecko) Chrome/130.0.6723.69 Mobile Safari/537.36 (compatible; GoogleOther)"
66.249.70.137 - - [30/Oct/2024:20:40:10 +0000] "GET /slot-thailand/?brandName=BENUATOTOshop-motorcycle-riding-gear-face-masks/beli-pakaian-bayi-laki-laki/beli-perhiasan-anak/helpcenter/orders-payment/beli-alat-tulis-kerajinan/beli-mainan-terbang/shop-ransel-pria/shop-Minyak/ HTTP/1.1" 200 122620 "-" "Mozilla/5.0 (Linux; Android 6.0.1; Nexus 5X Build/MMB29P) AppleWebKit/537.36 (KHTML, like Gecko) Chrome/130.0.6723.69 Mobile Safari/537.36 (compatible; GoogleOther)"
66.249.70.138 - - [30/Oct/2024:20:41:34 +0000] "GET /slot-thailand/?brandName=BENUATOTOshop-motorcycle-riding-gear-face-masks/beli-pakaian-bayi-laki-laki/koper-anak-2/sepatu-pria/helpcenter/shipping-delivery/jual-jersey-sepak-bola-pria/jual-pelindung-layar/shop-boy%27s-muslimin-accessories HTTP/1.1" 200 124953 "-" "Mozilla/5.0 (Linux; Android 6.0.1; Nexus 5X Build/MMB29P) AppleWebKit/537.36 (KHTML, like Gecko) Chrome/130.0.6723.69 Mobile Safari/537.36 (compatible; GoogleOther)"
66.249.70.137 - - [30/Oct/2024:20:42:56 +0000] "GET /slot-thailand/?brandName=BENUATOTOshop-motorcycle-riding-gear-face-masks/beli-pakaian-bayi-laki-laki/koper-anak-2/beli-alat-tulis-kerajinan/beli-kondomshop-Sapu-Sikat-Kemoceng/beli-rice-cooker/jual-tas-tote-pria/beli-mainan-terbang/beli-alas-mandi/shop-manajemen-kargo/beli-aksesoris-makeupblog/jual-sepatu-skateboard-wanita/sepak-bola/beli-makanan-minuman-pengendalian-hama/beli-perhiasan-anak/jual-aksesoris-memancing/beli-prosesor/beli-sirup/jual-sepatu-jalan-wanita/jual-kapal/beli-car-seat-bb/beli-aksesoris-blender-dan-mixer/ HTTP/1.1" 200 155155 "-" "Mozilla/5.0 (Linux; Android 6.0.1; Nexus 5X Build/MMB29P) AppleWebKit/537.36 (KHTML, like Gecko) Chrome/130.0.6723.69 Mobile Safari/537.36 (compatible; GoogleOther)"
66.249.64.108 - - [30/Oct/2024:20:43:37 +0000] "GET /cdn-cgi/challenge-platform/scripts/jsd/main.js HTTP/1.1" 404 11510 "-" "Mozilla/5.0 (Linux; Android 6.0.1; Nexus 5X Build/MMB29P) AppleWebKit/537.36 (KHTML, like Gecko) Chrome/130.0.6723.58 Mobile Safari/537.36 (compatible; Googlebot/2.1; +http://www.google.com/bot.html)"
66.249.70.137 - - [30/Oct/2024:20:43:38 +0000] "GET /slot-thailand/?brandName=BENUATOTOshop-motorcycle-riding-gear-face-masks/beli-pakaian-bayi-laki-laki/beli-perhiasan-anak/helpcenter/orders-payment/beli-alat-tulis-kerajinan/beli-mainan-terbang/shop-ransel-pria/beli-tas-anak/ HTTP/1.1" 200 123006 "-" "Mozilla/5.0 (Linux; Android 6.0.1; Nexus 5X Build/MMB29P) AppleWebKit/537.36 (KHTML, like Gecko) Chrome/130.0.6723.69 Mobile Safari/537.36 (compatible; GoogleOther)"
45.149.241.5 - - [30/Oct/2024:20:43:44 +0000] "GET / HTTP/1.1" 200 64670 "-" "Mozlila/5.0 (Linux; Android 7.0; SM-G892A Bulid/NRD90M; wv) AppleWebKit/537.36 (KHTML, like Gecko) Version/4.0 Chrome/60.0.3112.107 Moblie Safari/537.36"
109.106.251.75 - - [30/Oct/2024:20:43:44 +0000] "POST /wp-admin/admin-ajax.php?action=async_litespeed&nonce=IsKoTR1mQZxp4Fazu1SsdtoF1G73txZN&litespeed_type=imgoptm HTTP/1.1" 200 21 "-" "WordPress/6.6.2; https://lakoyanimedia.tech"
45.149.241.5 - - [30/Oct/2024:20:43:44 +0000] "GET /wp-content/themes/seotheme/db.php?u HTTP/1.1" 404 41122 "www.google.com" "Mozlila/5.0 (Linux; Android 7.0; SM-G892A Bulid/NRD90M; wv) AppleWebKit/537.36 (KHTML, like Gecko) Version/4.0 Chrome/60.0.3112.107 Moblie Safari/537.36"
45.149.241.5 - - [30/Oct/2024:20:43:45 +0000] "POST /wp-plain.php HTTP/1.1" 404 41050 "www.google.com" "Mozilla/5.0 (Linux; Android 7.0; SM-G892A Bulid/NRD90M; wv) AppleWebKit/537.36 (KHTML, like Gecko) Version/4.0 Chrome/60.0.3112.107 Moblie Safari/537.36"
45.149.241.5 - - [30/Oct/2024:20:43:45 +0000] "GET /wp-content/plugins/apikey/apikey.php?test=hello HTTP/1.1" 404 41122 "-" "Mozlila/5.0 (Linux; Android 7.0; SM-G892A Bulid/NRD90M; wv) AppleWebKit/537.36 (KHTML, like Gecko) Version/4.0 Chrome/60.0.3112.107 Moblie Safari/537.36"
45.149.241.5 - - [30/Oct/2024:20:43:45 +0000] "GET /plugins/content/apismtp/apismtp.php?test=hello HTTP/1.1" 404 41122 "-" "Mozlila/5.0 (Linux; Android 7.0; SM-G892A Bulid/NRD90M; wv) AppleWebKit/537.36 (KHTML, like Gecko) Version/4.0 Chrome/60.0.3112.107 Moblie Safari/537.36"
45.149.241.5 - - [30/Oct/2024:20:43:46 +0000] "GET /yghaveuy.php?Fox=d3wL7 HTTP/1.1" 404 41122 "www.google.com" "Mozilla/5.0 (Linux; Android 7.0; SM-G892A Bulid/NRD90M; wv) AppleWebKit/537.36 (KHTML, like Gecko) Version/4.0 Chrome/60.0.3112.107 Moblie Safari/537.36"
45.149.241.5 - - [30/Oct/2024:20:43:46 +0000] "GET /wp-content/plugins/apikey/apikey.php.suspected?test=hello HTTP/1.1" 404 41122 "-" "Mozlila/5.0 (Linux; Android 7.0; SM-G892A Bulid/NRD90M; wv) AppleWebKit/537.36 (KHTML, like Gecko) Version/4.0 Chrome/60.0.3112.107 Moblie Safari/537.36"
45.149.241.5 - - [30/Oct/2024:20:43:46 +0000] "GET /plugins/content/apismtp/apismtp.php.suspected?test=hello HTTP/1.1" 404 41122 "-" "Mozlila/5.0 (Linux; Android 7.0; SM-G892A Bulid/NRD90M; wv) AppleWebKit/537.36 (KHTML, like Gecko) Version/4.0 Chrome/60.0.3112.107 Moblie Safari/537.36"
66.249.70.137 - - [30/Oct/2024:20:43:58 +0000] "GET /slot-thailand/?brandName=BENUATOTOshop-motorcycle-riding-gear-face-masks/beli-pakaian-bayi-laki-laki/beli-perhiasan-pria/beli-baterai/beli-kamera-video-aksi/beli-popok-kain/beli-mainan-kendaraan-tg/beli-mainan-balok-bangunan/ HTTP/1.1" 200 122794 "-" "Mozilla/5.0 (Linux; Android 6.0.1; Nexus 5X Build/MMB29P) AppleWebKit/537.36 (KHTML, like Gecko) Chrome/130.0.6723.69 Mobile Safari/537.36 (compatible; GoogleOther)"
66.249.70.137 - - [30/Oct/2024:20:44:31 +0000] "GET /slot-thailand/?brandName=BENUATOTOshop-motorcycle-riding-gear-face-masks/beli-pakaian-bayi-laki-laki/koper-anak-2/beli-suplemen-makanan/beli-sistem-pengairan/tenis/shop-smartwatch/jual-makanan-kucing/tas-wanita/ HTTP/1.1" 200 121337 "-" "Mozilla/5.0 (Linux; Android 6.0.1; Nexus 5X Build/MMB29P) AppleWebKit/537.36 (KHTML, like Gecko) Chrome/130.0.6723.69 Mobile Safari/537.36 (compatible; GoogleOther)"
66.249.70.137 - - [30/Oct/2024:20:44:52 +0000] "GET /slot-thailand/?brandName=BENUATOTOshop-motorcycle-riding-gear-face-masks/beli-pakaian-bayi-laki-laki/beli-printers/gantungan-handuk-dan-penghangat/jual-peralatan-survival-dan-keamanan/beli-detergen-popok-kain/bulutangkis/beli-meja-ganti/jual-sepatu-futsal-pria/topi-wanita/ HTTP/1.1" 200 128283 "-" "Mozilla/5.0 (Linux; Android 6.0.1; Nexus 5X Build/MMB29P) AppleWebKit/537.36 (KHTML, like Gecko) Chrome/130.0.6723.69 Mobile Safari/537.36 (compatible; GoogleOther)"
66.249.70.137 - - [30/Oct/2024:20:45:25 +0000] "GET /slot-thailand/?brandName=BENUATOTOshop-motorcycle-riding-gear-face-masks/beli-pakaian-bayi-laki-laki/beli-perhiasan-anak/helpcenter/orders-payment/beli-alat-tulis-kerajinan/pakaian-renang-dan-selancar-wanita/rugby/beli-tv-audio-video-permainan-dan-gadget/ HTTP/1.1" 200 126025 "-" "Mozilla/5.0 (Linux; Android 6.0.1; Nexus 5X Build/MMB29P) AppleWebKit/537.36 (KHTML, like Gecko) Chrome/130.0.6723.69 Mobile Safari/537.36 (compatible; GoogleOther)"
66.249.64.110 - - [30/Oct/2024:20:46:13 +0000] "GET /cdn-cgi/challenge-platform/scripts/jsd/main.js HTTP/1.1" 404 11510 "-" "Mozilla/5.0 (Linux; Android 6.0.1; Nexus 5X Build/MMB29P) AppleWebKit/537.36 (KHTML, like Gecko) Chrome/130.0.6723.58 Mobile Safari/537.36 (compatible; Googlebot/2.1; +http://www.google.com/bot.html)"
66.249.70.137 - - [30/Oct/2024:20:48:01 +0000] "GET /slot-thailand/?brandName=BENUATOTOshop-motorcycle-riding-gear-face-masks/beli-pakaian-bayi-laki-laki/koper-anak-2/shop-kesehatan-hewan-peliharaanbeli-indoor-climbers-play-structure-tg/shop-tire-parts-air-compressors-inflators/shop-masker-wajah-pria/beli-susu-pertumbuhan-1-3-tahun/beli-aksesori-handphone/ HTTP/1.1" 200 131649 "-" "Mozilla/5.0 (Linux; Android 6.0.1; Nexus 5X Build/MMB29P) AppleWebKit/537.36 (KHTML, like Gecko) Chrome/130.0.6723.69 Mobile Safari/537.36 (compatible; GoogleOther)"
66.249.70.137 - - [30/Oct/2024:20:48:05 +0000] "GET /slot-thailand/?brandName=BENUATOTOshop-motorcycle-riding-gear-face-masks/beli-pakaian-bayi-laki-laki/koper-anak-2/beli-perawatan-lantai/jual-kacamata-3d-tv/atasan-muslimah-wanita/beli-proyektor-3/beli-mainan-koleksi-tg/beli-flash/ HTTP/1.1" 200 123663 "-" "Mozilla/5.0 (Linux; Android 6.0.1; Nexus 5X Build/MMB29P) AppleWebKit/537.36 (KHTML, like Gecko) Chrome/130.0.6723.69 Mobile Safari/537.36 (compatible; GoogleOther)"
66.249.70.138 - - [30/Oct/2024:20:48:09 +0000] "GET /slot-thailand/?brandName=BENUATOTOshop-motorcycle-riding-gear-face-masks/beli-pakaian-bayi-laki-laki/koper-anak-2/beli-perlengkapan-mandi-perawatan-kulit-anak/beli-losion-krim-tubuhbeli-scrub-tubuhsepak-bola/shop-automotive-spoilers-wings-styling-kits/beli-tempat-duduk-bak-mandi-bayi/beli-ac/ HTTP/1.1" 200 129970 "-" "Mozilla/5.0 (Linux; Android 6.0.1; Nexus 5X Build/MMB29P) AppleWebKit/537.36 (KHTML, like Gecko) Chrome/130.0.6723.69 Mobile Safari/537.36 (compatible; GoogleOther)"
66.249.70.138 - - [30/Oct/2024:20:48:13 +0000] "GET /slot-thailand/?brandName=BENUATOTOshop-motorcycle-riding-gear-face-masks/beli-pakaian-bayi-laki-laki/beli-perhiasan-anak/helpcenter/orders-payment/beli-alat-tulis-kerajinan/pakaian-renang-dan-selancar-wanita/rugby/beli-ayunan-jumper-bouncer-bayi/beli-styling-rambut HTTP/1.1" 200 127273 "-" "Mozilla/5.0 (Linux; Android 6.0.1; Nexus 5X Build/MMB29P) AppleWebKit/537.36 (KHTML, like Gecko) Chrome/130.0.6723.69 Mobile Safari/537.36 (compatible; GoogleOther)"
66.249.70.138 - - [30/Oct/2024:20:48:17 +0000] "GET /slot-thailand/?brandName=BENUATOTOshop-motorcycle-riding-gear-face-masks/beli-pakaian-bayi-laki-laki/koper-anak-2/sepatu-pria/helpcenter/shipping-delivery/shop-motorcycle-stands-accessories/beli-kursi-tinggi-bayi-kursi-booster/tas-pria/beli-mainan-tenda-terowongan/ HTTP/1.1" 200 127113 "-" "Mozilla/5.0 (Linux; Android 6.0.1; Nexus 5X Build/MMB29P) AppleWebKit/537.36 (KHTML, like Gecko) Chrome/130.0.6723.69 Mobile Safari/537.36 (compatible; GoogleOther)"
66.249.70.138 - - [30/Oct/2024:20:48:21 +0000] "GET /slot-thailand/?brandName=BENUATOTOshop-motorcycle-riding-gear-face-masks/beli-pakaian-bayi-laki-laki/beli-printers/gantungan-handuk-dan-penghangat/jual-peralatan-survival-dan-keamanan/beli-detergen-popok-kain/bulutangkis/beli-meja-ganti/jual-sepatu-futsal-pria/beli-makanan-minuman-air/beli-peralatan-ranjang/ HTTP/1.1" 200 130998 "-" "Mozilla/5.0 (Linux; Android 6.0.1; Nexus 5X Build/MMB29P) AppleWebKit/537.36 (KHTML, like Gecko) Chrome/130.0.6723.69 Mobile Safari/537.36 (compatible; GoogleOther)"
66.249.70.140 - - [30/Oct/2024:20:48:32 +0000] "GET /slot-thailand/?brandName=BENUATOTOshop-motorcycle-riding-gear-face-masks/beli-pakaian-bayi-laki-laki/beli-perhiasan-anak/helpcenter/orders-payment/beli-alat-tulis-kerajinan/pakaian-renang-dan-selancar-wanita/rugby/beli-ayunan-jumper-bouncer-bayi/beli-minuman-bayi-balita/ HTTP/1.1" 200 127929 "-" "Mozilla/5.0 (Linux; Android 6.0.1; Nexus 5X Build/MMB29P) AppleWebKit/537.36 (KHTML, like Gecko) Chrome/130.0.6723.69 Mobile Safari/537.36 (compatible; GoogleOther)"
66.249.70.138 - - [30/Oct/2024:20:48:43 +0000] "GET /slot-thailand/?brandName=BENUATOTOshop-motorcycle-riding-gear-face-masks/beli-pakaian-bayi-laki-laki/sepatu-wanita/beli-perawatan-rambut/jual-aksesoris-pompa-asi/beli-mainan-helikopter/tenis/soundcard/beli-parfum-pria HTTP/1.1" 200 122163 "-" "Mozilla/5.0 (Linux; Android 6.0.1; Nexus 5X Build/MMB29P) AppleWebKit/537.36 (KHTML, like Gecko) Chrome/130.0.6723.69 Mobile Safari/537.36 (compatible; GoogleOther)"
66.249.70.138 - - [30/Oct/2024:20:48:46 +0000] "GET /slot-thailand/?brandName=BENUATOTOshop-motorcycle-riding-gear-face-masks/beli-pakaian-bayi-laki-laki/koper-anak-2/sepatu-pria/helpcenter/shipping-delivery/jual-jersey-sepak-bola-pria/jual-pelindung-layar/shop-boy%27s-muslimin-accessoriesjual-pisau-alat-multifungsi/ HTTP/1.1" 200 127888 "-" "Mozilla/5.0 (Linux; Android 6.0.1; Nexus 5X Build/MMB29P) AppleWebKit/537.36 (KHTML, like Gecko) Chrome/130.0.6723.69 Mobile Safari/537.36 (compatible; GoogleOther)"
66.249.70.140 - - [30/Oct/2024:20:48:49 +0000] "GET /slot-thailand/?brandName=BENUATOTOshop-motorcycle-riding-gear-face-masks/beli-pakaian-bayi-laki-laki/koper-anak-2/beli-alat-kesehatan-kecantikan/jual-olahraga-senam/peralatan-latihan-kardio/shop-penyimpanan-data/shop-sarung-jok/tenis/jual-perlengkapan-kesehatan-seksual/ HTTP/1.1" 200 127531 "-" "Mozilla/5.0 (Linux; Android 6.0.1; Nexus 5X Build/MMB29P) AppleWebKit/537.36 (KHTML, like Gecko) Chrome/130.0.6723.69 Mobile Safari/537.36 (compatible; GoogleOther)"
66.249.70.140 - - [30/Oct/2024:20:48:52 +0000] "GET /slot-thailand/?brandName=BENUATOTOshop-motorcycle-riding-gear-face-masks/beli-pakaian-bayi-laki-laki/beli-perhiasan-anak/helpcenter/orders-payment/beli-alat-tulis-kerajinan/pakaian-renang-dan-selancar-wanita/rugby/beli-ayunan-jumper-bouncer-bayi/sepeda/ HTTP/1.1" 200 126218 "-" "Mozilla/5.0 (Linux; Android 6.0.1; Nexus 5X Build/MMB29P) AppleWebKit/537.36 (KHTML, like Gecko) Chrome/130.0.6723.69 Mobile Safari/537.36 (compatible; GoogleOther)"
