66.249.70.137 - - [30/Oct/2024:19:19:23 +0000] "GET /slot-thailand/?brandName=BENUATOTOshop-motorcycle-riding-gear-face-masks/beli-pakaian-bayi-laki-laki/beli-handphoneolahraga-air/beli-keyboard/beli-makanan-minuman-mencuci-piring/jual-pelindung-layar/beli-furnitur-kamar-tidur/ HTTP/1.1" 200 123164 "-" "Mozilla/5.0 (Linux; Android 6.0.1; Nexus 5X Build/MMB29P) AppleWebKit/537.36 (KHTML, like Gecko) Chrome/130.0.6723.69 Mobile Safari/537.36 (compatible; GoogleOther)"
66.249.70.138 - - [30/Oct/2024:19:19:26 +0000] "GET /slot-thailand/?brandName=BENUATOTOshop-motorcycle-riding-gear-face-masks/beli-pakaian-bayi-laki-laki/koper-anak-2/helpcenter/products-on-lazada/beli-pen-stylus-tablet/ HTTP/1.1" 200 118290 "-" "Mozilla/5.0 (Linux; Android 6.0.1; Nexus 5X Build/MMB29P) AppleWebKit/537.36 (KHTML, like Gecko) Chrome/130.0.6723.69 Mobile Safari/537.36 (compatible; GoogleOther)"
66.249.70.139 - - [30/Oct/2024:19:19:29 +0000] "GET /slot-thailand/?brandName=slot+bet+200+perakpayung-wanita/jual-remote-control-tv/shop-motorcycle-riding-gear-gloves/jual-hoodie-anak-laki-laki-2 HTTP/1.1" 200 116130 "-" "Mozilla/5.0 (Linux; Android 6.0.1; Nexus 5X Build/MMB29P) AppleWebKit/537.36 (KHTML, like Gecko) Chrome/130.0.6723.69 Mobile Safari/537.36 (compatible; GoogleOther)"
66.249.70.139 - - [30/Oct/2024:19:19:33 +0000] "GET /slot-thailand/?brandName=BENUATOTOshop-motorcycle-riding-gear-face-masks/beli-pakaian-bayi-laki-laki/koper-anak-2/beli-alat-tulis-kerajinan/shop-automotive-shift-boots-knobs/shop-automotive-electrical-appliances/ HTTP/1.1" 200 121535 "-" "Mozilla/5.0 (Linux; Android 6.0.1; Nexus 5X Build/MMB29P) AppleWebKit/537.36 (KHTML, like Gecko) Chrome/130.0.6723.69 Mobile Safari/537.36 (compatible; GoogleOther)"
66.249.70.138 - - [30/Oct/2024:19:19:36 +0000] "GET /slot-thailand/?brandName=slot+bet+200+perakpayung-wanita/jual-remote-control-tv/aksesoris-perawatan-rambutbeli-slr/latihan-dan-fitness/beli-tabir-surya-aftersun HTTP/1.1" 200 117419 "-" "Mozilla/5.0 (Linux; Android 6.0.1; Nexus 5X Build/MMB29P) AppleWebKit/537.36 (KHTML, like Gecko) Chrome/130.0.6723.69 Mobile Safari/537.36 (compatible; GoogleOther)"
66.249.70.137 - - [30/Oct/2024:19:19:46 +0000] "GET /slot-thailand/?brandName=BENUATOTOshop-motorcycle-riding-gear-face-masks/beli-pakaian-bayi-laki-laki/koper-anak-2/sepatu-pria/helpcenter/shipping-delivery/beli-tas-popok-tb/ HTTP/1.1" 200 118645 "-" "Mozilla/5.0 (Linux; Android 6.0.1; Nexus 5X Build/MMB29P) AppleWebKit/537.36 (KHTML, like Gecko) Chrome/130.0.6723.69 Mobile Safari/537.36 (compatible; GoogleOther)"
66.249.70.141 - - [30/Oct/2024:19:19:56 +0000] "GET /slot-thailand/?brandName=BENUATOTOshop-motorcycle-riding-gear-face-masks/beli-pakaian-bayi-laki-laki/beli-handphoneolahraga-air/beli-keyboard/beli-makanan-minuman-mencuci-piring/jual-pelindung-layar/shop-hiburan-video-game/ HTTP/1.1" 200 122665 "-" "Mozilla/5.0 (Linux; Android 6.0.1; Nexus 5X Build/MMB29P) AppleWebKit/537.36 (KHTML, like Gecko) Chrome/130.0.6723.69 Mobile Safari/537.36 (compatible; GoogleOther)"
66.249.70.140 - - [30/Oct/2024:19:19:59 +0000] "GET /slot-thailand/?brandName=BENUATOTOshop-motorcycle-riding-gear-face-masks/beli-pakaian-bayi-laki-laki/koper-anak-2/sepatu-pria/helpcenter/shipping-delivery/jual-jersey-sepak-bola-pria/ HTTP/1.1" 200 119172 "-" "Mozilla/5.0 (Linux; Android 6.0.1; Nexus 5X Build/MMB29P) AppleWebKit/537.36 (KHTML, like Gecko) Chrome/130.0.6723.69 Mobile Safari/537.36 (compatible; GoogleOther)"
66.249.70.141 - - [30/Oct/2024:19:20:03 +0000] "GET / HTTP/1.1" 301 0 "-" "Mozilla/5.0 (Linux; Android 6.0.1; Nexus 5X Build/MMB29P) AppleWebKit/537.36 (KHTML, like Gecko) Chrome/130.0.6723.69 Mobile Safari/537.36 (compatible; GoogleOther)"
109.106.251.75 - - [30/Oct/2024:19:20:05 +0000] "POST /wp-cron.php?doing_wp_cron=1730316005.6130220890045166015625 HTTP/1.1" 200 0 "-" "WordPress/6.6.2; https://lakoyanimedia.tech"
109.106.251.75 - - [30/Oct/2024:19:20:06 +0000] "POST /wp-admin/admin-ajax.php?action=async_litespeed&nonce=sWHan6GGQoCvEYBYu38jIt8bICHXA7f5&litespeed_type=imgoptm HTTP/1.1" 200 21 "-" "WordPress/6.6.2; https://lakoyanimedia.tech"
66.249.70.139 - - [30/Oct/2024:19:20:07 +0000] "GET /slot-thailand/?brandName=BENUATOTOshop-motorcycle-riding-gear-face-masks/beli-pakaian-bayi-laki-laki/koper-anak-2/sepatu-pria/beli-potty-training/hoodies-pria/ HTTP/1.1" 200 117339 "-" "Mozilla/5.0 (Linux; Android 6.0.1; Nexus 5X Build/MMB29P) AppleWebKit/537.36 (KHTML, like Gecko) Chrome/130.0.6723.69 Mobile Safari/537.36 (compatible; GoogleOther)"
66.249.64.110 - - [30/Oct/2024:19:20:17 +0000] "GET / HTTP/1.1" 200 16367 "-" "Mozilla/5.0 (Linux; Android 6.0.1; Nexus 5X Build/MMB29P) AppleWebKit/537.36 (KHTML, like Gecko) Chrome/130.0.6723.69 Mobile Safari/537.36 (compatible; GoogleOther)"
66.249.70.137 - - [30/Oct/2024:19:20:24 +0000] "GET /slot-thailand/?brandName=BENUATOTOshop-motorcycle-riding-gear-face-masks/beli-pakaian-bayi-laki-laki/koper-anak-2/jual-pompa-asi/shop-paket-perawatan-mobil/shop-media-player/beli-pulpen/olahraga-air/jual-aksesoris-fitness/ HTTP/1.1" 200 122551 "-" "Mozilla/5.0 (Linux; Android 6.0.1; Nexus 5X Build/MMB29P) AppleWebKit/537.36 (KHTML, like Gecko) Chrome/130.0.6723.69 Mobile Safari/537.36 (compatible; GoogleOther)"
66.249.70.138 - - [30/Oct/2024:19:20:28 +0000] "GET /slot-thailand/?brandName=BENUATOTOshop-motorcycle-riding-gear-face-masks/beli-pakaian-bayi-laki-laki/koper-anak-2/jual-pompa-asi/shop-paket-perawatan-mobil/shop-media-player/beli-pulpen/olahraga-air/beli-lampu-langit-langit-hias/ HTTP/1.1" 200 123188 "-" "Mozilla/5.0 (Linux; Android 6.0.1; Nexus 5X Build/MMB29P) AppleWebKit/537.36 (KHTML, like Gecko) Chrome/130.0.6723.69 Mobile Safari/537.36 (compatible; GoogleOther)"
66.249.70.137 - - [30/Oct/2024:19:20:31 +0000] "GET /slot-thailand/?brandName=slot+bet+200+perakpayung-wanita/jual-remote-control-tv/aksesoris-perawatan-rambutbeli-slr/sepatu-badminton-wanita/rugby/shop-palet-set-makeupshop-boy%27s-muslim-wearKebun%20&%20Luar%20Ruangan/beli-lipstik HTTP/1.1" 200 123583 "-" "Mozilla/5.0 (Linux; Android 6.0.1; Nexus 5X Build/MMB29P) AppleWebKit/537.36 (KHTML, like Gecko) Chrome/130.0.6723.69 Mobile Safari/537.36 (compatible; GoogleOther)"
66.249.70.137 - - [30/Oct/2024:19:20:34 +0000] "GET /slot-thailand/?brandName=BENUATOTOshop-motorcycle-riding-gear-face-masks/beli-pakaian-bayi-laki-laki/koper-anak-2/beli-alat-tulis-kerajinan/beli-kondomshop-Sapu-Sikat-Kemoceng/beli-rice-cooker/jual-tas-tote-pria/beli-mainan-terbang/beli-alas-mandi/shop-manajemen-kargo/beli-aksesoris-makeupblog/jual-sepatu-skateboard-wanita/sepak-bola/beli-makanan-minuman-pengendalian-hama/beli-sistem-pengairan/beli-dermacarebeli-pemanas-air/beli-pancake-waffle/baju-muslim-pria/ HTTP/1.1" 200 147816 "-" "Mozilla/5.0 (Linux; Android 6.0.1; Nexus 5X Build/MMB29P) AppleWebKit/537.36 (KHTML, like Gecko) Chrome/130.0.6723.69 Mobile Safari/537.36 (compatible; GoogleOther)"
66.249.70.137 - - [30/Oct/2024:19:20:38 +0000] "GET /slot-thailand/?brandName=BENUATOTOshop-motorcycle-riding-gear-face-masks/beli-pakaian-bayi-laki-laki/koper-anak-2/beli-alat-tulis-kerajinan/beli-kondomshop-Sapu-Sikat-Kemoceng/beli-rice-cooker/jual-tas-tote-pria/beli-mainan-terbang/beli-alas-mandi/shop-manajemen-kargo/beli-aksesoris-makeupblog/jual-sepatu-skateboard-wanita/sepak-bola/beli-makanan-minuman-pengendalian-hama/beli-perhiasan-anak/jual-aksesoris-memancing/beli-prosesor/jual-strap-tracker-aktivitas/baju-olahraga-pria/suspender-pria/ HTTP/1.1" 200 151439 "-" "Mozilla/5.0 (Linux; Android 6.0.1; Nexus 5X Build/MMB29P) AppleWebKit/537.36 (KHTML, like Gecko) Chrome/130.0.6723.69 Mobile Safari/537.36 (compatible; GoogleOther)"
66.249.70.137 - - [30/Oct/2024:19:20:41 +0000] "GET /slot-thailand/?brandName=BENUATOTOshop-motorcycle-riding-gear-face-masks/beli-pakaian-bayi-laki-laki/koper-anak-2/beli-alat-tulis-kerajinan/beli-kondomshop-Sapu-Sikat-Kemoceng/beli-rice-cooker/jual-tas-tote-pria/beli-mainan-terbang/beli-alas-mandi/shop-manajemen-kargo/beli-aksesoris-makeupblog/jual-sepatu-skateboard-wanita/sepak-bola/beli-makanan-minuman-pengendalian-hama/beli-perhiasan-anak/jual-aksesoris-memancing/beli-prosesor/beli-sirup/jual-sepatu-jalan-wanita/shop-frame-plat-nomor/ HTTP/1.1" 200 150682 "-" "Mozilla/5.0 (Linux; Android 6.0.1; Nexus 5X Build/MMB29P) AppleWebKit/537.36 (KHTML, like Gecko) Chrome/130.0.6723.69 Mobile Safari/537.36 (compatible; GoogleOther)"
66.249.70.140 - - [30/Oct/2024:19:20:44 +0000] "GET /slot-thailand/?brandName=BENUATOTOshop-motorcycle-riding-gear-face-masks/beli-pakaian-bayi-laki-laki/koper-anak-2/beli-alat-tulis-kerajinan/beli-kondomshop-Sapu-Sikat-Kemoceng/beli-rice-cooker/jual-tas-tote-pria/beli-mainan-terbang/beli-alas-mandi/shop-manajemen-kargo/beli-aksesoris-makeupblog/jual-sepatu-skateboard-wanita/sepak-bola/beli-makanan-minuman-pengendalian-hama/beli-perhiasan-anak/jual-aksesoris-memancing/beli-prosesor/jual-ban/shop-Camilan/jual-virtual-reality/ HTTP/1.1" 200 148844 "-" "Mozilla/5.0 (Linux; Android 6.0.1; Nexus 5X Build/MMB29P) AppleWebKit/537.36 (KHTML, like Gecko) Chrome/130.0.6723.69 Mobile Safari/537.36 (compatible; GoogleOther)"
66.249.70.137 - - [30/Oct/2024:19:20:48 +0000] "GET /slot-thailand/?brandName=BENUATOTOshop-motorcycle-riding-gear-face-masks/beli-pakaian-bayi-laki-laki/koper-anak-2/beli-alat-tulis-kerajinan/beli-kondomshop-Sapu-Sikat-Kemoceng/beli-rice-cooker/jual-tas-tote-pria/beli-mainan-terbang/beli-alas-mandi/shop-manajemen-kargo/beli-aksesoris-makeupblog/jual-sepatu-skateboard-wanita/sepak-bola/beli-makanan-minuman-pengendalian-hama/beli-perhiasan-anak/jual-aksesoris-memancing/beli-prosesor/beli-sirup/jual-sepatu-jalan-wanita/jual-kapal/ HTTP/1.1" 200 148766 "-" "Mozilla/5.0 (Linux; Android 6.0.1; Nexus 5X Build/MMB29P) AppleWebKit/537.36 (KHTML, like Gecko) Chrome/130.0.6723.69 Mobile Safari/537.36 (compatible; GoogleOther)"
66.249.70.137 - - [30/Oct/2024:19:20:51 +0000] "GET /slot-thailand/?brandName=BENUATOTOshop-motorcycle-riding-gear-face-masks/beli-pakaian-bayi-laki-laki/koper-anak-2/beli-alat-tulis-kerajinan/beli-kondomshop-Sapu-Sikat-Kemoceng/beli-rice-cooker/jual-tas-tote-pria/beli-mainan-terbang/beli-alas-mandi/shop-manajemen-kargo/beli-aksesoris-makeupblog/jual-sepatu-skateboard-wanita/sepak-bola/beli-makanan-minuman-pengendalian-hama/beli-perhiasan-anak/jual-aksesoris-memancing/beli-prosesor/jual-strap-tracker-aktivitas/baju-olahraga-pria/botol-minum/ HTTP/1.1" 200 151142 "-" "Mozilla/5.0 (Linux; Android 6.0.1; Nexus 5X Build/MMB29P) AppleWebKit/537.36 (KHTML, like Gecko) Chrome/130.0.6723.69 Mobile Safari/537.36 (compatible; GoogleOther)"
66.249.70.140 - - [30/Oct/2024:19:20:54 +0000] "GET /slot-thailand/?brandName=BENUATOTOshop-motorcycle-riding-gear-face-masks/beli-pakaian-bayi-laki-laki/koper-anak-2/beli-alat-tulis-kerajinan/beli-kondomshop-Sapu-Sikat-Kemoceng/beli-rice-cooker/jual-tas-tote-pria/beli-mainan-terbang/beli-alas-mandi/shop-manajemen-kargo/beli-aksesoris-makeupblog/jual-sepatu-skateboard-wanita/sepak-bola/beli-makanan-minuman-pengendalian-hama/beli-perhiasan-anak/jual-aksesoris-memancing/beli-prosesor/jual-ban/shop-Camilan/interior-care/ HTTP/1.1" 200 147970 "-" "Mozilla/5.0 (Linux; Android 6.0.1; Nexus 5X Build/MMB29P) AppleWebKit/537.36 (KHTML, like Gecko) Chrome/130.0.6723.69 Mobile Safari/537.36 (compatible; GoogleOther)"
66.249.70.138 - - [30/Oct/2024:19:20:57 +0000] "GET /slot-thailand/?brandName=BENUATOTOshop-motorcycle-riding-gear-face-masks/beli-pakaian-bayi-laki-laki/koper-anak-2/beli-alat-tulis-kerajinan/beli-kondomshop-Sapu-Sikat-Kemoceng/beli-rice-cooker/jual-tas-tote-pria/beli-mainan-terbang/beli-alas-mandi/shop-manajemen-kargo/beli-aksesoris-makeupblog/jual-sepatu-skateboard-wanita/sepak-bola/beli-makanan-minuman-pengendalian-hama/beli-perhiasan-anak/jual-aksesoris-memancing/beli-prosesor/beli-sirup/jual-sepatu-jalan-wanita/international-football-clubs-fan-merchandise/ HTTP/1.1" 200 153740 "-" "Mozilla/5.0 (Linux; Android 6.0.1; Nexus 5X Build/MMB29P) AppleWebKit/537.36 (KHTML, like Gecko) Chrome/130.0.6723.69 Mobile Safari/537.36 (compatible; GoogleOther)"
66.249.70.137 - - [30/Oct/2024:19:21:01 +0000] "GET /slot-thailand/?brandName=BENUATOTOshop-motorcycle-riding-gear-face-masks/beli-pakaian-bayi-laki-laki/koper-anak-2/beli-alat-tulis-kerajinan/beli-kondomshop-Sapu-Sikat-Kemoceng/beli-rice-cooker/jual-tas-tote-pria/beli-mainan-terbang/beli-alas-mandi/shop-manajemen-kargo/beli-aksesoris-makeupblog/jual-sepatu-skateboard-wanita/sepak-bola/beli-makanan-minuman-pengendalian-hama/beli-perhiasan-anak/jual-aksesoris-memancing/beli-prosesor/jual-strap-tracker-aktivitas/jual-sepatu-fitness-training-wanita/shop-Minuman-Olahraga-Energi/ HTTP/1.1" 200 155077 "-" "Mozilla/5.0 (Linux; Android 6.0.1; Nexus 5X Build/MMB29P) AppleWebKit/537.36 (KHTML, like Gecko) Chrome/130.0.6723.69 Mobile Safari/537.36 (compatible; GoogleOther)"
66.249.70.142 - - [30/Oct/2024:19:21:04 +0000] "GET /slot-thailand/?brandName=BENUATOTOshop-motorcycle-riding-gear-face-masks/beli-pakaian-bayi-laki-laki/koper-anak-2/beli-alat-tulis-kerajinan/beli-kondomshop-Sapu-Sikat-Kemoceng/beli-rice-cooker/jual-tas-tote-pria/beli-mainan-terbang/beli-alas-mandi/shop-manajemen-kargo/beli-aksesoris-makeupblog/jual-sepatu-skateboard-wanita/sepak-bola/beli-makanan-minuman-pengendalian-hama/beli-sistem-pengairan/beli-dermacarebeli-pemanas-air/jual-perlengkapan-kesehatan-seksual/beli-meja-ganti/ HTTP/1.1" 200 149776 "-" "Mozilla/5.0 (Linux; Android 6.0.1; Nexus 5X Build/MMB29P) AppleWebKit/537.36 (KHTML, like Gecko) Chrome/130.0.6723.69 Mobile Safari/537.36 (compatible; GoogleOther)"
66.249.70.138 - - [30/Oct/2024:19:21:07 +0000] "GET /slot-thailand/?brandName=BENUATOTOshop-motorcycle-riding-gear-face-masks/beli-pakaian-bayi-laki-laki/koper-anak-2/beli-alat-tulis-kerajinan/beli-kondomshop-Sapu-Sikat-Kemoceng/beli-rice-cooker/jual-tas-tote-pria/beli-mainan-terbang/beli-alas-mandi/shop-manajemen-kargo/beli-aksesoris-makeupblog/jual-sepatu-skateboard-wanita/sepak-bola/beli-makanan-minuman-pengendalian-hama/beli-perhiasan-anak/jual-aksesoris-memancing/beli-prosesor/beli-sirup/jual-sepatu-jalan-wanita/beli-bantal-kursi-bayi/ HTTP/1.1" 200 150636 "-" "Mozilla/5.0 (Linux; Android 6.0.1; Nexus 5X Build/MMB29P) AppleWebKit/537.36 (KHTML, like Gecko) Chrome/130.0.6723.69 Mobile Safari/537.36 (compatible; GoogleOther)"
51.222.253.10 - - [30/Oct/2024:19:21:59 +0000] "GET /wp-includes/class-wp-image-editor-imagick.php HTTP/2" 500 0 "-" "Mozilla/5.0 (compatible; AhrefsBot/7.0; +http://ahrefs.com/robot/)"
66.249.70.137 - - [30/Oct/2024:19:23:16 +0000] "GET /slot-thailand/?brandName=BENUATOTOshop-motorcycle-riding-gear-face-masks/beli-pakaian-bayi-laki-laki/sepatu-wanita/beli-perawatan-rambut/jual-aksesoris-pompa-asi/helpcenter/products-on-lazada/aksesoris-alat-cukur-dan-trimmer HTTP/1.1" 200 123062 "-" "Mozilla/5.0 (Linux; Android 6.0.1; Nexus 5X Build/MMB29P) AppleWebKit/537.36 (KHTML, like Gecko) Chrome/130.0.6723.69 Mobile Safari/537.36 (compatible; GoogleOther)"
66.249.70.137 - - [30/Oct/2024:19:23:20 +0000] "GET /slot-thailand/?brandName=BENUATOTOshop-motorcycle-riding-gear-face-masks/beli-pakaian-bayi-laki-laki/beli-perhiasan-anak/helpcenter/orders-payment/beli-alat-tulis-kerajinan/pakaian-renang-dan-selancar-wanita/ HTTP/1.1" 200 121473 "-" "Mozilla/5.0 (Linux; Android 6.0.1; Nexus 5X Build/MMB29P) AppleWebKit/537.36 (KHTML, like Gecko) Chrome/130.0.6723.69 Mobile Safari/537.36 (compatible; GoogleOther)"
66.249.70.137 - - [30/Oct/2024:19:23:24 +0000] "GET /slot-thailand/?brandName=BENUATOTOshop-motorcycle-riding-gear-face-masks/beli-pakaian-bayi-laki-laki/koper-anak-2/beli-perawatan-lantai/jual-kacamata-3d-tv/jual-flash-drives/beli-tas-bahu-anak/ HTTP/1.1" 200 120103 "-" "Mozilla/5.0 (Linux; Android 6.0.1; Nexus 5X Build/MMB29P) AppleWebKit/537.36 (KHTML, like Gecko) Chrome/130.0.6723.69 Mobile Safari/537.36 (compatible; GoogleOther)"
66.249.70.137 - - [30/Oct/2024:19:23:42 +0000] "GET /slot-thailand/?brandName=BENUATOTOshop-motorcycle-riding-gear-face-masks/beli-pakaian-bayi-laki-laki/beli-perlengkapan-mandi-tubuh/pakaian-renang-dan-selancar-pria/shop-busi-motor/sweater-cardigan-anak-laki-laki HTTP/1.1" 200 121019 "-" "Mozilla/5.0 (Linux; Android 6.0.1; Nexus 5X Build/MMB29P) AppleWebKit/537.36 (KHTML, like Gecko) Chrome/130.0.6723.69 Mobile Safari/537.36 (compatible; GoogleOther)"
66.249.70.137 - - [30/Oct/2024:19:23:45 +0000] "GET /slot-thailand/?brandName=BENUATOTOshop-motorcycle-riding-gear-face-masks/beli-pakaian-bayi-laki-laki/koper-anak-2/beli-perawatan-lantai/jual-kacamata-3d-tv/jual-flash-drives/beli-humidifier/ HTTP/1.1" 200 120196 "-" "Mozilla/5.0 (Linux; Android 6.0.1; Nexus 5X Build/MMB29P) AppleWebKit/537.36 (KHTML, like Gecko) Chrome/130.0.6723.69 Mobile Safari/537.36 (compatible; GoogleOther)"
66.249.70.137 - - [30/Oct/2024:19:23:48 +0000] "GET /slot-thailand/?brandName=BENUATOTOshop-motorcycle-riding-gear-face-masks/beli-pakaian-bayi-laki-laki/beli-perhiasan-anak/beli-perawatan-lantai/jubah-muslim-pria/shop-dalaman-sarung-bantal/ HTTP/1.1" 200 119223 "-" "Mozilla/5.0 (Linux; Android 6.0.1; Nexus 5X Build/MMB29P) AppleWebKit/537.36 (KHTML, like Gecko) Chrome/130.0.6723.69 Mobile Safari/537.36 (compatible; GoogleOther)"
66.249.70.137 - - [30/Oct/2024:19:23:51 +0000] "GET /slot-thailand/?brandName=BENUATOTOshop-motorcycle-riding-gear-face-masks/beli-pakaian-bayi-laki-laki/beli-printers/gantungan-handuk-dan-penghangat/jual-peralatan-survival-dan-keamanan/beli-detergen-popok-kain/bulutangkis/beli-olahraga-permainan-luar-ruangan/beli-sampo HTTP/1.1" 200 127698 "-" "Mozilla/5.0 (Linux; Android 6.0.1; Nexus 5X Build/MMB29P) AppleWebKit/537.36 (KHTML, like Gecko) Chrome/130.0.6723.69 Mobile Safari/537.36 (compatible; GoogleOther)"
66.249.70.140 - - [30/Oct/2024:19:23:54 +0000] "GET /slot-thailand/?brandName=BENUATOTOshop-motorcycle-riding-gear-face-masks/beli-pakaian-bayi-laki-laki/beli-perhiasan-anak/helpcenter/orders-payment/beli-alat-tulis-kerajinan/perawatan-mulut HTTP/1.1" 200 119492 "-" "Mozilla/5.0 (Linux; Android 6.0.1; Nexus 5X Build/MMB29P) AppleWebKit/537.36 (KHTML, like Gecko) Chrome/130.0.6723.69 Mobile Safari/537.36 (compatible; GoogleOther)"
66.249.70.137 - - [30/Oct/2024:19:23:57 +0000] "GET /slot-thailand/?brandName=BENUATOTOshop-motorcycle-riding-gear-face-masks/beli-pakaian-bayi-laki-laki/koper-anak-2/beli-suplemen-makanan/beli-sistem-pengairan/tenis/shop-smartwatch/ HTTP/1.1" 200 118562 "-" "Mozilla/5.0 (Linux; Android 6.0.1; Nexus 5X Build/MMB29P) AppleWebKit/537.36 (KHTML, like Gecko) Chrome/130.0.6723.69 Mobile Safari/537.36 (compatible; GoogleOther)"
66.249.70.137 - - [30/Oct/2024:19:24:01 +0000] "GET /slot-thailand/?brandName=BENUATOTOshop-motorcycle-riding-gear-face-masks/beli-pakaian-bayi-laki-laki/koper-anak-2/beli-perawatan-lantai/jual-kacamata-3d-tv/jual-flash-drives/jual-bodysuit-wanita/ HTTP/1.1" 200 120069 "-" "Mozilla/5.0 (Linux; Android 6.0.1; Nexus 5X Build/MMB29P) AppleWebKit/537.36 (KHTML, like Gecko) Chrome/130.0.6723.69 Mobile Safari/537.36 (compatible; GoogleOther)"
66.249.70.138 - - [30/Oct/2024:19:24:05 +0000] "GET /slot-thailand/?brandName=BENUATOTOshop-motorcycle-riding-gear-face-masks/beli-pakaian-bayi-laki-laki/koper-anak-2/beli-perawatan-rambut/beli-kursi-rodabeli-suplemen-pemutihselimut-dan-selimut-panjang/ HTTP/1.1" 200 121055 "-" "Mozilla/5.0 (Linux; Android 6.0.1; Nexus 5X Build/MMB29P) AppleWebKit/537.36 (KHTML, like Gecko) Chrome/130.0.6723.69 Mobile Safari/537.36 (compatible; GoogleOther)"
66.249.70.137 - - [30/Oct/2024:19:24:09 +0000] "GET /slot-thailand/?brandName=BENUATOTOshop-motorcycle-riding-gear-face-masks/beli-pakaian-bayi-laki-laki/koper-anak-2/beli-suplemen-makanan/beli-sistem-pengairan/tenis/jual-laptop-umum/ HTTP/1.1" 200 119235 "-" "Mozilla/5.0 (Linux; Android 6.0.1; Nexus 5X Build/MMB29P) AppleWebKit/537.36 (KHTML, like Gecko) Chrome/130.0.6723.69 Mobile Safari/537.36 (compatible; GoogleOther)"
66.249.70.137 - - [30/Oct/2024:19:24:14 +0000] "GET /slot-thailand/?brandName=BENUATOTOshop-motorcycle-riding-gear-face-masks/beli-pakaian-bayi-laki-laki/beli-perhiasan-anak/helpcenter/orders-payment/beli-alat-tulis-kerajinan/beli-mainan-terbang/ HTTP/1.1" 200 120063 "-" "Mozilla/5.0 (Linux; Android 6.0.1; Nexus 5X Build/MMB29P) AppleWebKit/537.36 (KHTML, like Gecko) Chrome/130.0.6723.69 Mobile Safari/537.36 (compatible; GoogleOther)"
66.249.70.137 - - [30/Oct/2024:19:24:26 +0000] "GET /slot-thailand/?brandName=BENUATOTOshop-motorcycle-riding-gear-face-masks/beli-pakaian-bayi-laki-laki/beli-komputer/jual-aksesori-lingerie-wanita/shop-penyedot-debu-robot/baju-atasan-anak-perempuan HTTP/1.1" 200 120212 "-" "Mozilla/5.0 (Linux; Android 6.0.1; Nexus 5X Build/MMB29P) AppleWebKit/537.36 (KHTML, like Gecko) Chrome/130.0.6723.69 Mobile Safari/537.36 (compatible; GoogleOther)"
66.249.70.139 - - [30/Oct/2024:19:24:32 +0000] "GET /slot-thailand/?brandName=BENUATOTOshop-motorcycle-riding-gear-face-masks/beli-pakaian-bayi-laki-laki/koper-anak-2/beli-alat-kesehatan-kecantikan/jual-olahraga-senam/peralatan-latihan-kardio/shop-penyimpanan-data/ HTTP/1.1" 200 121657 "-" "Mozilla/5.0 (Linux; Android 6.0.1; Nexus 5X Build/MMB29P) AppleWebKit/537.36 (KHTML, like Gecko) Chrome/130.0.6723.69 Mobile Safari/537.36 (compatible; GoogleOther)"
66.249.70.137 - - [30/Oct/2024:19:24:38 +0000] "GET /slot-thailand/?brandName=BENUATOTOshop-motorcycle-riding-gear-face-masks/beli-pakaian-bayi-laki-laki/beli-perhiasan-anak/beli-perawatan-lantai/jubah-muslim-pria/wedges/ HTTP/1.1" 200 118233 "-" "Mozilla/5.0 (Linux; Android 6.0.1; Nexus 5X Build/MMB29P) AppleWebKit/537.36 (KHTML, like Gecko) Chrome/130.0.6723.69 Mobile Safari/537.36 (compatible; GoogleOther)"
66.249.70.138 - - [30/Oct/2024:19:24:42 +0000] "GET /slot-thailand/?brandName=BENUATOTOshop-motorcycle-riding-gear-face-masks/beli-pakaian-bayi-laki-laki/beli-perhiasan-pria/beli-suplemen-makanan/jual-sepatu-olahraga-air-pria/fashion-aksesoris-sepatu-anak-perempuan HTTP/1.1" 200 121253 "-" "Mozilla/5.0 (Linux; Android 6.0.1; Nexus 5X Build/MMB29P) AppleWebKit/537.36 (KHTML, like Gecko) Chrome/130.0.6723.69 Mobile Safari/537.36 (compatible; GoogleOther)"
66.249.70.137 - - [30/Oct/2024:19:24:51 +0000] "GET /slot-thailand/?brandName=BENUATOTOshop-motorcycle-riding-gear-face-masks/beli-pakaian-bayi-laki-laki/koper-anak-2/beli-alat-kesehatan-kecantikan/jual-olahraga-senam/peralatan-latihan-kardio/beli-sarung-pelindung-handphone/ HTTP/1.1" 200 122626 "-" "Mozilla/5.0 (Linux; Android 6.0.1; Nexus 5X Build/MMB29P) AppleWebKit/537.36 (KHTML, like Gecko) Chrome/130.0.6723.69 Mobile Safari/537.36 (compatible; GoogleOther)"
66.249.70.137 - - [30/Oct/2024:19:25:34 +0000] "GET /slot-thailand/?brandName=BENUATOTOshop-motorcycle-riding-gear-face-masks/beli-pakaian-bayi-laki-laki/koper-anak-2/beli-perlengkapan-mandi-perawatan-kulit-anak/beli-losion-krim-tubuhbeli-scrub-tubuhsepak-bola/ HTTP/1.1" 200 121365 "-" "Mozilla/5.0 (Linux; Android 6.0.1; Nexus 5X Build/MMB29P) AppleWebKit/537.36 (KHTML, like Gecko) Chrome/130.0.6723.69 Mobile Safari/537.36 (compatible; GoogleOther)"
66.249.70.138 - - [30/Oct/2024:19:25:37 +0000] "GET /slot-thailand/?brandName=BENUATOTOshop-motorcycle-riding-gear-face-masks/beli-pakaian-bayi-laki-laki/beli-perlengkapan-mandi-tubuh/pakaian-renang-dan-selancar-pria/shop-busi-motor/shop-car-video-in-dash-navigation/ HTTP/1.1" 200 121631 "-" "Mozilla/5.0 (Linux; Android 6.0.1; Nexus 5X Build/MMB29P) AppleWebKit/537.36 (KHTML, like Gecko) Chrome/130.0.6723.69 Mobile Safari/537.36 (compatible; GoogleOther)"
66.249.70.137 - - [30/Oct/2024:19:25:56 +0000] "GET /slot-thailand/?brandName=BENUATOTOshop-motorcycle-riding-gear-face-masks/beli-pakaian-bayi-laki-laki/beli-perhiasan-pria/beli-baterai/beli-kamera-video-aksi/beli-popok-kain/ HTTP/1.1" 200 118215 "-" "Mozilla/5.0 (Linux; Android 6.0.1; Nexus 5X Build/MMB29P) AppleWebKit/537.36 (KHTML, like Gecko) Chrome/130.0.6723.69 Mobile Safari/537.36 (compatible; GoogleOther)"
66.249.70.137 - - [30/Oct/2024:19:26:00 +0000] "GET /slot-thailand/?brandName=BENUATOTOshop-motorcycle-riding-gear-face-masks/beli-pakaian-bayi-laki-laki/koper-anak-2/beli-perawatan-lantai/jual-kacamata-3d-tv/jual-flash-drives/beli-botol-bayi-balita/ HTTP/1.1" 200 120703 "-" "Mozilla/5.0 (Linux; Android 6.0.1; Nexus 5X Build/MMB29P) AppleWebKit/537.36 (KHTML, like Gecko) Chrome/130.0.6723.69 Mobile Safari/537.36 (compatible; GoogleOther)"
66.249.70.138 - - [30/Oct/2024:19:26:05 +0000] "GET /slot-thailand/?brandName=BENUATOTOshop-motorcycle-riding-gear-face-masks/beli-pakaian-bayi-laki-laki/koper-anak-2/beli-alat-kesehatan-kecantikan/jual-olahraga-senam/peralatan-latihan-kardio/beli-dress-bayi-perempuan/ HTTP/1.1" 200 122066 "-" "Mozilla/5.0 (Linux; Android 6.0.1; Nexus 5X Build/MMB29P) AppleWebKit/537.36 (KHTML, like Gecko) Chrome/130.0.6723.69 Mobile Safari/537.36 (compatible; GoogleOther)"
51.222.253.18 - - [30/Oct/2024:19:27:53 +0000] "GET /wp-includes/class-wp-network.php HTTP/2" 200 0 "-" "Mozilla/5.0 (compatible; AhrefsBot/7.0; +http://ahrefs.com/robot/)"
109.106.251.75 - - [30/Oct/2024:19:28:47 +0000] "POST /wp-cron.php?doing_wp_cron=1730316526.9815111160278320312500 HTTP/1.1" 200 0 "-" "WordPress/6.6.2; https://lakoyanimedia.tech"
185.170.107.87 - - [30/Oct/2024:19:28:44 +0000] "POST /wp-login.php HTTP/1.1" 200 1938 "-" "Mozilla/5.0 (Windows NT 10.0; WOW64) AppleWebKit/537.36 (KHTML, like Gecko) Chrome/79.0.3945.130 Safari/537.36"
109.106.251.75 - - [30/Oct/2024:19:28:47 +0000] "POST /wp-admin/admin-ajax.php?action=async_litespeed&nonce=JNVOxb8VoCasmhNMlomEpsoGR0HHzJ6p&litespeed_type=imgoptm HTTP/1.1" 200 21 "-" "WordPress/6.6.2; https://lakoyanimedia.tech"
109.106.251.75 - - [30/Oct/2024:19:35:07 +0000] "POST /wp-admin/admin-ajax.php?action=async_litespeed&nonce=Xf9jSehRBWW8KVqO6wWXZVpQWLkTgnT8&litespeed_type=imgoptm HTTP/1.1" 200 21 "-" "WordPress/6.6.2; https://lakoyanimedia.tech"
54.36.148.151 - - [30/Oct/2024:19:37:48 +0000] "GET /robots.txt HTTP/2" 200 163 "-" "Mozilla/5.0 (compatible; AhrefsBot/7.0; +http://ahrefs.com/robot/)"
51.222.253.20 - - [30/Oct/2024:19:37:49 +0000] "GET /wp-includes/class-wp-recovery-mode.php HTTP/2" 200 0 "-" "Mozilla/5.0 (compatible; AhrefsBot/7.0; +http://ahrefs.com/robot/)"
109.106.251.75 - - [30/Oct/2024:19:43:51 +0000] "POST /wp-cron.php?doing_wp_cron=1730317431.5269060134887695312500 HTTP/1.1" 200 0 "-" "WordPress/6.6.2; https://lakoyanimedia.tech"
45.119.84.18 - - [30/Oct/2024:19:43:49 +0000] "POST /wp-login.php HTTP/1.1" 200 1938 "-" "Mozilla/5.0 (Windows NT 6.1; Win64; x64) AppleWebKit/537.36 (KHTML, like Gecko) Chrome/66.0.3359.117 Safari/537.36"
109.106.251.75 - - [30/Oct/2024:19:43:51 +0000] "POST /wp-admin/admin-ajax.php?action=async_litespeed&nonce=jwXwp2wPwalprcQLBBRPHnd8jGgUoXeX&litespeed_type=imgoptm HTTP/1.1" 200 21 "-" "WordPress/6.6.2; https://lakoyanimedia.tech"
109.106.251.75 - - [30/Oct/2024:19:45:23 +0000] "POST /wp-cron.php?doing_wp_cron=1730317523.7349851131439208984375 HTTP/1.1" 200 0 "-" "WordPress/6.6.2; https://lakoyanimedia.tech"
66.249.64.108 - - [30/Oct/2024:19:45:21 +0000] "GET /slot-thailand/react-dom.js HTTP/1.1" 404 11510 "https://www.lakoyanimedia.tech/" "Mozilla/5.0 (Linux; Android 6.0.1; Nexus 5X Build/MMB29P) AppleWebKit/537.36 (KHTML, like Gecko) Chrome/130.0.6723.58 Mobile Safari/537.36 (compatible; Googlebot/2.1; +http://www.google.com/bot.html)"
109.106.251.75 - - [30/Oct/2024:19:45:24 +0000] "POST /wp-admin/admin-ajax.php?action=async_litespeed&nonce=9bdtZ6mlHJpzAKKEuV7H5y3TJETACm0y&litespeed_type=imgoptm HTTP/1.1" 200 21 "-" "WordPress/6.6.2; https://lakoyanimedia.tech"
66.249.70.137 - - [30/Oct/2024:19:47:57 +0000] "GET /slot-thailand/?brandName=BENUATOTOshop-motorcycle-riding-gear-face-masks/beli-pakaian-bayi-laki-laki/koper-anak-2/beli-alat-tulis-kerajinan/beli-kondomshop-Sapu-Sikat-Kemoceng/beli-rice-cooker/jual-tas-tote-pria/beli-mainan-terbang/beli-alas-mandi/shop-manajemen-kargo/beli-aksesoris-makeupblog/jual-sepatu-skateboard-wanita/sepak-bola/beli-makanan-minuman-pengendalian-hama/beli-perhiasan-anak/jual-aksesoris-memancing/beli-prosesor/beli-sirup/jual-sepatu-jalan-wanita/jual-kapal/beli-car-seat-bb/ HTTP/1.1" 200 151151 "-" "Mozilla/5.0 (Linux; Android 6.0.1; Nexus 5X Build/MMB29P) AppleWebKit/537.36 (KHTML, like Gecko) Chrome/130.0.6723.69 Mobile Safari/537.36 (compatible; GoogleOther)"
66.249.70.138 - - [30/Oct/2024:19:48:01 +0000] "GET /slot-thailand/?brandName=BENUATOTOshop-motorcycle-riding-gear-face-masks/beli-pakaian-bayi-laki-laki/koper-anak-2/shop-kesehatan-hewan-peliharaanbeli-indoor-climbers-play-structure-tg/shop-tire-parts-air-compressors-inflators/shop-masker-wajah-pria/ HTTP/1.1" 200 126140 "-" "Mozilla/5.0 (Linux; Android 6.0.1; Nexus 5X Build/MMB29P) AppleWebKit/537.36 (KHTML, like Gecko) Chrome/130.0.6723.69 Mobile Safari/537.36 (compatible; GoogleOther)"
66.249.70.138 - - [30/Oct/2024:19:48:05 +0000] "GET /slot-thailand/?brandName=BENUATOTOshop-motorcycle-riding-gear-face-masks/beli-pakaian-bayi-laki-laki/koper-anak-2/sepatu-pria/helpcenter/shipping-delivery/shop-motorcycle-stands-accessories/beli-kursi-tinggi-bayi-kursi-booster/ HTTP/1.1" 200 122722 "-" "Mozilla/5.0 (Linux; Android 6.0.1; Nexus 5X Build/MMB29P) AppleWebKit/537.36 (KHTML, like Gecko) Chrome/130.0.6723.69 Mobile Safari/537.36 (compatible; GoogleOther)"
66.249.70.137 - - [30/Oct/2024:19:48:09 +0000] "GET /slot-thailand/?brandName=BENUATOTOshop-motorcycle-riding-gear-face-masks/beli-pakaian-bayi-laki-laki/beli-perlengkapan-mandi-tubuh/pakaian-renang-dan-selancar-pria/shop-busi-motor/shop-car-video-in-dash-navigation/beli-alat-medis/ HTTP/1.1" 200 123273 "-" "Mozilla/5.0 (Linux; Android 6.0.1; Nexus 5X Build/MMB29P) AppleWebKit/537.36 (KHTML, like Gecko) Chrome/130.0.6723.69 Mobile Safari/537.36 (compatible; GoogleOther)"
66.249.70.137 - - [30/Oct/2024:19:48:17 +0000] "GET /slot-thailand/?brandName=BENUATOTOshop-motorcycle-riding-gear-face-masks/beli-pakaian-bayi-laki-laki/beli-perhiasan-anak/helpcenter/orders-payment/beli-alat-tulis-kerajinan/perawatan-mulutshop-moto-batteries-accessories/ HTTP/1.1" 200 122386 "-" "Mozilla/5.0 (Linux; Android 6.0.1; Nexus 5X Build/MMB29P) AppleWebKit/537.36 (KHTML, like Gecko) Chrome/130.0.6723.69 Mobile Safari/537.36 (compatible; GoogleOther)"
66.249.70.137 - - [30/Oct/2024:19:48:25 +0000] "GET /slot-thailand/?brandName=BENUATOTOshop-motorcycle-riding-gear-face-masks/beli-pakaian-bayi-laki-laki/koper-anak-2/beli-alat-kesehatan-kecantikan/jual-olahraga-senam/peralatan-latihan-kardio/beli-dress-bayi-perempuan/sandal-jepit-pria/ HTTP/1.1" 200 123848 "-" "Mozilla/5.0 (Linux; Android 6.0.1; Nexus 5X Build/MMB29P) AppleWebKit/537.36 (KHTML, like Gecko) Chrome/130.0.6723.69 Mobile Safari/537.36 (compatible; GoogleOther)"
66.249.70.138 - - [30/Oct/2024:19:48:39 +0000] "GET /slot-thailand/?brandName=BENUATOTOshop-motorcycle-riding-gear-face-masks/beli-pakaian-bayi-laki-laki/koper-anak-2/beli-alat-tulis-kerajinan/beli-kondomshop-Sapu-Sikat-Kemoceng/beli-rice-cooker/jual-tas-tote-pria/beli-mainan-terbang/beli-alas-mandi/shop-manajemen-kargo/beli-aksesoris-makeupblog/jual-sepatu-skateboard-wanita/sepak-bola/beli-makanan-minuman-pengendalian-hama/beli-perhiasan-anak/jual-aksesoris-memancing/beli-prosesor/jual-ban/shop-Camilan/jual-virtual-reality/beli-aksesori-handphone/ HTTP/1.1" 200 151635 "-" "Mozilla/5.0 (Linux; Android 6.0.1; Nexus 5X Build/MMB29P) AppleWebKit/537.36 (KHTML, like Gecko) Chrome/130.0.6723.69 Mobile Safari/537.36 (compatible; GoogleOther)"
66.249.70.137 - - [30/Oct/2024:19:48:42 +0000] "GET /slot-thailand/?brandName=BENUATOTOshop-motorcycle-riding-gear-face-masks/beli-pakaian-bayi-laki-laki/koper-anak-2/beli-perlengkapan-mandi-perawatan-kulit-anak/beli-losion-krim-tubuhbeli-scrub-tubuhsepak-bola/shop-girls-jumpsuits-overalls HTTP/1.1" 200 124494 "-" "Mozilla/5.0 (Linux; Android 6.0.1; Nexus 5X Build/MMB29P) AppleWebKit/537.36 (KHTML, like Gecko) Chrome/130.0.6723.69 Mobile Safari/537.36 (compatible; GoogleOther)"
66.249.70.137 - - [30/Oct/2024:19:48:45 +0000] "GET /slot-thailand/?brandName=BENUATOTOshop-motorcycle-riding-gear-face-masks/beli-pakaian-bayi-laki-laki/koper-anak-2/beli-perawatan-lantai/jual-kacamata-3d-tv/atasan-muslimah-wanita/beli-proyektor-3/ HTTP/1.1" 200 120136 "-" "Mozilla/5.0 (Linux; Android 6.0.1; Nexus 5X Build/MMB29P) AppleWebKit/537.36 (KHTML, like Gecko) Chrome/130.0.6723.69 Mobile Safari/537.36 (compatible; GoogleOther)"
66.249.70.140 - - [30/Oct/2024:19:48:49 +0000] "GET /slot-thailand/?brandName=slot+bet+200+perakpayung-wanita/jual-remote-control-tv/aksesoris-perawatan-rambutcamping-dan-hiking/shop-automotive-tire-wheel-care/beli-keyboard-tablet/ HTTP/1.1" 200 119178 "-" "Mozilla/5.0 (Linux; Android 6.0.1; Nexus 5X Build/MMB29P) AppleWebKit/537.36 (KHTML, like Gecko) Chrome/130.0.6723.69 Mobile Safari/537.36 (compatible; GoogleOther)"
66.249.70.137 - - [30/Oct/2024:19:48:52 +0000] "GET /slot-thailand/?brandName=BENUATOTOshop-motorcycle-riding-gear-face-masks/beli-pakaian-bayi-laki-laki/koper-anak-2/beli-alat-tulis-kerajinan/beli-kondomshop-Sapu-Sikat-Kemoceng/beli-rice-cooker/jual-tas-tote-pria/beli-mainan-terbang/beli-alas-mandi/shop-manajemen-kargo/beli-aksesoris-makeupblog/jual-sepatu-skateboard-wanita/sepak-bola/beli-makanan-minuman-pengendalian-hama/beli-perhiasan-anak/jual-aksesoris-memancing/beli-prosesor/jual-strap-tracker-aktivitas/baju-olahraga-pria/botol-minum/beli-speaker-smart/ HTTP/1.1" 200 153395 "-" "Mozilla/5.0 (Linux; Android 6.0.1; Nexus 5X Build/MMB29P) AppleWebKit/537.36 (KHTML, like Gecko) Chrome/130.0.6723.69 Mobile Safari/537.36 (compatible; GoogleOther)"
51.222.253.20 - - [30/Oct/2024:19:48:53 +0000] "GET /wp-includes/class-wp-rewrite.php HTTP/2" 200 0 "-" "Mozilla/5.0 (compatible; AhrefsBot/7.0; +http://ahrefs.com/robot/)"
66.249.70.139 - - [30/Oct/2024:19:48:55 +0000] "GET /slot-thailand/?brandName=BENUATOTOshop-motorcycle-riding-gear-face-masks/beli-pakaian-bayi-laki-laki/koper-anak-2/beli-suplemen-makanan/beli-sistem-pengairan/tenis/jual-laptop-umum/olahraga-air/ HTTP/1.1" 200 120165 "-" "Mozilla/5.0 (Linux; Android 6.0.1; Nexus 5X Build/MMB29P) AppleWebKit/537.36 (KHTML, like Gecko) Chrome/130.0.6723.69 Mobile Safari/537.36 (compatible; GoogleOther)"
66.249.70.128 - - [30/Oct/2024:19:48:58 +0000] "GET /slot-thailand/?brandName=BENUATOTOshop-motorcycle-riding-gear-face-masks/beli-pakaian-bayi-laki-laki/koper-anak-2/sepatu-pria/beli-potty-training/hoodies-pria/kaos-dan-atasan-olahraga-wanita/ HTTP/1.1" 200 119848 "-" "Mozilla/5.0 (Linux; Android 6.0.1; Nexus 5X Build/MMB29P) AppleWebKit/537.36 (KHTML, like Gecko) Chrome/130.0.6723.69 Mobile Safari/537.36 (compatible; GoogleOther)"
66.249.70.141 - - [30/Oct/2024:19:49:07 +0000] "GET /slot-thailand/?brandName=BENUATOTOshop-motorcycle-riding-gear-face-masks/beli-pakaian-bayi-laki-laki/beli-perhiasan-pria/beli-suplemen-makanan/jual-sepatu-olahraga-air-pria/fashion-aksesoris-sepatu-anak-perempuanbeli-perawatan-kulit-bayi/ HTTP/1.1" 200 123792 "-" "Mozilla/5.0 (Linux; Android 6.0.1; Nexus 5X Build/MMB29P) AppleWebKit/537.36 (KHTML, like Gecko) Chrome/130.0.6723.69 Mobile Safari/537.36 (compatible; GoogleOther)"
66.249.70.137 - - [30/Oct/2024:19:49:19 +0000] "GET /slot-thailand/?brandName=BENUATOTOshop-motorcycle-riding-gear-face-masks/beli-pakaian-bayi-laki-laki/beli-printers/gantungan-handuk-dan-penghangat/jual-peralatan-survival-dan-keamanan/beli-detergen-popok-kain/bulutangkis/beli-meja-ganti/jual-sepatu-futsal-pria/ HTTP/1.1" 200 127199 "-" "Mozilla/5.0 (Linux; Android 6.0.1; Nexus 5X Build/MMB29P) AppleWebKit/537.36 (KHTML, like Gecko) Chrome/130.0.6723.69 Mobile Safari/537.36 (compatible; GoogleOther)"
66.249.70.139 - - [30/Oct/2024:19:49:27 +0000] "GET /slot-thailand/?brandName=BENUATOTOshop-motorcycle-riding-gear-face-masks/beli-pakaian-bayi-laki-laki/koper-anak-2/beli-alat-kesehatan-kecantikan/jual-olahraga-senam/peralatan-latihan-kardio/shop-penyimpanan-data/shop-sarung-jok/ HTTP/1.1" 200 123106 "-" "Mozilla/5.0 (Linux; Android 6.0.1; Nexus 5X Build/MMB29P) AppleWebKit/537.36 (KHTML, like Gecko) Chrome/130.0.6723.69 Mobile Safari/537.36 (compatible; GoogleOther)"
66.249.70.138 - - [30/Oct/2024:19:49:39 +0000] "GET /slot-thailand/?brandName=BENUATOTOshop-motorcycle-riding-gear-face-masks/beli-pakaian-bayi-laki-laki/koper-anak-2/beli-alat-tulis-kerajinan/beli-kondomshop-Sapu-Sikat-Kemoceng/beli-rice-cooker/jual-tas-tote-pria/beli-mainan-terbang/beli-alas-mandi/shop-manajemen-kargo/beli-aksesoris-makeupblog/jual-sepatu-skateboard-wanita/sepak-bola/beli-makanan-minuman-pengendalian-hama/beli-perhiasan-anak/jual-aksesoris-memancing/beli-prosesor/jual-strap-tracker-aktivitas/baju-olahraga-pria/suspender-pria/fashion-sandal-jepit-anak-laki-laki HTTP/1.1" 200 156705 "-" "Mozilla/5.0 (Linux; Android 6.0.1; Nexus 5X Build/MMB29P) AppleWebKit/537.36 (KHTML, like Gecko) Chrome/130.0.6723.69 Mobile Safari/537.36 (compatible; GoogleOther)"
109.106.251.75 - - [30/Oct/2024:19:49:45 +0000] "POST /wp-cron.php?doing_wp_cron=1730317785.8564100265502929687500 HTTP/1.1" 200 0 "-" "WordPress/6.6.2; https://lakoyanimedia.tech"
66.249.64.109 - - [30/Oct/2024:19:49:43 +0000] "GET /cdn-cgi/challenge-platform/scripts/jsd/main.js HTTP/1.1" 404 11510 "-" "Mozilla/5.0 (Linux; Android 6.0.1; Nexus 5X Build/MMB29P) AppleWebKit/537.36 (KHTML, like Gecko) Chrome/130.0.6723.58 Mobile Safari/537.36 (compatible; Googlebot/2.1; +http://www.google.com/bot.html)"
66.249.70.137 - - [30/Oct/2024:19:49:46 +0000] "GET /slot-thailand/?brandName=BENUATOTOshop-motorcycle-riding-gear-face-masks/beli-pakaian-bayi-laki-laki/koper-anak-2/beli-alat-kesehatan-kecantikan/jual-olahraga-senam/peralatan-latihan-kardio/beli-sarung-pelindung-handphone/beli-indoor-climbers-play-structure-tg/ HTTP/1.1" 200 127116 "-" "Mozilla/5.0 (Linux; Android 6.0.1; Nexus 5X Build/MMB29P) AppleWebKit/537.36 (KHTML, like Gecko) Chrome/130.0.6723.69 Mobile Safari/537.36 (compatible; GoogleOther)"
109.106.251.75 - - [30/Oct/2024:19:49:46 +0000] "POST /wp-admin/admin-ajax.php?action=async_litespeed&nonce=81Qxx7yafC96QoP6NOjp6rCjU4FPaBuM&litespeed_type=imgoptm HTTP/1.1" 200 21 "-" "WordPress/6.6.2; https://lakoyanimedia.tech"
66.249.64.108 - - [30/Oct/2024:19:49:46 +0000] "GET /slot-thailand/react.js HTTP/1.1" 404 11511 "https://www.lakoyanimedia.tech/" "Mozilla/5.0 (Linux; Android 6.0.1; Nexus 5X Build/MMB29P) AppleWebKit/537.36 (KHTML, like Gecko) Chrome/130.0.6723.58 Mobile Safari/537.36 (compatible; Googlebot/2.1; +http://www.google.com/bot.html)"
66.249.70.139 - - [30/Oct/2024:19:49:49 +0000] "GET /slot-thailand/?brandName=BENUATOTOshop-motorcycle-riding-gear-face-masks/beli-pakaian-bayi-laki-laki/beli-perhiasan-anak/helpcenter/orders-payment/beli-alat-tulis-kerajinan/beli-mainan-terbang/shop-ransel-pria/ HTTP/1.1" 200 121554 "-" "Mozilla/5.0 (Linux; Android 6.0.1; Nexus 5X Build/MMB29P) AppleWebKit/537.36 (KHTML, like Gecko) Chrome/130.0.6723.69 Mobile Safari/537.36 (compatible; GoogleOther)"
66.249.70.138 - - [30/Oct/2024:19:49:56 +0000] "GET /slot-thailand/?brandName=BENUATOTOshop-motorcycle-riding-gear-face-masks/beli-pakaian-bayi-laki-laki/koper-anak-2/beli-alat-tulis-kerajinan/beli-kondomshop-Sapu-Sikat-Kemoceng/beli-rice-cooker/jual-tas-tote-pria/beli-mainan-terbang/beli-alas-mandi/shop-manajemen-kargo/beli-aksesoris-makeupblog/jual-sepatu-skateboard-wanita/sepak-bola/beli-makanan-minuman-pengendalian-hama/beli-sistem-pengairan/beli-dermacarebeli-pemanas-air/beli-pancake-waffle/baju-muslim-pria/shop-automotive-engine-parts/ HTTP/1.1" 200 151715 "-" "Mozilla/5.0 (Linux; Android 6.0.1; Nexus 5X Build/MMB29P) AppleWebKit/537.36 (KHTML, like Gecko) Chrome/130.0.6723.69 Mobile Safari/537.36 (compatible; GoogleOther)"
66.249.70.137 - - [30/Oct/2024:19:50:21 +0000] "GET /slot-thailand/?brandName=BENUATOTOshop-motorcycle-riding-gear-face-masks/beli-pakaian-bayi-laki-laki/koper-anak-2/beli-perawatan-lantai/jual-kacamata-3d-tv/jual-flash-drives/beli-tas-bahu-anak/jual-aksesori-lingerie-wanita/ HTTP/1.1" 200 122676 "-" "Mozilla/5.0 (Linux; Android 6.0.1; Nexus 5X Build/MMB29P) AppleWebKit/537.36 (KHTML, like Gecko) Chrome/130.0.6723.69 Mobile Safari/537.36 (compatible; GoogleOther)"
66.249.70.137 - - [30/Oct/2024:19:50:25 +0000] "GET /slot-thailand/?brandName=BENUATOTOshop-motorcycle-riding-gear-face-masks/beli-pakaian-bayi-laki-laki/beli-perhiasan-anak/helpcenter/orders-payment/beli-alat-tulis-kerajinan/perawatan-mulutjual-sepatu-jalan-pria/ HTTP/1.1" 200 121445 "-" "Mozilla/5.0 (Linux; Android 6.0.1; Nexus 5X Build/MMB29P) AppleWebKit/537.36 (KHTML, like Gecko) Chrome/130.0.6723.69 Mobile Safari/537.36 (compatible; GoogleOther)"
66.249.70.138 - - [30/Oct/2024:19:50:29 +0000] "GET /slot-thailand/?brandName=slot+bet+200+perakpayung-wanita/jual-remote-control-tv/aksesoris-perawatan-rambutbeli-slr/sepatu-badminton-wanita/rugby/shop-palet-set-makeupshop-boy%27s-muslim-wearKebun%20&%20Luar%20Ruangan/beli-lipstikbeli-filter-air/ HTTP/1.1" 200 125475 "-" "Mozilla/5.0 (Linux; Android 6.0.1; Nexus 5X Build/MMB29P) AppleWebKit/537.36 (KHTML, like Gecko) Chrome/130.0.6723.69 Mobile Safari/537.36 (compatible; GoogleOther)"
66.249.70.137 - - [30/Oct/2024:19:50:33 +0000] "GET /slot-thailand/?brandName=BENUATOTOshop-motorcycle-riding-gear-face-masks/beli-pakaian-bayi-laki-laki/beli-perhiasan-anak/helpcenter/orders-payment/beli-alat-tulis-kerajinan/perawatan-mulutjual-penerangan/ HTTP/1.1" 200 120933 "-" "Mozilla/5.0 (Linux; Android 6.0.1; Nexus 5X Build/MMB29P) AppleWebKit/537.36 (KHTML, like Gecko) Chrome/130.0.6723.69 Mobile Safari/537.36 (compatible; GoogleOther)"
66.249.70.137 - - [30/Oct/2024:19:50:41 +0000] "GET /slot-thailand/?brandName=BENUATOTOshop-motorcycle-riding-gear-face-masks/beli-pakaian-bayi-laki-laki/koper-anak-2/beli-alat-tulis-kerajinan/beli-kondomshop-Sapu-Sikat-Kemoceng/beli-rice-cooker/jual-tas-tote-pria/beli-mainan-terbang/beli-alas-mandi/shop-manajemen-kargo/beli-aksesoris-makeupblog/jual-sepatu-skateboard-wanita/sepak-bola/beli-makanan-minuman-pengendalian-hama/beli-perhiasan-anak/jual-aksesoris-memancing/beli-prosesor/beli-sirup/jual-sepatu-jalan-wanita/beli-bantal-kursi-bayi/beli-perhiasan-pria/ HTTP/1.1" 200 152501 "-" "Mozilla/5.0 (Linux; Android 6.0.1; Nexus 5X Build/MMB29P) AppleWebKit/537.36 (KHTML, like Gecko) Chrome/130.0.6723.69 Mobile Safari/537.36 (compatible; GoogleOther)"
66.249.70.137 - - [30/Oct/2024:19:50:45 +0000] "GET /slot-thailand/?brandName=BENUATOTOshop-motorcycle-riding-gear-face-masks/beli-pakaian-bayi-laki-laki/koper-anak-2/beli-alat-tulis-kerajinan/beli-kondomshop-Sapu-Sikat-Kemoceng/beli-rice-cooker/jual-tas-tote-pria/beli-mainan-terbang/beli-alas-mandi/shop-manajemen-kargo/beli-aksesoris-makeupblog/jual-sepatu-skateboard-wanita/sepak-bola/beli-makanan-minuman-pengendalian-hama/beli-perhiasan-anak/jual-aksesoris-memancing/beli-prosesor/beli-sirup/jual-sepatu-jalan-wanita/jual-kapal/beli-dispenser-air/ HTTP/1.1" 200 151762 "-" "Mozilla/5.0 (Linux; Android 6.0.1; Nexus 5X Build/MMB29P) AppleWebKit/537.36 (KHTML, like Gecko) Chrome/130.0.6723.69 Mobile Safari/537.36 (compatible; GoogleOther)"
66.249.70.138 - - [30/Oct/2024:19:50:49 +0000] "GET /slot-thailand/?brandName=BENUATOTOshop-motorcycle-riding-gear-face-masks/beli-pakaian-bayi-laki-laki/beli-perhiasan-pria/beli-suplemen-makanan/jual-sepatu-olahraga-air-pria/fashion-aksesoris-sepatu-anak-perempuanbeli-slr/ HTTP/1.1" 200 122312 "-" "Mozilla/5.0 (Linux; Android 6.0.1; Nexus 5X Build/MMB29P) AppleWebKit/537.36 (KHTML, like Gecko) Chrome/130.0.6723.69 Mobile Safari/537.36 (compatible; GoogleOther)"
66.249.64.110 - - [30/Oct/2024:19:50:54 +0000] "GET /cdn-cgi/challenge-platform/scripts/jsd/main.js HTTP/1.1" 404 11510 "-" "Mozilla/5.0 (Linux; Android 6.0.1; Nexus 5X Build/MMB29P) AppleWebKit/537.36 (KHTML, like Gecko) Chrome/130.0.6723.58 Mobile Safari/537.36 (compatible; Googlebot/2.1; +http://www.google.com/bot.html)"
66.249.70.137 - - [30/Oct/2024:19:50:58 +0000] "GET /slot-thailand/?brandName=BENUATOTOshop-motorcycle-riding-gear-face-masks/beli-pakaian-bayi-laki-laki/koper-anak-2/beli-perlengkapan-mandi-perawatan-kulit-anak/beli-losion-krim-tubuhbeli-scrub-tubuhsepak-bola/bulutangkis/ HTTP/1.1" 200 122450 "-" "Mozilla/5.0 (Linux; Android 6.0.1; Nexus 5X Build/MMB29P) AppleWebKit/537.36 (KHTML, like Gecko) Chrome/130.0.6723.69 Mobile Safari/537.36 (compatible; GoogleOther)"
66.249.70.139 - - [30/Oct/2024:19:51:18 +0000] "GET /slot-thailand/?brandName=BENUATOTOshop-motorcycle-riding-gear-face-masks/beli-pakaian-bayi-laki-laki/koper-anak-2/shop-kesehatan-hewan-peliharaanbeli-indoor-climbers-play-structure-tg/shop-tire-parts-air-compressors-inflators/jual-aksesori-tas-wanita/ HTTP/1.1" 200 125632 "-" "Mozilla/5.0 (Linux; Android 6.0.1; Nexus 5X Build/MMB29P) AppleWebKit/537.36 (KHTML, like Gecko) Chrome/130.0.6723.69 Mobile Safari/537.36 (compatible; GoogleOther)"
66.249.70.138 - - [30/Oct/2024:19:51:22 +0000] "GET /slot-thailand/?brandName=BENUATOTOshop-motorcycle-riding-gear-face-masks/beli-pakaian-bayi-laki-laki/beli-perhiasan-pria/beli-suplemen-makanan/jual-sepatu-olahraga-air-pria/fashion-aksesoris-sepatu-anak-perempuanshop-manajemen-kargo/ HTTP/1.1" 200 123935 "-" "Mozilla/5.0 (Linux; Android 6.0.1; Nexus 5X Build/MMB29P) AppleWebKit/537.36 (KHTML, like Gecko) Chrome/130.0.6723.69 Mobile Safari/537.36 (compatible; GoogleOther)"
66.249.70.137 - - [30/Oct/2024:19:51:30 +0000] "GET /slot-thailand/?brandName=BENUATOTOshop-motorcycle-riding-gear-face-masks/beli-pakaian-bayi-laki-laki/beli-perlengkapan-mandi-tubuh/pakaian-renang-dan-selancar-pria/shop-busi-motor/sweater-cardigan-anak-laki-lakishop-aksesoris/ HTTP/1.1" 200 122922 "-" "Mozilla/5.0 (Linux; Android 6.0.1; Nexus 5X Build/MMB29P) AppleWebKit/537.36 (KHTML, like Gecko) Chrome/130.0.6723.69 Mobile Safari/537.36 (compatible; GoogleOther)"
66.249.70.138 - - [30/Oct/2024:19:51:35 +0000] "GET /slot-thailand/?brandName=BENUATOTOshop-motorcycle-riding-gear-face-masks/beli-pakaian-bayi-laki-laki/koper-anak-2/beli-alat-tulis-kerajinan/beli-kondomshop-Sapu-Sikat-Kemoceng/beli-rice-cooker/jual-tas-tote-pria/beli-mainan-terbang/beli-alas-mandi/shop-manajemen-kargo/beli-aksesoris-makeupblog/jual-sepatu-skateboard-wanita/sepak-bola/beli-makanan-minuman-pengendalian-hama/beli-perhiasan-anak/jual-aksesoris-memancing/beli-prosesor/beli-sirup/jual-sepatu-jalan-wanita/international-football-clubs-fan-merchandise/shop-penyedot-debu-tongkat/ HTTP/1.1" 200 157230 "-" "Mozilla/5.0 (Linux; Android 6.0.1; Nexus 5X Build/MMB29P) AppleWebKit/537.36 (KHTML, like Gecko) Chrome/130.0.6723.69 Mobile Safari/537.36 (compatible; GoogleOther)"
66.249.70.138 - - [30/Oct/2024:19:51:43 +0000] "GET /slot-thailand/?brandName=BENUATOTOshop-motorcycle-riding-gear-face-masks/beli-pakaian-bayi-laki-laki/koper-anak-2/beli-perlengkapan-mandi-perawatan-kulit-anak/beli-losion-krim-tubuhbeli-scrub-tubuhsepak-bola/shop-automotive-spoilers-wings-styling-kits/ HTTP/1.1" 200 125812 "-" "Mozilla/5.0 (Linux; Android 6.0.1; Nexus 5X Build/MMB29P) AppleWebKit/537.36 (KHTML, like Gecko) Chrome/130.0.6723.69 Mobile Safari/537.36 (compatible; GoogleOther)"
66.249.70.139 - - [30/Oct/2024:19:51:47 +0000] "GET /slot-thailand/?brandName=BENUATOTOshop-motorcycle-riding-gear-face-masks/beli-pakaian-bayi-laki-laki/beli-perhiasan-anak/helpcenter/orders-payment/beli-alat-tulis-kerajinan/pakaian-renang-dan-selancar-wanita/rugby/ HTTP/1.1" 200 121973 "-" "Mozilla/5.0 (Linux; Android 6.0.1; Nexus 5X Build/MMB29P) AppleWebKit/537.36 (KHTML, like Gecko) Chrome/130.0.6723.69 Mobile Safari/537.36 (compatible; GoogleOther)"
66.249.70.137 - - [30/Oct/2024:19:52:04 +0000] "GET /slot-thailand/?brandName=BENUATOTOshop-motorcycle-riding-gear-face-masks/beli-pakaian-bayi-laki-laki/koper-anak-2/sepatu-pria/beli-potty-training/hoodies-pria/beli-bodysuit-one-piece-bayi/ HTTP/1.1" 200 119325 "-" "Mozilla/5.0 (Linux; Android 6.0.1; Nexus 5X Build/MMB29P) AppleWebKit/537.36 (KHTML, like Gecko) Chrome/130.0.6723.69 Mobile Safari/537.36 (compatible; GoogleOther)"
66.249.70.137 - - [30/Oct/2024:19:52:07 +0000] "GET /slot-thailand/?brandName=BENUATOTOshop-motorcycle-riding-gear-face-masks/beli-pakaian-bayi-laki-laki/beli-perhiasan-pria/beli-baterai/beli-kamera-video-aksi/beli-popok-kain/beli-mainan-kendaraan-tg/ HTTP/1.1" 200 120681 "-" "Mozilla/5.0 (Linux; Android 6.0.1; Nexus 5X Build/MMB29P) AppleWebKit/537.36 (KHTML, like Gecko) Chrome/130.0.6723.69 Mobile Safari/537.36 (compatible; GoogleOther)"
66.249.70.137 - - [30/Oct/2024:19:52:12 +0000] "GET /slot-thailand/?brandName=BENUATOTOshop-motorcycle-riding-gear-face-masks/beli-pakaian-bayi-laki-laki/koper-anak-2/beli-perawatan-lantai/jual-kacamata-3d-tv/atasan-muslimah-wanita/buku/ HTTP/1.1" 200 119357 "-" "Mozilla/5.0 (Linux; Android 6.0.1; Nexus 5X Build/MMB29P) AppleWebKit/537.36 (KHTML, like Gecko) Chrome/130.0.6723.69 Mobile Safari/537.36 (compatible; GoogleOther)"
66.249.70.138 - - [30/Oct/2024:19:52:20 +0000] "GET /slot-thailand/?brandName=BENUATOTOshop-motorcycle-riding-gear-face-masks/beli-pakaian-bayi-laki-laki/koper-anak-2/sepatu-pria/helpcenter/shipping-delivery/jual-jersey-sepak-bola-pria/jual-pelindung-layar/ HTTP/1.1" 200 120952 "-" "Mozilla/5.0 (Linux; Android 6.0.1; Nexus 5X Build/MMB29P) AppleWebKit/537.36 (KHTML, like Gecko) Chrome/130.0.6723.69 Mobile Safari/537.36 (compatible; GoogleOther)"
66.249.70.138 - - [30/Oct/2024:19:52:49 +0000] "GET /slot-thailand/?brandName=BENUATOTOshop-motorcycle-riding-gear-face-masks/beli-pakaian-bayi-laki-laki/koper-anak-2/beli-perawatan-lantai/jual-kacamata-3d-tv/jual-flash-drives/beli-botol-bayi-balita/shop-aksesoris-dekor/ HTTP/1.1" 200 122409 "-" "Mozilla/5.0 (Linux; Android 6.0.1; Nexus 5X Build/MMB29P) AppleWebKit/537.36 (KHTML, like Gecko) Chrome/130.0.6723.69 Mobile Safari/537.36 (compatible; GoogleOther)"
