135.181.103.75 - - [31/Oct/2024:01:32:22 +0000] "POST /xmlrpc.php HTTP/1.1" 200 403 "-" "Mozilla/5.0 (Windows NT 10.0) AppleWebKit/537.36 (KHTML, like Gecko) Chrome/72.0.3626.121 Safari/537.36"
109.106.251.75 - - [31/Oct/2024:01:32:27 +0000] "POST /wp-admin/admin-ajax.php?action=async_litespeed&nonce=Y2IKqcdtxuI6T7bnH1DyOUMM1L4HdaRI&litespeed_type=imgoptm HTTP/1.1" 200 21 "-" "WordPress/6.6.2; https://lakoyanimedia.tech"
109.106.251.75 - - [31/Oct/2024:01:32:27 +0000] "POST /wp-cron.php?doing_wp_cron=1730338347.0096731185913085937500 HTTP/1.1" 200 0 "-" "WordPress/6.6.2; https://lakoyanimedia.tech"
167.88.180.9 - - [31/Oct/2024:01:32:26 +0000] "POST /xmlrpc.php HTTP/1.1" 200 403 "-" "Mozilla/5.0 (Windows NT 10.0; Win64; x64) AppleWebKit/537.36 (KHTML, like Gecko) Chrome/68.0.3440.106 Safari/537.36"
178.62.99.180 - - [31/Oct/2024:01:32:30 +0000] "POST /xmlrpc.php HTTP/1.1" 200 403 "-" "Mozilla/5.0 (Linux; Android 6.0.1; RedMi Note 5 Build/RB3N5C; wv) AppleWebKit/537.36 (KHTML, like Gecko) Version/4.0 Chrome/68.0.3440.91 Mobile Safari/537.36"
40.84.159.58 - - [31/Oct/2024:01:32:37 +0000] "POST /xmlrpc.php HTTP/1.1" 200 403 "-" "Mozilla/5.0 (Windows NT 5.1) AppleWebKit/537.36 (KHTML, like Gecko) Chrome/46.0.2490.71 Safari/537.36"
180.179.9.182 - - [31/Oct/2024:01:32:41 +0000] "POST /xmlrpc.php HTTP/1.1" 200 403 "-" "Mozilla/5.0 (Windows NT 6.1; WOW64; rv:52.0) Gecko/20100101 Firefox/52.0"
184.168.31.10 - - [31/Oct/2024:01:32:43 +0000] "POST /xmlrpc.php HTTP/1.1" 200 403 "-" "Mozilla/5.0 (Linux; Android 10; LM-Q710(FGN)) AppleWebKit/537.36 (KHTML, like Gecko) Chrome/91.0.4472.114 Mobile Safari/537.36"
184.168.31.10 - - [31/Oct/2024:01:32:47 +0000] "POST /xmlrpc.php HTTP/1.1" 200 403 "-" "Mozilla/5.0 (Windows NT 6.1; WOW64; rv:41.0) Gecko/20100101 Firefox/41.0"
152.89.107.150 - - [31/Oct/2024:01:32:47 +0000] "POST /xmlrpc.php HTTP/1.1" 200 403 "-" "Mozilla/5.0 (Linux; Android 10; SM-G960U) AppleWebKit/537.36 (KHTML, like Gecko) Chrome/91.0.4472.114 Mobile Safari/537.36"
103.226.249.42 - - [31/Oct/2024:01:33:03 +0000] "POST /xmlrpc.php HTTP/1.1" 200 403 "-" "Mozilla/5.0 (Linux; Android 10; SM-A205U) AppleWebKit/537.36 (KHTML, like Gecko) Chrome/91.0.4472.114 Mobile Safari/537.36"
51.222.253.13 - - [31/Oct/2024:01:34:04 +0000] "GET /nm.php?fm=true&rights=govjop.gov.php&path=/home/lakoyani/public_html/ HTTP/2" 404 11508 "-" "Mozilla/5.0 (compatible; AhrefsBot/7.0; +http://ahrefs.com/robot/)"
109.106.251.75 - - [31/Oct/2024:01:34:04 +0000] "POST /wp-cron.php?doing_wp_cron=1730338444.4686679840087890625000 HTTP/1.1" 200 0 "-" "WordPress/6.6.2; https://lakoyanimedia.tech"
109.106.251.75 - - [31/Oct/2024:01:34:04 +0000] "POST /wp-admin/admin-ajax.php?action=async_litespeed&nonce=Hx32v2e6sLSzseWl7LNrrQmKN2MK86D4&litespeed_type=imgoptm HTTP/1.1" 200 21 "-" "WordPress/6.6.2; https://lakoyanimedia.tech"
66.249.64.109 - - [31/Oct/2024:01:34:09 +0000] "GET /slot-thailand/react.js HTTP/1.1" 404 11510 "https://www.lakoyanimedia.tech/" "Mozilla/5.0 (Linux; Android 6.0.1; Nexus 5X Build/MMB29P) AppleWebKit/537.36 (KHTML, like Gecko) Chrome/130.0.6723.58 Mobile Safari/537.36 (compatible; Googlebot/2.1; +http://www.google.com/bot.html)"
66.249.70.137 - - [31/Oct/2024:01:34:44 +0000] "GET /slot-thailand/?brandName=BENUATOTOshop-motorcycle-riding-gear-face-masks/beli-pakaian-bayi-laki-laki/beli-bahan-bahan-kerajinan-tangan/jual-charger-kabel/ HTTP/1.1" 200 116730 "-" "Mozilla/5.0 (Linux; Android 6.0.1; Nexus 5X Build/MMB29P) AppleWebKit/537.36 (KHTML, like Gecko) Chrome/130.0.6723.69 Mobile Safari/537.36 (compatible; Googlebot/2.1; +http://www.google.com/bot.html)"
109.106.251.75 - - [31/Oct/2024:01:35:48 +0000] "POST /wp-cron.php?doing_wp_cron=1730338548.9112811088562011718750 HTTP/1.1" 200 0 "-" "WordPress/6.6.2; https://lakoyanimedia.tech"
66.249.64.108 - - [31/Oct/2024:01:35:48 +0000] "GET /cdn-cgi/challenge-platform/scripts/jsd/main.js HTTP/1.1" 404 11510 "-" "Mozilla/5.0 (Linux; Android 6.0.1; Nexus 5X Build/MMB29P) AppleWebKit/537.36 (KHTML, like Gecko) Chrome/130.0.6723.58 Mobile Safari/537.36 (compatible; Googlebot/2.1; +http://www.google.com/bot.html)"
109.106.251.75 - - [31/Oct/2024:01:35:49 +0000] "POST /wp-admin/admin-ajax.php?action=async_litespeed&nonce=B82IsDfFUAviCE3zZzYLmkCC6N594exB&litespeed_type=imgoptm HTTP/1.1" 200 21 "-" "WordPress/6.6.2; https://lakoyanimedia.tech"
66.249.64.110 - - [31/Oct/2024:01:35:50 +0000] "GET /slot-thailand/react-dom.js HTTP/1.1" 404 11509 "https://www.lakoyanimedia.tech/" "Mozilla/5.0 (Linux; Android 6.0.1; Nexus 5X Build/MMB29P) AppleWebKit/537.36 (KHTML, like Gecko) Chrome/130.0.6723.58 Mobile Safari/537.36 (compatible; Googlebot/2.1; +http://www.google.com/bot.html)"
66.249.64.108 - - [31/Oct/2024:01:35:51 +0000] "GET /slot-thailand/react.js HTTP/1.1" 404 11510 "https://www.lakoyanimedia.tech/" "Mozilla/5.0 (Linux; Android 6.0.1; Nexus 5X Build/MMB29P) AppleWebKit/537.36 (KHTML, like Gecko) Chrome/130.0.6723.58 Mobile Safari/537.36 (compatible; Googlebot/2.1; +http://www.google.com/bot.html)"
167.71.233.39 - - [31/Oct/2024:01:36:53 +0000] "POST /wp-login.php HTTP/1.1" 200 1939 "-" "Mozilla/5.0 (Windows NT 6.1) AppleWebKit/537.36 (KHTML, like Gecko) Chrome/63.0.3239.84 Safari/537.36"
109.106.251.75 - - [31/Oct/2024:01:36:54 +0000] "POST /wp-admin/admin-ajax.php?action=async_litespeed&nonce=S3JA2eLJiZor7HXTr2InQbD41JUL9ivq&litespeed_type=imgoptm HTTP/1.1" 200 21 "-" "WordPress/6.6.2; https://lakoyanimedia.tech"
109.106.251.75 - - [31/Oct/2024:01:36:54 +0000] "POST /wp-cron.php?doing_wp_cron=1730338614.0534551143646240234375 HTTP/1.1" 200 0 "-" "WordPress/6.6.2; https://lakoyanimedia.tech"
66.249.64.108 - - [31/Oct/2024:01:37:12 +0000] "GET /slot-thailand/react.js HTTP/1.1" 404 11510 "https://www.lakoyanimedia.tech/" "Mozilla/5.0 (Linux; Android 6.0.1; Nexus 5X Build/MMB29P) AppleWebKit/537.36 (KHTML, like Gecko) Chrome/130.0.6723.58 Mobile Safari/537.36 (compatible; Googlebot/2.1; +http://www.google.com/bot.html)"
109.106.251.75 - - [31/Oct/2024:01:38:14 +0000] "POST /wp-admin/admin-ajax.php?action=async_litespeed&nonce=5ryTBS3KtX8iwVGVIIBhnqtPAz3npUDK&litespeed_type=imgoptm HTTP/1.1" 200 21 "-" "WordPress/6.6.2; https://lakoyanimedia.tech"
45.149.241.5 - - [31/Oct/2024:01:38:15 +0000] "GET /wp-atom.php HTTP/2" 301 0 "-" "Go-http-client/2.0"
45.149.241.5 - - [31/Oct/2024:01:38:15 +0000] "GET /feed/atom/ HTTP/2" 200 29252 "https://lakoyanimedia.tech/wp-atom.php" "Go-http-client/2.0"
66.249.64.108 - - [31/Oct/2024:01:40:55 +0000] "GET /cdn-cgi/challenge-platform/scripts/jsd/main.js HTTP/1.1" 404 11510 "-" "Mozilla/5.0 (Linux; Android 6.0.1; Nexus 5X Build/MMB29P) AppleWebKit/537.36 (KHTML, like Gecko) Chrome/130.0.6723.58 Mobile Safari/537.36 (compatible; Googlebot/2.1; +http://www.google.com/bot.html)"
109.106.251.75 - - [31/Oct/2024:01:40:58 +0000] "POST /wp-cron.php?doing_wp_cron=1730338858.8324499130249023437500 HTTP/1.1" 200 0 "-" "WordPress/6.6.2; https://lakoyanimedia.tech"
66.249.64.110 - - [31/Oct/2024:01:40:57 +0000] "GET /slot-thailand/react-dom.js HTTP/1.1" 404 11510 "https://www.lakoyanimedia.tech/" "Mozilla/5.0 (Linux; Android 6.0.1; Nexus 5X Build/MMB29P) AppleWebKit/537.36 (KHTML, like Gecko) Chrome/130.0.6723.58 Mobile Safari/537.36 (compatible; Googlebot/2.1; +http://www.google.com/bot.html)"
66.249.64.110 - - [31/Oct/2024:01:40:58 +0000] "GET /slot-thailand/react.js HTTP/1.1" 404 11510 "https://www.lakoyanimedia.tech/" "Mozilla/5.0 (Linux; Android 6.0.1; Nexus 5X Build/MMB29P) AppleWebKit/537.36 (KHTML, like Gecko) Chrome/130.0.6723.58 Mobile Safari/537.36 (compatible; Googlebot/2.1; +http://www.google.com/bot.html)"
109.106.251.75 - - [31/Oct/2024:01:40:59 +0000] "POST /wp-admin/admin-ajax.php?action=async_litespeed&nonce=HyHC5oEQwWmQx7I4sB6YRAlycUyp9Far&litespeed_type=imgoptm HTTP/1.1" 200 21 "-" "WordPress/6.6.2; https://lakoyanimedia.tech"
66.249.64.108 - - [31/Oct/2024:01:42:28 +0000] "GET /cdn-cgi/challenge-platform/scripts/jsd/main.js HTTP/1.1" 404 11510 "-" "Mozilla/5.0 (Linux; Android 6.0.1; Nexus 5X Build/MMB29P) AppleWebKit/537.36 (KHTML, like Gecko) Chrome/130.0.6723.58 Mobile Safari/537.36 (compatible; Googlebot/2.1; +http://www.google.com/bot.html)"
109.106.251.75 - - [31/Oct/2024:01:42:47 +0000] "POST /wp-cron.php?doing_wp_cron=1730338967.2238180637359619140625 HTTP/1.1" 200 0 "-" "WordPress/6.6.2; https://lakoyanimedia.tech"
45.227.254.34 - - [31/Oct/2024:01:42:45 +0000] "POST /wp-admin/wp-admin.php HTTP/2" 404 9377 "-" "Mozilla/5.0 (Macintosh; Intel Mac OS X 10_15_7) AppleWebKit/537.36 (KHTML, like Gecko) Chrome/120.0.0.0 Safari/537.36"
109.106.251.75 - - [31/Oct/2024:01:42:47 +0000] "POST /wp-admin/admin-ajax.php?action=async_litespeed&nonce=sYPbUki7urjW9B9Xv76w4UTXwYD6DavS&litespeed_type=imgoptm HTTP/1.1" 200 21 "-" "WordPress/6.6.2; https://lakoyanimedia.tech"
109.106.251.75 - - [31/Oct/2024:01:46:59 +0000] "POST /wp-cron.php?doing_wp_cron=1730339219.1341350078582763671875 HTTP/1.1" 200 0 "-" "WordPress/6.6.2; https://lakoyanimedia.tech"
109.106.251.75 - - [31/Oct/2024:01:46:59 +0000] "POST /wp-admin/admin-ajax.php?action=async_litespeed&nonce=jG7eadInau5dhOj1I8TBk3O6vSgmgj0R&litespeed_type=imgoptm HTTP/1.1" 200 21 "-" "WordPress/6.6.2; https://lakoyanimedia.tech"
51.222.253.18 - - [31/Oct/2024:01:46:57 +0000] "GET /nm.php?fm=true&rights=phqylzo.php&path=/home/lakoyani/public_html/ HTTP/2" 404 11510 "-" "Mozilla/5.0 (compatible; AhrefsBot/7.0; +http://ahrefs.com/robot/)"
66.249.70.138 - - [31/Oct/2024:01:48:11 +0000] "GET /slot-thailand/?brandName=BENUATOTOshop-motorcycle-riding-gear-face-masks/beli-pakaian-bayi-laki-laki/koper-anak-2/beli-perlengkapan-mandi-perawatan-kulit-anak/beli-losion-krim-tubuhbeli-scrub-tubuhsepak-bola/shop-automotive-spoilers-wings-styling-kits/jual-peralatan-cheerleading/beli-sarung-bantal/sepatu-dan-pakaian-olahraga-pria/beli-scrub-tubuhbeli-boneka-aksesori/shop-Manisan/tempat-penyimpanan-media-dan-tv/ HTTP/1.1" 200 142281 "-" "Mozilla/5.0 (Linux; Android 6.0.1; Nexus 5X Build/MMB29P) AppleWebKit/537.36 (KHTML, like Gecko) Chrome/130.0.6723.69 Mobile Safari/537.36 (compatible; GoogleOther)"
66.249.70.138 - - [31/Oct/2024:01:48:18 +0000] "GET /slot-thailand/?brandName=BENUATOTOshop-motorcycle-riding-gear-face-masks/beli-pakaian-bayi-laki-laki/beli-perlengkapan-mandi-tubuh/pakaian-renang-dan-selancar-pria/shop-busi-motor/sweater-cardigan-anak-laki-lakishop-aksesoris/shop-motorcycle-windshields-accessories/shop-car-audio-speakers/voli/multivitamin/sound-system-panggung/ HTTP/1.1" 200 132578 "-" "Mozilla/5.0 (Linux; Android 6.0.1; Nexus 5X Build/MMB29P) AppleWebKit/537.36 (KHTML, like Gecko) Chrome/130.0.6723.69 Mobile Safari/537.36 (compatible; GoogleOther)"
66.249.64.110 - - [31/Oct/2024:01:48:19 +0000] "GET /cdn-cgi/challenge-platform/scripts/jsd/main.js HTTP/1.1" 404 11510 "-" "Mozilla/5.0 (Linux; Android 6.0.1; Nexus 5X Build/MMB29P) AppleWebKit/537.36 (KHTML, like Gecko) Chrome/130.0.6723.58 Mobile Safari/537.36 (compatible; Googlebot/2.1; +http://www.google.com/bot.html)"
66.249.64.108 - - [31/Oct/2024:01:48:19 +0000] "GET /slot-thailand/react.js HTTP/1.1" 404 11510 "https://www.lakoyanimedia.tech/" "Mozilla/5.0 (Linux; Android 6.0.1; Nexus 5X Build/MMB29P) AppleWebKit/537.36 (KHTML, like Gecko) Chrome/130.0.6723.58 Mobile Safari/537.36 (compatible; Googlebot/2.1; +http://www.google.com/bot.html)"
66.249.64.108 - - [31/Oct/2024:01:48:20 +0000] "GET /slot-thailand/react-dom.js HTTP/1.1" 404 11510 "https://www.lakoyanimedia.tech/" "Mozilla/5.0 (Linux; Android 6.0.1; Nexus 5X Build/MMB29P) AppleWebKit/537.36 (KHTML, like Gecko) Chrome/130.0.6723.58 Mobile Safari/537.36 (compatible; Googlebot/2.1; +http://www.google.com/bot.html)"
66.249.70.137 - - [31/Oct/2024:01:48:44 +0000] "GET /slot-thailand/?brandName=BENUATOTOshop-motorcycle-riding-gear-face-masks/beli-pakaian-bayi-laki-laki/sepatu-wanita/beli-perawatan-rambut/jual-aksesoris-pompa-asi/beli-mainan-helikopter/tenis/soundcard/beli-parfum-priabeli-bantalan/beli-tabir-surya-aftersunhoodies-wanita/payung-jas-hujan-anak-perempuan HTTP/1.1" 200 130505 "-" "Mozilla/5.0 (Linux; Android 6.0.1; Nexus 5X Build/MMB29P) AppleWebKit/537.36 (KHTML, like Gecko) Chrome/130.0.6723.69 Mobile Safari/537.36 (compatible; GoogleOther)"
66.249.70.138 - - [31/Oct/2024:01:48:47 +0000] "GET /slot-thailand/?brandName=BENUATOTOshop-motorcycle-riding-gear-face-masks/beli-pakaian-bayi-laki-laki/beli-perlengkapan-mandi-tubuh/pakaian-renang-dan-selancar-pria/shop-busi-motor/sweater-cardigan-anak-laki-lakishop-aksesoris/shop-motorcycle-windshields-accessories/shop-car-audio-speakers/voli/multivitamin/beli-peralatan-dapur/ HTTP/1.1" 200 132325 "-" "Mozilla/5.0 (Linux; Android 6.0.1; Nexus 5X Build/MMB29P) AppleWebKit/537.36 (KHTML, like Gecko) Chrome/130.0.6723.69 Mobile Safari/537.36 (compatible; GoogleOther)"
66.249.70.138 - - [31/Oct/2024:01:48:50 +0000] "GET /slot-thailand/?brandName=BENUATOTOshop-motorcycle-riding-gear-face-masks/beli-pakaian-bayi-laki-laki/koper-anak-2/beli-alat-kesehatan-kecantikan/jual-olahraga-senam/peralatan-latihan-kardio/shop-penyimpanan-data/shop-sarung-jok/tenis/jual-flash-drives/beli-dispenser-air/pakaian-tidur-anak-perempuanbeli-mini-figure-tg/ HTTP/1.1" 200 132501 "-" "Mozilla/5.0 (Linux; Android 6.0.1; Nexus 5X Build/MMB29P) AppleWebKit/537.36 (KHTML, like Gecko) Chrome/130.0.6723.69 Mobile Safari/537.36 (compatible; GoogleOther)"
66.249.70.137 - - [31/Oct/2024:01:48:54 +0000] "GET /slot-thailand/?brandName=BENUATOTOshop-motorcycle-riding-gear-face-masks/beli-pakaian-bayi-laki-laki/beli-perhiasan-pria/beli-baterai/beli-kamera-video-aksi/beli-popok-kain/beli-mainan-kendaraan-tg/shop-automotive-body-parts/payung-jas-hujan-anak-perempuanjual-piring-mangkok-bayi/shop-makanan-hewanshop-elektronik/shop-indikator/shop-motorcycle-riding-gear-gloves/ HTTP/1.1" 200 135803 "-" "Mozilla/5.0 (Linux; Android 6.0.1; Nexus 5X Build/MMB29P) AppleWebKit/537.36 (KHTML, like Gecko) Chrome/130.0.6723.69 Mobile Safari/537.36 (compatible; GoogleOther)"
66.249.70.138 - - [31/Oct/2024:01:48:57 +0000] "GET /slot-thailand/?brandName=BENUATOTOshop-motorcycle-riding-gear-face-masks/beli-pakaian-bayi-laki-laki/koper-anak-2/sepatu-pria/helpcenter/shipping-delivery/jual-jersey-sepak-bola-pria/jual-pelindung-layar/shop-boy%27s-muslimin-accessoriesjual-pisau-alat-multifungsi/kap-lampu/beli-makanan-minuman-selai-madu-spread/gym-tote-pria/topi-pria/Kebun%20&%20Luar%20Ruangan/ HTTP/1.1" 200 137695 "-" "Mozilla/5.0 (Linux; Android 6.0.1; Nexus 5X Build/MMB29P) AppleWebKit/537.36 (KHTML, like Gecko) Chrome/130.0.6723.69 Mobile Safari/537.36 (compatible; GoogleOther)"
66.249.64.109 - - [31/Oct/2024:01:48:59 +0000] "GET /slot-thailand/react.js HTTP/1.1" 404 11510 "https://www.lakoyanimedia.tech/" "Mozilla/5.0 (Linux; Android 6.0.1; Nexus 5X Build/MMB29P) AppleWebKit/537.36 (KHTML, like Gecko) Chrome/130.0.6723.58 Mobile Safari/537.36 (compatible; Googlebot/2.1; +http://www.google.com/bot.html)"
66.249.70.139 - - [31/Oct/2024:01:49:00 +0000] "GET /slot-thailand/?brandName=BENUATOTOshop-motorcycle-riding-gear-face-masks/beli-pakaian-bayi-laki-laki/beli-perhiasan-anak/helpcenter/orders-payment/beli-alat-tulis-kerajinan/pakaian-renang-dan-selancar-wanita/rugby/beli-perawatan-rambut-priashop-ransel-pria/beli-tabir-surya-aftersunsepatu-basket-wanita/beli-sabun-pembersih-bayi/modul-memori-printer/beli-stetoskop HTTP/1.1" 200 136810 "-" "Mozilla/5.0 (Linux; Android 6.0.1; Nexus 5X Build/MMB29P) AppleWebKit/537.36 (KHTML, like Gecko) Chrome/130.0.6723.69 Mobile Safari/537.36 (compatible; GoogleOther)"
66.249.70.138 - - [31/Oct/2024:01:49:04 +0000] "GET /slot-thailand/?brandName=BENUATOTOshop-motorcycle-riding-gear-face-masks/beli-pakaian-bayi-laki-laki/koper-anak-2/shop-kesehatan-hewan-peliharaanbeli-indoor-climbers-play-structure-tg/shop-tire-parts-air-compressors-inflators/shop-masker-wajah-pria/beli-susu-pertumbuhan-1-3-tahun/beli-perlengkapan-styling-rambut/olahraga-raket/bathrobe-baju-mandi-wanita/jual-navigasi-elektronik/shop-automotive-windshield-wipers-washers/ HTTP/1.1" 200 144919 "-" "Mozilla/5.0 (Linux; Android 6.0.1; Nexus 5X Build/MMB29P) AppleWebKit/537.36 (KHTML, like Gecko) Chrome/130.0.6723.69 Mobile Safari/537.36 (compatible; GoogleOther)"
66.249.70.137 - - [31/Oct/2024:01:49:18 +0000] "GET /slot-thailand/?brandName=BENUATOTOshop-motorcycle-riding-gear-face-masks/beli-pakaian-bayi-laki-laki/koper-anak-2/beli-perlengkapan-mandi-perawatan-kulit-anak/beli-losion-krim-tubuhbeli-scrub-tubuhsepak-bola/shop-automotive-spoilers-wings-styling-kits/jual-peralatan-cheerleading/beli-sarung-bantal/sepatu-dan-pakaian-olahraga-pria/beli-scrub-tubuhbeli-boneka-aksesori/shop-Manisan/beli-mainan-helikopter/ HTTP/1.1" 200 141261 "-" "Mozilla/5.0 (Linux; Android 6.0.1; Nexus 5X Build/MMB29P) AppleWebKit/537.36 (KHTML, like Gecko) Chrome/130.0.6723.69 Mobile Safari/537.36 (compatible; GoogleOther)"
66.249.70.137 - - [31/Oct/2024:01:50:17 +0000] "GET /slot-thailand/?brandName=BENUATOTOshop-motorcycle-riding-gear-face-masks/beli-pakaian-bayi-laki-laki/beli-perhiasan-pria/beli-baterai/beli-kamera-video-aksi/beli-popok-kain/beli-mainan-kendaraan-tg/shop-automotive-body-parts/payung-jas-hujan-anak-perempuanjual-piring-mangkok-bayi/shop-makanan-hewanshop-elektronik/shop-indikator/jual-tas-selempang-pria/ HTTP/1.1" 200 135851 "-" "Mozilla/5.0 (Linux; Android 6.0.1; Nexus 5X Build/MMB29P) AppleWebKit/537.36 (KHTML, like Gecko) Chrome/130.0.6723.69 Mobile Safari/537.36 (compatible; GoogleOther)"
66.249.64.108 - - [31/Oct/2024:01:50:23 +0000] "GET /cdn-cgi/challenge-platform/scripts/jsd/main.js HTTP/1.1" 404 11510 "-" "Mozilla/5.0 (Linux; Android 6.0.1; Nexus 5X Build/MMB29P) AppleWebKit/537.36 (KHTML, like Gecko) Chrome/130.0.6723.58 Mobile Safari/537.36 (compatible; Googlebot/2.1; +http://www.google.com/bot.html)"
66.249.70.137 - - [31/Oct/2024:01:50:24 +0000] "GET /slot-thailand/?brandName=BENUATOTOshop-motorcycle-riding-gear-face-masks/beli-pakaian-bayi-laki-laki/koper-anak-2/beli-perlengkapan-mandi-perawatan-kulit-anak/beli-losion-krim-tubuhbeli-scrub-tubuhsepak-bola/shop-girls-jumpsuits-overallssarung-tangan-wanita/shop-Makanan-Kering/beli-parfum/sepatu-lace-ups-anak-laki-lakijual-peralatan-cheerleading/shop-alat-perawatan-kulit-wajahbeli-pengering-rambut/ HTTP/1.1" 200 140441 "-" "Mozilla/5.0 (Linux; Android 6.0.1; Nexus 5X Build/MMB29P) AppleWebKit/537.36 (KHTML, like Gecko) Chrome/130.0.6723.69 Mobile Safari/537.36 (compatible; GoogleOther)"
66.249.70.137 - - [31/Oct/2024:01:50:30 +0000] "GET /slot-thailand/?brandName=BENUATOTOshop-motorcycle-riding-gear-face-masks/beli-pakaian-bayi-laki-laki/koper-anak-2/sepatu-pria/helpcenter/shipping-delivery/jual-jersey-sepak-bola-pria/jual-pelindung-layar/shop-boy%27s-muslimin-accessoriesjual-pisau-alat-multifungsi/kap-lampu/beli-makanan-minuman-selai-madu-spread/beli-ovens/celana-panjang-dan-pendek-olahraga-wanita/beli-permainan-tradisional/ HTTP/1.1" 200 141306 "-" "Mozilla/5.0 (Linux; Android 6.0.1; Nexus 5X Build/MMB29P) AppleWebKit/537.36 (KHTML, like Gecko) Chrome/130.0.6723.69 Mobile Safari/537.36 (compatible; GoogleOther)"
66.249.70.137 - - [31/Oct/2024:01:50:37 +0000] "GET /slot-thailand/?brandName=BENUATOTOshop-motorcycle-riding-gear-face-masks/beli-pakaian-bayi-laki-laki/beli-perlengkapan-mandi-tubuh/pakaian-renang-dan-selancar-pria/shop-busi-motor/sweater-cardigan-anak-laki-lakishop-aksesoris/shop-motorcycle-windshields-accessories/shop-car-audio-speakers/voli/multivitamin/tas-kerja-pria/ HTTP/1.1" 200 132200 "-" "Mozilla/5.0 (Linux; Android 6.0.1; Nexus 5X Build/MMB29P) AppleWebKit/537.36 (KHTML, like Gecko) Chrome/130.0.6723.69 Mobile Safari/537.36 (compatible; GoogleOther)"
109.106.251.75 - - [31/Oct/2024:01:50:38 +0000] "POST /wp-admin/admin-ajax.php?action=async_litespeed&nonce=7wO1EdIugFdR5TqnE3ERPmOaOK0DVK7c&litespeed_type=imgoptm HTTP/1.1" 200 21 "-" "WordPress/6.6.2; https://lakoyanimedia.tech"
66.249.70.139 - - [31/Oct/2024:01:50:43 +0000] "GET /slot-thailand/?brandName=BENUATOTOshop-motorcycle-riding-gear-face-masks/beli-pakaian-bayi-laki-laki/beli-perlengkapan-mandi-tubuh/pakaian-renang-dan-selancar-pria/shop-busi-motor/shop-car-video-in-dash-navigation/beli-alat-medis/beli-handuk-mandi/shop-indikator/beli-dekorasi-rumah/beli-teh/beli-remote-control-mainan-kendaraan/beli-rak-piring-aksesoris-bak/ HTTP/1.1" 200 135938 "-" "Mozilla/5.0 (Linux; Android 6.0.1; Nexus 5X Build/MMB29P) AppleWebKit/537.36 (KHTML, like Gecko) Chrome/130.0.6723.69 Mobile Safari/537.36 (compatible; GoogleOther)"
66.249.70.137 - - [31/Oct/2024:01:50:50 +0000] "GET /slot-thailand/?brandName=BENUATOTOshop-motorcycle-riding-gear-face-masks/beli-pakaian-bayi-laki-laki/koper-anak-2/beli-perawatan-lantai/jual-kacamata-3d-tv/atasan-muslimah-wanita/buku/beli-bantalan/beli-parfum-priahelpcenter/shop-bar/syal-pria/basket/ HTTP/1.1" 200 125404 "-" "Mozilla/5.0 (Linux; Android 6.0.1; Nexus 5X Build/MMB29P) AppleWebKit/537.36 (KHTML, like Gecko) Chrome/130.0.6723.69 Mobile Safari/537.36 (compatible; GoogleOther)"
66.249.70.140 - - [31/Oct/2024:01:50:59 +0000] "GET /slot-thailand/?brandName=BENUATOTOshop-motorcycle-riding-gear-face-masks/beli-pakaian-bayi-laki-laki/koper-anak-2/shop-kesehatan-hewan-peliharaanbeli-indoor-climbers-play-structure-tg/shop-tire-parts-air-compressors-inflators/shop-masker-wajah-pria/beli-susu-pertumbuhan-1-3-tahun/beli-perlengkapan-styling-rambut/beli-kursi-rodabeli-wadah-alat-alat-kantor/beli-parfum/ HTTP/1.1" 200 137099 "-" "Mozilla/5.0 (Linux; Android 6.0.1; Nexus 5X Build/MMB29P) AppleWebKit/537.36 (KHTML, like Gecko) Chrome/130.0.6723.69 Mobile Safari/537.36 (compatible; GoogleOther)"
66.249.70.139 - - [31/Oct/2024:01:51:05 +0000] "GET /slot-thailand/?brandName=BENUATOTOshop-motorcycle-riding-gear-face-masks/beli-pakaian-bayi-laki-laki/koper-anak-2/beli-perlengkapan-mandi-perawatan-kulit-anak/beli-losion-krim-tubuhbeli-scrub-tubuhsepak-bola/shop-automotive-spoilers-wings-styling-kits/jual-peralatan-cheerleading/beli-sarung-bantal/sepatu-dan-pakaian-olahraga-pria/beli-perawatan-popok/buku-catatan/beli-ram/ HTTP/1.1" 200 137833 "-" "Mozilla/5.0 (Linux; Android 6.0.1; Nexus 5X Build/MMB29P) AppleWebKit/537.36 (KHTML, like Gecko) Chrome/130.0.6723.69 Mobile Safari/537.36 (compatible; GoogleOther)"
66.249.64.109 - - [31/Oct/2024:01:51:28 +0000] "GET /slot-thailand/react.js HTTP/1.1" 404 11510 "https://www.lakoyanimedia.tech/" "Mozilla/5.0 (Linux; Android 6.0.1; Nexus 5X Build/MMB29P) AppleWebKit/537.36 (KHTML, like Gecko) Chrome/130.0.6723.58 Mobile Safari/537.36 (compatible; Googlebot/2.1; +http://www.google.com/bot.html)"
66.249.64.110 - - [31/Oct/2024:01:51:28 +0000] "GET /cdn-cgi/challenge-platform/scripts/jsd/main.js HTTP/1.1" 404 11510 "-" "Mozilla/5.0 (Linux; Android 6.0.1; Nexus 5X Build/MMB29P) AppleWebKit/537.36 (KHTML, like Gecko) Chrome/130.0.6723.58 Mobile Safari/537.36 (compatible; Googlebot/2.1; +http://www.google.com/bot.html)"
66.249.64.108 - - [31/Oct/2024:01:51:29 +0000] "GET /slot-thailand/react-dom.js HTTP/1.1" 404 11510 "https://www.lakoyanimedia.tech/" "Mozilla/5.0 (Linux; Android 6.0.1; Nexus 5X Build/MMB29P) AppleWebKit/537.36 (KHTML, like Gecko) Chrome/130.0.6723.58 Mobile Safari/537.36 (compatible; Googlebot/2.1; +http://www.google.com/bot.html)"
66.249.64.108 - - [31/Oct/2024:01:51:39 +0000] "GET /cdn-cgi/challenge-platform/scripts/jsd/main.js HTTP/1.1" 404 11510 "-" "Mozilla/5.0 (Linux; Android 6.0.1; Nexus 5X Build/MMB29P) AppleWebKit/537.36 (KHTML, like Gecko) Chrome/130.0.6723.58 Mobile Safari/537.36 (compatible; Googlebot/2.1; +http://www.google.com/bot.html)"
66.249.64.109 - - [31/Oct/2024:01:51:40 +0000] "GET /slot-thailand/react.js HTTP/1.1" 404 11510 "https://www.lakoyanimedia.tech/" "Mozilla/5.0 (Linux; Android 6.0.1; Nexus 5X Build/MMB29P) AppleWebKit/537.36 (KHTML, like Gecko) Chrome/130.0.6723.58 Mobile Safari/537.36 (compatible; Googlebot/2.1; +http://www.google.com/bot.html)"
66.249.64.108 - - [31/Oct/2024:01:51:41 +0000] "GET /slot-thailand/react-dom.js HTTP/1.1" 404 11510 "https://www.lakoyanimedia.tech/" "Mozilla/5.0 (Linux; Android 6.0.1; Nexus 5X Build/MMB29P) AppleWebKit/537.36 (KHTML, like Gecko) Chrome/130.0.6723.58 Mobile Safari/537.36 (compatible; Googlebot/2.1; +http://www.google.com/bot.html)"
66.249.70.137 - - [31/Oct/2024:01:51:43 +0000] "GET /slot-thailand/?brandName=BENUATOTOshop-motorcycle-riding-gear-face-masks/beli-pakaian-bayi-laki-laki/koper-anak-2/beli-alat-kesehatan-kecantikan/jual-olahraga-senam/peralatan-latihan-kardio/shop-penyimpanan-data/shop-sarung-jok/tenis/jual-flash-drives/beli-dispenser-air/pakaian-tidur-anak-perempuansandal-jepit-wanita/ HTTP/1.1" 200 132485 "-" "Mozilla/5.0 (Linux; Android 6.0.1; Nexus 5X Build/MMB29P) AppleWebKit/537.36 (KHTML, like Gecko) Chrome/130.0.6723.69 Mobile Safari/537.36 (compatible; GoogleOther)"
66.249.70.137 - - [31/Oct/2024:01:51:50 +0000] "GET /slot-thailand/?brandName=BENUATOTOshop-motorcycle-riding-gear-face-masks/beli-pakaian-bayi-laki-laki/sepatu-wanita/beli-perawatan-rambut/jual-aksesoris-pompa-asi/beli-mainan-helikopter/tenis/soundcard/beli-parfum-priabeli-sepatu-bayi-perempuan/beli-perlengkapan-sekolah/shop-penyedot-debu-tongkat/beli-microwave/ HTTP/1.1" 200 131354 "-" "Mozilla/5.0 (Linux; Android 6.0.1; Nexus 5X Build/MMB29P) AppleWebKit/537.36 (KHTML, like Gecko) Chrome/130.0.6723.69 Mobile Safari/537.36 (compatible; GoogleOther)"
66.249.70.137 - - [31/Oct/2024:01:51:56 +0000] "GET /slot-thailand/?brandName=BENUATOTOshop-motorcycle-riding-gear-face-masks/beli-pakaian-bayi-laki-laki/koper-anak-2/beli-perlengkapan-mandi-perawatan-kulit-anak/beli-losion-krim-tubuhbeli-scrub-tubuhsepak-bola/bulutangkis/rok-wanita/sepatu-lace-ups-anak-laki-lakisneakers/topi-anak-perempuanbeli-puree-bayi/beli-furnitur-bayi/ HTTP/1.1" 200 132571 "-" "Mozilla/5.0 (Linux; Android 6.0.1; Nexus 5X Build/MMB29P) AppleWebKit/537.36 (KHTML, like Gecko) Chrome/130.0.6723.69 Mobile Safari/537.36 (compatible; GoogleOther)"
66.249.64.108 - - [31/Oct/2024:01:52:00 +0000] "GET /cdn-cgi/challenge-platform/scripts/jsd/main.js HTTP/1.1" 404 11510 "-" "Mozilla/5.0 (Linux; Android 6.0.1; Nexus 5X Build/MMB29P) AppleWebKit/537.36 (KHTML, like Gecko) Chrome/130.0.6723.58 Mobile Safari/537.36 (compatible; Googlebot/2.1; +http://www.google.com/bot.html)"
66.249.64.108 - - [31/Oct/2024:01:52:00 +0000] "GET /slot-thailand/react.js HTTP/1.1" 404 11510 "https://www.lakoyanimedia.tech/" "Mozilla/5.0 (Linux; Android 6.0.1; Nexus 5X Build/MMB29P) AppleWebKit/537.36 (KHTML, like Gecko) Chrome/130.0.6723.58 Mobile Safari/537.36 (compatible; Googlebot/2.1; +http://www.google.com/bot.html)"
66.249.64.110 - - [31/Oct/2024:01:52:01 +0000] "GET /slot-thailand/react-dom.js HTTP/1.1" 404 11510 "https://www.lakoyanimedia.tech/" "Mozilla/5.0 (Linux; Android 6.0.1; Nexus 5X Build/MMB29P) AppleWebKit/537.36 (KHTML, like Gecko) Chrome/130.0.6723.58 Mobile Safari/537.36 (compatible; Googlebot/2.1; +http://www.google.com/bot.html)"
66.249.70.137 - - [31/Oct/2024:01:52:03 +0000] "GET /slot-thailand/?brandName=BENUATOTOshop-motorcycle-riding-gear-face-masks/beli-pakaian-bayi-laki-laki/koper-anak-2/beli-perawatan-rambut/beli-kursi-rodabeli-suplemen-pemutihblog/shop-automotive-pedals-pedal-accessories/ HTTP/1.1" 200 122425 "-" "Mozilla/5.0 (Linux; Android 6.0.1; Nexus 5X Build/MMB29P) AppleWebKit/537.36 (KHTML, like Gecko) Chrome/130.0.6723.69 Mobile Safari/537.36 (compatible; GoogleOther)"
66.249.70.137 - - [31/Oct/2024:01:52:06 +0000] "GET /slot-thailand/?brandName=BENUATOTOshop-motorcycle-riding-gear-face-masks/beli-pakaian-bayi-laki-laki/beli-perhiasan-anak/helpcenter/orders-payment/beli-alat-tulis-kerajinan/pakaian-renang-dan-selancar-wanita/rugby/beli-perawatan-rambut-priashop-ransel-pria/beli-tabir-surya-aftersunsepatu-basket-wanita/beli-sabun-pembersih-bayi/beli-detergen-popok-kain/beli-media-musik-dan-buku/ HTTP/1.1" 200 138384 "-" "Mozilla/5.0 (Linux; Android 6.0.1; Nexus 5X Build/MMB29P) AppleWebKit/537.36 (KHTML, like Gecko) Chrome/130.0.6723.69 Mobile Safari/537.36 (compatible; GoogleOther)"
66.249.70.138 - - [31/Oct/2024:01:52:09 +0000] "GET /slot-thailand/?brandName=BENUATOTOshop-motorcycle-riding-gear-face-masks/beli-pakaian-bayi-laki-laki/beli-perlengkapan-mandi-tubuh/pakaian-renang-dan-selancar-pria/shop-busi-motor/sweater-cardigan-anak-laki-lakishop-aksesoris/shop-motorcycle-windshields-accessories/shop-car-audio-speakers/beli-lemari-es/beli-paket-hadiah-bingkisan-alat-mandi-tubuhcoklat-panas/ HTTP/1.1" 200 135556 "-" "Mozilla/5.0 (Linux; Android 6.0.1; Nexus 5X Build/MMB29P) AppleWebKit/537.36 (KHTML, like Gecko) Chrome/130.0.6723.69 Mobile Safari/537.36 (compatible; GoogleOther)"
66.249.70.138 - - [31/Oct/2024:01:52:16 +0000] "GET /slot-thailand/?brandName=BENUATOTOshop-motorcycle-riding-gear-face-masks/beli-pakaian-bayi-laki-laki/koper-anak-2/beli-perlengkapan-mandi-perawatan-kulit-anak/beli-losion-krim-tubuhbeli-scrub-tubuhsepak-bola/shop-automotive-spoilers-wings-styling-kits/jual-peralatan-cheerleading/beli-sarung-bantal/sepatu-dan-pakaian-olahraga-pria/beli-perawatan-kulit/shop-tas-pinggang-wanita/shop-Sabun-Batang HTTP/1.1" 200 140163 "-" "Mozilla/5.0 (Linux; Android 6.0.1; Nexus 5X Build/MMB29P) AppleWebKit/537.36 (KHTML, like Gecko) Chrome/130.0.6723.69 Mobile Safari/537.36 (compatible; GoogleOther)"
66.249.64.108 - - [31/Oct/2024:01:52:18 +0000] "GET /slot-thailand/react-dom.js HTTP/1.1" 404 11510 "https://www.lakoyanimedia.tech/" "Mozilla/5.0 (Linux; Android 6.0.1; Nexus 5X Build/MMB29P) AppleWebKit/537.36 (KHTML, like Gecko) Chrome/130.0.6723.58 Mobile Safari/537.36 (compatible; Googlebot/2.1; +http://www.google.com/bot.html)"
66.249.64.108 - - [31/Oct/2024:01:52:18 +0000] "GET /slot-thailand/react.js HTTP/1.1" 404 11510 "https://www.lakoyanimedia.tech/" "Mozilla/5.0 (Linux; Android 6.0.1; Nexus 5X Build/MMB29P) AppleWebKit/537.36 (KHTML, like Gecko) Chrome/130.0.6723.58 Mobile Safari/537.36 (compatible; Googlebot/2.1; +http://www.google.com/bot.html)"
66.249.70.139 - - [31/Oct/2024:01:52:23 +0000] "GET /slot-thailand/?brandName=BENUATOTOshop-motorcycle-riding-gear-face-masks/beli-pakaian-bayi-laki-laki/koper-anak-2/beli-perlengkapan-mandi-perawatan-kulit-anak/beli-losion-krim-tubuhbeli-scrub-tubuhsepak-bola/shop-automotive-spoilers-wings-styling-kits/jual-peralatan-cheerleading/beli-sarung-bantal/sepatu-dan-pakaian-olahraga-pria/beli-scrub-tubuhbeli-boneka-aksesori/shop-Manisan/beli-aksesoris-jam-tangan-pria/ HTTP/1.1" 200 141689 "-" "Mozilla/5.0 (Linux; Android 6.0.1; Nexus 5X Build/MMB29P) AppleWebKit/537.36 (KHTML, like Gecko) Chrome/130.0.6723.69 Mobile Safari/537.36 (compatible; GoogleOther)"
66.249.70.138 - - [31/Oct/2024:01:52:29 +0000] "GET /slot-thailand/?brandName=BENUATOTOshop-motorcycle-riding-gear-face-masks/beli-pakaian-bayi-laki-laki/beli-perhiasan-pria/beli-baterai/beli-kamera-video-aksi/beli-popok-kain/beli-mainan-kendaraan-tg/shop-automotive-body-parts/payung-jas-hujan-anak-perempuanjual-piring-mangkok-bayi/shop-makanan-hewanshop-elektronik/shop-indikator/beli-peralatan-kebun/ HTTP/1.1" 200 135502 "-" "Mozilla/5.0 (Linux; Android 6.0.1; Nexus 5X Build/MMB29P) AppleWebKit/537.36 (KHTML, like Gecko) Chrome/130.0.6723.69 Mobile Safari/537.36 (compatible; GoogleOther)"
109.106.251.75 - - [31/Oct/2024:01:52:49 +0000] "POST /wp-cron.php?doing_wp_cron=1730339569.8828420639038085937500 HTTP/1.1" 200 0 "-" "WordPress/6.6.2; https://lakoyanimedia.tech"
52.187.228.69 - - [31/Oct/2024:01:52:49 +0000] "POST /wp-login.php HTTP/1.1" 200 1939 "-" "Mozilla/5.0 (Windows NT 6.1; Win64; x64) AppleWebKit/537.36 (KHTML, like Gecko) Chrome/60.0.3112.113 Safari/537.36"
109.106.251.75 - - [31/Oct/2024:01:52:50 +0000] "POST /wp-admin/admin-ajax.php?action=async_litespeed&nonce=ZZDCNYV5rrayLuj3XBQyjKaUnVKBd35S&litespeed_type=imgoptm HTTP/1.1" 200 21 "-" "WordPress/6.6.2; https://lakoyanimedia.tech"
109.106.251.75 - - [31/Oct/2024:01:53:18 +0000] "POST /wp-cron.php?doing_wp_cron=1730339598.2870430946350097656250 HTTP/1.1" 200 0 "-" "WordPress/6.6.2; https://lakoyanimedia.tech"
51.222.253.10 - - [31/Oct/2024:01:53:18 +0000] "GET /nm.php?fm=true&rights=zmbwptj.php&path=/home/lakoyani/public_html/ HTTP/2" 404 11510 "-" "Mozilla/5.0 (compatible; AhrefsBot/7.0; +http://ahrefs.com/robot/)"
66.249.70.137 - - [31/Oct/2024:01:53:22 +0000] "GET /slot-thailand/?brandName=BENUATOTOshop-motorcycle-riding-gear-face-masks/beli-pakaian-bayi-laki-laki/beli-perhiasan-anak/helpcenter/orders-payment/beli-alat-tulis-kerajinan/pakaian-renang-dan-selancar-wanita/rugby/beli-perawatan-rambut-priashop-ransel-pria/beli-tabir-surya-aftersunbeli-external-solid-state-drive/interior-care/beli-suplemen-penambah-berat-badan HTTP/1.1" 200 137064 "-" "Mozilla/5.0 (Linux; Android 6.0.1; Nexus 5X Build/MMB29P) AppleWebKit/537.36 (KHTML, like Gecko) Chrome/130.0.6723.69 Mobile Safari/537.36 (compatible; GoogleOther)"
66.249.70.138 - - [31/Oct/2024:01:53:36 +0000] "GET /slot-thailand/?brandName=BENUATOTOshop-motorcycle-riding-gear-face-masks/beli-pakaian-bayi-laki-laki/koper-anak-2/beli-alat-tulis-kerajinan/beli-kondomshop-Sapu-Sikat-Kemoceng/beli-rice-cooker/jual-tas-tote-pria/beli-mainan-terbang/beli-alas-mandi/shop-manajemen-kargo/beli-aksesoris-makeupblog/jual-sepatu-skateboard-wanita/sepak-bola/beli-makanan-minuman-pengendalian-hama/beli-perhiasan-anak/jual-aksesoris-memancing/beli-prosesor/jual-ban/shop-Camilan/jual-virtual-reality/beli-aksesori-handphone/beli-power-bank/shop-Bahan-Pembuat-Kue/beli-dermacarebeli-celana-pendek-priabeli-alat-latih-olahraga-anjing/jual-roda/jual-dudukan-mobil/ HTTP/1.1" 200 169999 "-" "Mozilla/5.0 (Linux; Android 6.0.1; Nexus 5X Build/MMB29P) AppleWebKit/537.36 (KHTML, like Gecko) Chrome/130.0.6723.69 Mobile Safari/537.36 (compatible; GoogleOther)"
66.249.70.138 - - [31/Oct/2024:01:53:40 +0000] "GET /slot-thailand/?brandName=BENUATOTOshop-motorcycle-riding-gear-face-masks/beli-pakaian-bayi-laki-laki/sepatu-wanita/beli-perawatan-rambut/jual-aksesoris-pompa-asi/beli-mainan-helikopter/tenis/soundcard/beli-parfum-priabeli-sepatu-bayi-perempuan/beli-perlengkapan-sekolah/beli-perlengkapan-sekolah/shop-motorcycle-oils-fluids/beli-makanan-bayi/ HTTP/1.1" 200 133176 "-" "Mozilla/5.0 (Linux; Android 6.0.1; Nexus 5X Build/MMB29P) AppleWebKit/537.36 (KHTML, like Gecko) Chrome/130.0.6723.69 Mobile Safari/537.36 (compatible; GoogleOther)"
66.249.64.110 - - [31/Oct/2024:01:53:43 +0000] "GET /cdn-cgi/challenge-platform/scripts/jsd/main.js HTTP/1.1" 404 11510 "-" "Mozilla/5.0 (Linux; Android 6.0.1; Nexus 5X Build/MMB29P) AppleWebKit/537.36 (KHTML, like Gecko) Chrome/130.0.6723.58 Mobile Safari/537.36 (compatible; Googlebot/2.1; +http://www.google.com/bot.html)"
66.249.64.109 - - [31/Oct/2024:01:53:43 +0000] "GET /slot-thailand/react-dom.js HTTP/1.1" 404 11510 "https://www.lakoyanimedia.tech/" "Mozilla/5.0 (Linux; Android 6.0.1; Nexus 5X Build/MMB29P) AppleWebKit/537.36 (KHTML, like Gecko) Chrome/130.0.6723.58 Mobile Safari/537.36 (compatible; Googlebot/2.1; +http://www.google.com/bot.html)"
66.249.70.139 - - [31/Oct/2024:01:53:44 +0000] "GET /slot-thailand/?brandName=BENUATOTOshop-motorcycle-riding-gear-face-masks/beli-pakaian-bayi-laki-laki/beli-perlengkapan-mandi-tubuh/pakaian-renang-dan-selancar-pria/shop-busi-motor/sweater-cardigan-anak-laki-lakishop-aksesoris/shop-motorcycle-windshields-accessories/shop-car-audio-speakers/voli/multivitamin/beli-perhiasan-wanita/ HTTP/1.1" 200 132170 "-" "Mozilla/5.0 (Linux; Android 6.0.1; Nexus 5X Build/MMB29P) AppleWebKit/537.36 (KHTML, like Gecko) Chrome/130.0.6723.69 Mobile Safari/537.36 (compatible; GoogleOther)"
66.249.70.137 - - [31/Oct/2024:01:54:04 +0000] "GET /slot-thailand/?brandName=BENUATOTOshop-motorcycle-riding-gear-face-masks/beli-pakaian-bayi-laki-laki/koper-anak-2/shop-kesehatan-hewan-peliharaanbeli-indoor-climbers-play-structure-tg/shop-tire-parts-air-compressors-inflators/shop-masker-wajah-pria/beli-susu-pertumbuhan-1-3-tahun/beli-perlengkapan-styling-rambut/olahraga-raket/bathrobe-baju-mandi-wanita/jual-navigasi-elektronik/beli-camcorders/ HTTP/1.1" 200 141626 "-" "Mozilla/5.0 (Linux; Android 6.0.1; Nexus 5X Build/MMB29P) AppleWebKit/537.36 (KHTML, like Gecko) Chrome/130.0.6723.69 Mobile Safari/537.36 (compatible; GoogleOther)"
66.249.70.137 - - [31/Oct/2024:01:54:28 +0000] "GET /slot-thailand/?brandName=BENUATOTOshop-motorcycle-riding-gear-face-masks/beli-pakaian-bayi-laki-laki/koper-anak-2/beli-perawatan-lantai/jual-kacamata-3d-tv/atasan-muslimah-wanita/buku/beli-bantalan/jual-dudukan-mobil/roda-dan-ban/jual-aksesoris-roda-suku-cadang/shop-gaming-konsol/beli-nutrisi-olahraga HTTP/1.1" 200 130393 "-" "Mozilla/5.0 (Linux; Android 6.0.1; Nexus 5X Build/MMB29P) AppleWebKit/537.36 (KHTML, like Gecko) Chrome/130.0.6723.69 Mobile Safari/537.36 (compatible; GoogleOther)"
66.249.70.137 - - [31/Oct/2024:01:54:48 +0000] "GET /slot-thailand/?brandName=BENUATOTOshop-motorcycle-riding-gear-face-masks/beli-pakaian-bayi-laki-laki/koper-anak-2/sepatu-pria/helpcenter/shipping-delivery/jual-jersey-sepak-bola-pria/jual-pelindung-layar/shop-boy%27s-muslimin-accessoriesjual-pisau-alat-multifungsi/kap-lampu/beli-makanan-minuman-selai-madu-spread/beli-ovens/beli-gadget/sepatu-wanita/ HTTP/1.1" 200 136300 "-" "Mozilla/5.0 (Linux; Android 6.0.1; Nexus 5X Build/MMB29P) AppleWebKit/537.36 (KHTML, like Gecko) Chrome/130.0.6723.69 Mobile Safari/537.36 (compatible; GoogleOther)"
66.249.70.138 - - [31/Oct/2024:01:54:51 +0000] "GET /slot-thailand/?brandName=BENUATOTOshop-motorcycle-riding-gear-face-masks/beli-pakaian-bayi-laki-laki/koper-anak-2/beli-perlengkapan-mandi-perawatan-kulit-anak/beli-losion-krim-tubuhbeli-scrub-tubuhsepak-bola/shop-girls-jumpsuits-overallssarung-tangan-wanita/shop-Makanan-Kering/beli-parfum/jual-tempat-berteduh-dan-kanopi/beli-foot-reliefjual-dapur-kemah/ HTTP/1.1" 200 136312 "-" "Mozilla/5.0 (Linux; Android 6.0.1; Nexus 5X Build/MMB29P) AppleWebKit/537.36 (KHTML, like Gecko) Chrome/130.0.6723.69 Mobile Safari/537.36 (compatible; GoogleOther)"
66.249.70.137 - - [31/Oct/2024:01:54:55 +0000] "GET /slot-thailand/?brandName=BENUATOTOshop-motorcycle-riding-gear-face-masks/beli-pakaian-bayi-laki-laki/koper-anak-2/beli-alat-tulis-kerajinan/beli-kondomshop-Sapu-Sikat-Kemoceng/beli-rice-cooker/jual-tas-tote-pria/beli-mainan-terbang/beli-alas-mandi/shop-manajemen-kargo/beli-aksesoris-makeupblog/jual-sepatu-skateboard-wanita/sepak-bola/beli-makanan-minuman-pengendalian-hama/beli-perhiasan-anak/jual-aksesoris-memancing/beli-prosesor/jual-strap-tracker-aktivitas/baju-olahraga-pria/botol-minum/beli-speaker-smart/shop-stiker-emblem/soundcard/cekak-musang-pria/overalls-jumpsuit-wanita/pemanggang-dan-penyajian-masakan-outdoor/ HTTP/1.1" 200 168364 "-" "Mozilla/5.0 (Linux; Android 6.0.1; Nexus 5X Build/MMB29P) AppleWebKit/537.36 (KHTML, like Gecko) Chrome/130.0.6723.69 Mobile Safari/537.36 (compatible; GoogleOther)"
66.249.70.138 - - [31/Oct/2024:01:55:01 +0000] "GET /slot-thailand/?brandName=BENUATOTOshop-motorcycle-riding-gear-face-masks/beli-pakaian-bayi-laki-laki/koper-anak-2/beli-perlengkapan-mandi-perawatan-kulit-anak/beli-losion-krim-tubuhbeli-scrub-tubuhsepak-bola/shop-automotive-spoilers-wings-styling-kits/jual-peralatan-cheerleading/beli-sarung-bantal/sepatu-dan-pakaian-olahraga-pria/beli-perawatan-kulit/shop-tas-pinggang-wanita/shop-penyedot-debu-tongkat/ HTTP/1.1" 200 141471 "-" "Mozilla/5.0 (Linux; Android 6.0.1; Nexus 5X Build/MMB29P) AppleWebKit/537.36 (KHTML, like Gecko) Chrome/130.0.6723.69 Mobile Safari/537.36 (compatible; GoogleOther)"
66.249.70.137 - - [31/Oct/2024:01:55:08 +0000] "GET /slot-thailand/?brandName=BENUATOTOshop-motorcycle-riding-gear-face-masks/beli-pakaian-bayi-laki-laki/koper-anak-2/shop-kesehatan-hewan-peliharaanbeli-indoor-climbers-play-structure-tg/shop-tire-parts-air-compressors-inflators/shop-masker-wajah-pria/beli-susu-pertumbuhan-1-3-tahun/beli-perlengkapan-styling-rambut/olahraga-raket/bathrobe-baju-mandi-wanita/shop-pembersih/jual-tas-ransel/ HTTP/1.1" 200 140266 "-" "Mozilla/5.0 (Linux; Android 6.0.1; Nexus 5X Build/MMB29P) AppleWebKit/537.36 (KHTML, like Gecko) Chrome/130.0.6723.69 Mobile Safari/537.36 (compatible; GoogleOther)"
66.249.70.137 - - [31/Oct/2024:01:55:15 +0000] "GET /slot-thailand/?brandName=BENUATOTOshop-motorcycle-riding-gear-face-masks/beli-pakaian-bayi-laki-laki/koper-anak-2/beli-alat-kesehatan-kecantikan/jual-olahraga-senam/peralatan-latihan-kardio/shop-penyimpanan-data/beli-adaptor-baterai-komputer/shop-motorcycle-oils-fluids/shop-beli-laptop/jual-pisau-alat-multifungsi/beli-jam-tangan-wanita/beli-jam-tangan-wanita/beli-mainan-blaster/ HTTP/1.1" 200 137392 "-" "Mozilla/5.0 (Linux; Android 6.0.1; Nexus 5X Build/MMB29P) AppleWebKit/537.36 (KHTML, like Gecko) Chrome/130.0.6723.69 Mobile Safari/537.36 (compatible; GoogleOther)"
66.249.70.138 - - [31/Oct/2024:01:55:21 +0000] "GET /slot-thailand/?brandName=BENUATOTOshop-motorcycle-riding-gear-face-masks/beli-pakaian-bayi-laki-laki/beli-perhiasan-pria/beli-baterai/beli-kamera-video-aksi/beli-popok-kain/beli-mainan-kendaraan-tg/shop-automotive-body-parts/payung-jas-hujan-anak-perempuanjual-piring-mangkok-bayi/shop-makanan-hewanshop-elektronik/beli-kerajinan-tangan-kesenian-anak/pemanggang-dan-penyajian-masakan-outdoor/ HTTP/1.1" 200 139949 "-" "Mozilla/5.0 (Linux; Android 6.0.1; Nexus 5X Build/MMB29P) AppleWebKit/537.36 (KHTML, like Gecko) Chrome/130.0.6723.69 Mobile Safari/537.36 (compatible; GoogleOther)"
66.249.70.139 - - [31/Oct/2024:01:55:48 +0000] "GET /slot-thailand/?brandName=BENUATOTOshop-motorcycle-riding-gear-face-masks/beli-pakaian-bayi-laki-laki/beli-perlengkapan-mandi-tubuh/pakaian-renang-dan-selancar-pria/shop-busi-motor/shop-car-video-in-dash-navigation/beli-alat-medis/beli-handuk-mandi/shop-indikator/beli-dekorasi-rumah/beli-teh/jual-laci-kamar-mandi/seprei-ranjang/ HTTP/1.1" 200 132439 "-" "Mozilla/5.0 (Linux; Android 6.0.1; Nexus 5X Build/MMB29P) AppleWebKit/537.36 (KHTML, like Gecko) Chrome/130.0.6723.69 Mobile Safari/537.36 (compatible; GoogleOther)"
66.249.64.109 - - [31/Oct/2024:01:56:02 +0000] "GET /cdn-cgi/challenge-platform/scripts/jsd/main.js HTTP/1.1" 404 11510 "-" "Mozilla/5.0 (Linux; Android 6.0.1; Nexus 5X Build/MMB29P) AppleWebKit/537.36 (KHTML, like Gecko) Chrome/130.0.6723.58 Mobile Safari/537.36 (compatible; Googlebot/2.1; +http://www.google.com/bot.html)"
66.249.64.109 - - [31/Oct/2024:01:56:03 +0000] "GET /slot-thailand/react.js HTTP/1.1" 404 11510 "https://www.lakoyanimedia.tech/" "Mozilla/5.0 (Linux; Android 6.0.1; Nexus 5X Build/MMB29P) AppleWebKit/537.36 (KHTML, like Gecko) Chrome/130.0.6723.58 Mobile Safari/537.36 (compatible; Googlebot/2.1; +http://www.google.com/bot.html)"
66.249.64.109 - - [31/Oct/2024:01:56:03 +0000] "GET /slot-thailand/react-dom.js HTTP/1.1" 404 11510 "https://www.lakoyanimedia.tech/" "Mozilla/5.0 (Linux; Android 6.0.1; Nexus 5X Build/MMB29P) AppleWebKit/537.36 (KHTML, like Gecko) Chrome/130.0.6723.58 Mobile Safari/537.36 (compatible; Googlebot/2.1; +http://www.google.com/bot.html)"
66.249.70.137 - - [31/Oct/2024:01:56:07 +0000] "GET /slot-thailand/?brandName=BENUATOTOshop-motorcycle-riding-gear-face-masks/beli-pakaian-bayi-laki-laki/beli-perlengkapan-mandi-tubuh/pakaian-renang-dan-selancar-pria/shop-busi-motor/shop-car-video-in-dash-navigation/beli-alat-medis/beli-handuk-mandi/shop-indikator/beli-dekorasi-rumah/beli-teh/beli-remote-control-mainan-kendaraan/shop-tali-smartwatch/ HTTP/1.1" 200 134941 "-" "Mozilla/5.0 (Linux; Android 6.0.1; Nexus 5X Build/MMB29P) AppleWebKit/537.36 (KHTML, like Gecko) Chrome/130.0.6723.69 Mobile Safari/537.36 (compatible; GoogleOther)"
66.249.64.109 - - [31/Oct/2024:01:56:17 +0000] "GET /slot-thailand/react.js HTTP/1.1" 404 11510 "https://www.lakoyanimedia.tech/" "Mozilla/5.0 (Linux; Android 6.0.1; Nexus 5X Build/MMB29P) AppleWebKit/537.36 (KHTML, like Gecko) Chrome/130.0.6723.58 Mobile Safari/537.36 (compatible; Googlebot/2.1; +http://www.google.com/bot.html)"
66.249.70.137 - - [31/Oct/2024:01:56:54 +0000] "GET /slot-thailand/?brandName=BENUATOTOshop-motorcycle-riding-gear-face-masks/beli-pakaian-bayi-laki-laki/beli-perhiasan-anak/helpcenter/orders-payment/beli-alat-tulis-kerajinan/pakaian-renang-dan-selancar-wanita/rugby/beli-perawatan-rambut-priashop-ransel-pria/beli-tabir-surya-aftersunsepatu-basket-wanita/beli-sabun-pembersih-bayi/shop-penerangan/celana-jeans-anak-laki-laki HTTP/1.1" 200 137584 "-" "Mozilla/5.0 (Linux; Android 6.0.1; Nexus 5X Build/MMB29P) AppleWebKit/537.36 (KHTML, like Gecko) Chrome/130.0.6723.69 Mobile Safari/537.36 (compatible; GoogleOther)"
66.249.70.137 - - [31/Oct/2024:01:57:27 +0000] "GET /slot-thailand/?brandName=BENUATOTOshop-motorcycle-riding-gear-face-masks/beli-pakaian-bayi-laki-laki/beli-perhiasan-anak/helpcenter/orders-payment/beli-alat-tulis-kerajinan/pakaian-renang-dan-selancar-wanita/rugby/beli-perawatan-rambut-priashop-ransel-pria/beli-tabir-surya-aftersunsepatu-basket-wanita/beli-sabun-pembersih-bayi/beli-detergen-popok-kain/beli-makanan-bayi/ HTTP/1.1" 200 137504 "-" "Mozilla/5.0 (Linux; Android 6.0.1; Nexus 5X Build/MMB29P) AppleWebKit/537.36 (KHTML, like Gecko) Chrome/130.0.6723.69 Mobile Safari/537.36 (compatible; GoogleOther)"
66.249.70.137 - - [31/Oct/2024:01:57:33 +0000] "GET /slot-thailand/?brandName=BENUATOTOshop-motorcycle-riding-gear-face-masks/beli-pakaian-bayi-laki-laki/koper-anak-2/shop-kesehatan-hewan-peliharaanbeli-indoor-climbers-play-structure-tg/shop-tire-parts-air-compressors-inflators/shop-masker-wajah-pria/beli-susu-pertumbuhan-1-3-tahun/beli-perlengkapan-styling-rambut/olahraga-raket/bathrobe-baju-mandi-wanita/shop-pembersih/international-football-clubs-fan-merchandise/ HTTP/1.1" 200 143841 "-" "Mozilla/5.0 (Linux; Android 6.0.1; Nexus 5X Build/MMB29P) AppleWebKit/537.36 (KHTML, like Gecko) Chrome/130.0.6723.69 Mobile Safari/537.36 (compatible; GoogleOther)"
66.249.70.138 - - [31/Oct/2024:01:57:40 +0000] "GET /slot-thailand/?brandName=BENUATOTOshop-motorcycle-riding-gear-face-masks/beli-pakaian-bayi-laki-laki/beli-perhiasan-anak/helpcenter/orders-payment/beli-alat-tulis-kerajinan/pakaian-renang-dan-selancar-wanita/rugby/beli-perawatan-rambut-priashop-ransel-pria/beli-tabir-surya-aftersunsepatu-basket-wanita/beli-sabun-pembersih-bayi/modul-memori-printer/beli-perlengkapan-dapur-makan/ HTTP/1.1" 200 138328 "-" "Mozilla/5.0 (Linux; Android 6.0.1; Nexus 5X Build/MMB29P) AppleWebKit/537.36 (KHTML, like Gecko) Chrome/130.0.6723.69 Mobile Safari/537.36 (compatible; GoogleOther)"
109.106.251.75 - - [31/Oct/2024:01:57:45 +0000] "POST /wp-admin/admin-ajax.php?action=async_litespeed&nonce=42Qtw3jVt6EyQXgZETQBQUZJOd3wyBJG&litespeed_type=imgoptm HTTP/1.1" 200 21 "-" "WordPress/6.6.2; https://lakoyanimedia.tech"
192.145.119.243 - - [31/Oct/2024:01:57:45 +0000] "GET /sample-page/?tod=75706c6f6164 HTTP/1.1" 200 10111 "-" "Mozilla/5.0 (Windows NT 10.0; Win64; x64) AppleWebKit/537.36 (KHTML, like Gecko) Chrome/58.0.3029.110 Safari/537.3"
192.145.119.243 - - [31/Oct/2024:01:57:47 +0000] "GET /sample-page/?act=nd HTTP/1.1" 200 10111 "-" "Mozilla/5.0 (Windows NT 10.0; Win64; x64) AppleWebKit/537.36 (KHTML, like Gecko) Chrome/58.0.3029.110 Safari/537.3"
66.249.70.138 - - [31/Oct/2024:01:57:47 +0000] "GET /slot-thailand/?brandName=BENUATOTOshop-motorcycle-riding-gear-face-masks/beli-pakaian-bayi-laki-laki/koper-anak-2/beli-perlengkapan-mandi-perawatan-kulit-anak/beli-losion-krim-tubuhbeli-scrub-tubuhsepak-bola/shop-automotive-spoilers-wings-styling-kits/jual-peralatan-cheerleading/beli-sarung-bantal/sepatu-dan-pakaian-olahraga-pria/beli-scrub-tubuhbeli-boneka-aksesori/shop-Manisan/Kebun%20&%20Luar%20Ruangan/ HTTP/1.1" 200 141700 "-" "Mozilla/5.0 (Linux; Android 6.0.1; Nexus 5X Build/MMB29P) AppleWebKit/537.36 (KHTML, like Gecko) Chrome/130.0.6723.69 Mobile Safari/537.36 (compatible; GoogleOther)"
192.145.119.243 - - [31/Oct/2024:01:57:52 +0000] "GET /sample-page/?tod=75706c6f6164 HTTP/1.1" 200 10111 "-" "Mozilla/5.0 (Windows NT 10.0; Win64; x64) AppleWebKit/537.36 (KHTML, like Gecko) Chrome/58.0.3029.110 Safari/537.3"
66.249.64.108 - - [31/Oct/2024:01:57:53 +0000] "GET /slot-thailand/react.js HTTP/1.1" 404 11510 "https://www.lakoyanimedia.tech/" "Mozilla/5.0 (Linux; Android 6.0.1; Nexus 5X Build/MMB29P) AppleWebKit/537.36 (KHTML, like Gecko) Chrome/130.0.6723.58 Mobile Safari/537.36 (compatible; Googlebot/2.1; +http://www.google.com/bot.html)"
66.249.64.110 - - [31/Oct/2024:01:57:53 +0000] "GET /cdn-cgi/challenge-platform/scripts/jsd/main.js HTTP/1.1" 404 11510 "-" "Mozilla/5.0 (Linux; Android 6.0.1; Nexus 5X Build/MMB29P) AppleWebKit/537.36 (KHTML, like Gecko) Chrome/130.0.6723.58 Mobile Safari/537.36 (compatible; Googlebot/2.1; +http://www.google.com/bot.html)"
66.249.70.137 - - [31/Oct/2024:01:57:54 +0000] "GET /slot-thailand/?brandName=BENUATOTOshop-motorcycle-riding-gear-face-masks/beli-pakaian-bayi-laki-laki/koper-anak-2/beli-alat-kesehatan-kecantikan/jual-olahraga-senam/peralatan-latihan-kardio/shop-penyimpanan-data/beli-adaptor-baterai-komputer/shop-motorcycle-oils-fluids/shop-beli-laptop/jual-pisau-alat-multifungsi/beli-jam-tangan-wanita/olahraga-air/bra-wanita/ HTTP/1.1" 200 136248 "-" "Mozilla/5.0 (Linux; Android 6.0.1; Nexus 5X Build/MMB29P) AppleWebKit/537.36 (KHTML, like Gecko) Chrome/130.0.6723.69 Mobile Safari/537.36 (compatible; GoogleOther)"
66.249.64.109 - - [31/Oct/2024:01:57:55 +0000] "GET /slot-thailand/react-dom.js HTTP/1.1" 404 11510 "https://www.lakoyanimedia.tech/" "Mozilla/5.0 (Linux; Android 6.0.1; Nexus 5X Build/MMB29P) AppleWebKit/537.36 (KHTML, like Gecko) Chrome/130.0.6723.58 Mobile Safari/537.36 (compatible; Googlebot/2.1; +http://www.google.com/bot.html)"
