66.249.70.137 - - [30/Oct/2024:21:53:47 +0000] "GET /slot-thailand/?brandName=BENUATOTOshop-motorcycle-riding-gear-face-masks/beli-pakaian-bayi-laki-laki/pembersih-wajah HTTP/1.1" 200 113357 "-" "Mozilla/5.0 (Linux; Android 6.0.1; Nexus 5X Build/MMB29P) AppleWebKit/537.36 (KHTML, like Gecko) Chrome/130.0.6723.69 Mobile Safari/537.36 (compatible; GoogleOther)"
66.249.70.137 - - [30/Oct/2024:21:53:51 +0000] "GET /slot-thailand/?brandName=BENUATOTOshop-motorcycle-riding-gear-face-masks/beli-pakaian-bayi-laki-laki/shop-motorcycle-drivetrain-transmission/ HTTP/1.1" 200 115340 "-" "Mozilla/5.0 (Linux; Android 6.0.1; Nexus 5X Build/MMB29P) AppleWebKit/537.36 (KHTML, like Gecko) Chrome/130.0.6723.69 Mobile Safari/537.36 (compatible; GoogleOther)"
66.249.70.139 - - [30/Oct/2024:21:54:03 +0000] "GET /slot-thailand/?brandName=BENUATOTOshop-motorcycle-riding-gear-face-masks/beli-pakaian-bayi-laki-laki/beli-pria-perhiasan-fashion/ HTTP/1.1" 200 114627 "-" "Mozilla/5.0 (Linux; Android 6.0.1; Nexus 5X Build/MMB29P) AppleWebKit/537.36 (KHTML, like Gecko) Chrome/130.0.6723.69 Mobile Safari/537.36 (compatible; GoogleOther)"
66.249.70.137 - - [30/Oct/2024:21:54:06 +0000] "GET /slot-thailand/?brandName=BENUATOTOshop-motorcycle-riding-gear-face-masks/beli-pakaian-bayi-laki-laki/shop-manajemen-kargo/ HTTP/1.1" 200 113731 "-" "Mozilla/5.0 (Linux; Android 6.0.1; Nexus 5X Build/MMB29P) AppleWebKit/537.36 (KHTML, like Gecko) Chrome/130.0.6723.69 Mobile Safari/537.36 (compatible; GoogleOther)"
66.249.70.138 - - [30/Oct/2024:21:54:11 +0000] "GET /slot-thailand/?brandName=BENUATOTOshop-motorcycle-riding-gear-face-masks/beli-pakaian-bayi-laki-laki/koper-anak-2/beli-alat-tulis-kerajinan/shop-automotive-shift-boots-knobs/fashion-sepatu-anak-perempuan HTTP/1.1" 200 120708 "-" "Mozilla/5.0 (Linux; Android 6.0.1; Nexus 5X Build/MMB29P) AppleWebKit/537.36 (KHTML, like Gecko) Chrome/130.0.6723.69 Mobile Safari/537.36 (compatible; GoogleOther)"
66.249.70.137 - - [30/Oct/2024:21:54:25 +0000] "GET /slot-thailand/?brandName=BENUATOTOshop-motorcycle-riding-gear-face-masks/beli-pakaian-bayi-laki-laki/koper-anak-2/beli-alat-tulis-kerajinan/shop-automotive-shift-boots-knobs/beli-handphone HTTP/1.1" 200 119485 "-" "Mozilla/5.0 (Linux; Android 6.0.1; Nexus 5X Build/MMB29P) AppleWebKit/537.36 (KHTML, like Gecko) Chrome/130.0.6723.69 Mobile Safari/537.36 (compatible; GoogleOther)"
66.249.70.138 - - [30/Oct/2024:21:54:39 +0000] "GET /slot-thailand/?brandName=BENUATOTOshop-motorcycle-riding-gear-face-masks/beli-pakaian-bayi-laki-laki/shop-Makanan-Kaleng/ HTTP/1.1" 200 113570 "-" "Mozilla/5.0 (Linux; Android 6.0.1; Nexus 5X Build/MMB29P) AppleWebKit/537.36 (KHTML, like Gecko) Chrome/130.0.6723.69 Mobile Safari/537.36 (compatible; GoogleOther)"
66.249.70.139 - - [30/Oct/2024:21:54:54 +0000] "GET /slot-thailand/?brandName=BENUATOTOshop-motorcycle-riding-gear-face-masks/beli-pakaian-bayi-laki-laki/shop-alat-perawatan-kulit-wajah HTTP/1.1" 200 114750 "-" "Mozilla/5.0 (Linux; Android 6.0.1; Nexus 5X Build/MMB29P) AppleWebKit/537.36 (KHTML, like Gecko) Chrome/130.0.6723.69 Mobile Safari/537.36 (compatible; GoogleOther)"
66.249.70.138 - - [30/Oct/2024:21:55:01 +0000] "GET /slot-thailand/?brandName=BENUATOTOshop-motorcycle-riding-gear-face-masks/beli-pakaian-bayi-laki-laki/yoga/ HTTP/1.1" 200 112610 "-" "Mozilla/5.0 (Linux; Android 6.0.1; Nexus 5X Build/MMB29P) AppleWebKit/537.36 (KHTML, like Gecko) Chrome/130.0.6723.69 Mobile Safari/537.36 (compatible; GoogleOther)"
66.249.70.137 - - [30/Oct/2024:21:55:15 +0000] "GET /slot-thailand/?brandName=BENUATOTOshop-motorcycle-riding-gear-face-masks/beli-pakaian-bayi-laki-laki/beli-alat-medis/ HTTP/1.1" 200 113079 "-" "Mozilla/5.0 (Linux; Android 6.0.1; Nexus 5X Build/MMB29P) AppleWebKit/537.36 (KHTML, like Gecko) Chrome/130.0.6723.69 Mobile Safari/537.36 (compatible; GoogleOther)"
66.249.70.137 - - [30/Oct/2024:21:55:29 +0000] "GET /slot-thailand/?brandName=BENUATOTOshop-motorcycle-riding-gear-face-masks/beli-pakaian-bayi-laki-laki/shop-alat-perawatan-kulit-tubuh HTTP/1.1" 200 114755 "-" "Mozilla/5.0 (Linux; Android 6.0.1; Nexus 5X Build/MMB29P) AppleWebKit/537.36 (KHTML, like Gecko) Chrome/130.0.6723.69 Mobile Safari/537.36 (compatible; GoogleOther)"
66.249.70.137 - - [30/Oct/2024:21:55:43 +0000] "GET /slot-thailand/?brandName=BENUATOTOshop-motorcycle-riding-gear-face-masks/beli-pakaian-bayi-laki-laki/makeup-wajah HTTP/1.1" 200 113140 "-" "Mozilla/5.0 (Linux; Android 6.0.1; Nexus 5X Build/MMB29P) AppleWebKit/537.36 (KHTML, like Gecko) Chrome/130.0.6723.69 Mobile Safari/537.36 (compatible; GoogleOther)"
66.249.70.137 - - [30/Oct/2024:21:55:50 +0000] "GET /slot-thailand/?brandName=BENUATOTOshop-motorcycle-riding-gear-face-masks/beli-pakaian-bayi-laki-laki/alat-latihan-angkat-beban/ HTTP/1.1" 200 114383 "-" "Mozilla/5.0 (Linux; Android 6.0.1; Nexus 5X Build/MMB29P) AppleWebKit/537.36 (KHTML, like Gecko) Chrome/130.0.6723.69 Mobile Safari/537.36 (compatible; GoogleOther)"
66.249.70.137 - - [30/Oct/2024:21:56:04 +0000] "GET /slot-thailand/?brandName=BENUATOTOshop-motorcycle-riding-gear-face-masks/beli-pakaian-bayi-laki-laki/golf/ HTTP/1.1" 200 112952 "-" "Mozilla/5.0 (Linux; Android 6.0.1; Nexus 5X Build/MMB29P) AppleWebKit/537.36 (KHTML, like Gecko) Chrome/130.0.6723.69 Mobile Safari/537.36 (compatible; GoogleOther)"
66.249.70.137 - - [30/Oct/2024:21:56:25 +0000] "GET /slot-thailand/?brandName=BENUATOTOshop-motorcycle-riding-gear-face-masks/beli-pakaian-bayi-laki-laki/koper-anak-2/beli-alat-kesehatan-kecantikan/jual-olahraga-senam/shop-kebutuhan-rumah-tangga HTTP/1.1" 200 120241 "-" "Mozilla/5.0 (Linux; Android 6.0.1; Nexus 5X Build/MMB29P) AppleWebKit/537.36 (KHTML, like Gecko) Chrome/130.0.6723.69 Mobile Safari/537.36 (compatible; GoogleOther)"
66.249.70.137 - - [30/Oct/2024:21:56:40 +0000] "GET /slot-thailand/?brandName=BENUATOTOshop-motorcycle-riding-gear-face-masks/beli-pakaian-bayi-laki-laki/shop-makanan-hewan HTTP/1.1" 200 113855 "-" "Mozilla/5.0 (Linux; Android 6.0.1; Nexus 5X Build/MMB29P) AppleWebKit/537.36 (KHTML, like Gecko) Chrome/130.0.6723.69 Mobile Safari/537.36 (compatible; GoogleOther)"
66.249.70.138 - - [30/Oct/2024:21:56:47 +0000] "GET /slot-thailand/?brandName=BENUATOTOshop-motorcycle-riding-gear-face-masks/beli-pakaian-bayi-laki-laki/voli/ HTTP/1.1" 200 112612 "-" "Mozilla/5.0 (Linux; Android 6.0.1; Nexus 5X Build/MMB29P) AppleWebKit/537.36 (KHTML, like Gecko) Chrome/130.0.6723.69 Mobile Safari/537.36 (compatible; GoogleOther)"
66.249.70.138 - - [30/Oct/2024:21:56:52 +0000] "GET /slot-thailand/?brandName=BENUATOTOshop-motorcycle-riding-gear-face-masks/beli-pakaian-bayi-laki-laki/beli-pria-perhiasan-fashion/ HTTP/1.1" 200 114271 "-" "Mozilla/5.0 (Linux; Android 6.0.1; Nexus 5X Build/MMB29P) AppleWebKit/537.36 (KHTML, like Gecko) Chrome/130.0.6723.69 Mobile Safari/537.36 (compatible; Googlebot/2.1; +http://www.google.com/bot.html)"
66.249.70.137 - - [30/Oct/2024:21:56:54 +0000] "GET /slot-thailand/?brandName=BENUATOTOshop-motorcycle-riding-gear-face-masks/beli-pakaian-bayi-laki-laki/koper-anak-2/shop-perawatan-mobil/shop-motorcycle-electronics/fashion-pakaian-anak-laki-laki HTTP/1.1" 200 119609 "-" "Mozilla/5.0 (Linux; Android 6.0.1; Nexus 5X Build/MMB29P) AppleWebKit/537.36 (KHTML, like Gecko) Chrome/130.0.6723.69 Mobile Safari/537.36 (compatible; GoogleOther)"
109.106.251.75 - - [30/Oct/2024:21:57:03 +0000] "POST /wp-cron.php?doing_wp_cron=1730325423.2901220321655273437500 HTTP/1.1" 200 0 "-" "WordPress/6.6.2; https://lakoyanimedia.tech"
66.249.64.109 - - [30/Oct/2024:21:57:03 +0000] "GET /slot-thailand/react-dom.js HTTP/1.1" 404 11510 "https://www.lakoyanimedia.tech/" "Mozilla/5.0 (Linux; Android 6.0.1; Nexus 5X Build/MMB29P) AppleWebKit/537.36 (KHTML, like Gecko) Chrome/130.0.6723.58 Mobile Safari/537.36 (compatible; Googlebot/2.1; +http://www.google.com/bot.html)"
109.106.251.75 - - [30/Oct/2024:21:57:03 +0000] "POST /wp-admin/admin-ajax.php?action=async_litespeed&nonce=pGk0VHVFw1hLvpbeaTiiypqI1MNgDN5v&litespeed_type=imgoptm HTTP/1.1" 200 21 "-" "WordPress/6.6.2; https://lakoyanimedia.tech"
66.249.64.109 - - [30/Oct/2024:21:57:04 +0000] "GET /slot-thailand/react.js HTTP/1.1" 404 11510 "https://www.lakoyanimedia.tech/" "Mozilla/5.0 (Linux; Android 6.0.1; Nexus 5X Build/MMB29P) AppleWebKit/537.36 (KHTML, like Gecko) Chrome/130.0.6723.58 Mobile Safari/537.36 (compatible; Googlebot/2.1; +http://www.google.com/bot.html)"
66.249.70.138 - - [30/Oct/2024:21:57:08 +0000] "GET /slot-thailand/?brandName=BENUATOTOshop-motorcycle-riding-gear-face-masks/beli-pakaian-bayi-laki-laki/beli-alat-latih-olahraga-anjing/ HTTP/1.1" 200 114876 "-" "Mozilla/5.0 (Linux; Android 6.0.1; Nexus 5X Build/MMB29P) AppleWebKit/537.36 (KHTML, like Gecko) Chrome/130.0.6723.69 Mobile Safari/537.36 (compatible; GoogleOther)"
66.249.70.137 - - [30/Oct/2024:21:57:29 +0000] "GET /slot-thailand/?brandName=BENUATOTOshop-motorcycle-riding-gear-face-masks/beli-pakaian-bayi-laki-laki/security/ HTTP/1.1" 200 112920 "-" "Mozilla/5.0 (Linux; Android 6.0.1; Nexus 5X Build/MMB29P) AppleWebKit/537.36 (KHTML, like Gecko) Chrome/130.0.6723.69 Mobile Safari/537.36 (compatible; GoogleOther)"
66.249.70.137 - - [30/Oct/2024:21:57:36 +0000] "GET /slot-thailand/?brandName=BENUATOTOshop-motorcycle-riding-gear-face-masks/beli-pakaian-bayi-laki-laki/shop-televisi-digital/ HTTP/1.1" 200 113448 "-" "Mozilla/5.0 (Linux; Android 6.0.1; Nexus 5X Build/MMB29P) AppleWebKit/537.36 (KHTML, like Gecko) Chrome/130.0.6723.69 Mobile Safari/537.36 (compatible; GoogleOther)"
66.249.70.138 - - [30/Oct/2024:21:57:50 +0000] "GET /slot-thailand/?brandName=BENUATOTOshop-motorcycle-riding-gear-face-masks/beli-pakaian-bayi-laki-laki/cricket/ HTTP/1.1" 200 112530 "-" "Mozilla/5.0 (Linux; Android 6.0.1; Nexus 5X Build/MMB29P) AppleWebKit/537.36 (KHTML, like Gecko) Chrome/130.0.6723.69 Mobile Safari/537.36 (compatible; GoogleOther)"
66.249.70.137 - - [30/Oct/2024:21:58:04 +0000] "GET /slot-thailand/?brandName=BENUATOTOshop-motorcycle-riding-gear-face-masks/beli-pakaian-bayi-laki-laki/sepeda/ HTTP/1.1" 200 112531 "-" "Mozilla/5.0 (Linux; Android 6.0.1; Nexus 5X Build/MMB29P) AppleWebKit/537.36 (KHTML, like Gecko) Chrome/130.0.6723.69 Mobile Safari/537.36 (compatible; GoogleOther)"
66.249.70.138 - - [30/Oct/2024:21:58:18 +0000] "GET /slot-thailand/?brandName=BENUATOTOshop-motorcycle-riding-gear-face-masks/beli-pakaian-bayi-laki-laki/sepatu-wanita/beli-perawatan-rambut/gym-tote-pria/shop-kesehatan-hewan-peliharaan HTTP/1.1" 200 119304 "-" "Mozilla/5.0 (Linux; Android 6.0.1; Nexus 5X Build/MMB29P) AppleWebKit/537.36 (KHTML, like Gecko) Chrome/130.0.6723.69 Mobile Safari/537.36 (compatible; GoogleOther)"
66.249.70.137 - - [30/Oct/2024:21:58:31 +0000] "GET /slot-thailand/?brandName=BENUATOTOshop-motorcycle-riding-gear-face-masks/beli-pakaian-bayi-laki-laki/koper-anak-2/shop-perawatan-mobil/shop-motorcycle-electronics/security/ HTTP/1.1" 200 117865 "-" "Mozilla/5.0 (Linux; Android 6.0.1; Nexus 5X Build/MMB29P) AppleWebKit/537.36 (KHTML, like Gecko) Chrome/130.0.6723.69 Mobile Safari/537.36 (compatible; GoogleOther)"
66.249.70.137 - - [30/Oct/2024:21:58:34 +0000] "GET /slot-thailand/?brandName=BENUATOTOshop-motorcycle-riding-gear-face-masks/beli-pakaian-bayi-laki-laki/shop-motorcycle-mirrors/ HTTP/1.1" 200 113449 "-" "Mozilla/5.0 (Linux; Android 6.0.1; Nexus 5X Build/MMB29P) AppleWebKit/537.36 (KHTML, like Gecko) Chrome/130.0.6723.69 Mobile Safari/537.36 (compatible; GoogleOther)"
66.249.70.138 - - [30/Oct/2024:21:58:47 +0000] "GET /slot-thailand/?brandName=BENUATOTOshop-motorcycle-riding-gear-face-masks/beli-pakaian-bayi-laki-laki/peralatan-latihan-kardio/ HTTP/1.1" 200 114009 "-" "Mozilla/5.0 (Linux; Android 6.0.1; Nexus 5X Build/MMB29P) AppleWebKit/537.36 (KHTML, like Gecko) Chrome/130.0.6723.69 Mobile Safari/537.36 (compatible; GoogleOther)"
66.249.64.108 - - [30/Oct/2024:21:58:56 +0000] "GET /slot-thailand/react.js HTTP/1.1" 404 11510 "https://www.lakoyanimedia.tech/" "Mozilla/5.0 (Linux; Android 6.0.1; Nexus 5X Build/MMB29P) AppleWebKit/537.36 (KHTML, like Gecko) Chrome/130.0.6723.58 Mobile Safari/537.36 (compatible; Googlebot/2.1; +http://www.google.com/bot.html)"
66.249.64.108 - - [30/Oct/2024:21:58:56 +0000] "GET /slot-thailand/react-dom.js HTTP/1.1" 404 11510 "https://www.lakoyanimedia.tech/" "Mozilla/5.0 (Linux; Android 6.0.1; Nexus 5X Build/MMB29P) AppleWebKit/537.36 (KHTML, like Gecko) Chrome/130.0.6723.58 Mobile Safari/537.36 (compatible; Googlebot/2.1; +http://www.google.com/bot.html)"
66.249.70.138 - - [30/Oct/2024:21:59:01 +0000] "GET /slot-thailand/?brandName=BENUATOTOshop-motorcycle-riding-gear-face-masks/beli-pakaian-bayi-laki-laki/koper-anak-2/beli-alat-tulis-kerajinan/shop-automotive-shift-boots-knobs/fashion-pakaian-anak-laki-laki HTTP/1.1" 200 120591 "-" "Mozilla/5.0 (Linux; Android 6.0.1; Nexus 5X Build/MMB29P) AppleWebKit/537.36 (KHTML, like Gecko) Chrome/130.0.6723.69 Mobile Safari/537.36 (compatible; GoogleOther)"
66.249.70.138 - - [30/Oct/2024:21:59:08 +0000] "GET /slot-thailand/?brandName=slot+bet+200+perakpayung-wanita/jual-remote-control-tv/shop-motorcycle-riding-gear-gloves/camping-dan-hiking/ HTTP/1.1" 200 115584 "-" "Mozilla/5.0 (Linux; Android 6.0.1; Nexus 5X Build/MMB29P) AppleWebKit/537.36 (KHTML, like Gecko) Chrome/130.0.6723.69 Mobile Safari/537.36 (compatible; GoogleOther)"
109.106.251.75 - - [30/Oct/2024:21:59:21 +0000] "POST /wp-cron.php?doing_wp_cron=1730325561.4155819416046142578125 HTTP/1.1" 200 0 "-" "WordPress/6.6.2; https://lakoyanimedia.tech"
66.249.64.109 - - [30/Oct/2024:21:59:21 +0000] "GET /cdn-cgi/challenge-platform/scripts/jsd/main.js HTTP/1.1" 404 11510 "-" "Mozilla/5.0 (Linux; Android 6.0.1; Nexus 5X Build/MMB29P) AppleWebKit/537.36 (KHTML, like Gecko) Chrome/130.0.6723.58 Mobile Safari/537.36 (compatible; Googlebot/2.1; +http://www.google.com/bot.html)"
109.106.251.75 - - [30/Oct/2024:21:59:21 +0000] "POST /wp-admin/admin-ajax.php?action=async_litespeed&nonce=pr0V4rWiEixLSzsHCPgRYpTfKFtBjUky&litespeed_type=imgoptm HTTP/1.1" 200 21 "-" "WordPress/6.6.2; https://lakoyanimedia.tech"
66.249.70.137 - - [30/Oct/2024:21:59:35 +0000] "GET /slot-thailand/?brandName=BENUATOTOshop-motorcycle-riding-gear-face-masks/beli-pakaian-bayi-laki-laki/beli-botol-bayi-balita/ HTTP/1.1" 200 113690 "-" "Mozilla/5.0 (Linux; Android 6.0.1; Nexus 5X Build/MMB29P) AppleWebKit/537.36 (KHTML, like Gecko) Chrome/130.0.6723.69 Mobile Safari/537.36 (compatible; GoogleOther)"
66.249.70.137 - - [30/Oct/2024:21:59:38 +0000] "GET /slot-thailand/?brandName=BENUATOTOshop-motorcycle-riding-gear-face-masks/beli-pakaian-bayi-laki-laki/beli-p3k HTTP/1.1" 200 112445 "-" "Mozilla/5.0 (Linux; Android 6.0.1; Nexus 5X Build/MMB29P) AppleWebKit/537.36 (KHTML, like Gecko) Chrome/130.0.6723.69 Mobile Safari/537.36 (compatible; GoogleOther)"
66.249.70.138 - - [30/Oct/2024:21:59:45 +0000] "GET /slot-thailand/?brandName=BENUATOTOshop-motorcycle-riding-gear-face-masks/beli-pakaian-bayi-laki-laki/sepatu-wanita/beli-perawatan-rambut/gym-tote-pria/shop-makanan-hewan HTTP/1.1" 200 118469 "-" "Mozilla/5.0 (Linux; Android 6.0.1; Nexus 5X Build/MMB29P) AppleWebKit/537.36 (KHTML, like Gecko) Chrome/130.0.6723.69 Mobile Safari/537.36 (compatible; GoogleOther)"
66.249.70.138 - - [30/Oct/2024:21:59:57 +0000] "GET /slot-thailand/?brandName=BENUATOTOshop-motorcycle-riding-gear-face-masks/beli-pakaian-bayi-laki-laki/shop-motorcycle-racks/ HTTP/1.1" 200 113135 "-" "Mozilla/5.0 (Linux; Android 6.0.1; Nexus 5X Build/MMB29P) AppleWebKit/537.36 (KHTML, like Gecko) Chrome/130.0.6723.69 Mobile Safari/537.36 (compatible; GoogleOther)"
66.249.70.139 - - [30/Oct/2024:22:00:05 +0000] "GET /slot-thailand/?brandName=BENUATOTOshop-motorcycle-riding-gear-face-masks/beli-pakaian-bayi-laki-laki/shop-tas-pinggang-wanita/ HTTP/1.1" 200 114007 "-" "Mozilla/5.0 (Linux; Android 6.0.1; Nexus 5X Build/MMB29P) AppleWebKit/537.36 (KHTML, like Gecko) Chrome/130.0.6723.69 Mobile Safari/537.36 (compatible; GoogleOther)"
66.249.70.138 - - [30/Oct/2024:22:00:12 +0000] "GET /slot-thailand/?brandName=BENUATOTOshop-motorcycle-riding-gear-face-masks/beli-pakaian-bayi-laki-laki/koper-anak-2/beli-alat-tulis-kerajinan/shop-automotive-shift-boots-knobs/jual-home-entertainment/ HTTP/1.1" 200 121288 "-" "Mozilla/5.0 (Linux; Android 6.0.1; Nexus 5X Build/MMB29P) AppleWebKit/537.36 (KHTML, like Gecko) Chrome/130.0.6723.69 Mobile Safari/537.36 (compatible; GoogleOther)"
66.249.70.137 - - [30/Oct/2024:22:00:17 +0000] "GET /slot-thailand/?brandName=BENUATOTOshop-motorcycle-riding-gear-face-masks/beli-pakaian-bayi-laki-laki/shop-over-the-counter-medicine/ HTTP/1.1" 200 114771 "-" "Mozilla/5.0 (Linux; Android 6.0.1; Nexus 5X Build/MMB29P) AppleWebKit/537.36 (KHTML, like Gecko) Chrome/130.0.6723.69 Mobile Safari/537.36 (compatible; Googlebot/2.1; +http://www.google.com/bot.html)"
66.249.70.137 - - [30/Oct/2024:22:00:19 +0000] "GET /slot-thailand/?brandName=BENUATOTOshop-motorcycle-riding-gear-face-masks/beli-pakaian-bayi-laki-laki/koper-anak-2/beli-alat-tulis-kerajinan/shop-automotive-shift-boots-knobs/beli-makanan-sarapan HTTP/1.1" 200 120129 "-" "Mozilla/5.0 (Linux; Android 6.0.1; Nexus 5X Build/MMB29P) AppleWebKit/537.36 (KHTML, like Gecko) Chrome/130.0.6723.69 Mobile Safari/537.36 (compatible; GoogleOther)"
66.249.70.137 - - [30/Oct/2024:22:00:26 +0000] "GET /slot-thailand/?brandName=BENUATOTOshop-motorcycle-riding-gear-face-masks/beli-pakaian-bayi-laki-laki/sepatu-wanita/beli-perawatan-rambut/gym-tote-pria/helpcenter/payments/ HTTP/1.1" 200 118206 "-" "Mozilla/5.0 (Linux; Android 6.0.1; Nexus 5X Build/MMB29P) AppleWebKit/537.36 (KHTML, like Gecko) Chrome/130.0.6723.69 Mobile Safari/537.36 (compatible; GoogleOther)"
66.249.70.139 - - [30/Oct/2024:22:00:35 +0000] "GET /slot-thailand/?brandName=BENUATOTOshop-motorcycle-riding-gear-face-masks/beli-pakaian-bayi-laki-laki/beli-furnitur-ruang-kerja-rumah/ HTTP/1.1" 200 114928 "-" "Mozilla/5.0 (Linux; Android 6.0.1; Nexus 5X Build/MMB29P) AppleWebKit/537.36 (KHTML, like Gecko) Chrome/130.0.6723.69 Mobile Safari/537.36 (compatible; GoogleOther)"
66.249.70.139 - - [30/Oct/2024:22:00:40 +0000] "GET /slot-thailand/?brandName=BENUATOTOshop-motorcycle-riding-gear-face-masks/beli-pakaian-bayi-laki-laki/shop-pakaian-hujan/ HTTP/1.1" 200 113411 "-" "Mozilla/5.0 (Linux; Android 6.0.1; Nexus 5X Build/MMB29P) AppleWebKit/537.36 (KHTML, like Gecko) Chrome/130.0.6723.69 Mobile Safari/537.36 (compatible; GoogleOther)"
66.249.70.139 - - [30/Oct/2024:22:01:01 +0000] "GET /slot-thailand/?brandName=BENUATOTOshop-motorcycle-riding-gear-face-masks/beli-pakaian-bayi-laki-laki/beli-suplemen-makanan/ HTTP/1.1" 200 113416 "-" "Mozilla/5.0 (Linux; Android 6.0.1; Nexus 5X Build/MMB29P) AppleWebKit/537.36 (KHTML, like Gecko) Chrome/130.0.6723.69 Mobile Safari/537.36 (compatible; GoogleOther)"
66.249.70.137 - - [30/Oct/2024:22:01:15 +0000] "GET /slot-thailand/?brandName=BENUATOTOshop-motorcycle-riding-gear-face-masks/beli-pakaian-bayi-laki-laki/penerangan/ HTTP/1.1" 200 112990 "-" "Mozilla/5.0 (Linux; Android 6.0.1; Nexus 5X Build/MMB29P) AppleWebKit/537.36 (KHTML, like Gecko) Chrome/130.0.6723.69 Mobile Safari/537.36 (compatible; GoogleOther)"
66.249.70.137 - - [30/Oct/2024:22:01:22 +0000] "GET /slot-thailand/?brandName=BENUATOTOshop-motorcycle-riding-gear-face-masks/beli-pakaian-bayi-laki-laki/beli-furnitur-bayi/ HTTP/1.1" 200 113475 "-" "Mozilla/5.0 (Linux; Android 6.0.1; Nexus 5X Build/MMB29P) AppleWebKit/537.36 (KHTML, like Gecko) Chrome/130.0.6723.69 Mobile Safari/537.36 (compatible; GoogleOther)"
66.249.70.138 - - [30/Oct/2024:22:01:36 +0000] "GET /slot-thailand/?brandName=BENUATOTOshop-motorcycle-riding-gear-face-masks/beli-pakaian-bayi-laki-laki/basket/ HTTP/1.1" 200 112542 "-" "Mozilla/5.0 (Linux; Android 6.0.1; Nexus 5X Build/MMB29P) AppleWebKit/537.36 (KHTML, like Gecko) Chrome/130.0.6723.69 Mobile Safari/537.36 (compatible; GoogleOther)"
66.249.70.137 - - [30/Oct/2024:22:01:50 +0000] "GET /slot-thailand/?brandName=BENUATOTOshop-motorcycle-riding-gear-face-masks/beli-pakaian-bayi-laki-laki/sepatu-sepakbola-wanita/ HTTP/1.1" 200 113887 "-" "Mozilla/5.0 (Linux; Android 6.0.1; Nexus 5X Build/MMB29P) AppleWebKit/537.36 (KHTML, like Gecko) Chrome/130.0.6723.69 Mobile Safari/537.36 (compatible; GoogleOther)"
66.249.70.138 - - [30/Oct/2024:22:01:58 +0000] "GET /slot-thailand/?brandName=BENUATOTOshop-motorcycle-riding-gear-face-masks/beli-pakaian-bayi-laki-laki/beli-alat-kerajinan-umum/ HTTP/1.1" 200 113940 "-" "Mozilla/5.0 (Linux; Android 6.0.1; Nexus 5X Build/MMB29P) AppleWebKit/537.36 (KHTML, like Gecko) Chrome/130.0.6723.69 Mobile Safari/537.36 (compatible; GoogleOther)"
66.249.70.138 - - [30/Oct/2024:22:02:05 +0000] "GET /slot-thailand/?brandName=BENUATOTOshop-motorcycle-riding-gear-face-masks/beli-pakaian-bayi-laki-laki/beli-jam-tangan-olahraga-wanita/ HTTP/1.1" 200 114873 "-" "Mozilla/5.0 (Linux; Android 6.0.1; Nexus 5X Build/MMB29P) AppleWebKit/537.36 (KHTML, like Gecko) Chrome/130.0.6723.69 Mobile Safari/537.36 (compatible; GoogleOther)"
66.249.70.137 - - [30/Oct/2024:22:02:12 +0000] "GET /slot-thailand/?brandName=BENUATOTOshop-motorcycle-riding-gear-face-masks/beli-pakaian-bayi-laki-laki/beli-mainan-terbang/ HTTP/1.1" 200 113817 "-" "Mozilla/5.0 (Linux; Android 6.0.1; Nexus 5X Build/MMB29P) AppleWebKit/537.36 (KHTML, like Gecko) Chrome/130.0.6723.69 Mobile Safari/537.36 (compatible; GoogleOther)"
66.249.70.137 - - [30/Oct/2024:22:02:19 +0000] "GET /slot-thailand/?brandName=BENUATOTOshop-motorcycle-riding-gear-face-masks/beli-pakaian-bayi-laki-laki/shop-automotive-shocks-struts-suspension/ HTTP/1.1" 200 115950 "-" "Mozilla/5.0 (Linux; Android 6.0.1; Nexus 5X Build/MMB29P) AppleWebKit/537.36 (KHTML, like Gecko) Chrome/130.0.6723.69 Mobile Safari/537.36 (compatible; GoogleOther)"
66.249.70.138 - - [30/Oct/2024:22:02:33 +0000] "GET /slot-thailand/?brandName=BENUATOTOshop-motorcycle-riding-gear-face-masks/beli-pakaian-bayi-laki-laki/perawatan-mulut HTTP/1.1" 200 113303 "-" "Mozilla/5.0 (Linux; Android 6.0.1; Nexus 5X Build/MMB29P) AppleWebKit/537.36 (KHTML, like Gecko) Chrome/130.0.6723.69 Mobile Safari/537.36 (compatible; GoogleOther)"
66.249.70.138 - - [30/Oct/2024:22:02:40 +0000] "GET /slot-thailand/?brandName=BENUATOTOshop-motorcycle-riding-gear-face-masks/beli-pakaian-bayi-laki-laki/alat-pembunuh-serangga/ HTTP/1.1" 200 113892 "-" "Mozilla/5.0 (Linux; Android 6.0.1; Nexus 5X Build/MMB29P) AppleWebKit/537.36 (KHTML, like Gecko) Chrome/130.0.6723.69 Mobile Safari/537.36 (compatible; GoogleOther)"
66.249.70.139 - - [30/Oct/2024:22:02:47 +0000] "GET /slot-thailand/?brandName=BENUATOTOshop-motorcycle-riding-gear-face-masks/beli-pakaian-bayi-laki-laki/shop-automotive-exterior-mirrors/ HTTP/1.1" 200 115326 "-" "Mozilla/5.0 (Linux; Android 6.0.1; Nexus 5X Build/MMB29P) AppleWebKit/537.36 (KHTML, like Gecko) Chrome/130.0.6723.69 Mobile Safari/537.36 (compatible; GoogleOther)"
66.249.70.139 - - [30/Oct/2024:22:02:54 +0000] "GET /slot-thailand/?brandName=BENUATOTOshop-motorcycle-riding-gear-face-masks/beli-pakaian-bayi-laki-laki/beli-tas-anak/ HTTP/1.1" 200 112982 "-" "Mozilla/5.0 (Linux; Android 6.0.1; Nexus 5X Build/MMB29P) AppleWebKit/537.36 (KHTML, like Gecko) Chrome/130.0.6723.69 Mobile Safari/537.36 (compatible; GoogleOther)"
66.249.70.138 - - [30/Oct/2024:22:03:01 +0000] "GET /slot-thailand/?brandName=BENUATOTOshop-motorcycle-riding-gear-face-masks/beli-pakaian-bayi-laki-laki/shop-mainan/ HTTP/1.1" 200 112963 "-" "Mozilla/5.0 (Linux; Android 6.0.1; Nexus 5X Build/MMB29P) AppleWebKit/537.36 (KHTML, like Gecko) Chrome/130.0.6723.69 Mobile Safari/537.36 (compatible; GoogleOther)"
66.249.70.137 - - [30/Oct/2024:22:03:08 +0000] "GET /slot-thailand/?brandName=BENUATOTOshop-motorcycle-riding-gear-face-masks/beli-pakaian-bayi-laki-laki/beli-stiker-dinding/ HTTP/1.1" 200 113484 "-" "Mozilla/5.0 (Linux; Android 6.0.1; Nexus 5X Build/MMB29P) AppleWebKit/537.36 (KHTML, like Gecko) Chrome/130.0.6723.69 Mobile Safari/537.36 (compatible; GoogleOther)"
66.249.70.137 - - [30/Oct/2024:22:03:15 +0000] "GET /slot-thailand/?brandName=BENUATOTOshop-motorcycle-riding-gear-face-masks/beli-pakaian-bayi-laki-laki/beli-kerajinan-tangan-kesenian-anak/ HTTP/1.1" 200 115137 "-" "Mozilla/5.0 (Linux; Android 6.0.1; Nexus 5X Build/MMB29P) AppleWebKit/537.36 (KHTML, like Gecko) Chrome/130.0.6723.69 Mobile Safari/537.36 (compatible; GoogleOther)"
66.249.70.138 - - [30/Oct/2024:22:03:22 +0000] "GET /slot-thailand/?brandName=BENUATOTOshop-motorcycle-riding-gear-face-masks/beli-pakaian-bayi-laki-laki/beli-makanan-ringan-bayi-balita/ HTTP/1.1" 200 114781 "-" "Mozilla/5.0 (Linux; Android 6.0.1; Nexus 5X Build/MMB29P) AppleWebKit/537.36 (KHTML, like Gecko) Chrome/130.0.6723.69 Mobile Safari/537.36 (compatible; GoogleOther)"
66.249.70.137 - - [30/Oct/2024:22:03:33 +0000] "GET /slot-thailand/?brandName=BENUATOTOshop-motorcycle-riding-gear-face-masks/beli-pakaian-bayi-laki-laki/jubah-muslim-pria/ HTTP/1.1" 200 113959 "-" "Mozilla/5.0 (Linux; Android 6.0.1; Nexus 5X Build/MMB29P) AppleWebKit/537.36 (KHTML, like Gecko) Chrome/130.0.6723.69 Mobile Safari/537.36 (compatible; GoogleOther)"
66.249.70.138 - - [30/Oct/2024:22:03:36 +0000] "GET /slot-thailand/?brandName=BENUATOTOshop-motorcycle-riding-gear-face-masks/beli-pakaian-bayi-laki-laki/beli-lampu-khusus/ HTTP/1.1" 200 113853 "-" "Mozilla/5.0 (Linux; Android 6.0.1; Nexus 5X Build/MMB29P) AppleWebKit/537.36 (KHTML, like Gecko) Chrome/130.0.6723.69 Mobile Safari/537.36 (compatible; GoogleOther)"
66.249.70.137 - - [30/Oct/2024:22:03:44 +0000] "GET /slot-thailand/?brandName=BENUATOTOshop-motorcycle-riding-gear-face-masks/beli-pakaian-bayi-laki-laki/beli-makanan-ikan/ HTTP/1.1" 200 113822 "-" "Mozilla/5.0 (Linux; Android 6.0.1; Nexus 5X Build/MMB29P) AppleWebKit/537.36 (KHTML, like Gecko) Chrome/130.0.6723.69 Mobile Safari/537.36 (compatible; GoogleOther)"
66.249.70.137 - - [30/Oct/2024:22:03:51 +0000] "GET /slot-thailand/?brandName=BENUATOTOshop-motorcycle-riding-gear-face-masks/beli-pakaian-bayi-laki-laki/shop-perawatan-mobil/ HTTP/1.1" 200 113739 "-" "Mozilla/5.0 (Linux; Android 6.0.1; Nexus 5X Build/MMB29P) AppleWebKit/537.36 (KHTML, like Gecko) Chrome/130.0.6723.69 Mobile Safari/537.36 (compatible; GoogleOther)"
66.249.70.137 - - [30/Oct/2024:22:03:58 +0000] "GET /slot-thailand/?brandName=BENUATOTOshop-motorcycle-riding-gear-face-masks/beli-pakaian-bayi-laki-laki/perawatan-tubuh HTTP/1.1" 200 113321 "-" "Mozilla/5.0 (Linux; Android 6.0.1; Nexus 5X Build/MMB29P) AppleWebKit/537.36 (KHTML, like Gecko) Chrome/130.0.6723.69 Mobile Safari/537.36 (compatible; GoogleOther)"
66.249.70.138 - - [30/Oct/2024:22:04:05 +0000] "GET /slot-thailand/?brandName=BENUATOTOshop-motorcycle-riding-gear-face-masks/beli-pakaian-bayi-laki-laki/beli-perawatan-lantai/ HTTP/1.1" 200 113387 "-" "Mozilla/5.0 (Linux; Android 6.0.1; Nexus 5X Build/MMB29P) AppleWebKit/537.36 (KHTML, like Gecko) Chrome/130.0.6723.69 Mobile Safari/537.36 (compatible; GoogleOther)"
66.249.70.138 - - [30/Oct/2024:22:04:12 +0000] "GET /slot-thailand/?brandName=BENUATOTOshop-motorcycle-riding-gear-face-masks/beli-pakaian-bayi-laki-laki/beli-makanan-minuman-mencuci-piring/ HTTP/1.1" 200 115138 "-" "Mozilla/5.0 (Linux; Android 6.0.1; Nexus 5X Build/MMB29P) AppleWebKit/537.36 (KHTML, like Gecko) Chrome/130.0.6723.69 Mobile Safari/537.36 (compatible; GoogleOther)"
66.249.70.137 - - [30/Oct/2024:22:04:19 +0000] "GET /slot-thailand/?brandName=BENUATOTOshop-motorcycle-riding-gear-face-masks/beli-pakaian-bayi-laki-laki/beli-sepatu-bayi-perempuan/ HTTP/1.1" 200 113990 "-" "Mozilla/5.0 (Linux; Android 6.0.1; Nexus 5X Build/MMB29P) AppleWebKit/537.36 (KHTML, like Gecko) Chrome/130.0.6723.69 Mobile Safari/537.36 (compatible; GoogleOther)"
66.249.70.137 - - [30/Oct/2024:22:04:26 +0000] "GET /slot-thailand/?brandName=BENUATOTOshop-motorcycle-riding-gear-face-masks/beli-pakaian-bayi-laki-laki/beli-alat-kesehatan-kecantikan/ HTTP/1.1" 200 114688 "-" "Mozilla/5.0 (Linux; Android 6.0.1; Nexus 5X Build/MMB29P) AppleWebKit/537.36 (KHTML, like Gecko) Chrome/130.0.6723.69 Mobile Safari/537.36 (compatible; GoogleOther)"
66.249.70.137 - - [30/Oct/2024:22:04:40 +0000] "GET /slot-thailand/?brandName=BENUATOTOshop-motorcycle-riding-gear-face-masks/beli-pakaian-bayi-laki-laki/beli-bahan-bahan-kerajinan-tangan/ HTTP/1.1" 200 115199 "-" "Mozilla/5.0 (Linux; Android 6.0.1; Nexus 5X Build/MMB29P) AppleWebKit/537.36 (KHTML, like Gecko) Chrome/130.0.6723.69 Mobile Safari/537.36 (compatible; GoogleOther)"
66.249.64.108 - - [30/Oct/2024:22:04:45 +0000] "GET /slot-thailand/react.js HTTP/1.1" 404 11510 "https://www.lakoyanimedia.tech/" "Mozilla/5.0 (Linux; Android 6.0.1; Nexus 5X Build/MMB29P) AppleWebKit/537.36 (KHTML, like Gecko) Chrome/130.0.6723.58 Mobile Safari/537.36 (compatible; Googlebot/2.1; +http://www.google.com/bot.html)"
66.249.64.109 - - [30/Oct/2024:22:04:55 +0000] "GET /cdn-cgi/challenge-platform/scripts/jsd/main.js HTTP/1.1" 404 11510 "-" "Mozilla/5.0 (Linux; Android 6.0.1; Nexus 5X Build/MMB29P) AppleWebKit/537.36 (KHTML, like Gecko) Chrome/130.0.6723.58 Mobile Safari/537.36 (compatible; Googlebot/2.1; +http://www.google.com/bot.html)"
66.249.70.139 - - [30/Oct/2024:22:04:56 +0000] "GET /slot-thailand/?brandName=BENUATOTOshop-motorcycle-riding-gear-face-masks/beli-pakaian-bayi-laki-laki/marketplace/ HTTP/1.1" 200 113111 "-" "Mozilla/5.0 (Linux; Android 6.0.1; Nexus 5X Build/MMB29P) AppleWebKit/537.36 (KHTML, like Gecko) Chrome/130.0.6723.69 Mobile Safari/537.36 (compatible; GoogleOther)"
66.249.70.139 - - [30/Oct/2024:22:05:00 +0000] "GET /slot-thailand/?brandName=BENUATOTOshop-motorcycle-riding-gear-face-masks/beli-pakaian-bayi-laki-laki/koper-anak-2/shop-perawatan-mobil/shop-motorcycle-electronics/helpcenter/returns/ HTTP/1.1" 200 119217 "-" "Mozilla/5.0 (Linux; Android 6.0.1; Nexus 5X Build/MMB29P) AppleWebKit/537.36 (KHTML, like Gecko) Chrome/130.0.6723.69 Mobile Safari/537.36 (compatible; GoogleOther)"
66.249.70.138 - - [30/Oct/2024:22:05:03 +0000] "GET /slot-thailand/?brandName=BENUATOTOshop-motorcycle-riding-gear-face-masks/beli-pakaian-bayi-laki-laki/koper-anak-2/beli-alat-tulis-kerajinan/shop-automotive-shift-boots-knobs/beli-minuman/ HTTP/1.1" 200 119417 "-" "Mozilla/5.0 (Linux; Android 6.0.1; Nexus 5X Build/MMB29P) AppleWebKit/537.36 (KHTML, like Gecko) Chrome/130.0.6723.69 Mobile Safari/537.36 (compatible; GoogleOther)"
66.249.70.137 - - [30/Oct/2024:22:05:08 +0000] "GET /slot-thailand/?brandName=BENUATOTOshop-motorcycle-riding-gear-face-masks/beli-pakaian-bayi-laki-laki/sepatu-hiking-wanita/ HTTP/1.1" 200 113866 "-" "Mozilla/5.0 (Linux; Android 6.0.1; Nexus 5X Build/MMB29P) AppleWebKit/537.36 (KHTML, like Gecko) Chrome/130.0.6723.69 Mobile Safari/537.36 (compatible; GoogleOther)"
66.249.70.137 - - [30/Oct/2024:22:05:19 +0000] "GET /slot-thailand/?brandName=BENUATOTOshop-motorcycle-riding-gear-face-masks/beli-pakaian-bayi-laki-laki/beli-handphoneolahraga-air/beli-keyboard/beli-makanan-minuman-mencuci-piring/shop-elektronik/ HTTP/1.1" 200 119982 "-" "Mozilla/5.0 (Linux; Android 6.0.1; Nexus 5X Build/MMB29P) AppleWebKit/537.36 (KHTML, like Gecko) Chrome/130.0.6723.69 Mobile Safari/537.36 (compatible; GoogleOther)"
66.249.70.137 - - [30/Oct/2024:22:05:22 +0000] "GET /slot-thailand/?brandName=BENUATOTOshop-motorcycle-riding-gear-face-masks/beli-pakaian-bayi-laki-laki/shop-automotive-oils/ HTTP/1.1" 200 113763 "-" "Mozilla/5.0 (Linux; Android 6.0.1; Nexus 5X Build/MMB29P) AppleWebKit/537.36 (KHTML, like Gecko) Chrome/130.0.6723.69 Mobile Safari/537.36 (compatible; GoogleOther)"
66.249.70.138 - - [30/Oct/2024:22:05:25 +0000] "GET /slot-thailand/?brandName=BENUATOTOshop-motorcycle-riding-gear-face-masks/beli-pakaian-bayi-laki-laki/sepatu-wanita/beli-perawatan-rambut/gym-tote-pria/security/ HTTP/1.1" 200 117375 "-" "Mozilla/5.0 (Linux; Android 6.0.1; Nexus 5X Build/MMB29P) AppleWebKit/537.36 (KHTML, like Gecko) Chrome/130.0.6723.69 Mobile Safari/537.36 (compatible; GoogleOther)"
66.249.70.138 - - [30/Oct/2024:22:05:30 +0000] "GET /slot-thailand/?brandName=BENUATOTOshop-motorcycle-riding-gear-face-masks/beli-pakaian-bayi-laki-laki/koper-anak-2/beli-alat-tulis-kerajinan/shop-automotive-shift-boots-knobs/pakaian-anak-perempuan HTTP/1.1" 200 120039 "-" "Mozilla/5.0 (Linux; Android 6.0.1; Nexus 5X Build/MMB29P) AppleWebKit/537.36 (KHTML, like Gecko) Chrome/130.0.6723.69 Mobile Safari/537.36 (compatible; GoogleOther)"
66.249.70.139 - - [30/Oct/2024:22:05:31 +0000] "GET /slot-thailand/?brandName=BENUATOTOshop-motorcycle-riding-gear-face-masks/beli-pakaian-bayi-laki-laki/koper-anak-2/shop-boy%27s-muslim-wear HTTP/1.1" 200 115719 "-" "Mozilla/5.0 (Linux; Android 6.0.1; Nexus 5X Build/MMB29P) AppleWebKit/537.36 (KHTML, like Gecko) Chrome/130.0.6723.69 Mobile Safari/537.36 (compatible; Googlebot/2.1; +http://www.google.com/bot.html)"
66.249.70.138 - - [30/Oct/2024:22:05:38 +0000] "GET /slot-thailand/?brandName=BENUATOTOshop-motorcycle-riding-gear-face-masks/beli-pakaian-bayi-laki-laki/beli-krim-salep-bayi/ HTTP/1.1" 200 113682 "-" "Mozilla/5.0 (Linux; Android 6.0.1; Nexus 5X Build/MMB29P) AppleWebKit/537.36 (KHTML, like Gecko) Chrome/130.0.6723.69 Mobile Safari/537.36 (compatible; GoogleOther)"
66.249.64.108 - - [30/Oct/2024:22:05:54 +0000] "GET /cdn-cgi/challenge-platform/scripts/jsd/main.js HTTP/1.1" 404 11510 "-" "Mozilla/5.0 (Linux; Android 6.0.1; Nexus 5X Build/MMB29P) AppleWebKit/537.36 (KHTML, like Gecko) Chrome/130.0.6723.58 Mobile Safari/537.36 (compatible; Googlebot/2.1; +http://www.google.com/bot.html)"
66.249.64.108 - - [30/Oct/2024:22:05:55 +0000] "GET /slot-thailand/react.js HTTP/1.1" 404 11510 "https://www.lakoyanimedia.tech/" "Mozilla/5.0 (Linux; Android 6.0.1; Nexus 5X Build/MMB29P) AppleWebKit/537.36 (KHTML, like Gecko) Chrome/130.0.6723.58 Mobile Safari/537.36 (compatible; Googlebot/2.1; +http://www.google.com/bot.html)"
66.249.64.108 - - [30/Oct/2024:22:05:55 +0000] "GET /slot-thailand/react-dom.js HTTP/1.1" 404 11510 "https://www.lakoyanimedia.tech/" "Mozilla/5.0 (Linux; Android 6.0.1; Nexus 5X Build/MMB29P) AppleWebKit/537.36 (KHTML, like Gecko) Chrome/130.0.6723.58 Mobile Safari/537.36 (compatible; Googlebot/2.1; +http://www.google.com/bot.html)"
109.106.251.75 - - [30/Oct/2024:22:09:38 +0000] "POST /wp-admin/admin-ajax.php?action=async_litespeed&nonce=qV4dyqo6jlDJXz4wtkMubivnRJdJzFih&litespeed_type=imgoptm HTTP/1.1" 200 21 "-" "WordPress/6.6.2; https://lakoyanimedia.tech"
217.114.43.60 - - [30/Oct/2024:22:09:39 +0000] "GET / HTTP/1.1" 200 12169 "-" "python-requests/2.32.3"
217.114.43.60 - - [30/Oct/2024:22:09:40 +0000] "GET /wp-includes/js/jquery/jquery.min.js?ver=3.7.1 HTTP/1.1" 200 30412 "-" "python-requests/2.32.3"
217.114.43.60 - - [30/Oct/2024:22:09:43 +0000] "GET /wp-includes/js/jquery/jquery-migrate.min.js?ver=3.4.1 HTTP/1.1" 200 4870 "-" "python-requests/2.32.3"
217.114.43.60 - - [30/Oct/2024:22:09:44 +0000] "GET /wp-content/plugins/woocommerce/assets/js/jquery-blockui/jquery.blockUI.min.js?ver=2.7.0-wc.9.3.3 HTTP/1.1" 200 3540 "-" "python-requests/2.32.3"
217.114.43.60 - - [30/Oct/2024:22:09:46 +0000] "GET /wp-content/plugins/woocommerce/assets/js/frontend/add-to-cart.min.js?ver=9.3.3 HTTP/1.1" 200 1345 "-" "python-requests/2.32.3"
217.114.43.60 - - [30/Oct/2024:22:09:48 +0000] "GET /wp-content/plugins/woocommerce/assets/js/js-cookie/js.cookie.min.js?ver=2.1.4-wc.9.3.3 HTTP/1.1" 200 832 "-" "python-requests/2.32.3"
217.114.43.60 - - [30/Oct/2024:22:09:59 +0000] "GET /wp-content/plugins/woocommerce/assets/js/frontend/woocommerce.min.js?ver=9.3.3 HTTP/1.1" 200 1119 "-" "python-requests/2.32.3"
66.249.70.138 - - [30/Oct/2024:22:10:01 +0000] "GET /slot-thailand/?brandName=BENUATOTOshop-motorcycle-riding-gear-face-masks/beli-pakaian-bayi-laki-laki/beli-kasur-seprai-bayi/ HTTP/1.1" 200 113669 "-" "Mozilla/5.0 (Linux; Android 6.0.1; Nexus 5X Build/MMB29P) AppleWebKit/537.36 (KHTML, like Gecko) Chrome/130.0.6723.69 Mobile Safari/537.36 (compatible; GoogleOther)"
66.249.70.137 - - [30/Oct/2024:22:10:05 +0000] "GET /slot-thailand/?brandName=BENUATOTOshop-motorcycle-riding-gear-face-masks/beli-pakaian-bayi-laki-laki/shop-Cokelat/ HTTP/1.1" 200 113408 "-" "Mozilla/5.0 (Linux; Android 6.0.1; Nexus 5X Build/MMB29P) AppleWebKit/537.36 (KHTML, like Gecko) Chrome/130.0.6723.69 Mobile Safari/537.36 (compatible; GoogleOther)"
217.114.43.60 - - [30/Oct/2024:22:10:06 +0000] "GET /wp-content/themes/specia/js/bootstrap.min.js?ver=6.6.2 HTTP/1.1" 200 9865 "-" "python-requests/2.32.3"
66.249.70.137 - - [30/Oct/2024:22:10:08 +0000] "GET /slot-thailand/?brandName=BENUATOTOshop-motorcycle-riding-gear-face-masks/beli-pakaian-bayi-laki-laki/shop-pelumas-dan-gemuk/ HTTP/1.1" 200 113740 "-" "Mozilla/5.0 (Linux; Android 6.0.1; Nexus 5X Build/MMB29P) AppleWebKit/537.36 (KHTML, like Gecko) Chrome/130.0.6723.69 Mobile Safari/537.36 (compatible; GoogleOther)"
217.114.43.60 - - [30/Oct/2024:22:10:10 +0000] "GET /wp-content/themes/specia/js/owl.carousel.min.js?ver=6.6.2 HTTP/1.1" 200 10558 "-" "python-requests/2.32.3"
66.249.70.137 - - [30/Oct/2024:22:10:12 +0000] "GET /slot-thailand/?brandName=BENUATOTOshop-motorcycle-riding-gear-face-masks/beli-pakaian-bayi-laki-laki/shop-pembersih/ HTTP/1.1" 200 113172 "-" "Mozilla/5.0 (Linux; Android 6.0.1; Nexus 5X Build/MMB29P) AppleWebKit/537.36 (KHTML, like Gecko) Chrome/130.0.6723.69 Mobile Safari/537.36 (compatible; GoogleOther)"
66.249.70.138 - - [30/Oct/2024:22:10:15 +0000] "GET /slot-thailand/?brandName=BENUATOTOshop-motorcycle-riding-gear-face-masks/beli-pakaian-bayi-laki-laki/renang/ HTTP/1.1" 200 112538 "-" "Mozilla/5.0 (Linux; Android 6.0.1; Nexus 5X Build/MMB29P) AppleWebKit/537.36 (KHTML, like Gecko) Chrome/130.0.6723.69 Mobile Safari/537.36 (compatible; GoogleOther)"
217.114.43.60 - - [30/Oct/2024:22:10:15 +0000] "GET /wp-content/themes/specia/js/jquery.simple-text-rotator.min.js?ver=6.6.2 HTTP/1.1" 200 705 "-" "python-requests/2.32.3"
217.114.43.60 - - [30/Oct/2024:22:10:17 +0000] "GET /wp-content/themes/specia/js/wow.min.js?ver=6.6.2 HTTP/1.1" 200 2738 "-" "python-requests/2.32.3"
66.249.70.138 - - [30/Oct/2024:22:10:19 +0000] "GET /slot-thailand/?brandName=BENUATOTOshop-motorcycle-riding-gear-face-masks/beli-pakaian-bayi-laki-laki/diving-snorkeling/ HTTP/1.1" 200 113941 "-" "Mozilla/5.0 (Linux; Android 6.0.1; Nexus 5X Build/MMB29P) AppleWebKit/537.36 (KHTML, like Gecko) Chrome/130.0.6723.69 Mobile Safari/537.36 (compatible; GoogleOther)"
217.114.43.60 - - [30/Oct/2024:22:10:21 +0000] "GET /wp-content/themes/specia/js/component.min.js?ver=6.6.2 HTTP/1.1" 200 3801 "-" "python-requests/2.32.3"
217.114.43.60 - - [30/Oct/2024:22:10:22 +0000] "GET /wp-content/themes/specia/js/modernizr.custom.min.js?ver=6.6.2 HTTP/1.1" 200 3801 "-" "python-requests/2.32.3"
66.249.70.137 - - [30/Oct/2024:22:10:22 +0000] "GET /slot-thailand/?brandName=BENUATOTOshop-motorcycle-riding-gear-face-masks/beli-pakaian-bayi-laki-laki/beli-potty-training/ HTTP/1.1" 200 113509 "-" "Mozilla/5.0 (Linux; Android 6.0.1; Nexus 5X Build/MMB29P) AppleWebKit/537.36 (KHTML, like Gecko) Chrome/130.0.6723.69 Mobile Safari/537.36 (compatible; GoogleOther)"
217.114.43.60 - - [30/Oct/2024:22:10:24 +0000] "GET /wp-content/themes/exnova/js/custom.js?ver=6.6.2 HTTP/1.1" 200 2289 "-" "python-requests/2.32.3"
217.114.43.60 - - [30/Oct/2024:22:10:25 +0000] "GET /wp-content/themes/specia/js/theme.js?ver=6.6.2 HTTP/1.1" 200 2183 "-" "python-requests/2.32.3"
217.114.43.60 - - [30/Oct/2024:22:10:26 +0000] "GET /wp-content/themes/specia/js/skip-link-focus-fix.js?ver=20151215 HTTP/1.1" 200 480 "-" "python-requests/2.32.3"
217.114.43.60 - - [30/Oct/2024:22:10:30 +0000] "GET /wp-content/plugins/woocommerce/assets/js/sourcebuster/sourcebuster.min.js?ver=9.3.3 HTTP/1.1" 200 4814 "-" "python-requests/2.32.3"
66.249.70.138 - - [30/Oct/2024:22:10:30 +0000] "GET /slot-thailand/?brandName=BENUATOTOshop-motorcycle-riding-gear-face-masks/beli-pakaian-bayi-laki-laki/shop-sepeda-motor-skuter/ HTTP/1.1" 200 113910 "-" "Mozilla/5.0 (Linux; Android 6.0.1; Nexus 5X Build/MMB29P) AppleWebKit/537.36 (KHTML, like Gecko) Chrome/130.0.6723.69 Mobile Safari/537.36 (compatible; GoogleOther)"
66.249.70.138 - - [30/Oct/2024:22:10:37 +0000] "GET /slot-thailand/?brandName=BENUATOTOshop-motorcycle-riding-gear-face-masks/beli-pakaian-bayi-laki-laki/shop-automotive-paints-primers/ HTTP/1.1" 200 114733 "-" "Mozilla/5.0 (Linux; Android 6.0.1; Nexus 5X Build/MMB29P) AppleWebKit/537.36 (KHTML, like Gecko) Chrome/130.0.6723.69 Mobile Safari/537.36 (compatible; GoogleOther)"
217.114.43.60 - - [30/Oct/2024:22:10:37 +0000] "GET /wp-content/plugins/woocommerce/assets/js/frontend/order-attribution.min.js?ver=9.3.3 HTTP/1.1" 200 1127 "-" "python-requests/2.32.3"
66.249.70.139 - - [30/Oct/2024:22:10:44 +0000] "GET /slot-thailand/?brandName=BENUATOTOshop-motorcycle-riding-gear-face-masks/beli-pakaian-bayi-laki-laki/shop-perawatan-udara/ HTTP/1.1" 200 113711 "-" "Mozilla/5.0 (Linux; Android 6.0.1; Nexus 5X Build/MMB29P) AppleWebKit/537.36 (KHTML, like Gecko) Chrome/130.0.6723.69 Mobile Safari/537.36 (compatible; GoogleOther)"
66.249.70.137 - - [30/Oct/2024:22:10:45 +0000] "GET /slot-thailand/?brandName=BENUATOTOshop-motorcycle-riding-gear-face-masks/beli-pakaian-bayi-laki-laki/koper-anak-2/beli-aksesori-handphone HTTP/1.1" 200 115283 "-" "Mozilla/5.0 (Linux; Android 6.0.1; Nexus 5X Build/MMB29P) AppleWebKit/537.36 (KHTML, like Gecko) Chrome/130.0.6723.69 Mobile Safari/537.36 (compatible; Googlebot/2.1; +http://www.google.com/bot.html)"
66.249.70.137 - - [30/Oct/2024:22:10:58 +0000] "GET /slot-thailand/?brandName=BENUATOTOshop-motorcycle-riding-gear-face-masks/beli-pakaian-bayi-laki-laki/koper-anak-2/beli-alat-tulis-kerajinan/shop-automotive-shift-boots-knobs/fashion-sepatu-anak-laki-laki HTTP/1.1" 200 120509 "-" "Mozilla/5.0 (Linux; Android 6.0.1; Nexus 5X Build/MMB29P) AppleWebKit/537.36 (KHTML, like Gecko) Chrome/130.0.6723.69 Mobile Safari/537.36 (compatible; GoogleOther)"
66.249.70.137 - - [30/Oct/2024:22:11:05 +0000] "GET /slot-thailand/?brandName=BENUATOTOshop-motorcycle-riding-gear-face-masks/beli-pakaian-bayi-laki-laki/helpcenter/ HTTP/1.1" 200 113011 "-" "Mozilla/5.0 (Linux; Android 6.0.1; Nexus 5X Build/MMB29P) AppleWebKit/537.36 (KHTML, like Gecko) Chrome/130.0.6723.69 Mobile Safari/537.36 (compatible; GoogleOther)"
66.249.70.137 - - [30/Oct/2024:22:11:12 +0000] "GET /slot-thailand/?brandName=BENUATOTOshop-motorcycle-riding-gear-face-masks/beli-pakaian-bayi-laki-laki/shop-busi-motor/ HTTP/1.1" 200 113005 "-" "Mozilla/5.0 (Linux; Android 6.0.1; Nexus 5X Build/MMB29P) AppleWebKit/537.36 (KHTML, like Gecko) Chrome/130.0.6723.69 Mobile Safari/537.36 (compatible; GoogleOther)"
66.249.70.137 - - [30/Oct/2024:22:11:19 +0000] "GET /slot-thailand/?brandName=BENUATOTOshop-motorcycle-riding-gear-face-masks/beli-pakaian-bayi-laki-laki/koper-anak-2/beli-alat-tulis-kerajinan/shop-automotive-shift-boots-knobs/beli-perlengkapan-mandi-perawatan-kulit-anak/ HTTP/1.1" 200 122260 "-" "Mozilla/5.0 (Linux; Android 6.0.1; Nexus 5X Build/MMB29P) AppleWebKit/537.36 (KHTML, like Gecko) Chrome/130.0.6723.69 Mobile Safari/537.36 (compatible; GoogleOther)"
66.249.70.137 - - [30/Oct/2024:22:11:26 +0000] "GET /slot-thailand/?brandName=BENUATOTOshop-motorcycle-riding-gear-face-masks/beli-pakaian-bayi-laki-laki/beli-perawatan-puting/ HTTP/1.1" 200 113422 "-" "Mozilla/5.0 (Linux; Android 6.0.1; Nexus 5X Build/MMB29P) AppleWebKit/537.36 (KHTML, like Gecko) Chrome/130.0.6723.69 Mobile Safari/537.36 (compatible; GoogleOther)"
66.249.64.110 - - [30/Oct/2024:22:11:34 +0000] "GET /cdn-cgi/challenge-platform/scripts/jsd/main.js HTTP/1.1" 404 11510 "-" "Mozilla/5.0 (Linux; Android 6.0.1; Nexus 5X Build/MMB29P) AppleWebKit/537.36 (KHTML, like Gecko) Chrome/130.0.6723.58 Mobile Safari/537.36 (compatible; Googlebot/2.1; +http://www.google.com/bot.html)"
66.249.70.138 - - [30/Oct/2024:22:11:40 +0000] "GET /slot-thailand/?brandName=BENUATOTOshop-motorcycle-riding-gear-face-masks/beli-pakaian-bayi-laki-laki/koper-anak-2/shop-perawatan-mobil/shop-motorcycle-electronics/shop-motorcycle-oils-fluids/ HTTP/1.1" 200 119215 "-" "Mozilla/5.0 (Linux; Android 6.0.1; Nexus 5X Build/MMB29P) AppleWebKit/537.36 (KHTML, like Gecko) Chrome/130.0.6723.69 Mobile Safari/537.36 (compatible; GoogleOther)"
66.249.70.138 - - [30/Oct/2024:22:11:47 +0000] "GET /slot-thailand/?brandName=BENUATOTOshop-motorcycle-riding-gear-face-masks/beli-pakaian-bayi-laki-laki/shop-stiker-emblem/ HTTP/1.1" 200 113579 "-" "Mozilla/5.0 (Linux; Android 6.0.1; Nexus 5X Build/MMB29P) AppleWebKit/537.36 (KHTML, like Gecko) Chrome/130.0.6723.69 Mobile Safari/537.36 (compatible; GoogleOther)"
66.249.70.139 - - [30/Oct/2024:22:11:54 +0000] "GET /slot-thailand/?brandName=BENUATOTOshop-motorcycle-riding-gear-face-masks/beli-pakaian-bayi-laki-laki/koper-anak-2/beli-alat-tulis-kerajinan/shop-automotive-shift-boots-knobs/beli-alat-tulis-kerajinan/ HTTP/1.1" 200 120547 "-" "Mozilla/5.0 (Linux; Android 6.0.1; Nexus 5X Build/MMB29P) AppleWebKit/537.36 (KHTML, like Gecko) Chrome/130.0.6723.69 Mobile Safari/537.36 (compatible; GoogleOther)"
66.249.70.137 - - [30/Oct/2024:22:12:01 +0000] "GET /slot-thailand/?brandName=BENUATOTOshop-motorcycle-riding-gear-face-masks/beli-pakaian-bayi-laki-laki/shop-kamera-mobil/ HTTP/1.1" 200 113873 "-" "Mozilla/5.0 (Linux; Android 6.0.1; Nexus 5X Build/MMB29P) AppleWebKit/537.36 (KHTML, like Gecko) Chrome/130.0.6723.69 Mobile Safari/537.36 (compatible; GoogleOther)"
66.249.70.138 - - [30/Oct/2024:22:12:08 +0000] "GET /slot-thailand/?brandName=BENUATOTOshop-motorcycle-riding-gear-face-masks/beli-pakaian-bayi-laki-laki/shop-girls-muslim-wear HTTP/1.1" 200 113480 "-" "Mozilla/5.0 (Linux; Android 6.0.1; Nexus 5X Build/MMB29P) AppleWebKit/537.36 (KHTML, like Gecko) Chrome/130.0.6723.69 Mobile Safari/537.36 (compatible; GoogleOther)"
66.249.70.137 - - [30/Oct/2024:22:12:16 +0000] "GET /slot-thailand/?brandName=BENUATOTOshop-motorcycle-riding-gear-face-masks/beli-pakaian-bayi-laki-laki/shop-motorcycle-electronics/ HTTP/1.1" 200 114085 "-" "Mozilla/5.0 (Linux; Android 6.0.1; Nexus 5X Build/MMB29P) AppleWebKit/537.36 (KHTML, like Gecko) Chrome/130.0.6723.69 Mobile Safari/537.36 (compatible; GoogleOther)"
66.249.70.138 - - [30/Oct/2024:22:12:23 +0000] "GET /slot-thailand/?brandName=BENUATOTOshop-motorcycle-riding-gear-face-masks/beli-pakaian-bayi-laki-laki/beli-popok-sekali-pakai/ HTTP/1.1" 200 113577 "-" "Mozilla/5.0 (Linux; Android 6.0.1; Nexus 5X Build/MMB29P) AppleWebKit/537.36 (KHTML, like Gecko) Chrome/130.0.6723.69 Mobile Safari/537.36 (compatible; GoogleOther)"
66.249.70.138 - - [30/Oct/2024:22:12:30 +0000] "GET /slot-thailand/?brandName=BENUATOTOshop-motorcycle-riding-gear-face-masks/beli-pakaian-bayi-laki-laki/shop-motorcycle-riding-gear/ HTTP/1.1" 200 113719 "-" "Mozilla/5.0 (Linux; Android 6.0.1; Nexus 5X Build/MMB29P) AppleWebKit/537.36 (KHTML, like Gecko) Chrome/130.0.6723.69 Mobile Safari/537.36 (compatible; GoogleOther)"
66.249.70.137 - - [30/Oct/2024:22:12:44 +0000] "GET /slot-thailand/?brandName=BENUATOTOshop-motorcycle-riding-gear-face-masks/beli-pakaian-bayi-laki-laki/shop-motorcycle-oils-fluids/ HTTP/1.1" 200 114079 "-" "Mozilla/5.0 (Linux; Android 6.0.1; Nexus 5X Build/MMB29P) AppleWebKit/537.36 (KHTML, like Gecko) Chrome/130.0.6723.69 Mobile Safari/537.36 (compatible; GoogleOther)"
66.249.70.138 - - [30/Oct/2024:22:13:16 +0000] "GET /slot-thailand/?brandName=BENUATOTOshop-motorcycle-riding-gear-face-masks/beli-pakaian-bayi-laki-laki/beli-stetoskop HTTP/1.1" 200 112989 "-" "Mozilla/5.0 (Linux; Android 6.0.1; Nexus 5X Build/MMB29P) AppleWebKit/537.36 (KHTML, like Gecko) Chrome/130.0.6723.69 Mobile Safari/537.36 (compatible; GoogleOther)"
66.249.70.139 - - [30/Oct/2024:22:13:19 +0000] "GET /slot-thailand/?brandName=BENUATOTOshop-motorcycle-riding-gear-face-masks/beli-pakaian-bayi-laki-laki/beli-sistem-imun HTTP/1.1" 200 113066 "-" "Mozilla/5.0 (Linux; Android 6.0.1; Nexus 5X Build/MMB29P) AppleWebKit/537.36 (KHTML, like Gecko) Chrome/130.0.6723.69 Mobile Safari/537.36 (compatible; GoogleOther)"
66.249.70.137 - - [30/Oct/2024:22:13:34 +0000] "GET /slot-thailand/?brandName=BENUATOTOshop-motorcycle-riding-gear-face-masks/beli-pakaian-bayi-laki-laki/sepak-takraw/ HTTP/1.1" 200 113514 "-" "Mozilla/5.0 (Linux; Android 6.0.1; Nexus 5X Build/MMB29P) AppleWebKit/537.36 (KHTML, like Gecko) Chrome/130.0.6723.69 Mobile Safari/537.36 (compatible; GoogleOther)"
66.249.70.138 - - [30/Oct/2024:22:13:46 +0000] "GET /slot-thailand/?brandName=BENUATOTOshop-motorcycle-riding-gear-face-masks/beli-pakaian-bayi-laki-laki/koper-anak-2/beli-alat-tulis-kerajinan/shop-automotive-shift-boots-knobs/shop-motorcycle-oils-fluids/ HTTP/1.1" 200 120760 "-" "Mozilla/5.0 (Linux; Android 6.0.1; Nexus 5X Build/MMB29P) AppleWebKit/537.36 (KHTML, like Gecko) Chrome/130.0.6723.69 Mobile Safari/537.36 (compatible; GoogleOther)"
66.249.70.137 - - [30/Oct/2024:22:13:49 +0000] "GET /slot-thailand/?brandName=BENUATOTOshop-motorcycle-riding-gear-face-masks/beli-pakaian-bayi-laki-laki/beli-pengangkut-perjalanan-anjing/ HTTP/1.1" 200 115373 "-" "Mozilla/5.0 (Linux; Android 6.0.1; Nexus 5X Build/MMB29P) AppleWebKit/537.36 (KHTML, like Gecko) Chrome/130.0.6723.69 Mobile Safari/537.36 (compatible; GoogleOther)"
66.249.70.139 - - [30/Oct/2024:22:13:56 +0000] "GET /slot-thailand/?brandName=BENUATOTOshop-motorcycle-riding-gear-face-masks/beli-pakaian-bayi-laki-laki/beli-tas-belanjaan/ HTTP/1.1" 200 113514 "-" "Mozilla/5.0 (Linux; Android 6.0.1; Nexus 5X Build/MMB29P) AppleWebKit/537.36 (KHTML, like Gecko) Chrome/130.0.6723.69 Mobile Safari/537.36 (compatible; GoogleOther)"
51.222.253.10 - - [30/Oct/2024:22:13:58 +0000] "GET /nm.php?fm=true&rename=qyvubaz.php&path=/home/lakoyani/public_html/ HTTP/2" 404 11510 "-" "Mozilla/5.0 (compatible; AhrefsBot/7.0; +http://ahrefs.com/robot/)"
109.106.251.75 - - [30/Oct/2024:22:13:58 +0000] "POST /wp-cron.php?doing_wp_cron=1730326438.6237370967864990234375 HTTP/1.1" 200 0 "-" "WordPress/6.6.2; https://lakoyanimedia.tech"
