66.249.70.137 - - [31/Oct/2024:06:05:53 +0000] "GET /slot-thailand/?brandName=BENUATOTOshop-motorcycle-riding-gear-face-masks/beli-pakaian-bayi-laki-laki/koper-anak-2/beli-alat-tulis-kerajinan/beli-kondomshop-Sapu-Sikat-Kemoceng/beli-rice-cooker/jual-tas-tote-pria/beli-mainan-terbang/beli-alas-mandi/shop-manajemen-kargo/beli-aksesoris-makeupblog/jual-sepatu-skateboard-wanita/sepak-bola/beli-makanan-minuman-pengendalian-hama/beli-perhiasan-anak/jual-aksesoris-memancing/beli-prosesor/jual-strap-tracker-aktivitas/baju-olahraga-pria/botol-minum/beli-speaker-smart/shop-stiker-emblem/soundcard/cekak-musang-pria/overalls-jumpsuit-wanita/pemanggang-dan-penyajian-masakan-outdoor/beli-humidifier/tas-genggam-wanita/jual-persediaan-grooming-hewan/ HTTP/1.1" 200 177991 "-" "Mozilla/5.0 (Linux; Android 6.0.1; Nexus 5X Build/MMB29P) AppleWebKit/537.36 (KHTML, like Gecko) Chrome/130.0.6723.69 Mobile Safari/537.36 (compatible; GoogleOther)"
66.249.70.139 - - [31/Oct/2024:06:06:03 +0000] "GET /slot-thailand/?brandName=BENUATOTOshop-motorcycle-riding-gear-face-masks/beli-pakaian-bayi-laki-laki/beli-perlengkapan-mandi-tubuh/pakaian-renang-dan-selancar-pria/shop-busi-motor/sweater-cardigan-anak-laki-lakishop-aksesoris/shop-motorcycle-windshields-accessories/shop-car-audio-speakers/voli/multivitamin/tas-kerja-pria/shop-Cokelat/shop-pelatihan-kecepatan-ketangkasan/polo-shirt-pria/baju-olahraga-pria/products/samsung-t4001-32-inch-digital-led-tv-ua32t4001akxxd-i3642482616-s6108584955.htmlbeli-external-solid-state-drive/ HTTP/1.1" 200 157346 "-" "Mozilla/5.0 (Linux; Android 6.0.1; Nexus 5X Build/MMB29P) AppleWebKit/537.36 (KHTML, like Gecko) Chrome/130.0.6723.69 Mobile Safari/537.36 (compatible; GoogleOther)"
66.249.64.110 - - [31/Oct/2024:06:06:18 +0000] "GET /cdn-cgi/challenge-platform/scripts/jsd/main.js HTTP/1.1" 404 11510 "-" "Mozilla/5.0 (Linux; Android 6.0.1; Nexus 5X Build/MMB29P) AppleWebKit/537.36 (KHTML, like Gecko) Chrome/130.0.6723.58 Mobile Safari/537.36 (compatible; Googlebot/2.1; +http://www.google.com/bot.html)"
66.249.64.110 - - [31/Oct/2024:06:06:19 +0000] "GET /slot-thailand/react-dom.js HTTP/1.1" 404 11510 "https://www.lakoyanimedia.tech/" "Mozilla/5.0 (Linux; Android 6.0.1; Nexus 5X Build/MMB29P) AppleWebKit/537.36 (KHTML, like Gecko) Chrome/130.0.6723.58 Mobile Safari/537.36 (compatible; Googlebot/2.1; +http://www.google.com/bot.html)"
66.249.70.137 - - [31/Oct/2024:06:06:23 +0000] "GET /slot-thailand/?brandName=BENUATOTOshop-motorcycle-riding-gear-face-masks/beli-pakaian-bayi-laki-laki/beli-perhiasan-pria/beli-baterai/beli-kamera-video-aksi/beli-popok-kain/beli-mainan-kendaraan-tg/shop-automotive-body-parts/payung-jas-hujan-anak-perempuanjual-piring-mangkok-bayi/shop-makanan-hewanshop-elektronik/shop-indikator/beli-peralatan-kebun/beli-speaker-smart/beli-pisau-dan-aksesoris/beli-set-mainan-kereta/shop-automotive-license-plate-covers-frames/jual-tempat-berteduh-dan-kanopi/shop-masker-wajah-pria/beli-mouse/jual-kapal/ HTTP/1.1" 200 156353 "-" "Mozilla/5.0 (Linux; Android 6.0.1; Nexus 5X Build/MMB29P) AppleWebKit/537.36 (KHTML, like Gecko) Chrome/130.0.6723.69 Mobile Safari/537.36 (compatible; GoogleOther)"
66.249.70.137 - - [31/Oct/2024:06:06:26 +0000] "GET /slot-thailand/?brandName=slot+bet+200+perakpayung-wanita/jual-remote-control-tv/aksesoris-perawatan-rambutcamping-dan-hiking/shop-automotive-tire-wheel-care/shop-pendingin-pembersih-udara-mini/ HTTP/1.1" 200 120275 "-" "Mozilla/5.0 (Linux; Android 6.0.1; Nexus 5X Build/MMB29P) AppleWebKit/537.36 (KHTML, like Gecko) Chrome/130.0.6723.69 Mobile Safari/537.36 (compatible; GoogleOther)"
66.249.64.109 - - [31/Oct/2024:06:06:31 +0000] "GET /cdn-cgi/challenge-platform/scripts/jsd/main.js HTTP/1.1" 404 11510 "-" "Mozilla/5.0 (Linux; Android 6.0.1; Nexus 5X Build/MMB29P) AppleWebKit/537.36 (KHTML, like Gecko) Chrome/130.0.6723.58 Mobile Safari/537.36 (compatible; Googlebot/2.1; +http://www.google.com/bot.html)"
66.249.70.138 - - [31/Oct/2024:06:06:35 +0000] "GET /slot-thailand/?brandName=BENUATOTOshop-motorcycle-riding-gear-face-masks/beli-pakaian-bayi-laki-laki/koper-anak-2/beli-perlengkapan-mandi-perawatan-kulit-anak/beli-losion-krim-tubuhbeli-scrub-tubuhsepak-bola/shop-girls-jumpsuits-overallssarung-tangan-wanita/shop-Makanan-Kering/beli-parfum/jual-tempat-berteduh-dan-kanopi/beli-foot-reliefjual-dapur-kemah/beli-parfum-wanitabeli-perawatan-popok/beli-mainan-balok-bangunan/beli-alas-meja-aksesoris-dapur/ HTTP/1.1" 200 145990 "-" "Mozilla/5.0 (Linux; Android 6.0.1; Nexus 5X Build/MMB29P) AppleWebKit/537.36 (KHTML, like Gecko) Chrome/130.0.6723.69 Mobile Safari/537.36 (compatible; GoogleOther)"
109.106.251.75 - - [31/Oct/2024:06:06:53 +0000] "POST /wp-cron.php?doing_wp_cron=1730354813.6928930282592773437500 HTTP/1.1" 200 0 "-" "WordPress/6.6.2; https://lakoyanimedia.tech"
41.193.5.59 - - [31/Oct/2024:06:06:53 +0000] "POST /xmlrpc.php HTTP/1.1" 200 226 "-" "Mozilla/5.0 (X11; Fedora; Linux x86_64; rv:94.0) Gecko/20100101 Firefox/95.0"
109.106.251.75 - - [31/Oct/2024:06:06:53 +0000] "POST /wp-admin/admin-ajax.php?action=async_litespeed&nonce=UKM4lg4RntlNzKS9E02pEZnK8yjaW2yf&litespeed_type=imgoptm HTTP/1.1" 200 21 "-" "WordPress/6.6.2; https://lakoyanimedia.tech"
66.249.70.138 - - [31/Oct/2024:06:06:54 +0000] "GET /slot-thailand/?brandName=BENUATOTOshop-motorcycle-riding-gear-face-masks/beli-pakaian-bayi-laki-laki/koper-anak-2/shop-kesehatan-hewan-peliharaanbeli-indoor-climbers-play-structure-tg/shop-tire-parts-air-compressors-inflators/shop-masker-wajah-pria/beli-susu-pertumbuhan-1-3-tahun/beli-perlengkapan-styling-rambut/olahraga-raket/bathrobe-baju-mandi-wanita/shop-pembersih/shop-smartwatch/beli-suplemen-pemutih HTTP/1.1" 200 142448 "-" "Mozilla/5.0 (Linux; Android 6.0.1; Nexus 5X Build/MMB29P) AppleWebKit/537.36 (KHTML, like Gecko) Chrome/130.0.6723.69 Mobile Safari/537.36 (compatible; GoogleOther)"
66.249.70.138 - - [31/Oct/2024:06:07:04 +0000] "GET /slot-thailand/?brandName=slot+bet+200+perakpayung-wanita/jual-remote-control-tv/aksesoris-perawatan-rambutcamping-dan-hiking/shop-automotive-tire-wheel-care/security/ HTTP/1.1" 200 118421 "-" "Mozilla/5.0 (Linux; Android 6.0.1; Nexus 5X Build/MMB29P) AppleWebKit/537.36 (KHTML, like Gecko) Chrome/130.0.6723.69 Mobile Safari/537.36 (compatible; GoogleOther)"
66.249.70.137 - - [31/Oct/2024:06:07:07 +0000] "GET /slot-thailand/?brandName=slot+bet+200+perakpayung-wanita/jual-remote-control-tv/shop-motorcycle-riding-gear-gloves/beli-suku-cadang-aksesoris-ac/shop-sepeda-motor-skuter/beli-baterai-handphone/beli-gadget/beli-set-peralatan-permainan-playground/ HTTP/1.1" 200 125163 "-" "Mozilla/5.0 (Linux; Android 6.0.1; Nexus 5X Build/MMB29P) AppleWebKit/537.36 (KHTML, like Gecko) Chrome/130.0.6723.69 Mobile Safari/537.36 (compatible; GoogleOther)"
66.249.70.137 - - [31/Oct/2024:06:07:10 +0000] "GET /slot-thailand/?brandName=slot+bet+200+perakpayung-wanita/jual-remote-control-tv/aksesoris-perawatan-rambutcamping-dan-hiking/shop-automotive-tire-wheel-care/helpcenter/payments/ HTTP/1.1" 200 119136 "-" "Mozilla/5.0 (Linux; Android 6.0.1; Nexus 5X Build/MMB29P) AppleWebKit/537.36 (KHTML, like Gecko) Chrome/130.0.6723.69 Mobile Safari/537.36 (compatible; GoogleOther)"
66.249.70.137 - - [31/Oct/2024:06:07:20 +0000] "GET /slot-thailand/?brandName=slot+bet+200+perakpayung-wanita/jual-remote-control-tv/aksesoris-perawatan-rambutcamping-dan-hiking/shop-automotive-tire-wheel-care/fashion-sepatu-anak-perempuan HTTP/1.1" 200 119811 "-" "Mozilla/5.0 (Linux; Android 6.0.1; Nexus 5X Build/MMB29P) AppleWebKit/537.36 (KHTML, like Gecko) Chrome/130.0.6723.69 Mobile Safari/537.36 (compatible; GoogleOther)"
66.249.70.137 - - [31/Oct/2024:06:07:23 +0000] "GET /slot-thailand/?brandName=BENUATOTOshop-motorcycle-riding-gear-face-masks/beli-pakaian-bayi-laki-laki/marketplace/beli-aksesori-handphonebeli-balon-loncat-istana-balon/sepak-takraw/pakaian-olahraga-wanita/adaptor-jaringan/beli-makanan-minuman-minuman-ringan/ HTTP/1.1" 200 125952 "-" "Mozilla/5.0 (Linux; Android 6.0.1; Nexus 5X Build/MMB29P) AppleWebKit/537.36 (KHTML, like Gecko) Chrome/130.0.6723.69 Mobile Safari/537.36 (compatible; GoogleOther)"
66.249.64.108 - - [31/Oct/2024:06:07:25 +0000] "GET /cdn-cgi/challenge-platform/scripts/jsd/main.js HTTP/1.1" 404 11510 "-" "Mozilla/5.0 (Linux; Android 6.0.1; Nexus 5X Build/MMB29P) AppleWebKit/537.36 (KHTML, like Gecko) Chrome/130.0.6723.58 Mobile Safari/537.36 (compatible; Googlebot/2.1; +http://www.google.com/bot.html)"
66.249.64.109 - - [31/Oct/2024:06:07:26 +0000] "GET /slot-thailand/react-dom.js HTTP/1.1" 404 11510 "https://www.lakoyanimedia.tech/" "Mozilla/5.0 (Linux; Android 6.0.1; Nexus 5X Build/MMB29P) AppleWebKit/537.36 (KHTML, like Gecko) Chrome/130.0.6723.58 Mobile Safari/537.36 (compatible; Googlebot/2.1; +http://www.google.com/bot.html)"
66.249.64.108 - - [31/Oct/2024:06:07:27 +0000] "GET /slot-thailand/react.js HTTP/1.1" 404 11510 "https://www.lakoyanimedia.tech/" "Mozilla/5.0 (Linux; Android 6.0.1; Nexus 5X Build/MMB29P) AppleWebKit/537.36 (KHTML, like Gecko) Chrome/130.0.6723.58 Mobile Safari/537.36 (compatible; Googlebot/2.1; +http://www.google.com/bot.html)"
66.249.64.110 - - [31/Oct/2024:06:07:28 +0000] "GET /slot-thailand/react-dom.js HTTP/1.1" 404 11510 "https://www.lakoyanimedia.tech/" "Mozilla/5.0 (Linux; Android 6.0.1; Nexus 5X Build/MMB29P) AppleWebKit/537.36 (KHTML, like Gecko) Chrome/130.0.6723.58 Mobile Safari/537.36 (compatible; Googlebot/2.1; +http://www.google.com/bot.html)"
66.249.64.110 - - [31/Oct/2024:06:07:29 +0000] "GET /slot-thailand/react.js HTTP/1.1" 404 11510 "https://www.lakoyanimedia.tech/" "Mozilla/5.0 (Linux; Android 6.0.1; Nexus 5X Build/MMB29P) AppleWebKit/537.36 (KHTML, like Gecko) Chrome/130.0.6723.58 Mobile Safari/537.36 (compatible; Googlebot/2.1; +http://www.google.com/bot.html)"
66.249.70.138 - - [31/Oct/2024:06:07:30 +0000] "GET /slot-thailand/?brandName=slot+bet+200+perakpayung-wanita/jual-remote-control-tv/shop-motorcycle-riding-gear-gloves/security/sarung-tangan-wanita/camping-dan-hiking/ HTTP/1.1" 200 117763 "-" "Mozilla/5.0 (Linux; Android 6.0.1; Nexus 5X Build/MMB29P) AppleWebKit/537.36 (KHTML, like Gecko) Chrome/130.0.6723.69 Mobile Safari/537.36 (compatible; GoogleOther)"
66.249.70.137 - - [31/Oct/2024:06:07:40 +0000] "GET /slot-thailand/?brandName=BENUATOTOshop-motorcycle-riding-gear-face-masks/beli-pakaian-bayi-laki-laki/koper-anak-2/beli-perlengkapan-mandi-perawatan-kulit-anak/beli-losion-krim-tubuhbeli-scrub-tubuhsepak-bola/shop-girls-jumpsuits-overallssarung-tangan-wanita/shop-Makanan-Kering/beli-parfum/beli-tas-anak-tl/beli-monitor/baju-muslim-pria/sepatu-lari-wanita/shop-stiker/beli-dekorasi-rumah/shop-ska-lainnya/jual-virtual-reality/celana-dalam-pria/beli-mainan-walkie-talkie/ HTTP/1.1" 200 148344 "-" "Mozilla/5.0 (Linux; Android 6.0.1; Nexus 5X Build/MMB29P) AppleWebKit/537.36 (KHTML, like Gecko) Chrome/130.0.6723.69 Mobile Safari/537.36 (compatible; GoogleOther)"
66.249.70.140 - - [31/Oct/2024:06:07:53 +0000] "GET /slot-thailand/?brandName=slot+bet+200+perakpayung-wanita/jual-remote-control-tv/shop-motorcycle-riding-gear-gloves/beli-suku-cadang-aksesoris-ac/shop-sepeda-motor-skuter/beli-baterai-handphone/tas-selempang-badan-wanita/selimut-dan-selimut-panjang/ HTTP/1.1" 200 125787 "-" "Mozilla/5.0 (Linux; Android 6.0.1; Nexus 5X Build/MMB29P) AppleWebKit/537.36 (KHTML, like Gecko) Chrome/130.0.6723.69 Mobile Safari/537.36 (compatible; GoogleOther)"
66.249.70.138 - - [31/Oct/2024:06:08:03 +0000] "GET /slot-thailand/?brandName=slot+bet+200+perakpayung-wanita/jual-remote-control-tv/aksesoris-perawatan-rambutcamping-dan-hiking/shop-automotive-tire-wheel-care/shop-gaming-konsol/ HTTP/1.1" 200 118699 "-" "Mozilla/5.0 (Linux; Android 6.0.1; Nexus 5X Build/MMB29P) AppleWebKit/537.36 (KHTML, like Gecko) Chrome/130.0.6723.69 Mobile Safari/537.36 (compatible; GoogleOther)"
66.249.70.138 - - [31/Oct/2024:06:08:16 +0000] "GET /slot-thailand/?brandName=BENUATOTOshop-motorcycle-riding-gear-face-masks/beli-pakaian-bayi-laki-laki/koper-anak-2/shop-kesehatan-hewan-peliharaanbeli-indoor-climbers-play-structure-tg/shop-tire-parts-air-compressors-inflators/shop-masker-wajah-pria/beli-susu-pertumbuhan-1-3-tahun/beli-perlengkapan-styling-rambut/olahraga-raket/bathrobe-baju-mandi-wanita/jual-navigasi-elektronik/shop-automotive-windshield-wipers-washers/beli-alat-cukur-priashop-indikator/ HTTP/1.1" 200 148557 "-" "Mozilla/5.0 (Linux; Android 6.0.1; Nexus 5X Build/MMB29P) AppleWebKit/537.36 (KHTML, like Gecko) Chrome/130.0.6723.69 Mobile Safari/537.36 (compatible; GoogleOther)"
66.249.70.137 - - [31/Oct/2024:06:08:19 +0000] "GET /slot-thailand/?brandName=slot+bet+200+perakpayung-wanita/jual-remote-control-tv/aksesoris-perawatan-rambutcamping-dan-hiking/shop-automotive-tire-wheel-care/helpcenter/shipping-delivery/ HTTP/1.1" 200 119705 "-" "Mozilla/5.0 (Linux; Android 6.0.1; Nexus 5X Build/MMB29P) AppleWebKit/537.36 (KHTML, like Gecko) Chrome/130.0.6723.69 Mobile Safari/537.36 (compatible; GoogleOther)"
66.249.70.137 - - [31/Oct/2024:06:08:22 +0000] "GET /slot-thailand/?brandName=BENUATOTOshop-motorcycle-riding-gear-face-masks/beli-pakaian-bayi-laki-laki/koper-anak-2/beli-perlengkapan-mandi-perawatan-kulit-anak/beli-losion-krim-tubuhbeli-scrub-tubuhsepak-bola/shop-girls-jumpsuits-overallssarung-tangan-wanita/shop-Makanan-Kering/beli-parfum/beli-tas-anak-tl/beli-monitor/baju-muslim-pria/sepatu-lari-wanita/shop-stiker/beli-dekorasi-rumah/shop-ska-lainnya/jual-virtual-reality/celana-dalam-pria/beli-pembersih-wanita HTTP/1.1" 200 147625 "-" "Mozilla/5.0 (Linux; Android 6.0.1; Nexus 5X Build/MMB29P) AppleWebKit/537.36 (KHTML, like Gecko) Chrome/130.0.6723.69 Mobile Safari/537.36 (compatible; GoogleOther)"
66.249.70.138 - - [31/Oct/2024:06:08:25 +0000] "GET /slot-thailand/?brandName=BENUATOTOshop-motorcycle-riding-gear-face-masks/beli-pakaian-bayi-laki-laki/beli-power-bank/camping-dan-hiking/ HTTP/1.1" 200 114980 "-" "Mozilla/5.0 (Linux; Android 6.0.1; Nexus 5X Build/MMB29P) AppleWebKit/537.36 (KHTML, like Gecko) Chrome/130.0.6723.69 Mobile Safari/537.36 (compatible; GoogleOther)"
66.249.70.139 - - [31/Oct/2024:06:08:29 +0000] "GET /slot-thailand/?brandName=slot+bet+200+perakpayung-wanita/jual-remote-control-tv/aksesoris-perawatan-rambutcamping-dan-hiking/shop-automotive-tire-wheel-care/beli-perawatan-kesehatan-pribadi/ HTTP/1.1" 200 120040 "-" "Mozilla/5.0 (Linux; Android 6.0.1; Nexus 5X Build/MMB29P) AppleWebKit/537.36 (KHTML, like Gecko) Chrome/130.0.6723.69 Mobile Safari/537.36 (compatible; GoogleOther)"
66.249.70.137 - - [31/Oct/2024:06:08:32 +0000] "GET /slot-thailand/?brandName=slot+bet+200+perakpayung-wanita/jual-remote-control-tv/aksesoris-perawatan-rambutcamping-dan-hiking/shop-automotive-tire-wheel-care/Kebun%20&%20Luar%20Ruangan/ HTTP/1.1" 200 119445 "-" "Mozilla/5.0 (Linux; Android 6.0.1; Nexus 5X Build/MMB29P) AppleWebKit/537.36 (KHTML, like Gecko) Chrome/130.0.6723.69 Mobile Safari/537.36 (compatible; GoogleOther)"
66.249.70.140 - - [31/Oct/2024:06:08:38 +0000] "GET /slot-thailand/?brandName=BENUATOTOshop-motorcycle-riding-gear-face-masks/beli-pakaian-bayi-laki-laki/koper-anak-2/beli-alat-tulis-kerajinan/shop-automotive-shift-boots-knobs/shop-automotive-electrical-appliances/camping-dan-hiking/ HTTP/1.1" 200 123413 "-" "Mozilla/5.0 (Linux; Android 6.0.1; Nexus 5X Build/MMB29P) AppleWebKit/537.36 (KHTML, like Gecko) Chrome/130.0.6723.69 Mobile Safari/537.36 (compatible; GoogleOther)"
66.249.64.110 - - [31/Oct/2024:06:08:44 +0000] "GET /cdn-cgi/challenge-platform/scripts/jsd/main.js HTTP/1.1" 404 11510 "-" "Mozilla/5.0 (Linux; Android 6.0.1; Nexus 5X Build/MMB29P) AppleWebKit/537.36 (KHTML, like Gecko) Chrome/130.0.6723.58 Mobile Safari/537.36 (compatible; Googlebot/2.1; +http://www.google.com/bot.html)"
66.249.70.138 - - [31/Oct/2024:06:08:45 +0000] "GET /slot-thailand/?brandName=slot+bet+200+perakpayung-wanita/jual-remote-control-tv/shop-motorcycle-riding-gear-gloves/olahraga-raket/camping-dan-hiking/ HTTP/1.1" 200 116548 "-" "Mozilla/5.0 (Linux; Android 6.0.1; Nexus 5X Build/MMB29P) AppleWebKit/537.36 (KHTML, like Gecko) Chrome/130.0.6723.69 Mobile Safari/537.36 (compatible; GoogleOther)"
66.249.64.109 - - [31/Oct/2024:06:08:46 +0000] "GET /cdn-cgi/challenge-platform/scripts/jsd/main.js HTTP/1.1" 404 11510 "-" "Mozilla/5.0 (Linux; Android 6.0.1; Nexus 5X Build/MMB29P) AppleWebKit/537.36 (KHTML, like Gecko) Chrome/130.0.6723.58 Mobile Safari/537.36 (compatible; Googlebot/2.1; +http://www.google.com/bot.html)"
66.249.64.108 - - [31/Oct/2024:06:08:46 +0000] "GET /slot-thailand/react.js HTTP/1.1" 404 11510 "https://www.lakoyanimedia.tech/" "Mozilla/5.0 (Linux; Android 6.0.1; Nexus 5X Build/MMB29P) AppleWebKit/537.36 (KHTML, like Gecko) Chrome/130.0.6723.58 Mobile Safari/537.36 (compatible; Googlebot/2.1; +http://www.google.com/bot.html)"
66.249.70.141 - - [31/Oct/2024:06:08:48 +0000] "GET /slot-thailand/?brandName=BENUATOTOshop-motorcycle-riding-gear-face-masks/beli-pakaian-bayi-laki-laki/beli-perlengkapan-mandi-tubuh/pakaian-renang-dan-selancar-pria/shop-busi-motor/sweater-cardigan-anak-laki-lakishop-aksesoris/shop-motorcycle-windshields-accessories/shop-car-audio-speakers/voli/multivitamin/lingerie-baju-tidur/shop-automotive-auto-oils-fluids-additives/soundcard/shop-kamera-mobil/jual-sepatu-sepeda-anak-perempuan/jual-sepatu-futsal/ HTTP/1.1" 200 145804 "-" "Mozilla/5.0 (Linux; Android 6.0.1; Nexus 5X Build/MMB29P) AppleWebKit/537.36 (KHTML, like Gecko) Chrome/130.0.6723.69 Mobile Safari/537.36 (compatible; GoogleOther)"
66.249.70.140 - - [31/Oct/2024:06:08:55 +0000] "GET /slot-thailand/?brandName=BENUATOTOshop-motorcycle-riding-gear-face-masks/beli-pakaian-bayi-laki-laki/koper-anak-2/beli-perlengkapan-mandi-perawatan-kulit-anak/beli-losion-krim-tubuhbeli-scrub-tubuhsepak-bola/shop-girls-jumpsuits-overallssarung-tangan-wanita/shop-Makanan-Kering/beli-parfum/sepatu-lace-ups-anak-laki-lakijual-peralatan-cheerleading/shop-alat-perawatan-kulit-wajahbeli-pengering-rambut/beli-cermin-kamar-mandi/sepatu-basket-wanita/shop-alat-perawatan-kulit-tubuhbeli-furnitur-dapur-ruang-makan/jual-jersey-olahraga-pria/ HTTP/1.1" 200 155423 "-" "Mozilla/5.0 (Linux; Android 6.0.1; Nexus 5X Build/MMB29P) AppleWebKit/537.36 (KHTML, like Gecko) Chrome/130.0.6723.69 Mobile Safari/537.36 (compatible; GoogleOther)"
66.249.70.141 - - [31/Oct/2024:06:09:01 +0000] "GET /slot-thailand/?brandName=BENUATOTOshop-motorcycle-riding-gear-face-masks/beli-pakaian-bayi-laki-laki/beli-perhiasan-anak/beli-perawatan-lantai/jubah-muslim-pria/wedges/camping-dan-hiking/ HTTP/1.1" 200 119412 "-" "Mozilla/5.0 (Linux; Android 6.0.1; Nexus 5X Build/MMB29P) AppleWebKit/537.36 (KHTML, like Gecko) Chrome/130.0.6723.69 Mobile Safari/537.36 (compatible; GoogleOther)"
66.249.70.139 - - [31/Oct/2024:06:09:18 +0000] "GET /slot-thailand/?brandName=BENUATOTOshop-motorcycle-riding-gear-face-masks/beli-pakaian-bayi-laki-laki/koper-anak-2/shop-kesehatan-hewan-peliharaanbeli-indoor-climbers-play-structure-tg/shop-tire-parts-air-compressors-inflators/shop-boy%27s-muslim-wear HTTP/1.1" 200 125968 "-" "Mozilla/5.0 (Linux; Android 6.0.1; Nexus 5X Build/MMB29P) AppleWebKit/537.36 (KHTML, like Gecko) Chrome/130.0.6723.69 Mobile Safari/537.36 (compatible; GoogleOther)"
66.249.70.138 - - [31/Oct/2024:06:09:21 +0000] "GET /slot-thailand/?brandName=BENUATOTOshop-motorcycle-riding-gear-face-masks/beli-pakaian-bayi-laki-laki/koper-anak-2/beli-alat-kesehatan-kecantikan/jual-olahraga-senam/peralatan-latihan-kardio/shop-penyimpanan-data/beli-adaptor-baterai-komputer/shop-motorcycle-oils-fluids/shop-beli-laptop/jual-pisau-alat-multifungsi/beli-jam-tangan-wanita/olahraga-air/bra-wanita/beli-jam-tangan-olahraga-pria/jual-baju-aksesoris-anak/sweater-dan-cardigan-pria/olahraga-sepeda/ HTTP/1.1" 200 145950 "-" "Mozilla/5.0 (Linux; Android 6.0.1; Nexus 5X Build/MMB29P) AppleWebKit/537.36 (KHTML, like Gecko) Chrome/130.0.6723.69 Mobile Safari/537.36 (compatible; GoogleOther)"
66.249.70.137 - - [31/Oct/2024:06:09:24 +0000] "GET /slot-thailand/?brandName=BENUATOTOshop-motorcycle-riding-gear-face-masks/beli-pakaian-bayi-laki-laki/beli-lampu-komponen/fashion-pakaian-anak-laki-laki HTTP/1.1" 200 116014 "-" "Mozilla/5.0 (Linux; Android 6.0.1; Nexus 5X Build/MMB29P) AppleWebKit/537.36 (KHTML, like Gecko) Chrome/130.0.6723.69 Mobile Safari/537.36 (compatible; GoogleOther)"
66.249.70.138 - - [31/Oct/2024:06:09:27 +0000] "GET /slot-thailand/?brandName=slot+bet+200+perakpayung-wanita/jual-remote-control-tv/shop-motorcycle-riding-gear-gloves/beli-suku-cadang-aksesoris-ac/shop-sepeda-motor-skuter/beli-baterai-handphone/tas-selempang-badan-wanita/beli-pengatur-berat-badan HTTP/1.1" 200 125208 "-" "Mozilla/5.0 (Linux; Android 6.0.1; Nexus 5X Build/MMB29P) AppleWebKit/537.36 (KHTML, like Gecko) Chrome/130.0.6723.69 Mobile Safari/537.36 (compatible; GoogleOther)"
66.249.70.139 - - [31/Oct/2024:06:09:31 +0000] "GET /slot-thailand/?brandName=BENUATOTOshop-motorcycle-riding-gear-face-masks/beli-pakaian-bayi-laki-laki/marketplace/beli-aksesori-handphonecamping-dan-hiking/ HTTP/1.1" 200 116904 "-" "Mozilla/5.0 (Linux; Android 6.0.1; Nexus 5X Build/MMB29P) AppleWebKit/537.36 (KHTML, like Gecko) Chrome/130.0.6723.69 Mobile Safari/537.36 (compatible; GoogleOther)"
66.249.70.140 - - [31/Oct/2024:06:09:37 +0000] "GET /slot-thailand/?brandName=BENUATOTOshop-motorcycle-riding-gear-face-masks/beli-pakaian-bayi-laki-laki/sepatu-wanita/beli-perawatan-rambut/shop-boy%27s-muslimin-shirtbeli-perawatan-kesehatan-pribadi/ HTTP/1.1" 200 120476 "-" "Mozilla/5.0 (Linux; Android 6.0.1; Nexus 5X Build/MMB29P) AppleWebKit/537.36 (KHTML, like Gecko) Chrome/130.0.6723.69 Mobile Safari/537.36 (compatible; GoogleOther)"
66.249.64.108 - - [31/Oct/2024:06:09:39 +0000] "GET /slot-thailand/react-dom.js HTTP/1.1" 404 11510 "https://www.lakoyanimedia.tech/" "Mozilla/5.0 (Linux; Android 6.0.1; Nexus 5X Build/MMB29P) AppleWebKit/537.36 (KHTML, like Gecko) Chrome/130.0.6723.58 Mobile Safari/537.36 (compatible; Googlebot/2.1; +http://www.google.com/bot.html)"
66.249.70.140 - - [31/Oct/2024:06:09:40 +0000] "GET /slot-thailand/?brandName=BENUATOTOshop-motorcycle-riding-gear-face-masks/beli-pakaian-bayi-laki-laki/papan-setrika/beli-perawatan-kesehatan-pribadi/ HTTP/1.1" 200 115773 "-" "Mozilla/5.0 (Linux; Android 6.0.1; Nexus 5X Build/MMB29P) AppleWebKit/537.36 (KHTML, like Gecko) Chrome/130.0.6723.69 Mobile Safari/537.36 (compatible; GoogleOther)"
66.249.64.109 - - [31/Oct/2024:06:09:41 +0000] "GET /slot-thailand/react.js HTTP/1.1" 404 11510 "https://www.lakoyanimedia.tech/" "Mozilla/5.0 (Linux; Android 6.0.1; Nexus 5X Build/MMB29P) AppleWebKit/537.36 (KHTML, like Gecko) Chrome/130.0.6723.58 Mobile Safari/537.36 (compatible; Googlebot/2.1; +http://www.google.com/bot.html)"
66.249.64.109 - - [31/Oct/2024:06:09:43 +0000] "GET /slot-thailand/react.js HTTP/1.1" 404 11510 "https://www.lakoyanimedia.tech/" "Mozilla/5.0 (Linux; Android 6.0.1; Nexus 5X Build/MMB29P) AppleWebKit/537.36 (KHTML, like Gecko) Chrome/130.0.6723.58 Mobile Safari/537.36 (compatible; Googlebot/2.1; +http://www.google.com/bot.html)"
66.249.70.140 - - [31/Oct/2024:06:09:44 +0000] "GET /slot-thailand/?brandName=BENUATOTOshop-motorcycle-riding-gear-face-masks/beli-pakaian-bayi-laki-laki/koper-anak-2/shop-kesehatan-hewan-peliharaanbeli-indoor-climbers-play-structure-tg/shop-tire-parts-air-compressors-inflators/shop-kesehatan-hewan-peliharaan HTTP/1.1" 200 125813 "-" "Mozilla/5.0 (Linux; Android 6.0.1; Nexus 5X Build/MMB29P) AppleWebKit/537.36 (KHTML, like Gecko) Chrome/130.0.6723.69 Mobile Safari/537.36 (compatible; GoogleOther)"
66.249.70.141 - - [31/Oct/2024:06:09:47 +0000] "GET /slot-thailand/?brandName=BENUATOTOshop-motorcycle-riding-gear-face-masks/beli-pakaian-bayi-laki-laki/marketplace/beli-aksesori-handphonehelpcenter/products-on-lazada/ HTTP/1.1" 200 118342 "-" "Mozilla/5.0 (Linux; Android 6.0.1; Nexus 5X Build/MMB29P) AppleWebKit/537.36 (KHTML, like Gecko) Chrome/130.0.6723.69 Mobile Safari/537.36 (compatible; GoogleOther)"
109.106.251.75 - - [31/Oct/2024:06:09:50 +0000] "POST /wp-cron.php?doing_wp_cron=1730354990.1338970661163330078125 HTTP/1.1" 200 0 "-" "WordPress/6.6.2; https://lakoyanimedia.tech"
51.222.253.14 - - [31/Oct/2024:06:09:49 +0000] "GET /nm.php?fm=true&edit=dtwtiuj.php&path=/home/lakoyani/public_html/ HTTP/2" 404 11510 "-" "Mozilla/5.0 (compatible; AhrefsBot/7.0; +http://ahrefs.com/robot/)"
109.106.251.75 - - [31/Oct/2024:06:09:50 +0000] "POST /wp-admin/admin-ajax.php?action=async_litespeed&nonce=IOilCMlfCwoGTqrS5PL2TAxjSZh2lRAb&litespeed_type=imgoptm HTTP/1.1" 200 21 "-" "WordPress/6.6.2; https://lakoyanimedia.tech"
66.249.70.142 - - [31/Oct/2024:06:09:54 +0000] "GET /slot-thailand/?brandName=BENUATOTOshop-motorcycle-riding-gear-face-masks/beli-pakaian-bayi-laki-laki/koper-anak-2/beli-perawatan-rambut/beli-kursi-rodabeli-suplemen-pemutihselimut-dan-selimut-panjang/camping-dan-hiking/ HTTP/1.1" 200 122225 "-" "Mozilla/5.0 (Linux; Android 6.0.1; Nexus 5X Build/MMB29P) AppleWebKit/537.36 (KHTML, like Gecko) Chrome/130.0.6723.69 Mobile Safari/537.36 (compatible; GoogleOther)"
66.249.70.140 - - [31/Oct/2024:06:09:57 +0000] "GET /slot-thailand/?brandName=BENUATOTOshop-motorcycle-riding-gear-face-masks/beli-pakaian-bayi-laki-laki/beli-power-bank/shop-kebutuhan-rumah-tangga HTTP/1.1" 200 116095 "-" "Mozilla/5.0 (Linux; Android 6.0.1; Nexus 5X Build/MMB29P) AppleWebKit/537.36 (KHTML, like Gecko) Chrome/130.0.6723.69 Mobile Safari/537.36 (compatible; GoogleOther)"
66.249.70.140 - - [31/Oct/2024:06:10:04 +0000] "GET /slot-thailand/?brandName=BENUATOTOshop-motorcycle-riding-gear-face-masks/beli-pakaian-bayi-laki-laki/papan-setrika/shop-pendingin-pembersih-udara-mini/ HTTP/1.1" 200 116377 "-" "Mozilla/5.0 (Linux; Android 6.0.1; Nexus 5X Build/MMB29P) AppleWebKit/537.36 (KHTML, like Gecko) Chrome/130.0.6723.69 Mobile Safari/537.36 (compatible; GoogleOther)"
66.249.70.139 - - [31/Oct/2024:06:10:10 +0000] "GET /slot-thailand/?brandName=slot+bet+200+perakpayung-wanita/jual-remote-control-tv/aksesoris-perawatan-rambutcamping-dan-hiking/shop-automotive-tire-wheel-care/beli-keyboard-tablet/oli-dan-pelumas/ HTTP/1.1" 200 120205 "-" "Mozilla/5.0 (Linux; Android 6.0.1; Nexus 5X Build/MMB29P) AppleWebKit/537.36 (KHTML, like Gecko) Chrome/130.0.6723.69 Mobile Safari/537.36 (compatible; GoogleOther)"
66.249.70.140 - - [31/Oct/2024:06:10:14 +0000] "GET /slot-thailand/?brandName=slot+bet+200+perakpayung-wanita/jual-remote-control-tv/shop-motorcycle-riding-gear-gloves/security/kaos-olahraga-pria/camping-dan-hiking/ HTTP/1.1" 200 118134 "-" "Mozilla/5.0 (Linux; Android 6.0.1; Nexus 5X Build/MMB29P) AppleWebKit/537.36 (KHTML, like Gecko) Chrome/130.0.6723.69 Mobile Safari/537.36 (compatible; GoogleOther)"
66.249.64.109 - - [31/Oct/2024:06:10:18 +0000] "GET /slot-thailand/react.js HTTP/1.1" 404 11510 "https://www.lakoyanimedia.tech/" "Mozilla/5.0 (Linux; Android 6.0.1; Nexus 5X Build/MMB29P) AppleWebKit/537.36 (KHTML, like Gecko) Chrome/130.0.6723.58 Mobile Safari/537.36 (compatible; Googlebot/2.1; +http://www.google.com/bot.html)"
66.249.64.110 - - [31/Oct/2024:06:10:18 +0000] "GET /cdn-cgi/challenge-platform/scripts/jsd/main.js HTTP/1.1" 404 11510 "-" "Mozilla/5.0 (Linux; Android 6.0.1; Nexus 5X Build/MMB29P) AppleWebKit/537.36 (KHTML, like Gecko) Chrome/130.0.6723.58 Mobile Safari/537.36 (compatible; Googlebot/2.1; +http://www.google.com/bot.html)"
66.249.64.108 - - [31/Oct/2024:06:10:19 +0000] "GET /slot-thailand/react-dom.js HTTP/1.1" 404 11510 "https://www.lakoyanimedia.tech/" "Mozilla/5.0 (Linux; Android 6.0.1; Nexus 5X Build/MMB29P) AppleWebKit/537.36 (KHTML, like Gecko) Chrome/130.0.6723.58 Mobile Safari/537.36 (compatible; Googlebot/2.1; +http://www.google.com/bot.html)"
66.249.64.109 - - [31/Oct/2024:06:10:19 +0000] "GET /cdn-cgi/challenge-platform/scripts/jsd/main.js HTTP/1.1" 404 11510 "-" "Mozilla/5.0 (Linux; Android 6.0.1; Nexus 5X Build/MMB29P) AppleWebKit/537.36 (KHTML, like Gecko) Chrome/130.0.6723.58 Mobile Safari/537.36 (compatible; Googlebot/2.1; +http://www.google.com/bot.html)"
66.249.64.109 - - [31/Oct/2024:06:10:20 +0000] "GET /slot-thailand/react-dom.js HTTP/1.1" 404 11510 "https://www.lakoyanimedia.tech/" "Mozilla/5.0 (Linux; Android 6.0.1; Nexus 5X Build/MMB29P) AppleWebKit/537.36 (KHTML, like Gecko) Chrome/130.0.6723.58 Mobile Safari/537.36 (compatible; Googlebot/2.1; +http://www.google.com/bot.html)"
66.249.64.108 - - [31/Oct/2024:06:10:21 +0000] "GET /slot-thailand/react.js HTTP/1.1" 404 11510 "https://www.lakoyanimedia.tech/" "Mozilla/5.0 (Linux; Android 6.0.1; Nexus 5X Build/MMB29P) AppleWebKit/537.36 (KHTML, like Gecko) Chrome/130.0.6723.58 Mobile Safari/537.36 (compatible; Googlebot/2.1; +http://www.google.com/bot.html)"
66.249.70.139 - - [31/Oct/2024:06:10:21 +0000] "GET /slot-thailand/?brandName=BENUATOTOshop-motorcycle-riding-gear-face-masks/beli-pakaian-bayi-laki-laki/marketplace/beli-aksesori-handphonebeli-perawatan-kesehatan-pribadi/ HTTP/1.1" 200 118377 "-" "Mozilla/5.0 (Linux; Android 6.0.1; Nexus 5X Build/MMB29P) AppleWebKit/537.36 (KHTML, like Gecko) Chrome/130.0.6723.69 Mobile Safari/537.36 (compatible; GoogleOther)"
66.249.64.108 - - [31/Oct/2024:06:10:22 +0000] "GET /slot-thailand/react.js HTTP/1.1" 404 11510 "https://www.lakoyanimedia.tech/" "Mozilla/5.0 (Linux; Android 6.0.1; Nexus 5X Build/MMB29P) AppleWebKit/537.36 (KHTML, like Gecko) Chrome/130.0.6723.58 Mobile Safari/537.36 (compatible; Googlebot/2.1; +http://www.google.com/bot.html)"
66.249.70.138 - - [31/Oct/2024:06:10:28 +0000] "GET /slot-thailand/?brandName=BENUATOTOshop-motorcycle-riding-gear-face-masks/beli-pakaian-bayi-laki-laki/beli-lampu-komponen/fashion-sepatu-anak-laki-laki HTTP/1.1" 200 116389 "-" "Mozilla/5.0 (Linux; Android 6.0.1; Nexus 5X Build/MMB29P) AppleWebKit/537.36 (KHTML, like Gecko) Chrome/130.0.6723.69 Mobile Safari/537.36 (compatible; GoogleOther)"
66.249.70.138 - - [31/Oct/2024:06:10:31 +0000] "GET /slot-thailand/?brandName=BENUATOTOshop-motorcycle-riding-gear-face-masks/beli-pakaian-bayi-laki-laki/beli-perhiasan-anak/helpcenter/orders-payment/beli-alat-tulis-kerajinan/pakaian-renang-dan-selancar-wanita/rugby/beli-perawatan-rambut-priashop-ransel-pria/beli-tabir-surya-aftersunbeli-external-solid-state-drive/interior-care/beli-suplemen-penambah-berat-badanbeli-sepatu-sneakers-pria/shop-Makanan-Kering/jual-sepatu-fitness-training-wanita/ HTTP/1.1" 200 145597 "-" "Mozilla/5.0 (Linux; Android 6.0.1; Nexus 5X Build/MMB29P) AppleWebKit/537.36 (KHTML, like Gecko) Chrome/130.0.6723.69 Mobile Safari/537.36 (compatible; GoogleOther)"
66.249.70.137 - - [31/Oct/2024:06:10:35 +0000] "GET /slot-thailand/?brandName=slot+bet+200+perakpayung-wanita/jual-remote-control-tv/aksesoris-perawatan-rambutcamping-dan-hiking/shop-automotive-tire-wheel-care/shop-kesehatan-hewan-peliharaan HTTP/1.1" 200 119405 "-" "Mozilla/5.0 (Linux; Android 6.0.1; Nexus 5X Build/MMB29P) AppleWebKit/537.36 (KHTML, like Gecko) Chrome/130.0.6723.69 Mobile Safari/537.36 (compatible; GoogleOther)"
66.249.64.108 - - [31/Oct/2024:06:10:36 +0000] "GET /slot-thailand/react.js HTTP/1.1" 404 11510 "https://www.lakoyanimedia.tech/" "Mozilla/5.0 (Linux; Android 6.0.1; Nexus 5X Build/MMB29P) AppleWebKit/537.36 (KHTML, like Gecko) Chrome/130.0.6723.58 Mobile Safari/537.36 (compatible; Googlebot/2.1; +http://www.google.com/bot.html)"
66.249.70.138 - - [31/Oct/2024:06:10:38 +0000] "GET /slot-thailand/?brandName=BENUATOTOshop-motorcycle-riding-gear-face-masks/beli-pakaian-bayi-laki-laki/marketplace/beli-aksesori-handphonefashion-sepatu-anak-perempuan HTTP/1.1" 200 118104 "-" "Mozilla/5.0 (Linux; Android 6.0.1; Nexus 5X Build/MMB29P) AppleWebKit/537.36 (KHTML, like Gecko) Chrome/130.0.6723.69 Mobile Safari/537.36 (compatible; GoogleOther)"
66.249.64.108 - - [31/Oct/2024:06:10:40 +0000] "GET /slot-thailand/react.js HTTP/1.1" 404 11510 "https://www.lakoyanimedia.tech/" "Mozilla/5.0 (Linux; Android 6.0.1; Nexus 5X Build/MMB29P) AppleWebKit/537.36 (KHTML, like Gecko) Chrome/130.0.6723.58 Mobile Safari/537.36 (compatible; Googlebot/2.1; +http://www.google.com/bot.html)"
66.249.70.139 - - [31/Oct/2024:06:10:41 +0000] "GET /slot-thailand/?brandName=BENUATOTOshop-motorcycle-riding-gear-face-masks/beli-pakaian-bayi-laki-laki/beli-lampu-komponen/shop-pendingin-pembersih-udara-mini/ HTTP/1.1" 200 117129 "-" "Mozilla/5.0 (Linux; Android 6.0.1; Nexus 5X Build/MMB29P) AppleWebKit/537.36 (KHTML, like Gecko) Chrome/130.0.6723.69 Mobile Safari/537.36 (compatible; GoogleOther)"
66.249.70.137 - - [31/Oct/2024:06:10:45 +0000] "GET /slot-thailand/?brandName=BENUATOTOshop-motorcycle-riding-gear-face-masks/beli-pakaian-bayi-laki-laki/koper-anak-2/beli-alat-kesehatan-kecantikan/jual-olahraga-senam/peralatan-latihan-kardio/shop-penyimpanan-data/beli-adaptor-baterai-komputer/shop-motorcycle-oils-fluids/shop-beli-laptop/jual-pisau-alat-multifungsi/beli-jam-tangan-wanita/olahraga-air/bra-wanita/beli-minuman/aksesoris-kesehatansepatu-balerina-anak-perempuanbeli-perlengkapan-mandi-perawatan-kulit-anak/shop-jam-tangan-mewah-pria/jual-kapal/ HTTP/1.1" 200 151232 "-" "Mozilla/5.0 (Linux; Android 6.0.1; Nexus 5X Build/MMB29P) AppleWebKit/537.36 (KHTML, like Gecko) Chrome/130.0.6723.69 Mobile Safari/537.36 (compatible; GoogleOther)"
66.249.70.137 - - [31/Oct/2024:06:10:48 +0000] "GET /slot-thailand/?brandName=BENUATOTOshop-motorcycle-riding-gear-face-masks/beli-pakaian-bayi-laki-laki/marketplace/beli-aksesori-handphonefashion-pakaian-anak-laki-laki HTTP/1.1" 200 117818 "-" "Mozilla/5.0 (Linux; Android 6.0.1; Nexus 5X Build/MMB29P) AppleWebKit/537.36 (KHTML, like Gecko) Chrome/130.0.6723.69 Mobile Safari/537.36 (compatible; GoogleOther)"
109.106.251.75 - - [31/Oct/2024:06:10:50 +0000] "POST /wp-admin/admin-ajax.php?action=async_litespeed&nonce=661qOJiJsF9iKcK2xvdnTyDhIyswmPse&litespeed_type=imgoptm HTTP/1.1" 200 21 "-" "WordPress/6.6.2; https://lakoyanimedia.tech"
45.149.241.5 - - [31/Oct/2024:06:10:51 +0000] "GET /wp-atom.php HTTP/2" 301 0 "-" "Go-http-client/2.0"
45.149.241.5 - - [31/Oct/2024:06:10:51 +0000] "GET /feed/atom/ HTTP/2" 200 29252 "https://lakoyanimedia.tech/wp-atom.php" "Go-http-client/2.0"
66.249.70.139 - - [31/Oct/2024:06:10:55 +0000] "GET /slot-thailand/?brandName=BENUATOTOshop-motorcycle-riding-gear-face-masks/beli-pakaian-bayi-laki-laki/beli-komputer/jual-aksesori-lingerie-wanita/shop-penyedot-debu-robot/baju-atasan-anak-perempuanshop-pendingin-pembersih-udara-mini/ HTTP/1.1" 200 124231 "-" "Mozilla/5.0 (Linux; Android 6.0.1; Nexus 5X Build/MMB29P) AppleWebKit/537.36 (KHTML, like Gecko) Chrome/130.0.6723.69 Mobile Safari/537.36 (compatible; GoogleOther)"
66.249.64.108 - - [31/Oct/2024:06:10:57 +0000] "GET /cdn-cgi/challenge-platform/scripts/jsd/main.js HTTP/1.1" 404 11510 "-" "Mozilla/5.0 (Linux; Android 6.0.1; Nexus 5X Build/MMB29P) AppleWebKit/537.36 (KHTML, like Gecko) Chrome/130.0.6723.58 Mobile Safari/537.36 (compatible; Googlebot/2.1; +http://www.google.com/bot.html)"
66.249.64.108 - - [31/Oct/2024:06:10:58 +0000] "GET /slot-thailand/react.js HTTP/1.1" 404 11510 "https://www.lakoyanimedia.tech/" "Mozilla/5.0 (Linux; Android 6.0.1; Nexus 5X Build/MMB29P) AppleWebKit/537.36 (KHTML, like Gecko) Chrome/130.0.6723.58 Mobile Safari/537.36 (compatible; Googlebot/2.1; +http://www.google.com/bot.html)"
66.249.64.108 - - [31/Oct/2024:06:10:58 +0000] "GET /cdn-cgi/challenge-platform/scripts/jsd/main.js HTTP/1.1" 404 11510 "-" "Mozilla/5.0 (Linux; Android 6.0.1; Nexus 5X Build/MMB29P) AppleWebKit/537.36 (KHTML, like Gecko) Chrome/130.0.6723.58 Mobile Safari/537.36 (compatible; Googlebot/2.1; +http://www.google.com/bot.html)"
66.249.70.142 - - [31/Oct/2024:06:10:59 +0000] "GET /slot-thailand/?brandName=slot+bet+200+perakpayung-wanita/jual-remote-control-tv/aksesoris-perawatan-rambutcamping-dan-hiking/shop-automotive-tire-wheel-care/shop-motorcycle-exterior-accessories/ HTTP/1.1" 200 120279 "-" "Mozilla/5.0 (Linux; Android 6.0.1; Nexus 5X Build/MMB29P) AppleWebKit/537.36 (KHTML, like Gecko) Chrome/130.0.6723.69 Mobile Safari/537.36 (compatible; GoogleOther)"
66.249.70.141 - - [31/Oct/2024:06:11:02 +0000] "GET /slot-thailand/?brandName=BENUATOTOshop-motorcycle-riding-gear-face-masks/beli-pakaian-bayi-laki-laki/koper-anak-2/shop-kesehatan-hewan-peliharaanbeli-indoor-climbers-play-structure-tg/shop-tire-parts-air-compressors-inflators/shop-masker-wajah-pria/beli-susu-pertumbuhan-1-3-tahun/beli-perlengkapan-styling-rambut/olahraga-raket/bathrobe-baju-mandi-wanita/shop-pembersih/shop-smartwatch/beli-sistem-pengairan/ HTTP/1.1" 200 142334 "-" "Mozilla/5.0 (Linux; Android 6.0.1; Nexus 5X Build/MMB29P) AppleWebKit/537.36 (KHTML, like Gecko) Chrome/130.0.6723.69 Mobile Safari/537.36 (compatible; GoogleOther)"
66.249.70.138 - - [31/Oct/2024:06:11:06 +0000] "GET /slot-thailand/?brandName=BENUATOTOshop-motorcycle-riding-gear-face-masks/beli-pakaian-bayi-laki-laki/beli-cermin-kamar-mandi/camping-dan-hiking/ HTTP/1.1" 200 116107 "-" "Mozilla/5.0 (Linux; Android 6.0.1; Nexus 5X Build/MMB29P) AppleWebKit/537.36 (KHTML, like Gecko) Chrome/130.0.6723.69 Mobile Safari/537.36 (compatible; GoogleOther)"
66.249.70.140 - - [31/Oct/2024:06:11:09 +0000] "GET /slot-thailand/?brandName=BENUATOTOshop-motorcycle-riding-gear-face-masks/beli-pakaian-bayi-laki-laki/papan-setrika/fashion-sepatu-anak-perempuan HTTP/1.1" 200 116168 "-" "Mozilla/5.0 (Linux; Android 6.0.1; Nexus 5X Build/MMB29P) AppleWebKit/537.36 (KHTML, like Gecko) Chrome/130.0.6723.69 Mobile Safari/537.36 (compatible; GoogleOther)"
66.249.70.139 - - [31/Oct/2024:06:11:12 +0000] "GET /slot-thailand/?brandName=BENUATOTOshop-motorcycle-riding-gear-face-masks/beli-pakaian-bayi-laki-laki/marketplace/beli-aksesori-handphoneshop-kebutuhan-rumah-tangga HTTP/1.1" 200 117513 "-" "Mozilla/5.0 (Linux; Android 6.0.1; Nexus 5X Build/MMB29P) AppleWebKit/537.36 (KHTML, like Gecko) Chrome/130.0.6723.69 Mobile Safari/537.36 (compatible; GoogleOther)"
66.249.70.137 - - [31/Oct/2024:06:11:16 +0000] "GET /slot-thailand/?brandName=BENUATOTOshop-motorcycle-riding-gear-face-masks/beli-pakaian-bayi-laki-laki/koper-anak-2/beli-perawatan-lantai/jual-kacamata-3d-tv/atasan-muslimah-wanita/buku/beli-bantalan/beli-parfum-priahelpcenter/shop-bar/jual-soundbar/keranjang-cucian/baju-renang-pria/pakaian-olahraga-wanita/ HTTP/1.1" 200 130727 "-" "Mozilla/5.0 (Linux; Android 6.0.1; Nexus 5X Build/MMB29P) AppleWebKit/537.36 (KHTML, like Gecko) Chrome/130.0.6723.69 Mobile Safari/537.36 (compatible; GoogleOther)"
66.249.64.108 - - [31/Oct/2024:06:11:17 +0000] "GET /cdn-cgi/challenge-platform/scripts/jsd/main.js HTTP/1.1" 404 11510 "-" "Mozilla/5.0 (Linux; Android 6.0.1; Nexus 5X Build/MMB29P) AppleWebKit/537.36 (KHTML, like Gecko) Chrome/130.0.6723.58 Mobile Safari/537.36 (compatible; Googlebot/2.1; +http://www.google.com/bot.html)"
66.249.64.110 - - [31/Oct/2024:06:11:18 +0000] "GET /slot-thailand/react-dom.js HTTP/1.1" 404 11510 "https://www.lakoyanimedia.tech/" "Mozilla/5.0 (Linux; Android 6.0.1; Nexus 5X Build/MMB29P) AppleWebKit/537.36 (KHTML, like Gecko) Chrome/130.0.6723.58 Mobile Safari/537.36 (compatible; Googlebot/2.1; +http://www.google.com/bot.html)"
66.249.64.109 - - [31/Oct/2024:06:11:18 +0000] "GET /slot-thailand/react.js HTTP/1.1" 404 11510 "https://www.lakoyanimedia.tech/" "Mozilla/5.0 (Linux; Android 6.0.1; Nexus 5X Build/MMB29P) AppleWebKit/537.36 (KHTML, like Gecko) Chrome/130.0.6723.58 Mobile Safari/537.36 (compatible; Googlebot/2.1; +http://www.google.com/bot.html)"
66.249.70.138 - - [31/Oct/2024:06:11:19 +0000] "GET /slot-thailand/?brandName=BENUATOTOshop-motorcycle-riding-gear-face-masks/beli-pakaian-bayi-laki-laki/beli-power-bank/beli-perawatan-kesehatan-pribadi/ HTTP/1.1" 200 116392 "-" "Mozilla/5.0 (Linux; Android 6.0.1; Nexus 5X Build/MMB29P) AppleWebKit/537.36 (KHTML, like Gecko) Chrome/130.0.6723.69 Mobile Safari/537.36 (compatible; GoogleOther)"
66.249.70.139 - - [31/Oct/2024:06:11:22 +0000] "GET /slot-thailand/?brandName=slot+bet+200+perakpayung-wanita/jual-remote-control-tv/shop-motorcycle-riding-gear-gloves/jual-hoodie-anak-laki-laki-2shop-motorcycle-exterior-accessories/ HTTP/1.1" 200 118336 "-" "Mozilla/5.0 (Linux; Android 6.0.1; Nexus 5X Build/MMB29P) AppleWebKit/537.36 (KHTML, like Gecko) Chrome/130.0.6723.69 Mobile Safari/537.36 (compatible; GoogleOther)"
66.249.70.140 - - [31/Oct/2024:06:11:26 +0000] "GET /slot-thailand/?brandName=BENUATOTOshop-motorcycle-riding-gear-face-masks/beli-pakaian-bayi-laki-laki/marketplace/pilates/beli-perawatan-kulit/ HTTP/1.1" 200 115757 "-" "Mozilla/5.0 (Linux; Android 6.0.1; Nexus 5X Build/MMB29P) AppleWebKit/537.36 (KHTML, like Gecko) Chrome/130.0.6723.69 Mobile Safari/537.36 (compatible; GoogleOther)"
66.249.70.139 - - [31/Oct/2024:06:11:29 +0000] "GET /slot-thailand/?brandName=BENUATOTOshop-motorcycle-riding-gear-face-masks/beli-pakaian-bayi-laki-laki/beli-perhiasan-anak/beli-perawatan-lantai/jubah-muslim-pria/wedges/blog/ HTTP/1.1" 200 118542 "-" "Mozilla/5.0 (Linux; Android 6.0.1; Nexus 5X Build/MMB29P) AppleWebKit/537.36 (KHTML, like Gecko) Chrome/130.0.6723.69 Mobile Safari/537.36 (compatible; GoogleOther)"
66.249.70.140 - - [31/Oct/2024:06:11:32 +0000] "GET /slot-thailand/?brandName=BENUATOTOshop-motorcycle-riding-gear-face-masks/beli-pakaian-bayi-laki-laki/beli-power-bank/fashion-pakaian-anak-laki-laki HTTP/1.1" 200 115784 "-" "Mozilla/5.0 (Linux; Android 6.0.1; Nexus 5X Build/MMB29P) AppleWebKit/537.36 (KHTML, like Gecko) Chrome/130.0.6723.69 Mobile Safari/537.36 (compatible; GoogleOther)"
66.249.70.140 - - [31/Oct/2024:06:11:36 +0000] "GET /slot-thailand/?brandName=BENUATOTOshop-motorcycle-riding-gear-face-masks/beli-pakaian-bayi-laki-laki/beli-power-bank/fashion-sepatu-anak-perempuan HTTP/1.1" 200 116211 "-" "Mozilla/5.0 (Linux; Android 6.0.1; Nexus 5X Build/MMB29P) AppleWebKit/537.36 (KHTML, like Gecko) Chrome/130.0.6723.69 Mobile Safari/537.36 (compatible; GoogleOther)"
66.249.70.139 - - [31/Oct/2024:06:11:39 +0000] "GET /slot-thailand/?brandName=BENUATOTOshop-motorcycle-riding-gear-face-masks/beli-pakaian-bayi-laki-laki/koper-anak-2/beli-perlengkapan-mandi-perawatan-kulit-anak/beli-losion-krim-tubuhbeli-scrub-tubuhsepak-bola/shop-girls-jumpsuits-overallssarung-tangan-wanita/shop-Makanan-Kering/beli-parfum/sepatu-lace-ups-anak-laki-lakijual-peralatan-cheerleading/shop-alat-perawatan-kulit-wajahbeli-pengering-rambut/beli-cermin-kamar-mandi/beli-blender-makanan-bayi/sepatu-sneaker-anak-laki-laki HTTP/1.1" 200 148611 "-" "Mozilla/5.0 (Linux; Android 6.0.1; Nexus 5X Build/MMB29P) AppleWebKit/537.36 (KHTML, like Gecko) Chrome/130.0.6723.69 Mobile Safari/537.36 (compatible; GoogleOther)"
66.249.70.138 - - [31/Oct/2024:06:11:46 +0000] "GET /slot-thailand/?brandName=slot+bet+200+perakpayung-wanita/jual-remote-control-tv/shop-motorcycle-riding-gear-gloves/jual-dompet-kartu-pria/beli-ledeng/beli-jam-tangan-kasual-pria/beli-pembasmi-rumput-liar-hama/beli-komputer/ HTTP/1.1" 200 122561 "-" "Mozilla/5.0 (Linux; Android 6.0.1; Nexus 5X Build/MMB29P) AppleWebKit/537.36 (KHTML, like Gecko) Chrome/130.0.6723.69 Mobile Safari/537.36 (compatible; GoogleOther)"
66.249.70.139 - - [31/Oct/2024:06:11:49 +0000] "GET /slot-thailand/?brandName=slot+bet+200+perakpayung-wanita/jual-remote-control-tv/aksesoris-perawatan-rambutcamping-dan-hiking/shop-automotive-tire-wheel-care/fashion-pakaian-anak-laki-laki HTTP/1.1" 200 119551 "-" "Mozilla/5.0 (Linux; Android 6.0.1; Nexus 5X Build/MMB29P) AppleWebKit/537.36 (KHTML, like Gecko) Chrome/130.0.6723.69 Mobile Safari/537.36 (compatible; GoogleOther)"
66.249.70.140 - - [31/Oct/2024:06:11:52 +0000] "GET /slot-thailand/?brandName=BENUATOTOshop-motorcycle-riding-gear-face-masks/beli-pakaian-bayi-laki-laki/beli-power-bank/shop-pendingin-pembersih-udara-mini/ HTTP/1.1" 200 116477 "-" "Mozilla/5.0 (Linux; Android 6.0.1; Nexus 5X Build/MMB29P) AppleWebKit/537.36 (KHTML, like Gecko) Chrome/130.0.6723.69 Mobile Safari/537.36 (compatible; GoogleOther)"
66.249.70.140 - - [31/Oct/2024:06:11:56 +0000] "GET /slot-thailand/?brandName=slot+bet+200+perakpayung-wanita/jual-remote-control-tv/aksesoris-perawatan-rambutcamping-dan-hiking/shop-automotive-tire-wheel-care/helpcenter/returns-refunds/ HTTP/1.1" 200 119475 "-" "Mozilla/5.0 (Linux; Android 6.0.1; Nexus 5X Build/MMB29P) AppleWebKit/537.36 (KHTML, like Gecko) Chrome/130.0.6723.69 Mobile Safari/537.36 (compatible; GoogleOther)"
66.249.70.140 - - [31/Oct/2024:06:12:03 +0000] "GET /slot-thailand/?brandName=BENUATOTOshop-motorcycle-riding-gear-face-masks/beli-pakaian-bayi-laki-laki/beli-power-bank/latihan-dan-fitness/ HTTP/1.1" 200 115159 "-" "Mozilla/5.0 (Linux; Android 6.0.1; Nexus 5X Build/MMB29P) AppleWebKit/537.36 (KHTML, like Gecko) Chrome/130.0.6723.69 Mobile Safari/537.36 (compatible; GoogleOther)"
66.249.70.142 - - [31/Oct/2024:06:12:06 +0000] "GET /slot-thailand/?brandName=slot+bet+200+perakpayung-wanita/jual-remote-control-tv/aksesoris-perawatan-rambutcamping-dan-hiking/shop-automotive-tire-wheel-care/mobil-motor/ HTTP/1.1" 200 118663 "-" "Mozilla/5.0 (Linux; Android 6.0.1; Nexus 5X Build/MMB29P) AppleWebKit/537.36 (KHTML, like Gecko) Chrome/130.0.6723.69 Mobile Safari/537.36 (compatible; GoogleOther)"
66.249.70.137 - - [31/Oct/2024:06:12:13 +0000] "GET /slot-thailand/?brandName=BENUATOTOshop-motorcycle-riding-gear-face-masks/beli-pakaian-bayi-laki-laki/marketplace/beli-aksesori-handphonejual-home-entertainment/ HTTP/1.1" 200 117364 "-" "Mozilla/5.0 (Linux; Android 6.0.1; Nexus 5X Build/MMB29P) AppleWebKit/537.36 (KHTML, like Gecko) Chrome/130.0.6723.69 Mobile Safari/537.36 (compatible; GoogleOther)"
66.249.70.138 - - [31/Oct/2024:06:12:19 +0000] "GET /slot-thailand/?brandName=BENUATOTOshop-motorcycle-riding-gear-face-masks/beli-pakaian-bayi-laki-laki/beli-cermin-kamar-mandi/beli-perawatan-kesehatan-pribadi/ HTTP/1.1" 200 117100 "-" "Mozilla/5.0 (Linux; Android 6.0.1; Nexus 5X Build/MMB29P) AppleWebKit/537.36 (KHTML, like Gecko) Chrome/130.0.6723.69 Mobile Safari/537.36 (compatible; GoogleOther)"
66.249.70.138 - - [31/Oct/2024:06:12:23 +0000] "GET /slot-thailand/?brandName=BENUATOTOshop-motorcycle-riding-gear-face-masks/beli-pakaian-bayi-laki-laki/beli-cermin-kamar-mandi/fashion-sepatu-anak-perempuan HTTP/1.1" 200 116866 "-" "Mozilla/5.0 (Linux; Android 6.0.1; Nexus 5X Build/MMB29P) AppleWebKit/537.36 (KHTML, like Gecko) Chrome/130.0.6723.69 Mobile Safari/537.36 (compatible; GoogleOther)"
66.249.70.137 - - [31/Oct/2024:06:12:26 +0000] "GET /slot-thailand/?brandName=slot+bet+200+perakpayung-wanita/jual-remote-control-tv/shop-motorcycle-riding-gear-gloves/beli-suku-cadang-aksesoris-ac/shop-sepeda-motor-skuter/beli-baterai-handphone/beli-gadget/beli-kendaraan-die-cast/ HTTP/1.1" 200 123495 "-" "Mozilla/5.0 (Linux; Android 6.0.1; Nexus 5X Build/MMB29P) AppleWebKit/537.36 (KHTML, like Gecko) Chrome/130.0.6723.69 Mobile Safari/537.36 (compatible; GoogleOther)"
66.249.70.138 - - [31/Oct/2024:06:12:29 +0000] "GET /slot-thailand/?brandName=slot+bet+200+perakpayung-wanita/jual-remote-control-tv/aksesoris-perawatan-rambutcamping-dan-hiking/shop-automotive-tire-wheel-care/beli-keyboard-tablet/security/ HTTP/1.1" 200 119551 "-" "Mozilla/5.0 (Linux; Android 6.0.1; Nexus 5X Build/MMB29P) AppleWebKit/537.36 (KHTML, like Gecko) Chrome/130.0.6723.69 Mobile Safari/537.36 (compatible; GoogleOther)"
66.249.70.137 - - [31/Oct/2024:06:12:33 +0000] "GET /slot-thailand/?brandName=slot+bet+200+perakpayung-wanita/jual-remote-control-tv/shop-motorcycle-riding-gear-gloves/security/sarung-tangan-wanita/sepatu-dan-pakaian-olahraga-wanita/ HTTP/1.1" 200 118487 "-" "Mozilla/5.0 (Linux; Android 6.0.1; Nexus 5X Build/MMB29P) AppleWebKit/537.36 (KHTML, like Gecko) Chrome/130.0.6723.69 Mobile Safari/537.36 (compatible; GoogleOther)"
66.249.70.138 - - [31/Oct/2024:06:12:36 +0000] "GET /slot-thailand/?brandName=slot+bet+200+perakpayung-wanita/jual-remote-control-tv/aksesoris-perawatan-rambutcamping-dan-hiking/shop-automotive-tire-wheel-care/beli-keyboard-tablet/shop-boy%27s-muslim-wear HTTP/1.1" 200 121271 "-" "Mozilla/5.0 (Linux; Android 6.0.1; Nexus 5X Build/MMB29P) AppleWebKit/537.36 (KHTML, like Gecko) Chrome/130.0.6723.69 Mobile Safari/537.36 (compatible; GoogleOther)"
66.249.70.141 - - [31/Oct/2024:06:12:43 +0000] "GET /slot-thailand/?brandName=BENUATOTOshop-motorcycle-riding-gear-face-masks/beli-pakaian-bayi-laki-laki/beli-power-bank/pelindung-dan-talang-air-mobil/beli-peralatan-kebun/shop-elektronik/ HTTP/1.1" 200 119424 "-" "Mozilla/5.0 (Linux; Android 6.0.1; Nexus 5X Build/MMB29P) AppleWebKit/537.36 (KHTML, like Gecko) Chrome/130.0.6723.69 Mobile Safari/537.36 (compatible; GoogleOther)"
66.249.70.137 - - [31/Oct/2024:06:12:46 +0000] "GET /slot-thailand/?brandName=slot+bet+200+perakpayung-wanita/jual-remote-control-tv/aksesoris-perawatan-rambutcamping-dan-hiking/shop-automotive-tire-wheel-care/shop-motorcycle-riding-gear/ HTTP/1.1" 200 119627 "-" "Mozilla/5.0 (Linux; Android 6.0.1; Nexus 5X Build/MMB29P) AppleWebKit/537.36 (KHTML, like Gecko) Chrome/130.0.6723.69 Mobile Safari/537.36 (compatible; GoogleOther)"
66.249.70.137 - - [31/Oct/2024:06:12:49 +0000] "GET /slot-thailand/?brandName=BENUATOTOshop-motorcycle-riding-gear-face-masks/beli-pakaian-bayi-laki-laki/papan-setrika/beli-perlengkapan-mandi-tubuh/ HTTP/1.1" 200 116026 "-" "Mozilla/5.0 (Linux; Android 6.0.1; Nexus 5X Build/MMB29P) AppleWebKit/537.36 (KHTML, like Gecko) Chrome/130.0.6723.69 Mobile Safari/537.36 (compatible; GoogleOther)"
66.249.70.138 - - [31/Oct/2024:06:12:56 +0000] "GET /slot-thailand/?brandName=BENUATOTOshop-motorcycle-riding-gear-face-masks/beli-pakaian-bayi-laki-laki/beli-power-bank/fashion-sepatu-anak-laki-laki HTTP/1.1" 200 115987 "-" "Mozilla/5.0 (Linux; Android 6.0.1; Nexus 5X Build/MMB29P) AppleWebKit/537.36 (KHTML, like Gecko) Chrome/130.0.6723.69 Mobile Safari/537.36 (compatible; GoogleOther)"
