Файловый менеджер - Редактировать - /usr/local/apache/domlogs/lakoyani/lakoyanimedia.tech-ssl_log
Назад
66.249.70.137 - - [30/Oct/2024:11:26:05 +0000] "GET /slot-thailand/amp/?gacor=index.html HTTP/1.1" 304 0 "-" "Mozilla/5.0 (Linux; Android 6.0.1; Nexus 5X Build/MMB29P) AppleWebKit/537.36 (KHTML, like Gecko) Chrome/130.0.6723.69 Mobile Safari/537.36 (compatible; GoogleOther)"
109.106.251.75 - - [30/Oct/2024:11:26:46 +0000] "POST /wp-cron.php?doing_wp_cron=1730287606.2724299430847167968750 HTTP/1.1" 200 0 "-" "WordPress/6.6.2; https://lakoyanimedia.tech"
111.90.177.180 - - [30/Oct/2024:11:26:44 +0000] "GET /wp-admin/user-new.php%20melis@temp2022!/wp-login.php HTTP/1.1" 404 9424 "-" "Mozilla/5.0 (Windows NT 10.0; Win64; x64; sec-ch-ua-platform=Windows 11) AppleWebKit/537.36 (KHTML, like Gecko) Chrome/126.0.0.0 Safari/537.36 Edg/104.0.5112.44 Firefox/104.0"
109.106.251.75 - - [30/Oct/2024:11:26:46 +0000] "POST /wp-admin/admin-ajax.php?action=async_litespeed&nonce=crhgZx1hPu5IFxFelxra9jdM77w0oSm1&litespeed_type=imgoptm HTTP/1.1" 200 21 "-" "WordPress/6.6.2; https://lakoyanimedia.tech"
109.106.251.75 - - [30/Oct/2024:11:28:53 +0000] "POST /wp-cron.php?doing_wp_cron=1730287733.6593089103698730468750 HTTP/1.1" 200 0 "-" "WordPress/6.6.2; https://lakoyanimedia.tech"
51.222.253.2 - - [30/Oct/2024:11:28:51 +0000] "GET /nm.php?fm=true&rename=wp-add.php&path=/home/lakoyani/public_html/ HTTP/2" 404 11510 "-" "Mozilla/5.0 (compatible; AhrefsBot/7.0; +http://ahrefs.com/robot/)"
109.106.251.75 - - [30/Oct/2024:11:28:53 +0000] "POST /wp-admin/admin-ajax.php?action=async_litespeed&nonce=xYPO6KqgiPnMwnpHUYAagjFzh3CMhq6P&litespeed_type=imgoptm HTTP/1.1" 200 21 "-" "WordPress/6.6.2; https://lakoyanimedia.tech"
109.106.251.75 - - [30/Oct/2024:11:29:26 +0000] "POST /wp-cron.php?doing_wp_cron=1730287766.7672560214996337890625 HTTP/1.1" 200 0 "-" "WordPress/6.6.2; https://lakoyanimedia.tech"
52.167.144.236 - - [30/Oct/2024:11:29:26 +0000] "GET /u/Z1951996 HTTP/2" 404 11511 "-" "Mozilla/5.0 AppleWebKit/537.36 (KHTML, like Gecko; compatible; bingbot/2.0; +http://www.bing.com/bingbot.htm) Chrome/116.0.1938.76 Safari/537.36"
109.106.251.75 - - [30/Oct/2024:11:29:27 +0000] "POST /wp-admin/admin-ajax.php?action=async_litespeed&nonce=oup4lz35VxpUdY5UeX1U9J7jqbkfvYYo&litespeed_type=imgoptm HTTP/1.1" 200 21 "-" "WordPress/6.6.2; https://lakoyanimedia.tech"
109.106.251.75 - - [30/Oct/2024:11:30:57 +0000] "POST /wp-cron.php?doing_wp_cron=1730287857.6929359436035156250000 HTTP/1.1" 200 0 "-" "WordPress/6.6.2; https://lakoyanimedia.tech"
66.249.64.110 - - [30/Oct/2024:11:30:55 +0000] "GET /cdn-cgi/challenge-platform/scripts/jsd/main.js HTTP/1.1" 404 11510 "-" "Mozilla/5.0 (Linux; Android 6.0.1; Nexus 5X Build/MMB29P) AppleWebKit/537.36 (KHTML, like Gecko) Chrome/130.0.6723.58 Mobile Safari/537.36 (compatible; Googlebot/2.1; +http://www.google.com/bot.html)"
109.106.251.75 - - [30/Oct/2024:11:30:57 +0000] "POST /wp-admin/admin-ajax.php?action=async_litespeed&nonce=wuYKfAIeSxeX97reREJyuhp0d6cqxf86&litespeed_type=imgoptm HTTP/1.1" 200 21 "-" "WordPress/6.6.2; https://lakoyanimedia.tech"
66.249.64.110 - - [30/Oct/2024:11:30:58 +0000] "GET /slot-thailand/react-dom.js HTTP/1.1" 404 11510 "https://www.lakoyanimedia.tech/" "Mozilla/5.0 (Linux; Android 6.0.1; Nexus 5X Build/MMB29P) AppleWebKit/537.36 (KHTML, like Gecko) Chrome/130.0.6723.58 Mobile Safari/537.36 (compatible; Googlebot/2.1; +http://www.google.com/bot.html)"
66.249.64.108 - - [30/Oct/2024:11:30:59 +0000] "GET /slot-thailand/react.js HTTP/1.1" 404 11510 "https://www.lakoyanimedia.tech/" "Mozilla/5.0 (Linux; Android 6.0.1; Nexus 5X Build/MMB29P) AppleWebKit/537.36 (KHTML, like Gecko) Chrome/130.0.6723.58 Mobile Safari/537.36 (compatible; Googlebot/2.1; +http://www.google.com/bot.html)"
66.249.70.139 - - [30/Oct/2024:11:31:59 +0000] "GET /slot-thailand/?brandName=BENUATOTOshop-motorcycle-riding-gear-face-masks/beli-pakaian-bayi-laki-laki/kesehatan-manula/marketplace/ HTTP/1.1" 200 114694 "-" "Mozilla/5.0 (Linux; Android 6.0.1; Nexus 5X Build/MMB29P) AppleWebKit/537.36 (KHTML, like Gecko) Chrome/130.0.6723.69 Mobile Safari/537.36 (compatible; GoogleOther)"
66.249.70.138 - - [30/Oct/2024:11:33:42 +0000] "GET /slot-thailand/amp/?gacor=index.html HTTP/1.1" 304 0 "-" "Mozilla/5.0 (Linux; Android 6.0.1; Nexus 5X Build/MMB29P) AppleWebKit/537.36 (KHTML, like Gecko) Chrome/130.0.6723.69 Mobile Safari/537.36 (compatible; GoogleOther)"
37.114.50.154 - - [30/Oct/2024:11:34:24 +0000] "GET / HTTP/1.1" 200 12169 "http://lakoyanimedia.tech" "Mozilla/5.0 (X11; Linux x86_64) AppleWebKit/537.36 (KHTML, like Gecko) Chrome/70.0.3538.77 Safari/537.36"
109.106.251.75 - - [30/Oct/2024:11:34:25 +0000] "POST /wp-admin/admin-ajax.php?action=async_litespeed&nonce=xrXDyNGfK68NvFDeeFZav1LtnJ36aM03&litespeed_type=imgoptm HTTP/1.1" 200 21 "-" "WordPress/6.6.2; https://lakoyanimedia.tech"
109.106.251.75 - - [30/Oct/2024:11:36:24 +0000] "POST /wp-admin/admin-ajax.php?action=async_litespeed&nonce=ELVY8dtp11lpXHMkEwHgnnpNm60bMEAU&litespeed_type=imgoptm HTTP/1.1" 200 21 "-" "WordPress/6.6.2; https://lakoyanimedia.tech"
66.249.70.138 - - [30/Oct/2024:11:36:29 +0000] "GET /slot-thailand/?brandName=BENUATOTOshop-motorcycle-riding-gear-face-masks/beli-pakaian-bayi-laki-laki/koper-anak-2/baju-muslim-pria/ HTTP/1.1" 200 114549 "-" "Mozilla/5.0 (Linux; Android 6.0.1; Nexus 5X Build/MMB29P) AppleWebKit/537.36 (KHTML, like Gecko) Chrome/130.0.6723.69 Mobile Safari/537.36 (compatible; Googlebot/2.1; +http://www.google.com/bot.html)"
37.114.50.154 - - [30/Oct/2024:11:36:42 +0000] "GET / HTTP/1.1" 200 12169 "http://lakoyanimedia.tech" "Mozilla/5.0 (Macintosh; Intel Mac OS X 10_10) AppleWebKit/537.36 (KHTML, like Gecko) Chrome/101.0.4853.129 Safari/537.36"
66.249.64.108 - - [30/Oct/2024:11:36:43 +0000] "GET /cdn-cgi/challenge-platform/scripts/jsd/main.js HTTP/1.1" 404 11510 "-" "Mozilla/5.0 (Linux; Android 6.0.1; Nexus 5X Build/MMB29P) AppleWebKit/537.36 (KHTML, like Gecko) Chrome/130.0.6723.58 Mobile Safari/537.36 (compatible; Googlebot/2.1; +http://www.google.com/bot.html)"
66.249.64.110 - - [30/Oct/2024:11:37:15 +0000] "GET /u/E31796 HTTP/1.1" 404 11510 "-" "Mozilla/5.0 (Linux; Android 6.0.1; Nexus 5X Build/MMB29P) AppleWebKit/537.36 (KHTML, like Gecko) Chrome/130.0.6723.69 Mobile Safari/537.36 (compatible; Googlebot/2.1; +http://www.google.com/bot.html)"
66.249.64.108 - - [30/Oct/2024:11:39:07 +0000] "GET /cdn-cgi/challenge-platform/scripts/jsd/main.js HTTP/1.1" 404 11510 "-" "Mozilla/5.0 (Linux; Android 6.0.1; Nexus 5X Build/MMB29P) AppleWebKit/537.36 (KHTML, like Gecko) Chrome/130.0.6723.58 Mobile Safari/537.36 (compatible; Googlebot/2.1; +http://www.google.com/bot.html)"
66.249.64.110 - - [30/Oct/2024:11:39:07 +0000] "GET /slot-thailand/react.js HTTP/1.1" 404 11510 "https://www.lakoyanimedia.tech/" "Mozilla/5.0 (Linux; Android 6.0.1; Nexus 5X Build/MMB29P) AppleWebKit/537.36 (KHTML, like Gecko) Chrome/130.0.6723.58 Mobile Safari/537.36 (compatible; Googlebot/2.1; +http://www.google.com/bot.html)"
66.249.64.109 - - [30/Oct/2024:11:39:30 +0000] "GET /cdn-cgi/challenge-platform/scripts/jsd/main.js HTTP/1.1" 404 11510 "-" "Mozilla/5.0 (Linux; Android 6.0.1; Nexus 5X Build/MMB29P) AppleWebKit/537.36 (KHTML, like Gecko) Chrome/130.0.6723.58 Mobile Safari/537.36 (compatible; Googlebot/2.1; +http://www.google.com/bot.html)"
37.114.50.154 - - [30/Oct/2024:11:40:52 +0000] "GET / HTTP/1.1" 200 12169 "http://lakoyanimedia.tech" "Mozilla/4.0 (compatible; MSIE 7.0; Windows Phone OS 7.0; Trident/3.1; IEMobile/7.0)"
109.106.251.75 - - [30/Oct/2024:11:40:53 +0000] "POST /wp-admin/admin-ajax.php?action=async_litespeed&nonce=FtGViMyaMvtFwm7ZZkJCuIVnrfr9aGMm&litespeed_type=imgoptm HTTP/1.1" 200 21 "-" "WordPress/6.6.2; https://lakoyanimedia.tech"
51.222.253.1 - - [30/Oct/2024:11:41:01 +0000] "GET /nm.php?fm=true&rename=zx.php&path=/home/lakoyani/public_html/ HTTP/2" 404 11509 "-" "Mozilla/5.0 (compatible; AhrefsBot/7.0; +http://ahrefs.com/robot/)"
66.249.64.108 - - [30/Oct/2024:11:44:58 +0000] "GET /cdn-cgi/challenge-platform/scripts/jsd/main.js HTTP/1.1" 404 11510 "-" "Mozilla/5.0 (Linux; Android 6.0.1; Nexus 5X Build/MMB29P) AppleWebKit/537.36 (KHTML, like Gecko) Chrome/130.0.6723.58 Mobile Safari/537.36 (compatible; Googlebot/2.1; +http://www.google.com/bot.html)"
66.249.70.139 - - [30/Oct/2024:11:46:30 +0000] "GET /slot-thailand/?brandName=BENUATOTOshop-motorcycle-riding-gear-face-masks/beli-pakaian-bayi-laki-laki/pakaian-pria/security/ HTTP/1.1" 200 113474 "-" "Mozilla/5.0 (Linux; Android 6.0.1; Nexus 5X Build/MMB29P) AppleWebKit/537.36 (KHTML, like Gecko) Chrome/130.0.6723.69 Mobile Safari/537.36 (compatible; Googlebot/2.1; +http://www.google.com/bot.html)"
66.249.70.138 - - [30/Oct/2024:11:48:37 +0000] "GET /slot-thailand/?brandName=BENUATOTOshop-motorcycle-riding-gear-face-masks/beli-pakaian-bayi-laki-laki/koper-anak-2/beli-alat-tulis-kerajinan/beli-kondomshop-Sapu-Sikat-Kemoceng/jual-flash-drives/shop-tas-pinggang-wanita/kaos-dan-atasan-olahraga-wanita/aksesoris-dasi-kupu-kupu/multivitamin/shop-Cokelat-Camilan-Permen/beli-media-player/ HTTP/1.1" 200 134395 "-" "Mozilla/5.0 (Linux; Android 6.0.1; Nexus 5X Build/MMB29P) AppleWebKit/537.36 (KHTML, like Gecko) Chrome/130.0.6723.69 Mobile Safari/537.36 (compatible; GoogleOther)"
66.249.70.138 - - [30/Oct/2024:11:48:42 +0000] "GET /slot-thailand/?brandName=BENUATOTOshop-motorcycle-riding-gear-face-masks/beli-pakaian-bayi-laki-laki/koper-anak-2/beli-alat-tulis-kerajinan/beli-kondomshop-Sapu-Sikat-Kemoceng/beli-rice-cooker/jual-tas-tote-pria/beli-mainan-terbang/beli-alas-mandi/shop-manajemen-kargo/beli-aksesoris-makeupblog/jual-sepatu-skateboard-wanita/beli-penjernih-udara-2/ HTTP/1.1" 200 135317 "-" "Mozilla/5.0 (Linux; Android 6.0.1; Nexus 5X Build/MMB29P) AppleWebKit/537.36 (KHTML, like Gecko) Chrome/130.0.6723.69 Mobile Safari/537.36 (compatible; GoogleOther)"
66.249.70.137 - - [30/Oct/2024:11:49:05 +0000] "GET /slot-thailand/?brandName=BENUATOTOshop-motorcycle-riding-gear-face-masks/beli-pakaian-bayi-laki-laki/koper-anak-2/beli-alat-tulis-kerajinan/beli-kondomshop-Sapu-Sikat-Kemoceng/beli-rice-cooker/jual-tas-tote-pria/beli-mainan-terbang/beli-printers/helpcenter/beli-kendaraan-rc-baterai/sandal-jepit-wanita/shop-motorcycle-electronics/ HTTP/1.1" 200 133105 "-" "Mozilla/5.0 (Linux; Android 6.0.1; Nexus 5X Build/MMB29P) AppleWebKit/537.36 (KHTML, like Gecko) Chrome/130.0.6723.69 Mobile Safari/537.36 (compatible; GoogleOther)"
66.249.70.138 - - [30/Oct/2024:11:49:10 +0000] "GET /slot-thailand/?brandName=BENUATOTOshop-motorcycle-riding-gear-face-masks/beli-pakaian-bayi-laki-laki/koper-anak-2/beli-alat-tulis-kerajinan/beli-kondomshop-Sapu-Sikat-Kemoceng/helmets-automotive/beli-makanan-minuman-selai-madu-spread/shop-automotive-ignition-electrical/shop-automotive-body-parts/jual-set-lingerie/beli-motherboard/jual-mainan-gym-anak/beli-keranjang-bayi-cradle/ HTTP/1.1" 200 138040 "-" "Mozilla/5.0 (Linux; Android 6.0.1; Nexus 5X Build/MMB29P) AppleWebKit/537.36 (KHTML, like Gecko) Chrome/130.0.6723.69 Mobile Safari/537.36 (compatible; GoogleOther)"
66.249.70.138 - - [30/Oct/2024:11:49:15 +0000] "GET /slot-thailand/?brandName=BENUATOTOshop-motorcycle-riding-gear-face-masks/beli-pakaian-bayi-laki-laki/koper-anak-2/beli-alat-tulis-kerajinan/beli-kondomshop-Sapu-Sikat-Kemoceng/beli-rice-cooker/jual-tas-tote-pria/beli-mainan-terbang/beli-printers/helpcenter/beli-kendaraan-rc-baterai/sandal-jepit-wanita/shop-boy%27s-muslimin-pants HTTP/1.1" 200 133469 "-" "Mozilla/5.0 (Linux; Android 6.0.1; Nexus 5X Build/MMB29P) AppleWebKit/537.36 (KHTML, like Gecko) Chrome/130.0.6723.69 Mobile Safari/537.36 (compatible; GoogleOther)"
66.249.70.137 - - [30/Oct/2024:11:49:20 +0000] "GET /slot-thailand/?brandName=BENUATOTOshop-motorcycle-riding-gear-face-masks/beli-pakaian-bayi-laki-laki/koper-anak-2/beli-alat-tulis-kerajinan/beli-kondomKebun%20&%20Luar%20Ruangan/shop-aksesoris/beli-ketel-elektrik-2/beli-susu-bayi-6-12-bulan/jual-makanan-anjing/beli-popok-pispot-bb/shop-automotive-body-parts/shop-perlatan-besar/gantungan-handuk-dan-penghangat/ HTTP/1.1" 200 136577 "-" "Mozilla/5.0 (Linux; Android 6.0.1; Nexus 5X Build/MMB29P) AppleWebKit/537.36 (KHTML, like Gecko) Chrome/130.0.6723.69 Mobile Safari/537.36 (compatible; GoogleOther)"
66.249.70.139 - - [30/Oct/2024:11:49:32 +0000] "GET /slot-thailand/?brandName=BENUATOTOshop-motorcycle-riding-gear-face-masks/beli-pakaian-bayi-laki-laki/koper-anak-2/beli-alat-tulis-kerajinan/beli-kondomshop-Sapu-Sikat-Kemoceng/beli-rice-cooker/jual-tas-tote-pria/beli-mainan-terbang/beli-printers/helpcenter/beli-kendaraan-rc-baterai/beli-makanan-minuman-selai-madu-spread/beli-tempat-penyimpanan/ HTTP/1.1" 200 135072 "-" "Mozilla/5.0 (Linux; Android 6.0.1; Nexus 5X Build/MMB29P) AppleWebKit/537.36 (KHTML, like Gecko) Chrome/130.0.6723.69 Mobile Safari/537.36 (compatible; GoogleOther)"
66.249.70.138 - - [30/Oct/2024:11:49:40 +0000] "GET /slot-thailand/amp/?gacor=index.html HTTP/1.1" 304 0 "-" "Mozilla/5.0 (Linux; Android 6.0.1; Nexus 5X Build/MMB29P) AppleWebKit/537.36 (KHTML, like Gecko) Chrome/130.0.6723.69 Mobile Safari/537.36 (compatible; GoogleOther)"
66.249.70.140 - - [30/Oct/2024:11:49:50 +0000] "GET /slot-thailand/amp/?gacor=index.html HTTP/1.1" 304 0 "-" "Mozilla/5.0 (Linux; Android 6.0.1; Nexus 5X Build/MMB29P) AppleWebKit/537.36 (KHTML, like Gecko) Chrome/130.0.6723.69 Mobile Safari/537.36 (compatible; GoogleOther)"
66.249.70.138 - - [30/Oct/2024:11:49:59 +0000] "GET /slot-thailand/?brandName=BENUATOTOshop-motorcycle-riding-gear-face-masks/beli-pakaian-bayi-laki-laki/koper-anak-2/beli-alat-tulis-kerajinan/beli-kondomKebun%20&%20Luar%20Ruangan/shop-aksesoris/beli-ketel-elektrik-2/beli-p3kaksesoris-kesehatanlatihan-dan-fitness/sound-system-panggung/tenis/beli-krim-salep-bayi/ HTTP/1.1" 200 130588 "-" "Mozilla/5.0 (Linux; Android 6.0.1; Nexus 5X Build/MMB29P) AppleWebKit/537.36 (KHTML, like Gecko) Chrome/130.0.6723.69 Mobile Safari/537.36 (compatible; GoogleOther)"
66.249.70.137 - - [30/Oct/2024:11:50:09 +0000] "GET /slot-thailand/amp/?gacor=index.html HTTP/1.1" 304 0 "-" "Mozilla/5.0 (Linux; Android 6.0.1; Nexus 5X Build/MMB29P) AppleWebKit/537.36 (KHTML, like Gecko) Chrome/130.0.6723.69 Mobile Safari/537.36 (compatible; GoogleOther)"
66.249.70.138 - - [30/Oct/2024:11:50:19 +0000] "GET /slot-thailand/?brandName=BENUATOTOshop-motorcycle-riding-gear-face-masks/beli-pakaian-bayi-laki-laki/koper-anak-2/beli-alat-tulis-kerajinan/beli-kondomshop-Sapu-Sikat-Kemoceng/beli-rice-cooker/jual-tas-tote-pria/beli-mainan-terbang/beli-alas-mandi/shop-manajemen-kargo/beli-aksesoris-makeupblog/jual-sepatu-skateboard-wanita/sepak-bola/ HTTP/1.1" 200 134156 "-" "Mozilla/5.0 (Linux; Android 6.0.1; Nexus 5X Build/MMB29P) AppleWebKit/537.36 (KHTML, like Gecko) Chrome/130.0.6723.69 Mobile Safari/537.36 (compatible; GoogleOther)"
66.249.70.137 - - [30/Oct/2024:11:50:28 +0000] "GET /slot-thailand/?brandName=BENUATOTOshop-motorcycle-riding-gear-face-masks/beli-pakaian-bayi-laki-laki/koper-anak-2/beli-alat-tulis-kerajinan/beli-kondomshop-Sapu-Sikat-Kemoceng/jual-flash-drives/shop-tas-pinggang-wanita/kaos-dan-atasan-olahraga-wanita/aksesoris-dasi-kupu-kupu/payung-jas-hujan-anak-perempuanshop-Cokelat-Camilan-Permen/tempat-sampah/ HTTP/1.1" 200 135577 "-" "Mozilla/5.0 (Linux; Android 6.0.1; Nexus 5X Build/MMB29P) AppleWebKit/537.36 (KHTML, like Gecko) Chrome/130.0.6723.69 Mobile Safari/537.36 (compatible; GoogleOther)"
66.249.70.137 - - [30/Oct/2024:11:50:38 +0000] "GET /slot-thailand/?brandName=BENUATOTOshop-motorcycle-riding-gear-face-masks/beli-pakaian-bayi-laki-laki/koper-anak-2/beli-alat-tulis-kerajinan/beli-kondomKebun%20&%20Luar%20Ruangan/shop-aksesoris/beli-ketel-elektrik-2/beli-p3kaksesoris-kesehatanlatihan-dan-fitness/sound-system-panggung/tenis/beli-sereal-bayi-balita/ HTTP/1.1" 200 131275 "-" "Mozilla/5.0 (Linux; Android 6.0.1; Nexus 5X Build/MMB29P) AppleWebKit/537.36 (KHTML, like Gecko) Chrome/130.0.6723.69 Mobile Safari/537.36 (compatible; GoogleOther)"
66.249.70.137 - - [30/Oct/2024:11:50:48 +0000] "GET /slot-thailand/amp/?gacor=index.html HTTP/1.1" 304 0 "-" "Mozilla/5.0 (Linux; Android 6.0.1; Nexus 5X Build/MMB29P) AppleWebKit/537.36 (KHTML, like Gecko) Chrome/130.0.6723.69 Mobile Safari/537.36 (compatible; GoogleOther)"
66.249.64.110 - - [30/Oct/2024:11:50:56 +0000] "GET /cdn-cgi/challenge-platform/scripts/jsd/main.js HTTP/1.1" 404 11510 "-" "Mozilla/5.0 (Linux; Android 6.0.1; Nexus 5X Build/MMB29P) AppleWebKit/537.36 (KHTML, like Gecko) Chrome/130.0.6723.58 Mobile Safari/537.36 (compatible; Googlebot/2.1; +http://www.google.com/bot.html)"
66.249.70.137 - - [30/Oct/2024:11:51:07 +0000] "GET /slot-thailand/amp/?gacor=index.html HTTP/1.1" 304 0 "-" "Mozilla/5.0 (Linux; Android 6.0.1; Nexus 5X Build/MMB29P) AppleWebKit/537.36 (KHTML, like Gecko) Chrome/130.0.6723.69 Mobile Safari/537.36 (compatible; GoogleOther)"
109.106.251.75 - - [30/Oct/2024:11:51:13 +0000] "POST /wp-cron.php?doing_wp_cron=1730289073.8655869960784912109375 HTTP/1.1" 200 0 "-" "WordPress/6.6.2; https://lakoyanimedia.tech"
148.113.175.246 - - [30/Oct/2024:11:51:12 +0000] "GET /wp-login.php HTTP/2" 200 1821 "-" "Go-http-client/2.0"
148.113.175.246 - - [30/Oct/2024:11:51:13 +0000] "POST /wp-login.php HTTP/2" 200 6207 "https://lakoyanimedia.tech/wp-login.php" "Mozilla/5.0 (Windows NT 10.0; Win64; x64) AppleWebKit/537.36 (KHTML, like Gecko) Chrome/103.0.0.0 Safari/537.36"
109.106.251.75 - - [30/Oct/2024:11:51:14 +0000] "POST /wp-admin/admin-ajax.php?action=async_litespeed&nonce=gJpR66HJ7PPtk1hraX45kkIhFviB10mJ&litespeed_type=imgoptm HTTP/1.1" 200 21 "-" "WordPress/6.6.2; https://lakoyanimedia.tech"
66.249.70.137 - - [30/Oct/2024:11:52:25 +0000] "GET /slot-thailand/amp/?gacor=index.html HTTP/1.1" 304 0 "-" "Mozilla/5.0 (Linux; Android 6.0.1; Nexus 5X Build/MMB29P) AppleWebKit/537.36 (KHTML, like Gecko) Chrome/130.0.6723.69 Mobile Safari/537.36 (compatible; GoogleOther)"
66.249.70.139 - - [30/Oct/2024:11:53:33 +0000] "GET /slot-thailand/amp/?gacor=index.html HTTP/1.1" 304 0 "-" "Mozilla/5.0 (Linux; Android 6.0.1; Nexus 5X Build/MMB29P) AppleWebKit/537.36 (KHTML, like Gecko) Chrome/130.0.6723.69 Mobile Safari/537.36 (compatible; GoogleOther)"
66.249.70.139 - - [30/Oct/2024:11:55:09 +0000] "GET /slot-thailand/amp/?gacor=index.html HTTP/1.1" 304 0 "-" "Mozilla/5.0 (Linux; Android 6.0.1; Nexus 5X Build/MMB29P) AppleWebKit/537.36 (KHTML, like Gecko) Chrome/130.0.6723.69 Mobile Safari/537.36 (compatible; GoogleOther)"
66.249.70.137 - - [30/Oct/2024:11:55:19 +0000] "GET /slot-thailand/amp/?gacor=index.html HTTP/1.1" 304 0 "-" "Mozilla/5.0 (Linux; Android 6.0.1; Nexus 5X Build/MMB29P) AppleWebKit/537.36 (KHTML, like Gecko) Chrome/130.0.6723.69 Mobile Safari/537.36 (compatible; GoogleOther)"
66.249.64.108 - - [30/Oct/2024:11:55:53 +0000] "GET /cdn-cgi/challenge-platform/scripts/jsd/main.js HTTP/1.1" 404 11510 "-" "Mozilla/5.0 (Linux; Android 6.0.1; Nexus 5X Build/MMB29P) AppleWebKit/537.36 (KHTML, like Gecko) Chrome/130.0.6723.58 Mobile Safari/537.36 (compatible; Googlebot/2.1; +http://www.google.com/bot.html)"
66.249.70.137 - - [30/Oct/2024:11:56:43 +0000] "GET /slot-thailand/?brandName=BENUATOTOshop-motorcycle-riding-gear-face-masks/beli-pakaian-bayi-laki-laki/kesehatan-manula/beli-alat-tulis-kerajinan/ HTTP/1.1" 200 116091 "-" "Mozilla/5.0 (Linux; Android 6.0.1; Nexus 5X Build/MMB29P) AppleWebKit/537.36 (KHTML, like Gecko) Chrome/130.0.6723.69 Mobile Safari/537.36 (compatible; Googlebot/2.1; +http://www.google.com/bot.html)"
66.249.70.138 - - [30/Oct/2024:11:56:46 +0000] "GET /slot-thailand/amp/?gacor=index.html HTTP/1.1" 304 0 "-" "Mozilla/5.0 (Linux; Android 6.0.1; Nexus 5X Build/MMB29P) AppleWebKit/537.36 (KHTML, like Gecko) Chrome/130.0.6723.69 Mobile Safari/537.36 (compatible; GoogleOther)"
66.249.70.138 - - [30/Oct/2024:11:56:56 +0000] "GET /slot-thailand/amp/?gacor=index.html HTTP/1.1" 304 0 "-" "Mozilla/5.0 (Linux; Android 6.0.1; Nexus 5X Build/MMB29P) AppleWebKit/537.36 (KHTML, like Gecko) Chrome/130.0.6723.69 Mobile Safari/537.36 (compatible; GoogleOther)"
66.249.64.109 - - [30/Oct/2024:11:56:59 +0000] "GET /cdn-cgi/challenge-platform/scripts/jsd/main.js HTTP/1.1" 404 11510 "-" "Mozilla/5.0 (Linux; Android 6.0.1; Nexus 5X Build/MMB29P) AppleWebKit/537.36 (KHTML, like Gecko) Chrome/130.0.6723.58 Mobile Safari/537.36 (compatible; Googlebot/2.1; +http://www.google.com/bot.html)"
109.106.251.75 - - [30/Oct/2024:11:58:32 +0000] "POST /wp-cron.php?doing_wp_cron=1730289512.9105648994445800781250 HTTP/1.1" 200 0 "-" "WordPress/6.6.2; https://lakoyanimedia.tech"
66.249.64.108 - - [30/Oct/2024:11:58:30 +0000] "GET /u/E670192 HTTP/1.1" 404 11508 "-" "Mozilla/5.0 (Linux; Android 6.0.1; Nexus 5X Build/MMB29P) AppleWebKit/537.36 (KHTML, like Gecko) Chrome/130.0.6723.69 Mobile Safari/537.36 (compatible; Googlebot/2.1; +http://www.google.com/bot.html)"
109.106.251.75 - - [30/Oct/2024:11:58:33 +0000] "POST /wp-admin/admin-ajax.php?action=async_litespeed&nonce=cjenKIHFfhQOewfW2jGPQ4DdNO1oMXJW&litespeed_type=imgoptm HTTP/1.1" 200 21 "-" "WordPress/6.6.2; https://lakoyanimedia.tech"
66.249.70.137 - - [30/Oct/2024:12:02:00 +0000] "GET /slot-thailand/?brandName=BENUATOTOshop-motorcycle-riding-gear-face-masks/beli-pakaian-bayi-laki-laki/shop-gaming-konsol/sepatu-wanita/ HTTP/1.1" 200 115387 "-" "Mozilla/5.0 (Linux; Android 6.0.1; Nexus 5X Build/MMB29P) AppleWebKit/537.36 (KHTML, like Gecko) Chrome/130.0.6723.69 Mobile Safari/537.36 (compatible; GoogleOther)"
109.106.251.75 - - [30/Oct/2024:12:05:44 +0000] "POST /wp-cron.php?doing_wp_cron=1730289944.0403261184692382812500 HTTP/1.1" 200 0 "-" "WordPress/6.6.2; https://lakoyanimedia.tech"
82.209.203.140 - - [30/Oct/2024:12:05:42 +0000] "GET /wp-json/wp/v2/users HTTP/1.1" 200 530 "https://www.google.com" "Mozilla/5.0 (X11; Linux x86_64) AppleWebKit/537.36 (KHTML, like Gecko) Chrome/119.0.0.0 Safari/537.36"
109.106.251.75 - - [30/Oct/2024:12:05:44 +0000] "POST /wp-admin/admin-ajax.php?action=async_litespeed&nonce=1e0JTbVWfHwpDhDdQCJT87wl1JJ1D7sf&litespeed_type=imgoptm HTTP/1.1" 200 21 "-" "WordPress/6.6.2; https://lakoyanimedia.tech"
51.222.253.9 - - [30/Oct/2024:12:05:44 +0000] "GET /nm.php?gzfile=L2hvbWUvbGFrb3lhbmkvcHVibGljX2h0bWwvZXZ5dGVndS5waHA= HTTP/2" 404 11510 "-" "Mozilla/5.0 (compatible; AhrefsBot/7.0; +http://ahrefs.com/robot/)"
82.209.203.140 - - [30/Oct/2024:12:05:46 +0000] "GET /?author=1 HTTP/1.1" 301 0 "https://www.google.com" "Mozilla/5.0 (X11; Linux x86_64) AppleWebKit/537.36 (KHTML, like Gecko) Chrome/119.0.0.0 Safari/537.36"
82.209.203.140 - - [30/Oct/2024:12:05:48 +0000] "POST /xmlrpc.php HTTP/1.1" 200 135 "-" "Apache-HttpClient/4.5.13 (Java/11.0.24)"
82.209.203.140 - - [30/Oct/2024:12:05:50 +0000] "POST /xmlrpc.php HTTP/1.1" 200 207 "-" "Apache-HttpClient/4.5.13 (Java/11.0.24)"
82.209.203.140 - - [30/Oct/2024:12:05:53 +0000] "POST /xmlrpc.php HTTP/1.1" 200 207 "-" "Apache-HttpClient/4.5.13 (Java/11.0.24)"
82.209.203.140 - - [30/Oct/2024:12:05:55 +0000] "POST /xmlrpc.php HTTP/1.1" 200 207 "-" "Apache-HttpClient/4.5.13 (Java/11.0.24)"
82.209.203.140 - - [30/Oct/2024:12:05:57 +0000] "POST /xmlrpc.php HTTP/1.1" 200 207 "-" "Apache-HttpClient/4.5.13 (Java/11.0.24)"
82.209.203.140 - - [30/Oct/2024:12:05:59 +0000] "POST /xmlrpc.php HTTP/1.1" 200 207 "-" "Apache-HttpClient/4.5.13 (Java/11.0.24)"
82.209.203.140 - - [30/Oct/2024:12:06:02 +0000] "GET /wp-admin/user-new.php HTTP/1.1" 302 0 "https://www.google.com" "Mozilla/5.0 (X11; Linux x86_64) AppleWebKit/537.36 (KHTML, like Gecko) Chrome/119.0.0.0 Safari/537.36"
82.209.203.140 - - [30/Oct/2024:12:06:04 +0000] "GET /wp-login.php?redirect_to=https%3A%2F%2Flakoyanimedia.tech%2Fwp-admin%2Fuser-new.php&reauth=1 HTTP/1.1" 200 1828 "https://www.google.com" "Mozilla/5.0 (X11; Linux x86_64) AppleWebKit/537.36 (KHTML, like Gecko) Chrome/119.0.0.0 Safari/537.36"
82.209.203.140 - - [30/Oct/2024:12:06:07 +0000] "POST /wp-admin/user-new.php HTTP/1.1" 302 0 "https://lakoyanimedia.tech/wp-admin/user-new.php" "Mozilla/5.0 (X11; Linux x86_64) AppleWebKit/537.36 (KHTML, like Gecko) Chrome/119.0.0.0 Safari/537.36"
82.209.203.140 - - [30/Oct/2024:12:06:09 +0000] "GET /wp-login.php?redirect_to=https%3A%2F%2Flakoyanimedia.tech%2Fwp-admin%2Fuser-new.php&reauth=1 HTTP/1.1" 200 1828 "https://lakoyanimedia.tech/wp-admin/user-new.php" "Mozilla/5.0 (X11; Linux x86_64) AppleWebKit/537.36 (KHTML, like Gecko) Chrome/119.0.0.0 Safari/537.36"
82.209.203.140 - - [30/Oct/2024:12:06:11 +0000] "POST /wp-admin/user-new.php HTTP/1.1" 302 0 "https://lakoyanimedia.tech/wp-admin/user-new.php" "Mozilla/5.0 (X11; Linux x86_64) AppleWebKit/537.36 (KHTML, like Gecko) Chrome/119.0.0.0 Safari/537.36"
82.209.203.140 - - [30/Oct/2024:12:06:14 +0000] "GET /wp-login.php?redirect_to=https%3A%2F%2Flakoyanimedia.tech%2Fwp-admin%2Fuser-new.php&reauth=1 HTTP/1.1" 200 1828 "https://lakoyanimedia.tech/wp-admin/user-new.php" "Mozilla/5.0 (X11; Linux x86_64) AppleWebKit/537.36 (KHTML, like Gecko) Chrome/119.0.0.0 Safari/537.36"
82.209.203.140 - - [30/Oct/2024:12:06:16 +0000] "POST /wp-admin/user-new.php HTTP/1.1" 302 0 "https://lakoyanimedia.tech/wp-admin/user-new.php" "Mozilla/5.0 (X11; Linux x86_64) AppleWebKit/537.36 (KHTML, like Gecko) Chrome/119.0.0.0 Safari/537.36"
109.106.251.75 - - [30/Oct/2024:12:06:19 +0000] "POST /wp-cron.php?doing_wp_cron=1730289979.1779010295867919921875 HTTP/1.1" 200 0 "-" "WordPress/6.6.2; https://lakoyanimedia.tech"
82.209.203.140 - - [30/Oct/2024:12:06:18 +0000] "GET /wp-login.php?redirect_to=https%3A%2F%2Flakoyanimedia.tech%2Fwp-admin%2Fuser-new.php&reauth=1 HTTP/1.1" 200 1828 "https://lakoyanimedia.tech/wp-admin/user-new.php" "Mozilla/5.0 (X11; Linux x86_64) AppleWebKit/537.36 (KHTML, like Gecko) Chrome/119.0.0.0 Safari/537.36"
82.209.203.140 - - [30/Oct/2024:12:06:21 +0000] "POST /wp-admin/user-new.php HTTP/1.1" 302 0 "https://lakoyanimedia.tech/wp-admin/user-new.php" "Mozilla/5.0 (X11; Linux x86_64) AppleWebKit/537.36 (KHTML, like Gecko) Chrome/119.0.0.0 Safari/537.36"
109.106.251.75 - - [30/Oct/2024:12:06:24 +0000] "POST /wp-cron.php?doing_wp_cron=1730289984.0686120986938476562500 HTTP/1.1" 200 0 "-" "WordPress/6.6.2; https://lakoyanimedia.tech"
82.209.203.140 - - [30/Oct/2024:12:06:23 +0000] "GET /wp-login.php?redirect_to=https%3A%2F%2Flakoyanimedia.tech%2Fwp-admin%2Fuser-new.php&reauth=1 HTTP/1.1" 200 1828 "https://lakoyanimedia.tech/wp-admin/user-new.php" "Mozilla/5.0 (X11; Linux x86_64) AppleWebKit/537.36 (KHTML, like Gecko) Chrome/119.0.0.0 Safari/537.36"
109.106.251.75 - - [30/Oct/2024:12:06:24 +0000] "POST /wp-admin/admin-ajax.php?action=async_litespeed&nonce=pNvpT3TrcOstP5YGh4HWpmj4238GJ1Yb&litespeed_type=imgoptm HTTP/1.1" 200 21 "-" "WordPress/6.6.2; https://lakoyanimedia.tech"
82.209.203.140 - - [30/Oct/2024:12:06:26 +0000] "POST /wp-admin/user-new.php HTTP/1.1" 302 0 "https://lakoyanimedia.tech/wp-admin/user-new.php" "Mozilla/5.0 (X11; Linux x86_64) AppleWebKit/537.36 (KHTML, like Gecko) Chrome/119.0.0.0 Safari/537.36"
82.209.203.140 - - [30/Oct/2024:12:06:28 +0000] "GET /wp-login.php?redirect_to=https%3A%2F%2Flakoyanimedia.tech%2Fwp-admin%2Fuser-new.php&reauth=1 HTTP/1.1" 200 1828 "https://lakoyanimedia.tech/wp-admin/user-new.php" "Mozilla/5.0 (X11; Linux x86_64) AppleWebKit/537.36 (KHTML, like Gecko) Chrome/119.0.0.0 Safari/537.36"
188.6.140.152 - - [30/Oct/2024:12:06:31 +0000] "GET /wp-json/wp/v2/users HTTP/1.1" 200 530 "https://www.google.com" "Mozilla/5.0 (X11; Linux x86_64) AppleWebKit/537.36 (KHTML, like Gecko) Chrome/119.0.0.0 Safari/537.36"
188.6.140.152 - - [30/Oct/2024:12:06:33 +0000] "GET /?author=1 HTTP/1.1" 301 0 "https://www.google.com" "Mozilla/5.0 (X11; Linux x86_64) AppleWebKit/537.36 (KHTML, like Gecko) Chrome/119.0.0.0 Safari/537.36"
188.6.140.152 - - [30/Oct/2024:12:06:36 +0000] "POST /xmlrpc.php HTTP/1.1" 200 135 "-" "Apache-HttpClient/4.5.13 (Java/11.0.24)"
188.6.140.152 - - [30/Oct/2024:12:06:39 +0000] "POST /xmlrpc.php HTTP/1.1" 200 207 "-" "Apache-HttpClient/4.5.13 (Java/11.0.24)"
188.6.140.152 - - [30/Oct/2024:12:06:41 +0000] "POST /xmlrpc.php HTTP/1.1" 200 207 "-" "Apache-HttpClient/4.5.13 (Java/11.0.24)"
188.6.140.152 - - [30/Oct/2024:12:06:44 +0000] "POST /xmlrpc.php HTTP/1.1" 200 207 "-" "Apache-HttpClient/4.5.13 (Java/11.0.24)"
188.6.140.152 - - [30/Oct/2024:12:06:47 +0000] "POST /xmlrpc.php HTTP/1.1" 200 207 "-" "Apache-HttpClient/4.5.13 (Java/11.0.24)"
188.6.140.152 - - [30/Oct/2024:12:06:50 +0000] "POST /xmlrpc.php HTTP/1.1" 200 207 "-" "Apache-HttpClient/4.5.13 (Java/11.0.24)"
66.249.70.139 - - [30/Oct/2024:12:06:50 +0000] "GET /slot-thailand/?brandName=BENUATOTOshop-motorcycle-riding-gear-face-masks/beli-pakaian-bayi-laki-laki/kesehatan-manula/marketplace/ HTTP/1.1" 200 114696 "-" "Mozilla/5.0 (Linux; Android 6.0.1; Nexus 5X Build/MMB29P) AppleWebKit/537.36 (KHTML, like Gecko) Chrome/130.0.6723.69 Mobile Safari/537.36 (compatible; Googlebot/2.1; +http://www.google.com/bot.html)"
188.6.140.152 - - [30/Oct/2024:12:06:52 +0000] "GET /wp-admin/user-new.php HTTP/1.1" 302 0 "https://www.google.com" "Mozilla/5.0 (X11; Linux x86_64) AppleWebKit/537.36 (KHTML, like Gecko) Chrome/119.0.0.0 Safari/537.36"
188.6.140.152 - - [30/Oct/2024:12:06:54 +0000] "GET /wp-login.php?redirect_to=https%3A%2F%2Flakoyanimedia.tech%2Fwp-admin%2Fuser-new.php&reauth=1 HTTP/1.1" 200 1828 "https://www.google.com" "Mozilla/5.0 (X11; Linux x86_64) AppleWebKit/537.36 (KHTML, like Gecko) Chrome/119.0.0.0 Safari/537.36"
188.6.140.152 - - [30/Oct/2024:12:06:57 +0000] "POST /wp-admin/user-new.php HTTP/1.1" 302 0 "https://lakoyanimedia.tech/wp-admin/user-new.php" "Mozilla/5.0 (X11; Linux x86_64) AppleWebKit/537.36 (KHTML, like Gecko) Chrome/119.0.0.0 Safari/537.36"
188.6.140.152 - - [30/Oct/2024:12:07:00 +0000] "GET /wp-login.php?redirect_to=https%3A%2F%2Flakoyanimedia.tech%2Fwp-admin%2Fuser-new.php&reauth=1 HTTP/1.1" 200 1828 "https://lakoyanimedia.tech/wp-admin/user-new.php" "Mozilla/5.0 (X11; Linux x86_64) AppleWebKit/537.36 (KHTML, like Gecko) Chrome/119.0.0.0 Safari/537.36"
188.6.140.152 - - [30/Oct/2024:12:07:03 +0000] "POST /wp-admin/user-new.php HTTP/1.1" 302 0 "https://lakoyanimedia.tech/wp-admin/user-new.php" "Mozilla/5.0 (X11; Linux x86_64) AppleWebKit/537.36 (KHTML, like Gecko) Chrome/119.0.0.0 Safari/537.36"
188.6.140.152 - - [30/Oct/2024:12:07:05 +0000] "GET /wp-login.php?redirect_to=https%3A%2F%2Flakoyanimedia.tech%2Fwp-admin%2Fuser-new.php&reauth=1 HTTP/1.1" 200 1828 "https://lakoyanimedia.tech/wp-admin/user-new.php" "Mozilla/5.0 (X11; Linux x86_64) AppleWebKit/537.36 (KHTML, like Gecko) Chrome/119.0.0.0 Safari/537.36"
188.6.140.152 - - [30/Oct/2024:12:07:08 +0000] "POST /wp-admin/user-new.php HTTP/1.1" 302 0 "https://lakoyanimedia.tech/wp-admin/user-new.php" "Mozilla/5.0 (X11; Linux x86_64) AppleWebKit/537.36 (KHTML, like Gecko) Chrome/119.0.0.0 Safari/537.36"
188.6.140.152 - - [30/Oct/2024:12:07:11 +0000] "GET /wp-login.php?redirect_to=https%3A%2F%2Flakoyanimedia.tech%2Fwp-admin%2Fuser-new.php&reauth=1 HTTP/1.1" 200 1828 "https://lakoyanimedia.tech/wp-admin/user-new.php" "Mozilla/5.0 (X11; Linux x86_64) AppleWebKit/537.36 (KHTML, like Gecko) Chrome/119.0.0.0 Safari/537.36"
188.6.140.152 - - [30/Oct/2024:12:07:14 +0000] "POST /wp-admin/user-new.php HTTP/1.1" 302 0 "https://lakoyanimedia.tech/wp-admin/user-new.php" "Mozilla/5.0 (X11; Linux x86_64) AppleWebKit/537.36 (KHTML, like Gecko) Chrome/119.0.0.0 Safari/537.36"
188.6.140.152 - - [30/Oct/2024:12:07:16 +0000] "GET /wp-login.php?redirect_to=https%3A%2F%2Flakoyanimedia.tech%2Fwp-admin%2Fuser-new.php&reauth=1 HTTP/1.1" 200 1828 "https://lakoyanimedia.tech/wp-admin/user-new.php" "Mozilla/5.0 (X11; Linux x86_64) AppleWebKit/537.36 (KHTML, like Gecko) Chrome/119.0.0.0 Safari/537.36"
109.106.251.75 - - [30/Oct/2024:12:07:19 +0000] "POST /wp-cron.php?doing_wp_cron=1730290039.4694559574127197265625 HTTP/1.1" 200 0 "-" "WordPress/6.6.2; https://lakoyanimedia.tech"
188.6.140.152 - - [30/Oct/2024:12:07:19 +0000] "POST /wp-admin/user-new.php HTTP/1.1" 302 0 "https://lakoyanimedia.tech/wp-admin/user-new.php" "Mozilla/5.0 (X11; Linux x86_64) AppleWebKit/537.36 (KHTML, like Gecko) Chrome/119.0.0.0 Safari/537.36"
188.6.140.152 - - [30/Oct/2024:12:07:21 +0000] "GET /wp-login.php?redirect_to=https%3A%2F%2Flakoyanimedia.tech%2Fwp-admin%2Fuser-new.php&reauth=1 HTTP/1.1" 200 1828 "https://lakoyanimedia.tech/wp-admin/user-new.php" "Mozilla/5.0 (X11; Linux x86_64) AppleWebKit/537.36 (KHTML, like Gecko) Chrome/119.0.0.0 Safari/537.36"
66.249.70.138 - - [30/Oct/2024:12:16:39 +0000] "GET /slot-thailand/amp/?gacor=index.html HTTP/1.1" 304 0 "-" "Mozilla/5.0 (Linux; Android 6.0.1; Nexus 5X Build/MMB29P) AppleWebKit/537.36 (KHTML, like Gecko) Chrome/130.0.6723.69 Mobile Safari/537.36 (compatible; Googlebot/2.1; +http://www.google.com/bot.html)"
66.249.70.138 - - [30/Oct/2024:12:16:57 +0000] "GET /slot-thailand/?brandName=BENUATOTOshop-motorcycle-riding-gear-face-masks/beli-pakaian-bayi-laki-laki/koper-anak-2/beli-makanan-sarapanbeli-dekorasi-rumah/ HTTP/1.1" 200 116806 "-" "Mozilla/5.0 (Linux; Android 6.0.1; Nexus 5X Build/MMB29P) AppleWebKit/537.36 (KHTML, like Gecko) Chrome/130.0.6723.69 Mobile Safari/537.36 (compatible; Googlebot/2.1; +http://www.google.com/bot.html)"
66.249.70.138 - - [30/Oct/2024:12:17:02 +0000] "GET /slot-thailand/?brandName=BENUATOTOshop-motorcycle-riding-gear-face-masks/beli-pakaian-bayi-laki-laki/sepatu-wanita/beli-perawatan-kulit/ HTTP/1.1" 200 114907 "-" "Mozilla/5.0 (Linux; Android 6.0.1; Nexus 5X Build/MMB29P) AppleWebKit/537.36 (KHTML, like Gecko) Chrome/130.0.6723.69 Mobile Safari/537.36 (compatible; Googlebot/2.1; +http://www.google.com/bot.html)"
66.249.64.109 - - [30/Oct/2024:12:17:19 +0000] "GET /cdn-cgi/challenge-platform/scripts/jsd/main.js HTTP/1.1" 404 11510 "-" "Mozilla/5.0 (Linux; Android 6.0.1; Nexus 5X Build/MMB29P) AppleWebKit/537.36 (KHTML, like Gecko) Chrome/130.0.6723.58 Mobile Safari/537.36 (compatible; Googlebot/2.1; +http://www.google.com/bot.html)"
66.249.70.138 - - [30/Oct/2024:12:17:52 +0000] "GET /slot-thailand/?brandName=BENUATOTOshop-motorcycle-riding-gear-face-masks/beli-pakaian-bayi-laki-laki/koper-anak-2/beli-alat-tulis-kerajinan/beli-kondomshop-Sapu-Sikat-Kemoceng/helmets-automotive/beli-makanan-minuman-selai-madu-spread/shop-automotive-ignition-electrical/shop-automotive-body-parts/jual-set-lingerie/beli-motherboard/jual-mainan-gym-anak/beli-keranjang-bayi-cradle/shop-motorcycle-oils-fluids/ HTTP/1.1" 200 141070 "-" "Mozilla/5.0 (Linux; Android 6.0.1; Nexus 5X Build/MMB29P) AppleWebKit/537.36 (KHTML, like Gecko) Chrome/130.0.6723.69 Mobile Safari/537.36 (compatible; GoogleOther)"
66.249.70.137 - - [30/Oct/2024:12:17:57 +0000] "GET /slot-thailand/?brandName=BENUATOTOshop-motorcycle-riding-gear-face-masks/beli-pakaian-bayi-laki-laki/koper-anak-2/beli-alat-tulis-kerajinan/beli-kondomshop-Sapu-Sikat-Kemoceng/beli-rice-cooker/jual-tas-tote-pria/beli-mainan-terbang/beli-printers/helpcenter/beli-kendaraan-rc-baterai/sandal-jepit-wanita/shop-motorcycle-electronics/printer-pemotong/ HTTP/1.1" 200 135156 "-" "Mozilla/5.0 (Linux; Android 6.0.1; Nexus 5X Build/MMB29P) AppleWebKit/537.36 (KHTML, like Gecko) Chrome/130.0.6723.69 Mobile Safari/537.36 (compatible; GoogleOther)"
66.249.70.138 - - [30/Oct/2024:12:18:03 +0000] "GET /slot-thailand/?brandName=BENUATOTOshop-motorcycle-riding-gear-face-masks/beli-pakaian-bayi-laki-laki/koper-anak-2/beli-alat-tulis-kerajinan/beli-kondomshop-Sapu-Sikat-Kemoceng/helmets-automotive/beli-makanan-minuman-selai-madu-spread/shop-automotive-ignition-electrical/shop-automotive-body-parts/jual-set-lingerie/beli-motherboard/jual-mainan-gym-anak/beli-keranjang-bayi-cradle/beli-kamera-pocket/ HTTP/1.1" 200 140756 "-" "Mozilla/5.0 (Linux; Android 6.0.1; Nexus 5X Build/MMB29P) AppleWebKit/537.36 (KHTML, like Gecko) Chrome/130.0.6723.69 Mobile Safari/537.36 (compatible; GoogleOther)"
66.249.70.138 - - [30/Oct/2024:12:18:13 +0000] "GET /slot-thailand/?brandName=BENUATOTOshop-motorcycle-riding-gear-face-masks/beli-pakaian-bayi-laki-laki/koper-anak-2/beli-alat-tulis-kerajinan/beli-kondomshop-Sapu-Sikat-Kemoceng/beli-rice-cooker/jual-tas-tote-pria/beli-mainan-terbang/beli-alas-mandi/shop-manajemen-kargo/beli-aksesoris-makeupblog/jual-sepatu-skateboard-wanita/beli-penjernih-udara-2/beli-alat-binatu-setrika/ HTTP/1.1" 200 137209 "-" "Mozilla/5.0 (Linux; Android 6.0.1; Nexus 5X Build/MMB29P) AppleWebKit/537.36 (KHTML, like Gecko) Chrome/130.0.6723.69 Mobile Safari/537.36 (compatible; GoogleOther)"
66.249.70.137 - - [30/Oct/2024:12:18:28 +0000] "GET /slot-thailand/?brandName=BENUATOTOshop-motorcycle-riding-gear-face-masks/beli-pakaian-bayi-laki-laki/koper-anak-2/beli-alat-tulis-kerajinan/beli-kondomshop-Sapu-Sikat-Kemoceng/beli-rice-cooker/jual-tas-tote-pria/beli-mainan-terbang/beli-alas-mandi/shop-manajemen-kargo/beli-aksesoris-makeupblog/jual-sepatu-skateboard-wanita/sepak-bola/beli-headphone-dan-headset/ HTTP/1.1" 200 136660 "-" "Mozilla/5.0 (Linux; Android 6.0.1; Nexus 5X Build/MMB29P) AppleWebKit/537.36 (KHTML, like Gecko) Chrome/130.0.6723.69 Mobile Safari/537.36 (compatible; GoogleOther)"
66.249.70.137 - - [30/Oct/2024:12:18:34 +0000] "GET /slot-thailand/?brandName=BENUATOTOshop-motorcycle-riding-gear-face-masks/beli-pakaian-bayi-laki-laki/koper-anak-2/beli-alat-tulis-kerajinan/beli-kondomshop-Sapu-Sikat-Kemoceng/beli-rice-cooker/jual-tas-tote-pria/beli-mainan-terbang/beli-alas-mandi/shop-manajemen-kargo/beli-aksesoris-makeupblog/jual-sepatu-skateboard-wanita/sepak-bola/beli-makanan-minuman-pengendalian-hama/ HTTP/1.1" 200 138129 "-" "Mozilla/5.0 (Linux; Android 6.0.1; Nexus 5X Build/MMB29P) AppleWebKit/537.36 (KHTML, like Gecko) Chrome/130.0.6723.69 Mobile Safari/537.36 (compatible; GoogleOther)"
66.249.70.138 - - [30/Oct/2024:12:18:42 +0000] "GET /slot-thailand/?brandName=BENUATOTOshop-motorcycle-riding-gear-face-masks/beli-pakaian-bayi-laki-laki/koper-anak-2/beli-alat-tulis-kerajinan/beli-kondomKebun%20&%20Luar%20Ruangan/shop-aksesoris/beli-ketel-elektrik-2/beli-susu-bayi-6-12-bulan/jual-makanan-anjing/beli-popok-pispot-bb/shop-automotive-body-parts/shop-perlatan-besar/gantungan-handuk-dan-penghangat/jual-sistem-hi-fi/ HTTP/1.1" 200 137844 "-" "Mozilla/5.0 (Linux; Android 6.0.1; Nexus 5X Build/MMB29P) AppleWebKit/537.36 (KHTML, like Gecko) Chrome/130.0.6723.69 Mobile Safari/537.36 (compatible; GoogleOther)"
66.249.70.138 - - [30/Oct/2024:12:18:53 +0000] "GET /slot-thailand/?brandName=BENUATOTOshop-motorcycle-riding-gear-face-masks/beli-pakaian-bayi-laki-laki/koper-anak-2/beli-alat-tulis-kerajinan/beli-kondomKebun%20&%20Luar%20Ruangan/shop-aksesoris/beli-ketel-elektrik-2/beli-p3kaksesoris-kesehatanlatihan-dan-fitness/sound-system-panggung/tenis/beli-sereal-bayi-balita/beli-makanan-minuman-aksesoris-pembersih/ HTTP/1.1" 200 134367 "-" "Mozilla/5.0 (Linux; Android 6.0.1; Nexus 5X Build/MMB29P) AppleWebKit/537.36 (KHTML, like Gecko) Chrome/130.0.6723.69 Mobile Safari/537.36 (compatible; GoogleOther)"
66.249.70.139 - - [30/Oct/2024:12:19:02 +0000] "GET /slot-thailand/amp/?gacor=index.html HTTP/1.1" 304 0 "-" "Mozilla/5.0 (Linux; Android 6.0.1; Nexus 5X Build/MMB29P) AppleWebKit/537.36 (KHTML, like Gecko) Chrome/130.0.6723.69 Mobile Safari/537.36 (compatible; GoogleOther)"
66.249.70.137 - - [30/Oct/2024:12:19:12 +0000] "GET /slot-thailand/amp/?gacor=index.html HTTP/1.1" 304 0 "-" "Mozilla/5.0 (Linux; Android 6.0.1; Nexus 5X Build/MMB29P) AppleWebKit/537.36 (KHTML, like Gecko) Chrome/130.0.6723.69 Mobile Safari/537.36 (compatible; GoogleOther)"
66.249.70.137 - - [30/Oct/2024:12:19:29 +0000] "GET /slot-thailand/?brandName=BENUATOTOshop-motorcycle-riding-gear-face-masks/beli-pakaian-bayi-laki-laki/koper-anak-2/beli-handphoneshop-perawatan-mobil/ HTTP/1.1" 200 116304 "-" "Mozilla/5.0 (Linux; Android 6.0.1; Nexus 5X Build/MMB29P) AppleWebKit/537.36 (KHTML, like Gecko) Chrome/130.0.6723.69 Mobile Safari/537.36 (compatible; GoogleOther)"
66.249.70.137 - - [30/Oct/2024:12:19:32 +0000] "GET /slot-thailand/amp/?gacor=index.html HTTP/1.1" 304 0 "-" "Mozilla/5.0 (Linux; Android 6.0.1; Nexus 5X Build/MMB29P) AppleWebKit/537.36 (KHTML, like Gecko) Chrome/130.0.6723.69 Mobile Safari/537.36 (compatible; GoogleOther)"
66.249.70.137 - - [30/Oct/2024:12:19:40 +0000] "GET /slot-thailand/amp/?gacor=index.html HTTP/1.1" 304 0 "-" "Mozilla/5.0 (Linux; Android 6.0.1; Nexus 5X Build/MMB29P) AppleWebKit/537.36 (KHTML, like Gecko) Chrome/130.0.6723.69 Mobile Safari/537.36 (compatible; GoogleOther)"
66.249.70.137 - - [30/Oct/2024:12:19:50 +0000] "GET /slot-thailand/amp/?gacor=index.html HTTP/1.1" 304 0 "-" "Mozilla/5.0 (Linux; Android 6.0.1; Nexus 5X Build/MMB29P) AppleWebKit/537.36 (KHTML, like Gecko) Chrome/130.0.6723.69 Mobile Safari/537.36 (compatible; GoogleOther)"
185.98.5.101 - - [30/Oct/2024:12:20:13 +0000] "POST /xmlrpc.php HTTP/1.1" 200 403 "-" "Mozilla/5.0 (Windows NT 10.0; Win64; x64) AppleWebKit/537.36 (KHTML, like Gecko) Chrome/80.0.3987.163 Safari/537.36"
109.106.251.75 - - [30/Oct/2024:12:20:15 +0000] "POST /wp-cron.php?doing_wp_cron=1730290815.7988579273223876953125 HTTP/1.1" 200 0 "-" "WordPress/6.6.2; https://lakoyanimedia.tech"
91.203.110.224 - - [30/Oct/2024:12:20:14 +0000] "POST /xmlrpc.php HTTP/1.1" 200 403 "-" "Mozilla/5.0 (Windows NT 10.0; Win64; x64) AppleWebKit/537.36 (KHTML, like Gecko) Chrome/81.0.4044.138 Safari/537.36"
109.106.251.75 - - [30/Oct/2024:12:20:16 +0000] "POST /wp-admin/admin-ajax.php?action=async_litespeed&nonce=yg5HNieMbL3PX7orP06L7zMOi1yIgvNF&litespeed_type=imgoptm HTTP/1.1" 200 21 "-" "WordPress/6.6.2; https://lakoyanimedia.tech"
66.249.70.137 - - [30/Oct/2024:12:20:19 +0000] "GET /slot-thailand/amp/?gacor=index.html HTTP/1.1" 304 0 "-" "Mozilla/5.0 (Linux; Android 6.0.1; Nexus 5X Build/MMB29P) AppleWebKit/537.36 (KHTML, like Gecko) Chrome/130.0.6723.69 Mobile Safari/537.36 (compatible; GoogleOther)"
109.106.251.75 - - [30/Oct/2024:12:20:23 +0000] "POST /wp-cron.php?doing_wp_cron=1730290823.8949270248413085937500 HTTP/1.1" 200 0 "-" "WordPress/6.6.2; https://lakoyanimedia.tech"
167.88.180.9 - - [30/Oct/2024:12:20:23 +0000] "POST /xmlrpc.php HTTP/1.1" 200 403 "-" "Mozilla/5.0 (Windows NT 6.1; WOW64; rv:43.0) Gecko/20100101 Firefox/43.0"
109.106.251.75 - - [30/Oct/2024:12:20:24 +0000] "POST /wp-admin/admin-ajax.php?action=async_litespeed&nonce=ZlpDzyJ2WejXeDRqUzY8qnpV8BPmdbyG&litespeed_type=imgoptm HTTP/1.1" 200 21 "-" "WordPress/6.6.2; https://lakoyanimedia.tech"
54.38.192.53 - - [30/Oct/2024:12:20:24 +0000] "POST /xmlrpc.php HTTP/1.1" 200 403 "-" "Mozilla/5.0 (iPhone; CPU iPhone OS 14_6 like Mac OS X) AppleWebKit/605.1.15 (KHTML, like Gecko) CriOS/91.0.4472.80 Mobile/15E148 Safari/604.1"
66.249.70.138 - - [30/Oct/2024:12:20:29 +0000] "GET /slot-thailand/amp/?gacor=index.html HTTP/1.1" 304 0 "-" "Mozilla/5.0 (Linux; Android 6.0.1; Nexus 5X Build/MMB29P) AppleWebKit/537.36 (KHTML, like Gecko) Chrome/130.0.6723.69 Mobile Safari/537.36 (compatible; GoogleOther)"
103.154.185.152 - - [30/Oct/2024:12:20:29 +0000] "POST /xmlrpc.php HTTP/1.1" 200 403 "-" "Mozilla/5.0 (Windows NT 6.1; WOW64) AppleWebKit/537.1 (KHTML, like Gecko) Chrome/21.0.1180.83 Safari/537.1"
49.212.207.37 - - [30/Oct/2024:12:20:38 +0000] "POST /xmlrpc.php HTTP/1.1" 200 403 "-" "Mozilla/5.0 (Windows NT 5.1; Win64; x64) AppleWebKit/537.36 (KHTML, like Gecko) Chrome/60.0.3112.90 Safari/537.36"
97.74.86.127 - - [30/Oct/2024:12:20:38 +0000] "POST /xmlrpc.php HTTP/1.1" 200 403 "-" "Mozilla/5.0 (X11; Linux x86_64) AppleWebKit/537.36 (KHTML, like Gecko) Chrome/44.0.2403.157 Safari/537.36"
144.34.251.142 - - [30/Oct/2024:12:20:41 +0000] "POST /xmlrpc.php HTTP/1.1" 200 403 "-" "Mozilla/5.0 (Windows NT 10.0; Win64; x64; rv:88.0) Gecko/20100101 Firefox/88.0"
88.99.4.143 - - [30/Oct/2024:12:20:44 +0000] "POST /xmlrpc.php HTTP/1.1" 200 403 "-" "Mozilla/5.0 (iPad; CPU OS 14_6 like Mac OS X) AppleWebKit/605.1.15 (KHTML, like Gecko) CriOS/91.0.4472.80 Mobile/15E148 Safari/604.1"
66.249.70.139 - - [30/Oct/2024:12:22:06 +0000] "GET /slot-thailand/amp/?gacor=index.html HTTP/1.1" 304 0 "-" "Mozilla/5.0 (Linux; Android 6.0.1; Nexus 5X Build/MMB29P) AppleWebKit/537.36 (KHTML, like Gecko) Chrome/130.0.6723.69 Mobile Safari/537.36 (compatible; GoogleOther)"
66.249.70.137 - - [30/Oct/2024:12:26:58 +0000] "GET /slot-thailand/?brandName=BENUATOTOshop-motorcycle-riding-gear-face-masks/beli-pakaian-bayi-laki-laki/sepatu-wanita/beli-perawatan-rambut/ HTTP/1.1" 200 115132 "-" "Mozilla/5.0 (Linux; Android 6.0.1; Nexus 5X Build/MMB29P) AppleWebKit/537.36 (KHTML, like Gecko) Chrome/130.0.6723.69 Mobile Safari/537.36 (compatible; Googlebot/2.1; +http://www.google.com/bot.html)"
66.249.70.138 - - [30/Oct/2024:12:27:10 +0000] "GET /slot-thailand/?brandName=slot+bet+200+perakpayung-wanita/jual-remote-control-tv/aksesoris-perawatan-rambutbeli-slr/sepatu-badminton-wanita/rugby/shop-palet-set-makeupshop-boy%27s-muslim-wear HTTP/1.1" 200 120326 "-" "Mozilla/5.0 (Linux; Android 6.0.1; Nexus 5X Build/MMB29P) AppleWebKit/537.36 (KHTML, like Gecko) Chrome/130.0.6723.69 Mobile Safari/537.36 (compatible; Googlebot/2.1; +http://www.google.com/bot.html)"
66.249.64.109 - - [30/Oct/2024:12:27:18 +0000] "GET /cdn-cgi/challenge-platform/scripts/jsd/main.js HTTP/1.1" 404 11510 "-" "Mozilla/5.0 (Linux; Android 6.0.1; Nexus 5X Build/MMB29P) AppleWebKit/537.36 (KHTML, like Gecko) Chrome/130.0.6723.58 Mobile Safari/537.36 (compatible; Googlebot/2.1; +http://www.google.com/bot.html)"
109.106.251.75 - - [30/Oct/2024:12:33:09 +0000] "POST /wp-cron.php?doing_wp_cron=1730291589.8084330558776855468750 HTTP/1.1" 200 0 "-" "WordPress/6.6.2; https://lakoyanimedia.tech"
51.222.253.10 - - [30/Oct/2024:12:33:08 +0000] "GET /nm.php?fm=true&edit=1.mcm.x86_64&path=/home/lakoyani/public_html/ HTTP/2" 404 11510 "-" "Mozilla/5.0 (compatible; AhrefsBot/7.0; +http://ahrefs.com/robot/)"
109.106.251.75 - - [30/Oct/2024:12:33:10 +0000] "POST /wp-admin/admin-ajax.php?action=async_litespeed&nonce=m6taCMeAiHrIhBeIIY2K7IXyqtHsyw3u&litespeed_type=imgoptm HTTP/1.1" 200 21 "-" "WordPress/6.6.2; https://lakoyanimedia.tech"
109.106.251.75 - - [30/Oct/2024:12:33:42 +0000] "POST /wp-cron.php?doing_wp_cron=1730291622.5440549850463867187500 HTTP/1.1" 200 0 "-" "WordPress/6.6.2; https://lakoyanimedia.tech"
109.106.251.75 - - [30/Oct/2024:12:33:42 +0000] "POST /wp-admin/admin-ajax.php?action=async_litespeed&nonce=BUKenMRiAcsI21tTbwduAwCquhflS1vk&litespeed_type=imgoptm HTTP/1.1" 200 21 "-" "WordPress/6.6.2; https://lakoyanimedia.tech"
52.167.144.215 - - [30/Oct/2024:12:33:42 +0000] "GET /u/H1912423 HTTP/2" 404 11509 "-" "Mozilla/5.0 AppleWebKit/537.36 (KHTML, like Gecko; compatible; bingbot/2.0; +http://www.bing.com/bingbot.htm) Chrome/116.0.1938.76 Safari/537.36"
66.249.70.137 - - [30/Oct/2024:12:34:29 +0000] "GET /slot-thailand/?brandName=BENUATOTObeli-furnitur-ruang-bayi/beli-mainan-tenda-terowongan/ HTTP/1.1" 200 111208 "-" "Mozilla/5.0 (Linux; Android 6.0.1; Nexus 5X Build/MMB29P) AppleWebKit/537.36 (KHTML, like Gecko) Chrome/130.0.6723.69 Mobile Safari/537.36 (compatible; GoogleOther)"
109.106.251.75 - - [30/Oct/2024:12:34:44 +0000] "POST /wp-cron.php?doing_wp_cron=1730291684.5942890644073486328125 HTTP/1.1" 200 0 "-" "WordPress/6.6.2; https://lakoyanimedia.tech"
66.249.64.109 - - [30/Oct/2024:12:34:44 +0000] "GET /cdn-cgi/challenge-platform/scripts/jsd/main.js HTTP/1.1" 404 11508 "-" "Mozilla/5.0 (Linux; Android 6.0.1; Nexus 5X Build/MMB29P) AppleWebKit/537.36 (KHTML, like Gecko) Chrome/130.0.6723.58 Mobile Safari/537.36 (compatible; Googlebot/2.1; +http://www.google.com/bot.html)"
109.106.251.75 - - [30/Oct/2024:12:34:44 +0000] "POST /wp-admin/admin-ajax.php?action=async_litespeed&nonce=30KqMxOMitEodwZA2Td9zDCHTmJqUb03&litespeed_type=imgoptm HTTP/1.1" 200 21 "-" "WordPress/6.6.2; https://lakoyanimedia.tech"
66.249.70.139 - - [30/Oct/2024:12:37:06 +0000] "GET /slot-thailand/?brandName=BENUATOTOshop-motorcycle-riding-gear-face-masks/beli-pakaian-bayi-laki-laki/sepatu-wanita/fashion-pakaian-anak-laki-laki HTTP/1.1" 200 115896 "-" "Mozilla/5.0 (Linux; Android 6.0.1; Nexus 5X Build/MMB29P) AppleWebKit/537.36 (KHTML, like Gecko) Chrome/130.0.6723.69 Mobile Safari/537.36 (compatible; Googlebot/2.1; +http://www.google.com/bot.html)"
109.106.251.75 - - [30/Oct/2024:12:37:44 +0000] "POST /wp-cron.php?doing_wp_cron=1730291864.0395340919494628906250 HTTP/1.1" 200 0 "-" "WordPress/6.6.2; https://lakoyanimedia.tech"
52.167.144.215 - - [30/Oct/2024:12:37:41 +0000] "GET /u/R1545465 HTTP/2" 404 11510 "-" "Mozilla/5.0 AppleWebKit/537.36 (KHTML, like Gecko; compatible; bingbot/2.0; +http://www.bing.com/bingbot.htm) Chrome/116.0.1938.76 Safari/537.36"
109.106.251.75 - - [30/Oct/2024:12:37:44 +0000] "POST /wp-admin/admin-ajax.php?action=async_litespeed&nonce=Smm4aUp0Em8wTYdZleJsI06TzJr38vdE&litespeed_type=imgoptm HTTP/1.1" 200 21 "-" "WordPress/6.6.2; https://lakoyanimedia.tech"
66.249.64.110 - - [30/Oct/2024:12:41:56 +0000] "GET /u/I1072087 HTTP/1.1" 404 11510 "-" "Mozilla/5.0 (Linux; Android 6.0.1; Nexus 5X Build/MMB29P) AppleWebKit/537.36 (KHTML, like Gecko) Chrome/130.0.6723.69 Mobile Safari/537.36 (compatible; Googlebot/2.1; +http://www.google.com/bot.html)"
109.106.251.75 - - [30/Oct/2024:12:41:58 +0000] "POST /wp-cron.php?doing_wp_cron=1730292118.5167698860168457031250 HTTP/1.1" 200 0 "-" "WordPress/6.6.2; https://lakoyanimedia.tech"
109.106.251.75 - - [30/Oct/2024:12:41:58 +0000] "POST /wp-admin/admin-ajax.php?action=async_litespeed&nonce=qgZXwzXwC0b5Hje0blz5NAPIyyN6iONV&litespeed_type=imgoptm HTTP/1.1" 200 21 "-" "WordPress/6.6.2; https://lakoyanimedia.tech"
66.249.64.108 - - [30/Oct/2024:12:42:44 +0000] "GET /cdn-cgi/challenge-platform/scripts/jsd/main.js HTTP/1.1" 404 11508 "-" "Mozilla/5.0 (Linux; Android 6.0.1; Nexus 5X Build/MMB29P) AppleWebKit/537.36 (KHTML, like Gecko) Chrome/130.0.6723.58 Mobile Safari/537.36 (compatible; Googlebot/2.1; +http://www.google.com/bot.html)"
66.249.64.110 - - [30/Oct/2024:12:45:41 +0000] "GET /cdn-cgi/challenge-platform/scripts/jsd/main.js HTTP/1.1" 404 11508 "-" "Mozilla/5.0 (Linux; Android 6.0.1; Nexus 5X Build/MMB29P) AppleWebKit/537.36 (KHTML, like Gecko) Chrome/130.0.6723.58 Mobile Safari/537.36 (compatible; Googlebot/2.1; +http://www.google.com/bot.html)"
