66.249.70.138 - - [31/Oct/2024:07:25:32 +0000] "GET /slot-thailand/?brandName=BENUATOTOshop-motorcycle-riding-gear-face-masks/beli-pakaian-bayi-laki-laki/koper-anak-2/beli-alat-tulis-kerajinan/beli-kondomshop-Sapu-Sikat-Kemoceng/beli-rice-cooker/jual-tas-tote-pria/beli-mainan-terbang/beli-alas-mandi/shop-manajemen-kargo/beli-aksesoris-makeupblog/jual-sepatu-skateboard-wanita/sepak-bola/beli-makanan-minuman-pengendalian-hama/beli-perhiasan-anak/jual-aksesoris-memancing/beli-prosesor/jual-strap-tracker-aktivitas/baju-olahraga-pria/botol-minum/beli-speaker-smart/shop-stiker-emblem/soundcard/cekak-musang-pria/overalls-jumpsuit-wanita/pemanggang-dan-penyajian-masakan-outdoor/beli-humidifier/tas-genggam-wanita/jual-persediaan-grooming-hewan/beli-car-seat-bb/shop-automotive-horns-accessories/ HTTP/1.1" 200 185766 "-" "Mozilla/5.0 (Linux; Android 6.0.1; Nexus 5X Build/MMB29P) AppleWebKit/537.36 (KHTML, like Gecko) Chrome/130.0.6723.69 Mobile Safari/537.36 (compatible; GoogleOther)"
66.249.70.138 - - [31/Oct/2024:07:25:45 +0000] "GET /slot-thailand/?brandName=BENUATOTOshop-motorcycle-riding-gear-face-masks/beli-pakaian-bayi-laki-laki/beli-perlengkapan-mandi-tubuh/pakaian-renang-dan-selancar-pria/shop-busi-motor/sweater-cardigan-anak-laki-lakishop-aksesoris/shop-motorcycle-windshields-accessories/shop-car-audio-speakers/voli/multivitamin/lingerie-baju-tidur/shop-automotive-auto-oils-fluids-additives/soundcard/shop-kamera-mobil/jual-sepatu-sepeda-anak-perempuan/jual-sepatu-futsal/jaket-mantel-anak-laki-lakibeli-perawatan-popok/ HTTP/1.1" 200 151815 "-" "Mozilla/5.0 (Linux; Android 6.0.1; Nexus 5X Build/MMB29P) AppleWebKit/537.36 (KHTML, like Gecko) Chrome/130.0.6723.69 Mobile Safari/537.36 (compatible; GoogleOther)"
66.249.70.139 - - [31/Oct/2024:07:26:05 +0000] "GET /slot-thailand/?brandName=BENUATOTOshop-motorcycle-riding-gear-face-masks/beli-pakaian-bayi-laki-laki/koper-anak-2/shop-kesehatan-hewan-peliharaanbeli-indoor-climbers-play-structure-tg/shop-tire-parts-air-compressors-inflators/shop-masker-wajah-pria/beli-susu-pertumbuhan-1-3-tahun/beli-perlengkapan-styling-rambut/olahraga-raket/bathrobe-baju-mandi-wanita/shop-pembersih/shop-smartwatch/beli-suplemen-pemutihbeli-mainan-kendaraan-tg/beli-mouse/ HTTP/1.1" 200 146092 "-" "Mozilla/5.0 (Linux; Android 6.0.1; Nexus 5X Build/MMB29P) AppleWebKit/537.36 (KHTML, like Gecko) Chrome/130.0.6723.69 Mobile Safari/537.36 (compatible; GoogleOther)"
66.249.70.138 - - [31/Oct/2024:07:26:56 +0000] "GET /slot-thailand/?brandName=BENUATOTOshop-motorcycle-riding-gear-face-masks/beli-pakaian-bayi-laki-laki/koper-anak-2/beli-alat-tulis-kerajinan/beli-kondomshop-Sapu-Sikat-Kemoceng/beli-rice-cooker/jual-tas-tote-pria/beli-mainan-terbang/beli-alas-mandi/shop-manajemen-kargo/beli-aksesoris-makeupblog/jual-sepatu-skateboard-wanita/sepak-bola/beli-makanan-minuman-pengendalian-hama/beli-perhiasan-anak/jual-aksesoris-memancing/beli-prosesor/jual-ban/shop-Camilan/jual-virtual-reality/beli-aksesori-handphone/beli-power-bank/shop-Bahan-Pembuat-Kue/beli-dermacarebeli-celana-pendek-priabeli-alat-latih-olahraga-anjing/jual-roda/jual-dudukan-mobil/hijab/beli-makanan-minuman-sayuran-segar/beli-furnitur-ruang-tamu/beli-pakaian-bayi-laki-laki/beli-perlengkapan-lighting-studio/sepatu-pantofel/selimut-dan-selimut-panjang/ HTTP/1.1" 200 193261 "-" "Mozilla/5.0 (Linux; Android 6.0.1; Nexus 5X Build/MMB29P) AppleWebKit/537.36 (KHTML, like Gecko) Chrome/130.0.6723.69 Mobile Safari/537.36 (compatible; GoogleOther)"
66.249.70.137 - - [31/Oct/2024:07:27:09 +0000] "GET /slot-thailand/?brandName=BENUATOTOshop-motorcycle-riding-gear-face-masks/beli-pakaian-bayi-laki-laki/beli-perlengkapan-mandi-tubuh/pakaian-renang-dan-selancar-pria/shop-busi-motor/shop-car-video-in-dash-navigation/beli-alat-medis/beli-handuk-mandi/shop-indikator/beli-dekorasi-rumah/beli-teh/jual-laci-kamar-mandi/seprei-ranjang/jual-celana-pendek-wanita/beli-kartu-grafis/beli-kompor-gas/gym-tote-pria/beli-rc-figure-robot/kesehatan-manula/beli-tas-pinggang/beli-mainan-walkie-talkie/aksesoris-dasi/ HTTP/1.1" 200 152043 "-" "Mozilla/5.0 (Linux; Android 6.0.1; Nexus 5X Build/MMB29P) AppleWebKit/537.36 (KHTML, like Gecko) Chrome/130.0.6723.69 Mobile Safari/537.36 (compatible; GoogleOther)"
66.249.70.137 - - [31/Oct/2024:07:27:26 +0000] "GET /slot-thailand/?brandName=BENUATOTOshop-motorcycle-riding-gear-face-masks/beli-pakaian-bayi-laki-laki/papan-setrika/shop-permainan-konsol/ HTTP/1.1" 200 115247 "-" "Mozilla/5.0 (Linux; Android 6.0.1; Nexus 5X Build/MMB29P) AppleWebKit/537.36 (KHTML, like Gecko) Chrome/130.0.6723.69 Mobile Safari/537.36 (compatible; Googlebot/2.1; +http://www.google.com/bot.html)"
66.249.70.138 - - [31/Oct/2024:07:27:48 +0000] "GET /slot-thailand/?brandName=slot+bet+200+perakpayung-wanita/jual-remote-control-tv/shop-motorcycle-riding-gear-gloves/jual-dompet-kartu-pria/beli-ledeng/beli-jam-tangan-kasual-pria/shop-pre-owned-jam-tangan-wanita/shop-Sabun-Cairkaos-atasan-wanita/beli-susu-pertumbuhan-1-3-tahun/ HTTP/1.1" 200 128604 "-" "Mozilla/5.0 (Linux; Android 6.0.1; Nexus 5X Build/MMB29P) AppleWebKit/537.36 (KHTML, like Gecko) Chrome/130.0.6723.69 Mobile Safari/537.36 (compatible; GoogleOther)"
66.249.70.137 - - [31/Oct/2024:07:28:40 +0000] "GET /slot-thailand/?brandName=BENUATOTOshop-motorcycle-riding-gear-face-masks/beli-pakaian-bayi-laki-laki/shop-gaming-konsol/sepatu-wanita/beli-mainan-edukatif-anak-tg/shop-kesehatan-hewan-peliharaan HTTP/1.1" 200 120155 "-" "Mozilla/5.0 (Linux; Android 6.0.1; Nexus 5X Build/MMB29P) AppleWebKit/537.36 (KHTML, like Gecko) Chrome/130.0.6723.69 Mobile Safari/537.36 (compatible; GoogleOther)"
66.249.70.138 - - [31/Oct/2024:07:29:10 +0000] "GET /slot-thailand/?brandName=BENUATOTOshop-motorcycle-riding-gear-face-masks/beli-pakaian-bayi-laki-laki/marketplace/boots-pria/ HTTP/1.1" 200 113878 "-" "Mozilla/5.0 (Linux; Android 6.0.1; Nexus 5X Build/MMB29P) AppleWebKit/537.36 (KHTML, like Gecko) Chrome/130.0.6723.69 Mobile Safari/537.36 (compatible; Googlebot/2.1; +http://www.google.com/bot.html)"
66.249.70.138 - - [31/Oct/2024:07:30:49 +0000] "GET /slot-thailand/?brandName=BENUATOTOshop-motorcycle-riding-gear-face-masks/beli-pakaian-bayi-laki-laki/beli-perlengkapan-mandi-tubuh/pakaian-renang-dan-selancar-pria/shop-busi-motor/sweater-cardigan-anak-laki-lakishop-aksesoris/shop-motorcycle-windshields-accessories/shop-car-audio-speakers/voli/multivitamin/tas-kerja-pria/beli-peralatan-berlatih-dan-lapangan/beli-printer-stand/beli-lapisan-penyerap-liner-popok-kain/beli-pisau-dan-aksesoris/ HTTP/1.1" 200 144752 "-" "Mozilla/5.0 (Linux; Android 6.0.1; Nexus 5X Build/MMB29P) AppleWebKit/537.36 (KHTML, like Gecko) Chrome/130.0.6723.69 Mobile Safari/537.36 (compatible; GoogleOther)"
66.249.70.137 - - [31/Oct/2024:07:30:53 +0000] "GET /slot-thailand/?brandName=slot+bet+200+perakpayung-wanita/jual-remote-control-tv/aksesoris-perawatan-rambutcamping-dan-hiking/shop-automotive-tire-wheel-care/beli-alat-kesehatan-kecantikan/ HTTP/1.1" 200 119434 "-" "Mozilla/5.0 (Linux; Android 6.0.1; Nexus 5X Build/MMB29P) AppleWebKit/537.36 (KHTML, like Gecko) Chrome/130.0.6723.69 Mobile Safari/537.36 (compatible; GoogleOther)"
66.249.70.139 - - [31/Oct/2024:07:31:09 +0000] "GET /slot-thailand/?brandName=BENUATOTOshop-motorcycle-riding-gear-face-masks/beli-pakaian-bayi-laki-laki/beli-perlengkapan-mandi-tubuh/pakaian-renang-dan-selancar-pria/shop-busi-motor/sweater-cardigan-anak-laki-lakishop-aksesoris/shop-motorcycle-windshields-accessories/shop-car-audio-speakers/voli/multivitamin/lingerie-baju-tidur/shop-automotive-auto-oils-fluids-additives/soundcard/shop-kamera-mobil/jual-sepatu-sepeda-anak-perempuan/jual-sepatu-futsal/jaket-mantel-anak-laki-lakiaksesoris-rambut/ HTTP/1.1" 200 150751 "-" "Mozilla/5.0 (Linux; Android 6.0.1; Nexus 5X Build/MMB29P) AppleWebKit/537.36 (KHTML, like Gecko) Chrome/130.0.6723.69 Mobile Safari/537.36 (compatible; GoogleOther)"
66.249.70.138 - - [31/Oct/2024:07:31:41 +0000] "GET /slot-thailand/?brandName=BENUATOTOshop-motorcycle-riding-gear-face-masks/beli-pakaian-bayi-laki-laki/beli-perhiasan-pria/beli-baterai/beli-kamera-video-aksi/beli-popok-kain/beli-mainan-kendaraan-tg/shop-automotive-body-parts/payung-jas-hujan-anak-perempuanjual-piring-mangkok-bayi/shop-makanan-hewanshop-elektronik/shop-indikator/beli-peralatan-kebun/beli-speaker-smart/beli-pisau-dan-aksesoris/beli-set-mainan-kereta/shop-automotive-license-plate-covers-frames/jual-tempat-berteduh-dan-kanopi/shop-masker-wajah-pria/beli-mouse/jual-kapal/beli-rice-cooker/ HTTP/1.1" 200 158575 "-" "Mozilla/5.0 (Linux; Android 6.0.1; Nexus 5X Build/MMB29P) AppleWebKit/537.36 (KHTML, like Gecko) Chrome/130.0.6723.69 Mobile Safari/537.36 (compatible; GoogleOther)"
66.249.70.138 - - [31/Oct/2024:07:31:44 +0000] "GET /slot-thailand/?brandName=BENUATOTOshop-motorcycle-riding-gear-face-masks/beli-pakaian-bayi-laki-laki/beli-cermin-kamar-mandi/beli-handphone HTTP/1.1" 200 115061 "-" "Mozilla/5.0 (Linux; Android 6.0.1; Nexus 5X Build/MMB29P) AppleWebKit/537.36 (KHTML, like Gecko) Chrome/130.0.6723.69 Mobile Safari/537.36 (compatible; Googlebot/2.1; +http://www.google.com/bot.html)"
109.106.251.75 - - [31/Oct/2024:07:31:48 +0000] "POST /wp-cron.php?doing_wp_cron=1730359908.6693780422210693359375 HTTP/1.1" 200 0 "-" "WordPress/6.6.2; https://lakoyanimedia.tech"
103.180.121.187 - - [31/Oct/2024:07:31:48 +0000] "POST /xmlrpc.php HTTP/1.1" 200 226 "-" "Mozilla/5.0 (X11; Fedora; Linux x86_64; rv:94.0) Gecko/20100101 Firefox/95.0"
109.106.251.75 - - [31/Oct/2024:07:31:48 +0000] "POST /wp-admin/admin-ajax.php?action=async_litespeed&nonce=EyESocZBZSQCsccFX5bbJATRYPKx0JCC&litespeed_type=imgoptm HTTP/1.1" 200 21 "-" "WordPress/6.6.2; https://lakoyanimedia.tech"
66.249.70.137 - - [31/Oct/2024:07:32:13 +0000] "GET /slot-thailand/?brandName=BENUATOTOshop-motorcycle-riding-gear-face-masks/beli-pakaian-bayi-laki-laki/koper-anak-2/beli-perlengkapan-mandi-perawatan-kulit-anak/beli-losion-krim-tubuhbeli-scrub-tubuhsepak-bola/shop-girls-jumpsuits-overallssarung-tangan-wanita/shop-Makanan-Kering/beli-parfum/jual-tempat-berteduh-dan-kanopi/beli-foot-reliefjual-dapur-kemah/beli-parfum-wanitabeli-perawatan-popok/beli-mainan-balok-bangunan/beli-perlengkapan-dapur-makan/shop-audio/jual-dapur-kemah/ HTTP/1.1" 200 148421 "-" "Mozilla/5.0 (Linux; Android 6.0.1; Nexus 5X Build/MMB29P) AppleWebKit/537.36 (KHTML, like Gecko) Chrome/130.0.6723.69 Mobile Safari/537.36 (compatible; GoogleOther)"
109.106.251.75 - - [31/Oct/2024:07:32:20 +0000] "POST /wp-cron.php?doing_wp_cron=1730359940.4391129016876220703125 HTTP/1.1" 200 0 "-" "WordPress/6.6.2; https://lakoyanimedia.tech"
128.199.148.65 - - [31/Oct/2024:07:32:20 +0000] "POST /wp-login.php HTTP/1.1" 200 1939 "-" "Mozilla/5.0 (Windows NT 10.0; WOW64) AppleWebKit/537.36 (KHTML, like Gecko) Chrome/46.0.2490.86 Safari/537.36"
66.249.70.137 - - [31/Oct/2024:07:32:33 +0000] "GET /slot-thailand/?brandName=BENUATOTOshop-motorcycle-riding-gear-face-masks/beli-pakaian-bayi-laki-laki/koper-anak-2/beli-perlengkapan-mandi-perawatan-kulit-anak/beli-losion-krim-tubuhbeli-scrub-tubuhsepak-bola/shop-girls-jumpsuits-overallssarung-tangan-wanita/shop-Makanan-Kering/beli-parfum/jual-tempat-berteduh-dan-kanopi/beli-foot-reliefjual-dapur-kemah/beli-parfum-wanitabeli-perawatan-popok/beli-mainan-balok-bangunan/beli-perlengkapan-dapur-makan/shop-audio/beli-wewangian-rumah/ HTTP/1.1" 200 149432 "-" "Mozilla/5.0 (Linux; Android 6.0.1; Nexus 5X Build/MMB29P) AppleWebKit/537.36 (KHTML, like Gecko) Chrome/130.0.6723.69 Mobile Safari/537.36 (compatible; GoogleOther)"
66.249.70.139 - - [31/Oct/2024:07:33:05 +0000] "GET /slot-thailand/?brandName=BENUATOTOshop-motorcycle-riding-gear-face-masks/beli-pakaian-bayi-laki-laki/koper-anak-2/beli-perawatan-rambut/beli-kursi-rodabeli-suplemen-pemutihblog/shop-automotive-pedals-pedal-accessories/beli-dress-bayi-perempuan/beli-minuman-bayi-balita/jual-casing-cover-tablet/beli-wanita-logam-berharga/beli-foot-reliefbeli-sabun-pembersih-bayi/ HTTP/1.1" 200 136517 "-" "Mozilla/5.0 (Linux; Android 6.0.1; Nexus 5X Build/MMB29P) AppleWebKit/537.36 (KHTML, like Gecko) Chrome/130.0.6723.69 Mobile Safari/537.36 (compatible; GoogleOther)"
66.249.70.138 - - [31/Oct/2024:07:34:16 +0000] "GET /slot-thailand/?brandName=slot+bet+200+perakpayung-wanita/jual-remote-control-tv/shop-motorcycle-riding-gear-gloves/jual-dompet-kartu-pria/beli-ledeng/beli-jam-tangan-kasual-pria/shop-pre-owned-jam-tangan-wanita/jaket-dan-kardigan-wanita-muslim/beli-suplemen-kecantikan HTTP/1.1" 200 127339 "-" "Mozilla/5.0 (Linux; Android 6.0.1; Nexus 5X Build/MMB29P) AppleWebKit/537.36 (KHTML, like Gecko) Chrome/130.0.6723.69 Mobile Safari/537.36 (compatible; GoogleOther)"
66.249.70.138 - - [31/Oct/2024:07:34:35 +0000] "GET /slot-thailand/?brandName=BENUATOTOshop-motorcycle-riding-gear-face-masks/beli-pakaian-bayi-laki-laki/koper-anak-2/shop-kesehatan-hewan-peliharaanbeli-indoor-climbers-play-structure-tg/shop-tire-parts-air-compressors-inflators/shop-masker-wajah-pria/beli-susu-pertumbuhan-1-3-tahun/beli-perlengkapan-styling-rambut/olahraga-raket/bathrobe-baju-mandi-wanita/shop-pembersih/shop-smartwatch/beli-suplemen-pemutihbeli-mainan-kendaraan-tg/beli-jam-tangan-olahraga-pria/ HTTP/1.1" 200 148206 "-" "Mozilla/5.0 (Linux; Android 6.0.1; Nexus 5X Build/MMB29P) AppleWebKit/537.36 (KHTML, like Gecko) Chrome/130.0.6723.69 Mobile Safari/537.36 (compatible; GoogleOther)"
66.249.70.137 - - [31/Oct/2024:07:34:48 +0000] "GET /slot-thailand/?brandName=BENUATOTOshop-motorcycle-riding-gear-face-masks/beli-pakaian-bayi-laki-laki/koper-anak-2/beli-perlengkapan-mandi-perawatan-kulit-anak/beli-losion-krim-tubuhbeli-scrub-tubuhsepak-bola/shop-girls-jumpsuits-overallssarung-tangan-wanita/shop-Makanan-Kering/beli-parfum/beli-tas-anak-tl/beli-monitor/baju-muslim-pria/sepatu-lari-wanita/shop-stiker/beli-dekorasi-rumah/shop-ska-lainnya/jual-virtual-reality/celana-dalam-pria/beli-pembersih-wanitajual-kendali-gerakan/beli-mainan-mandi-anak-tg/ HTTP/1.1" 200 153286 "-" "Mozilla/5.0 (Linux; Android 6.0.1; Nexus 5X Build/MMB29P) AppleWebKit/537.36 (KHTML, like Gecko) Chrome/130.0.6723.69 Mobile Safari/537.36 (compatible; GoogleOther)"
66.249.70.137 - - [31/Oct/2024:07:35:48 +0000] "GET /slot-thailand/?brandName=BENUATOTOshop-motorcycle-riding-gear-face-masks/beli-pakaian-bayi-laki-laki/marketplace/pilates/shop-penyimpanan-data/ HTTP/1.1" 200 116038 "-" "Mozilla/5.0 (Linux; Android 6.0.1; Nexus 5X Build/MMB29P) AppleWebKit/537.36 (KHTML, like Gecko) Chrome/130.0.6723.69 Mobile Safari/537.36 (compatible; Googlebot/2.1; +http://www.google.com/bot.html)"
66.249.70.137 - - [31/Oct/2024:07:35:53 +0000] "GET /slot-thailand/?brandName=BENUATOTOshop-motorcycle-riding-gear-face-masks/beli-pakaian-bayi-laki-laki/koper-anak-2/beli-alat-tulis-kerajinan/beli-kondomshop-Sapu-Sikat-Kemoceng/beli-rice-cooker/jual-tas-tote-pria/beli-mainan-terbang/beli-alas-mandi/shop-manajemen-kargo/beli-aksesoris-makeupblog/jual-sepatu-skateboard-wanita/sepak-bola/beli-makanan-minuman-pengendalian-hama/beli-perhiasan-anak/jual-aksesoris-memancing/beli-prosesor/jual-ban/shop-Camilan/jual-virtual-reality/beli-aksesori-handphone/beli-power-bank/shop-Bahan-Pembuat-Kue/beli-dermacarebeli-celana-pendek-priabeli-alat-latih-olahraga-anjing/jual-roda/jual-dudukan-mobil/hijab/beli-makanan-minuman-sayuran-segar/beli-furnitur-ruang-tamu/beli-pakaian-bayi-laki-laki/beli-perlengkapan-lighting-studio/shop-automotive-auto-oils-fluids-additives/beli-dekorasi-rumah/ HTTP/1.1" 200 196848 "-" "Mozilla/5.0 (Linux; Android 6.0.1; Nexus 5X Build/MMB29P) AppleWebKit/537.36 (KHTML, like Gecko) Chrome/130.0.6723.69 Mobile Safari/537.36 (compatible; GoogleOther)"
66.249.70.138 - - [31/Oct/2024:07:36:12 +0000] "GET /slot-thailand/?brandName=BENUATOTOshop-motorcycle-riding-gear-face-masks/beli-pakaian-bayi-laki-laki/beli-perhiasan-anak/helpcenter/orders-payment/beli-alat-tulis-kerajinan/pakaian-renang-dan-selancar-wanita/rugby/beli-perawatan-rambut-priashop-ransel-pria/beli-tabir-surya-aftersunbeli-external-solid-state-drive/interior-care/beli-suplemen-penambah-berat-badanshop-motorcycle-brakes-suspension/beli-keamanan-diribeli-sampo HTTP/1.1" 200 143728 "-" "Mozilla/5.0 (Linux; Android 6.0.1; Nexus 5X Build/MMB29P) AppleWebKit/537.36 (KHTML, like Gecko) Chrome/130.0.6723.69 Mobile Safari/537.36 (compatible; GoogleOther)"
66.249.70.138 - - [31/Oct/2024:07:36:32 +0000] "GET /slot-thailand/?brandName=BENUATOTOshop-motorcycle-riding-gear-face-masks/beli-pakaian-bayi-laki-laki/beli-perhiasan-pria/beli-baterai/beli-kamera-video-aksi/beli-popok-kain/beli-mainan-kendaraan-tg/shop-automotive-body-parts/payung-jas-hujan-anak-perempuanjual-piring-mangkok-bayi/shop-makanan-hewanshop-elektronik/shop-indikator/beli-peralatan-kebun/beli-speaker-smart/beli-pisau-dan-aksesoris/beli-set-mainan-kereta/shop-automotive-license-plate-covers-frames/jual-tempat-berteduh-dan-kanopi/shop-masker-wajah-pria/beli-mouse/jual-kapal/shop-televisi-digital/ HTTP/1.1" 200 158953 "-" "Mozilla/5.0 (Linux; Android 6.0.1; Nexus 5X Build/MMB29P) AppleWebKit/537.36 (KHTML, like Gecko) Chrome/130.0.6723.69 Mobile Safari/537.36 (compatible; GoogleOther)"
66.249.70.137 - - [31/Oct/2024:07:36:45 +0000] "GET /slot-thailand/?brandName=BENUATOTOshop-motorcycle-riding-gear-face-masks/beli-pakaian-bayi-laki-laki/koper-anak-2/beli-alat-kesehatan-kecantikan/jual-olahraga-senam/peralatan-latihan-kardio/shop-penyimpanan-data/beli-adaptor-baterai-komputer/shop-motorcycle-oils-fluids/shop-beli-laptop/jual-pisau-alat-multifungsi/beli-jam-tangan-wanita/olahraga-air/bra-wanita/beli-jam-tangan-olahraga-pria/jual-baju-aksesoris-anak/sweater-dan-cardigan-pria/beli-komputer/beli-dekorasi-rumah/beli-paket-hadiah-bingkisan-alat-mandi-tubuh HTTP/1.1" 200 153225 "-" "Mozilla/5.0 (Linux; Android 6.0.1; Nexus 5X Build/MMB29P) AppleWebKit/537.36 (KHTML, like Gecko) Chrome/130.0.6723.69 Mobile Safari/537.36 (compatible; GoogleOther)"
66.249.70.139 - - [31/Oct/2024:07:38:09 +0000] "GET /slot-thailand/?brandName=BENUATOTOshop-motorcycle-riding-gear-face-masks/beli-pakaian-bayi-laki-laki/beli-perhiasan-anak/helpcenter/orders-payment/beli-alat-tulis-kerajinan/pakaian-renang-dan-selancar-wanita/rugby/beli-perawatan-rambut-priashop-ransel-pria/beli-tabir-surya-aftersunsepatu-basket-wanita/beli-sabun-pembersih-bayi/shop-penerangan/celana-jeans-anak-laki-lakibeli-popok-kain/beli-pengangkut-perjalanan-anjing/jual-kacamata-3d-tv/beli-pendingin-udara-2/ HTTP/1.1" 200 148089 "-" "Mozilla/5.0 (Linux; Android 6.0.1; Nexus 5X Build/MMB29P) AppleWebKit/537.36 (KHTML, like Gecko) Chrome/130.0.6723.69 Mobile Safari/537.36 (compatible; GoogleOther)"
66.249.70.139 - - [31/Oct/2024:07:38:11 +0000] "GET /slot-thailand/amp/?gacor=index.html HTTP/1.1" 304 0 "-" "Mozilla/5.0 (Linux; Android 6.0.1; Nexus 5X Build/MMB29P) AppleWebKit/537.36 (KHTML, like Gecko) Chrome/130.0.6723.69 Mobile Safari/537.36 (compatible; Googlebot/2.1; +http://www.google.com/bot.html)"
66.249.70.137 - - [31/Oct/2024:07:38:28 +0000] "GET /slot-thailand/?brandName=BENUATOTOshop-motorcycle-riding-gear-face-masks/beli-pakaian-bayi-laki-laki/koper-anak-2/shop-kesehatan-hewan-peliharaanbeli-indoor-climbers-play-structure-tg/shop-tire-parts-air-compressors-inflators/shop-masker-wajah-pria/beli-susu-pertumbuhan-1-3-tahun/beli-perlengkapan-styling-rambut/olahraga-raket/bathrobe-baju-mandi-wanita/shop-pembersih/shop-smartwatch/beli-suplemen-pemutihbeli-mainan-kendaraan-tg/beli-ledeng/ HTTP/1.1" 200 146802 "-" "Mozilla/5.0 (Linux; Android 6.0.1; Nexus 5X Build/MMB29P) AppleWebKit/537.36 (KHTML, like Gecko) Chrome/130.0.6723.69 Mobile Safari/537.36 (compatible; GoogleOther)"
66.249.70.138 - - [31/Oct/2024:07:38:41 +0000] "GET /slot-thailand/?brandName=BENUATOTOshop-motorcycle-riding-gear-face-masks/beli-pakaian-bayi-laki-laki/beli-perlengkapan-mandi-tubuh/pakaian-renang-dan-selancar-pria/shop-busi-motor/sweater-cardigan-anak-laki-lakishop-aksesoris/shop-motorcycle-windshields-accessories/shop-car-audio-speakers/voli/multivitamin/tas-kerja-pria/beli-peralatan-berlatih-dan-lapangan/beli-printer-stand/gaun-wanita/beli-baju-renang-bayi-perempuan/ HTTP/1.1" 200 142746 "-" "Mozilla/5.0 (Linux; Android 6.0.1; Nexus 5X Build/MMB29P) AppleWebKit/537.36 (KHTML, like Gecko) Chrome/130.0.6723.69 Mobile Safari/537.36 (compatible; GoogleOther)"
66.249.70.137 - - [31/Oct/2024:07:39:00 +0000] "GET /slot-thailand/?brandName=BENUATOTOshop-motorcycle-riding-gear-face-masks/beli-pakaian-bayi-laki-laki/koper-anak-2/beli-alat-tulis-kerajinan/beli-kondomshop-Sapu-Sikat-Kemoceng/beli-rice-cooker/jual-tas-tote-pria/beli-mainan-terbang/beli-alas-mandi/shop-manajemen-kargo/beli-aksesoris-makeupblog/jual-sepatu-skateboard-wanita/sepak-bola/beli-makanan-minuman-pengendalian-hama/beli-perhiasan-anak/jual-aksesoris-memancing/beli-prosesor/jual-ban/shop-Camilan/jual-virtual-reality/beli-aksesori-handphone/beli-power-bank/shop-Bahan-Pembuat-Kue/beli-dermacarebeli-celana-pendek-priabeli-alat-latih-olahraga-anjing/jual-roda/jual-dudukan-mobil/hijab/beli-makanan-minuman-sayuran-segar/beli-furnitur-ruang-tamu/beli-pakaian-bayi-laki-laki/beli-perlengkapan-lighting-studio/sepatu-pantofel/beli-water-cooling-system/ HTTP/1.1" 200 193022 "-" "Mozilla/5.0 (Linux; Android 6.0.1; Nexus 5X Build/MMB29P) AppleWebKit/537.36 (KHTML, like Gecko) Chrome/130.0.6723.69 Mobile Safari/537.36 (compatible; GoogleOther)"
66.249.70.137 - - [31/Oct/2024:07:39:10 +0000] "GET /slot-thailand/?brandName=BENUATOTOshop-motorcycle-riding-gear-face-masks/beli-pakaian-bayi-laki-laki/beli-lampu-komponen/sarung-tangan-pria/baju-muslim-wanita/ HTTP/1.1" 200 117486 "-" "Mozilla/5.0 (Linux; Android 6.0.1; Nexus 5X Build/MMB29P) AppleWebKit/537.36 (KHTML, like Gecko) Chrome/130.0.6723.69 Mobile Safari/537.36 (compatible; GoogleOther)"
109.106.251.75 - - [31/Oct/2024:07:39:30 +0000] "POST /wp-cron.php?doing_wp_cron=1730360370.8296289443969726562500 HTTP/1.1" 200 0 "-" "WordPress/6.6.2; https://lakoyanimedia.tech"
175.41.149.243 - - [31/Oct/2024:07:39:30 +0000] "POST /xmlrpc.php HTTP/1.1" 200 226 "-" "Mozilla/5.0 (X11; Fedora; Linux x86_64; rv:94.0) Gecko/20100101 Firefox/95.0"
109.106.251.75 - - [31/Oct/2024:07:39:31 +0000] "POST /wp-admin/admin-ajax.php?action=async_litespeed&nonce=XYlMDY4SG3aHQOnokgY2VzX0xkE49nv7&litespeed_type=imgoptm HTTP/1.1" 200 21 "-" "WordPress/6.6.2; https://lakoyanimedia.tech"
66.249.70.138 - - [31/Oct/2024:07:39:53 +0000] "GET /slot-thailand/?brandName=BENUATOTOshop-motorcycle-riding-gear-face-masks/beli-pakaian-bayi-laki-laki/pakaian-pria/marketplace/jual-sepatu-hiking-pria/beli-perawatan-kesehatan-pribadi/ HTTP/1.1" 200 118820 "-" "Mozilla/5.0 (Linux; Android 6.0.1; Nexus 5X Build/MMB29P) AppleWebKit/537.36 (KHTML, like Gecko) Chrome/130.0.6723.69 Mobile Safari/537.36 (compatible; GoogleOther)"
66.249.70.137 - - [31/Oct/2024:07:40:06 +0000] "GET /slot-thailand/?brandName=BENUATOTOshop-motorcycle-riding-gear-face-masks/beli-pakaian-bayi-laki-laki/koper-anak-2/shop-kesehatan-hewan-peliharaanbeli-indoor-climbers-play-structure-tg/shop-tire-parts-air-compressors-inflators/shop-masker-wajah-pria/beli-susu-pertumbuhan-1-3-tahun/beli-perlengkapan-styling-rambut/olahraga-raket/bathrobe-baju-mandi-wanita/shop-pembersih/shop-smartwatch/beli-suplemen-pemutihtopi-pria/ HTTP/1.1" 200 143764 "-" "Mozilla/5.0 (Linux; Android 6.0.1; Nexus 5X Build/MMB29P) AppleWebKit/537.36 (KHTML, like Gecko) Chrome/130.0.6723.69 Mobile Safari/537.36 (compatible; GoogleOther)"
66.249.70.138 - - [31/Oct/2024:07:40:24 +0000] "GET /slot-thailand/?brandName=BENUATOTOshop-motorcycle-riding-gear-face-masks/beli-pakaian-bayi-laki-laki/beli-perlengkapan-mandi-tubuh/pakaian-renang-dan-selancar-pria/shop-busi-motor/sweater-cardigan-anak-laki-lakishop-aksesoris/shop-motorcycle-windshields-accessories/shop-car-audio-speakers/voli/multivitamin/tas-kerja-pria/beli-peralatan-berlatih-dan-lapangan/beli-printer-stand/gaun-wanita/beli-ayunan-jumper-bouncer-bayi/ HTTP/1.1" 200 143070 "-" "Mozilla/5.0 (Linux; Android 6.0.1; Nexus 5X Build/MMB29P) AppleWebKit/537.36 (KHTML, like Gecko) Chrome/130.0.6723.69 Mobile Safari/537.36 (compatible; GoogleOther)"
66.249.70.137 - - [31/Oct/2024:07:40:46 +0000] "GET /slot-thailand/?brandName=BENUATOTOshop-motorcycle-riding-gear-face-masks/beli-pakaian-bayi-laki-laki/shop-motorcycle-drivetrain-transmission/sepatu-basket-wanita/ HTTP/1.1" 200 117631 "-" "Mozilla/5.0 (Linux; Android 6.0.1; Nexus 5X Build/MMB29P) AppleWebKit/537.36 (KHTML, like Gecko) Chrome/130.0.6723.69 Mobile Safari/537.36 (compatible; Googlebot/2.1; +http://www.google.com/bot.html)"
109.106.251.75 - - [31/Oct/2024:07:42:10 +0000] "POST /wp-cron.php?doing_wp_cron=1730360530.4287331104278564453125 HTTP/1.1" 200 0 "-" "WordPress/6.6.2; https://lakoyanimedia.tech"
165.232.66.135 - - [31/Oct/2024:07:42:10 +0000] "GET /wp/wp-login.php HTTP/1.1" 404 9425 "-" "Mozilla/5.0 (Linux; Android 12; Redmi Note 9 Pro Build/SKQ1.211019.001; wv) AppleWebKit/537.36 (KHTML, like Gecko) Version/4.0 Chrome/126.0.6478.71 Mobile Safari/537.36"
109.106.251.75 - - [31/Oct/2024:07:42:10 +0000] "POST /wp-admin/admin-ajax.php?action=async_litespeed&nonce=FvSQjARZjnbhQdjUdUqehpdncXXN7XZY&litespeed_type=imgoptm HTTP/1.1" 200 21 "-" "WordPress/6.6.2; https://lakoyanimedia.tech"
51.222.253.20 - - [31/Oct/2024:07:42:25 +0000] "GET /robots.txt HTTP/2" 200 163 "-" "Mozilla/5.0 (compatible; AhrefsBot/7.0; +http://ahrefs.com/robot/)"
109.106.251.75 - - [31/Oct/2024:07:42:27 +0000] "POST /wp-cron.php?doing_wp_cron=1730360547.7216739654541015625000 HTTP/1.1" 200 0 "-" "WordPress/6.6.2; https://lakoyanimedia.tech"
51.222.253.15 - - [31/Oct/2024:07:42:27 +0000] "GET /nm.php?fm=true&rights=rkdfdpx.php&path=/home/lakoyani/public_html/ HTTP/2" 404 11511 "-" "Mozilla/5.0 (compatible; AhrefsBot/7.0; +http://ahrefs.com/robot/)"
109.106.251.75 - - [31/Oct/2024:07:42:27 +0000] "POST /wp-admin/admin-ajax.php?action=async_litespeed&nonce=UWdXv0vg4V1bKIxK0wWuGbo2iPyf83QA&litespeed_type=imgoptm HTTP/1.1" 200 21 "-" "WordPress/6.6.2; https://lakoyanimedia.tech"
165.232.66.135 - - [31/Oct/2024:07:45:48 +0000] "GET /wp/wp-login.php HTTP/1.1" 404 9425 "-" "Mozilla/5.0 (X11; Linux x86_64; rv:121.0) Gecko/20100101 Firefox/121.0"
109.106.251.75 - - [31/Oct/2024:07:45:50 +0000] "POST /wp-cron.php?doing_wp_cron=1730360750.9456059932708740234375 HTTP/1.1" 200 0 "-" "WordPress/6.6.2; https://lakoyanimedia.tech"
109.106.251.75 - - [31/Oct/2024:07:45:51 +0000] "POST /wp-admin/admin-ajax.php?action=async_litespeed&nonce=iozbjD0rtX9n0SLOz1nv3z5AwBbDjQPA&litespeed_type=imgoptm HTTP/1.1" 200 21 "-" "WordPress/6.6.2; https://lakoyanimedia.tech"
165.232.66.135 - - [31/Oct/2024:07:45:48 +0000] "POST /wp/wp-login.php HTTP/1.1" 404 9377 "-" "Mozilla/5.0 (X11; Linux x86_64; rv:121.0) Gecko/20100101 Firefox/121.0"
165.232.66.135 - - [31/Oct/2024:07:45:51 +0000] "POST /wp/wp-login.php HTTP/1.1" 404 9377 "-" "Mozilla/5.0 (X11; Linux x86_64; rv:121.0) Gecko/20100101 Firefox/121.0"
109.106.251.75 - - [31/Oct/2024:07:47:23 +0000] "POST /wp-cron.php?doing_wp_cron=1730360843.6648929119110107421875 HTTP/1.1" 200 0 "-" "WordPress/6.6.2; https://lakoyanimedia.tech"
171.244.0.91 - - [31/Oct/2024:07:47:21 +0000] "POST /wp-login.php HTTP/1.1" 200 1939 "-" "Mozilla/5.0 (Windows NT 6.1) AppleWebKit/537.36 (KHTML, like Gecko) Chrome/70.0.3538.77 Safari/537.36"
109.106.251.75 - - [31/Oct/2024:07:47:24 +0000] "POST /wp-admin/admin-ajax.php?action=async_litespeed&nonce=tyJ6vUSYqNcupKrbRxSh7m3m4Xp7obQm&litespeed_type=imgoptm HTTP/1.1" 200 21 "-" "WordPress/6.6.2; https://lakoyanimedia.tech"
66.249.70.138 - - [31/Oct/2024:07:48:04 +0000] "GET /slot-thailand/?brandName=BENUATOTOshop-motorcycle-riding-gear-face-masks/beli-pakaian-bayi-laki-laki/marketplace/pilates/jual-penerangan/ HTTP/1.1" 200 115358 "-" "Mozilla/5.0 (Linux; Android 6.0.1; Nexus 5X Build/MMB29P) AppleWebKit/537.36 (KHTML, like Gecko) Chrome/130.0.6723.69 Mobile Safari/537.36 (compatible; GoogleOther)"
66.249.70.137 - - [31/Oct/2024:07:48:20 +0000] "GET /slot-thailand/?brandName=slot+bet+200+perakpayung-wanita/jual-remote-control-tv/aksesoris-perawatan-rambutcamping-dan-hiking/shop-automotive-tire-wheel-care/olahraga-sepeda/ HTTP/1.1" 200 118649 "-" "Mozilla/5.0 (Linux; Android 6.0.1; Nexus 5X Build/MMB29P) AppleWebKit/537.36 (KHTML, like Gecko) Chrome/130.0.6723.69 Mobile Safari/537.36 (compatible; Googlebot/2.1; +http://www.google.com/bot.html)"
66.249.70.137 - - [31/Oct/2024:07:48:53 +0000] "GET /slot-thailand/?brandName=BENUATOTOshop-motorcycle-riding-gear-face-masks/beli-pakaian-bayi-laki-laki/beli-perlengkapan-mandi-tubuh/pakaian-renang-dan-selancar-pria/shop-busi-motor/sweater-cardigan-anak-laki-lakishop-aksesoris/shop-motorcycle-windshields-accessories/shop-car-audio-speakers/voli/multivitamin/lingerie-baju-tidur/shop-automotive-auto-oils-fluids-additives/soundcard/shop-kamera-mobil/jual-sepatu-sepeda-anak-perempuan/jual-sepatu-futsal/tempat-penyimpanan-media-dan-tv/baju-tidur-pria/jaket-dan-mantel-wanita/ HTTP/1.1" 200 154860 "-" "Mozilla/5.0 (Linux; Android 6.0.1; Nexus 5X Build/MMB29P) AppleWebKit/537.36 (KHTML, like Gecko) Chrome/130.0.6723.69 Mobile Safari/537.36 (compatible; GoogleOther)"
66.249.70.137 - - [31/Oct/2024:07:49:45 +0000] "GET /slot-thailand/?brandName=BENUATOTOshop-motorcycle-riding-gear-face-masks/beli-pakaian-bayi-laki-laki/beli-lampu-komponen/sarung-tangan-pria/beli-perlengkapan-mandi-tubuh/ HTTP/1.1" 200 118351 "-" "Mozilla/5.0 (Linux; Android 6.0.1; Nexus 5X Build/MMB29P) AppleWebKit/537.36 (KHTML, like Gecko) Chrome/130.0.6723.69 Mobile Safari/537.36 (compatible; GoogleOther)"
109.106.251.75 - - [31/Oct/2024:07:51:24 +0000] "POST /wp-cron.php?doing_wp_cron=1730361084.9154369831085205078125 HTTP/1.1" 200 0 "-" "WordPress/6.6.2; https://lakoyanimedia.tech"
51.222.253.17 - - [31/Oct/2024:07:51:22 +0000] "GET /nm.php?fm=true&rights=wp-includes&path=/home/lakoyani/public_html/ HTTP/2" 404 11510 "-" "Mozilla/5.0 (compatible; AhrefsBot/7.0; +http://ahrefs.com/robot/)"
109.106.251.75 - - [31/Oct/2024:07:51:25 +0000] "POST /wp-admin/admin-ajax.php?action=async_litespeed&nonce=uCbkIbq5lT6lkJXO2OInqbhwMVucQzQg&litespeed_type=imgoptm HTTP/1.1" 200 21 "-" "WordPress/6.6.2; https://lakoyanimedia.tech"
66.249.70.139 - - [31/Oct/2024:07:52:32 +0000] "GET /slot-thailand/?brandName=BENUATOTOshop-motorcycle-riding-gear-face-masks/beli-pakaian-bayi-laki-laki/koper-anak-2/shop-kesehatan-hewan-peliharaanbeli-indoor-climbers-play-structure-tg/shop-tire-parts-air-compressors-inflators/shop-masker-wajah-pria/beli-susu-pertumbuhan-1-3-tahun/beli-perlengkapan-styling-rambut/beli-kursi-rodafashion-pakaian-anak-laki-laki HTTP/1.1" 200 136688 "-" "Mozilla/5.0 (Linux; Android 6.0.1; Nexus 5X Build/MMB29P) AppleWebKit/537.36 (KHTML, like Gecko) Chrome/130.0.6723.69 Mobile Safari/537.36 (compatible; Googlebot/2.1; +http://www.google.com/bot.html)"
109.106.251.75 - - [31/Oct/2024:07:56:03 +0000] "POST /wp-cron.php?doing_wp_cron=1730361363.7073400020599365234375 HTTP/1.1" 200 0 "-" "WordPress/6.6.2; https://lakoyanimedia.tech"
120.34.64.104 - - [31/Oct/2024:07:56:03 +0000] "POST /wp/wp-login.php HTTP/1.1" 404 9377 "-" "Mozilla/5.0 (Windows NT 6.1; Win64; x64) AppleWebKit/537.36 (KHTML, like Gecko) Chrome/92.0.4515.159 Safari/537.36"
109.106.251.75 - - [31/Oct/2024:07:56:03 +0000] "POST /wp-admin/admin-ajax.php?action=async_litespeed&nonce=jUPTCdfH2fxXzeUqq4QAiXQ6ooxQl450&litespeed_type=imgoptm HTTP/1.1" 200 21 "-" "WordPress/6.6.2; https://lakoyanimedia.tech"
51.222.253.10 - - [31/Oct/2024:07:56:04 +0000] "GET /wp-includes/block-patterns.php HTTP/2" 500 0 "-" "Mozilla/5.0 (compatible; AhrefsBot/7.0; +http://ahrefs.com/robot/)"
66.249.70.138 - - [31/Oct/2024:07:56:42 +0000] "GET /slot-thailand/?brandName=BENUATOTOshop-motorcycle-riding-gear-face-masks/beli-pakaian-bayi-laki-laki/beli-perlengkapan-mandi-tubuh/pakaian-renang-dan-selancar-pria/shop-busi-motor/sweater-cardigan-anak-laki-lakishop-aksesoris/shop-motorcycle-windshields-accessories/shop-car-audio-speakers/voli/multivitamin/lingerie-baju-tidur/shop-automotive-auto-oils-fluids-additives/soundcard/shop-kamera-mobil/jual-sepatu-sepeda-anak-perempuan/jual-sepatu-futsal/tempat-penyimpanan-media-dan-tv/baju-tidur-pria/jaket-dan-mantel-wanita/ HTTP/1.1" 200 154860 "-" "Mozilla/5.0 (Linux; Android 6.0.1; Nexus 5X Build/MMB29P) AppleWebKit/537.36 (KHTML, like Gecko) Chrome/130.0.6723.69 Mobile Safari/537.36 (compatible; Googlebot/2.1; +http://www.google.com/bot.html)"
66.249.70.138 - - [31/Oct/2024:07:58:53 +0000] "GET /slot-thailand/?brandName=BENUATOTOshop-motorcycle-riding-gear-face-masks/beli-pakaian-bayi-laki-laki/beli-power-bank/sepatu-pria/ HTTP/1.1" 200 114315 "-" "Mozilla/5.0 (Linux; Android 6.0.1; Nexus 5X Build/MMB29P) AppleWebKit/537.36 (KHTML, like Gecko) Chrome/130.0.6723.69 Mobile Safari/537.36 (compatible; GoogleOther)"
223.207.220.33 - - [31/Oct/2024:07:59:05 +0000] "GET /wp-login.php HTTP/1.1" 200 1821 "-" "Mozilla/5.0 (Windows NT 10.0; Win64; x64) AppleWebKit/537.36 (KHTML, like Gecko) Chrome/124.0.0.0 Safari/537.36"
109.106.251.75 - - [31/Oct/2024:07:59:11 +0000] "POST /wp-cron.php?doing_wp_cron=1730361551.2135469913482666015625 HTTP/1.1" 200 0 "-" "WordPress/6.6.2; https://lakoyanimedia.tech"
223.207.220.33 - - [31/Oct/2024:07:59:09 +0000] "POST /wp-login.php HTTP/1.1" 200 1946 "-" "Mozilla/5.0 (Windows NT 10.0; Win64; x64) AppleWebKit/537.36 (KHTML, like Gecko) Chrome/124.0.0.0 Safari/537.36"
109.106.251.75 - - [31/Oct/2024:07:59:11 +0000] "POST /wp-admin/admin-ajax.php?action=async_litespeed&nonce=1Kj2JG6YvnlFCDEXkLJIxUCFmzZFneHu&litespeed_type=imgoptm HTTP/1.1" 200 21 "-" "WordPress/6.6.2; https://lakoyanimedia.tech"
223.207.220.33 - - [31/Oct/2024:07:59:14 +0000] "GET /wp-login.php HTTP/1.1" 200 1821 "-" "Mozilla/5.0 (Windows NT 10.0; Win64; x64; rv:125.0) Gecko/20100101 Firefox/125.0"
223.207.220.33 - - [31/Oct/2024:07:59:17 +0000] "POST /wp-login.php HTTP/1.1" 200 1946 "-" "Mozilla/5.0 (Windows NT 10.0; Win64; x64) AppleWebKit/537.36 (KHTML, like Gecko) Chrome/124.0.0.0 Safari/537.36"
117.217.100.77 - - [31/Oct/2024:07:59:24 +0000] "GET /wp-login.php HTTP/1.1" 200 1821 "-" "Mozilla/5.0 (Windows NT 10.0; Win64; x64) AppleWebKit/537.36 (KHTML, like Gecko) Chrome/124.0.0.0 Safari/537.36"
109.106.251.75 - - [31/Oct/2024:07:59:26 +0000] "POST /wp-cron.php?doing_wp_cron=1730361566.6373488903045654296875 HTTP/1.1" 200 0 "-" "WordPress/6.6.2; https://lakoyanimedia.tech"
117.217.100.77 - - [31/Oct/2024:07:59:26 +0000] "POST /wp-login.php HTTP/1.1" 200 1946 "-" "Mozilla/5.0 (Windows NT 10.0; Win64; x64) AppleWebKit/537.36 (KHTML, like Gecko) Chrome/124.0.0.0 Safari/537.36"
109.106.251.75 - - [31/Oct/2024:07:59:26 +0000] "POST /wp-admin/admin-ajax.php?action=async_litespeed&nonce=2uLiYL617B1Uprt16uayZfMrzGJ8mAUN&litespeed_type=imgoptm HTTP/1.1" 200 21 "-" "WordPress/6.6.2; https://lakoyanimedia.tech"
117.217.100.77 - - [31/Oct/2024:07:59:28 +0000] "GET /wp-login.php HTTP/1.1" 200 1821 "-" "Mozilla/5.0 (Windows NT 10.0; Win64; x64) AppleWebKit/537.36 (KHTML, like Gecko) Chrome/124.0.0.0 Safari/537.36"
117.217.100.77 - - [31/Oct/2024:07:59:31 +0000] "POST /wp-login.php HTTP/1.1" 200 1946 "-" "Mozilla/5.0 (Windows NT 10.0; Win64; x64; rv:125.0) Gecko/20100101 Firefox/125.0"
103.87.85.178 - - [31/Oct/2024:07:59:34 +0000] "GET /wp-login.php HTTP/1.1" 200 1821 "-" "Mozilla/5.0 (Windows NT 10.0; Win64; x64) AppleWebKit/537.36 (KHTML, like Gecko) Chrome/124.0.0.0 Safari/537.36"
103.87.85.178 - - [31/Oct/2024:07:59:37 +0000] "POST /wp-login.php HTTP/1.1" 200 1946 "-" "Mozilla/5.0 (Windows NT 10.0; Win64; x64) AppleWebKit/537.36 (KHTML, like Gecko) Chrome/124.0.0.0 Safari/537.36"
103.87.85.178 - - [31/Oct/2024:07:59:40 +0000] "GET /wp-login.php HTTP/1.1" 200 1821 "-" "Mozilla/5.0 (Windows NT 10.0; Win64; x64) AppleWebKit/537.36 (KHTML, like Gecko) Chrome/124.0.0.0 Safari/537.36"
103.87.85.178 - - [31/Oct/2024:07:59:43 +0000] "POST /wp-login.php HTTP/1.1" 200 1946 "-" "Mozilla/5.0 (Windows NT 10.0; Win64; x64) AppleWebKit/537.36 (KHTML, like Gecko) Chrome/124.0.0.0 Safari/537.36"
110.137.80.224 - - [31/Oct/2024:07:59:48 +0000] "GET /wp-login.php HTTP/1.1" 200 1821 "-" "Mozilla/5.0 (Windows NT 10.0; Win64; x64) AppleWebKit/537.36 (KHTML, like Gecko) Chrome/124.0.0.0 Safari/537.36"
110.137.80.224 - - [31/Oct/2024:07:59:58 +0000] "POST /wp-login.php HTTP/1.1" 200 1946 "-" "Mozilla/5.0 (Windows NT 10.0; Win64; x64; rv:125.0) Gecko/20100101 Firefox/125.0"
51.222.253.3 - - [31/Oct/2024:07:59:59 +0000] "GET /wp-includes/block-patterns/ HTTP/2" 200 1333 "-" "Mozilla/5.0 (compatible; AhrefsBot/7.0; +http://ahrefs.com/robot/)"
110.137.80.224 - - [31/Oct/2024:08:00:09 +0000] "GET /wp-login.php HTTP/1.1" 200 1821 "-" "Mozilla/5.0 (Windows NT 10.0; Win64; x64) AppleWebKit/537.36 (KHTML, like Gecko) Chrome/124.0.0.0 Safari/537.36"
109.106.251.75 - - [31/Oct/2024:08:00:23 +0000] "POST /wp-cron.php?doing_wp_cron=1730361623.5067410469055175781250 HTTP/1.1" 200 0 "-" "WordPress/6.6.2; https://lakoyanimedia.tech"
110.137.80.224 - - [31/Oct/2024:08:00:23 +0000] "POST /wp-login.php HTTP/1.1" 200 1946 "-" "Mozilla/5.0 (Windows NT 10.0; Win64; x64) AppleWebKit/537.36 (KHTML, like Gecko) Chrome/124.0.0.0 Safari/537.36"
109.106.251.75 - - [31/Oct/2024:08:00:23 +0000] "POST /wp-admin/admin-ajax.php?action=async_litespeed&nonce=oZaISQwGgQ7XEOWXAd9WsnUUsqcLciZe&litespeed_type=imgoptm HTTP/1.1" 200 21 "-" "WordPress/6.6.2; https://lakoyanimedia.tech"
51.36.170.4 - - [31/Oct/2024:08:00:33 +0000] "GET /wp-login.php HTTP/1.1" 200 1821 "-" "Mozilla/5.0 (Windows NT 10.0; Win64; x64) AppleWebKit/537.36 (KHTML, like Gecko) Chrome/124.0.0.0 Safari/537.36"
51.36.170.4 - - [31/Oct/2024:08:00:36 +0000] "POST /wp-login.php HTTP/1.1" 200 1946 "-" "Mozilla/5.0 (Windows NT 10.0; Win64; x64) AppleWebKit/537.36 (KHTML, like Gecko) Chrome/124.0.0.0 Safari/537.36"
51.36.170.4 - - [31/Oct/2024:08:00:40 +0000] "GET /wp-login.php HTTP/1.1" 200 1821 "-" "Mozilla/5.0 (Windows NT 10.0; Win64; x64) AppleWebKit/537.36 (KHTML, like Gecko) Chrome/124.0.0.0 Safari/537.36"
51.36.170.4 - - [31/Oct/2024:08:00:43 +0000] "POST /wp-login.php HTTP/1.1" 200 1946 "-" "Mozilla/5.0 (Windows NT 10.0; Win64; x64) AppleWebKit/537.36 (KHTML, like Gecko) Chrome/124.0.0.0 Safari/537.36"
66.249.70.137 - - [31/Oct/2024:08:00:52 +0000] "GET /slot-thailand/?brandName=BENUATOTOshop-motorcycle-riding-gear-face-masks/beli-pakaian-bayi-laki-laki/koper-anak-2/beli-alat-tulis-kerajinan/beli-kondomshop-Sapu-Sikat-Kemoceng/beli-rice-cooker/jual-tas-tote-pria/beli-mainan-terbang/beli-alas-mandi/shop-manajemen-kargo/beli-aksesoris-makeupblog/jual-sepatu-skateboard-wanita/sepak-bola/beli-makanan-minuman-pengendalian-hama/beli-perhiasan-anak/jual-aksesoris-memancing/beli-prosesor/jual-ban/shop-Camilan/jual-virtual-reality/beli-aksesori-handphone/beli-power-bank/shop-Bahan-Pembuat-Kue/beli-dermacarebeli-celana-pendek-priabeli-alat-latih-olahraga-anjing/jual-roda/jual-dudukan-mobil/hijab/beli-makanan-minuman-sayuran-segar/beli-furnitur-ruang-tamu/beli-pakaian-bayi-laki-laki/beli-perlengkapan-lighting-studio/ HTTP/1.1" 200 186716 "-" "Mozilla/5.0 (Linux; Android 6.0.1; Nexus 5X Build/MMB29P) AppleWebKit/537.36 (KHTML, like Gecko) Chrome/130.0.6723.69 Mobile Safari/537.36 (compatible; Googlebot/2.1; +http://www.google.com/bot.html)"
109.106.251.75 - - [31/Oct/2024:08:02:19 +0000] "POST /wp-cron.php?doing_wp_cron=1730361739.9825429916381835937500 HTTP/1.1" 200 0 "-" "WordPress/6.6.2; https://lakoyanimedia.tech"
185.88.179.4 - - [31/Oct/2024:08:02:17 +0000] "POST /wp-login.php HTTP/1.1" 200 1939 "-" "Mozilla/5.0 (Windows NT 6.3; Win64; x64) AppleWebKit/537.36 (KHTML, like Gecko) Chrome/67.0.3396.99 Safari/537.36"
109.106.251.75 - - [31/Oct/2024:08:02:20 +0000] "POST /wp-admin/admin-ajax.php?action=async_litespeed&nonce=U1lhlWPkwp8PDe9Mfj8Qs0ZqAxgz8BWz&litespeed_type=imgoptm HTTP/1.1" 200 21 "-" "WordPress/6.6.2; https://lakoyanimedia.tech"
109.106.251.75 - - [31/Oct/2024:08:02:46 +0000] "POST /wp-admin/admin-ajax.php?action=async_litespeed&nonce=WAoygkwz2Q7if4UtnyVVFezw5rBCKuSY&litespeed_type=imgoptm HTTP/1.1" 200 21 "-" "WordPress/6.6.2; https://lakoyanimedia.tech"
103.26.82.62 - - [31/Oct/2024:08:02:49 +0000] "GET /wp-login.php HTTP/1.1" 200 1821 "http://lakoyanimedia.tech/wp-login.php" "Mozilla/5.0 (Windows NT 10.0; Win64; x64) AppleWebKit/537.36 (KHTML, like Gecko) Chrome/124.0.0.0 Safari/537.36"
103.26.82.62 - - [31/Oct/2024:08:02:52 +0000] "POST /wp-login.php HTTP/1.1" 200 1946 "-" "Mozilla/5.0 (Windows NT 10.0; Win64; x64) AppleWebKit/537.36 (KHTML, like Gecko) Chrome/124.0.0.0 Safari/537.36"
103.26.82.62 - - [31/Oct/2024:08:02:56 +0000] "GET /wp-login.php HTTP/1.1" 200 1821 "http://lakoyanimedia.tech/wp-login.php" "Mozilla/5.0 (Windows NT 10.0; Win64; x64) AppleWebKit/537.36 (KHTML, like Gecko) Chrome/124.0.0.0 Safari/537.36"
103.26.82.62 - - [31/Oct/2024:08:02:59 +0000] "POST /wp-login.php HTTP/1.1" 200 1946 "-" "Mozilla/5.0 (Windows NT 10.0; Win64; x64) AppleWebKit/537.36 (KHTML, like Gecko) Chrome/124.0.0.0 Safari/537.36"
39.43.190.185 - - [31/Oct/2024:08:03:04 +0000] "GET /wp-login.php HTTP/1.1" 200 1821 "http://lakoyanimedia.tech/wp-login.php" "Mozilla/5.0 (Windows NT 10.0; Win64; x64) AppleWebKit/537.36 (KHTML, like Gecko) Chrome/124.0.0.0 Safari/537.36"
39.43.190.185 - - [31/Oct/2024:08:03:06 +0000] "POST /wp-login.php HTTP/1.1" 200 1946 "-" "Mozilla/5.0 (Windows NT 10.0; Win64; x64; rv:125.0) Gecko/20100101 Firefox/125.0"
39.43.190.185 - - [31/Oct/2024:08:03:10 +0000] "GET /wp-login.php HTTP/1.1" 200 1821 "http://lakoyanimedia.tech/wp-login.php" "Mozilla/5.0 (Windows NT 10.0; Win64; x64) AppleWebKit/537.36 (KHTML, like Gecko) Chrome/124.0.0.0 Safari/537.36"
39.43.190.185 - - [31/Oct/2024:08:03:13 +0000] "POST /wp-login.php HTTP/1.1" 200 1946 "-" "Mozilla/5.0 (Windows NT 10.0; Win64; x64) AppleWebKit/537.36 (KHTML, like Gecko) Chrome/124.0.0.0 Safari/537.36"
182.253.169.231 - - [31/Oct/2024:08:03:20 +0000] "GET /wp-login.php HTTP/1.1" 200 1821 "http://lakoyanimedia.tech/wp-login.php" "Mozilla/5.0 (Windows NT 10.0; Win64; x64; rv:125.0) Gecko/20100101 Firefox/125.0"
109.106.251.75 - - [31/Oct/2024:08:03:25 +0000] "POST /wp-cron.php?doing_wp_cron=1730361805.6072649955749511718750 HTTP/1.1" 200 0 "-" "WordPress/6.6.2; https://lakoyanimedia.tech"
182.253.169.231 - - [31/Oct/2024:08:03:25 +0000] "POST /wp-login.php HTTP/1.1" 200 1946 "-" "Mozilla/5.0 (Windows NT 10.0; Win64; x64) AppleWebKit/537.36 (KHTML, like Gecko) Chrome/124.0.0.0 Safari/537.36"
109.106.251.75 - - [31/Oct/2024:08:03:25 +0000] "POST /wp-admin/admin-ajax.php?action=async_litespeed&nonce=TZog7r4yCkCZwKwQJK4nxapvOVmC3yzV&litespeed_type=imgoptm HTTP/1.1" 200 21 "-" "WordPress/6.6.2; https://lakoyanimedia.tech"
182.253.169.231 - - [31/Oct/2024:08:03:35 +0000] "GET /wp-login.php HTTP/1.1" 200 1821 "http://lakoyanimedia.tech/wp-login.php" "Mozilla/5.0 (Windows NT 10.0; Win64; x64) AppleWebKit/537.36 (KHTML, like Gecko) Chrome/124.0.0.0 Safari/537.36"
182.253.169.231 - - [31/Oct/2024:08:03:38 +0000] "POST /wp-login.php HTTP/1.1" 200 1946 "-" "Mozilla/5.0 (Windows NT 10.0; Win64; x64) AppleWebKit/537.36 (KHTML, like Gecko) Chrome/124.0.0.0 Safari/537.36"
185.51.38.18 - - [31/Oct/2024:08:03:41 +0000] "GET /wp-login.php HTTP/1.1" 200 1821 "http://lakoyanimedia.tech/wp-login.php" "Mozilla/5.0 (Windows NT 10.0; Win64; x64) AppleWebKit/537.36 (KHTML, like Gecko) Chrome/124.0.0.0 Safari/537.36"
185.51.38.18 - - [31/Oct/2024:08:03:42 +0000] "POST /wp-login.php HTTP/1.1" 200 1946 "-" "Mozilla/5.0 (Windows NT 10.0; Win64; x64) AppleWebKit/537.36 (KHTML, like Gecko) Chrome/124.0.0.0 Safari/537.36"
185.51.38.18 - - [31/Oct/2024:08:03:45 +0000] "GET /wp-login.php HTTP/1.1" 200 1821 "http://lakoyanimedia.tech/wp-login.php" "Mozilla/5.0 (Windows NT 10.0; Win64; x64) AppleWebKit/537.36 (KHTML, like Gecko) Chrome/124.0.0.0 Safari/537.36"
185.51.38.18 - - [31/Oct/2024:08:03:46 +0000] "POST /wp-login.php HTTP/1.1" 200 1946 "-" "Mozilla/5.0 (Windows NT 10.0; Win64; x64) AppleWebKit/537.36 (KHTML, like Gecko) Chrome/124.0.0.0 Safari/537.36"
82.197.65.232 - - [31/Oct/2024:08:04:11 +0000] "POST /xmlrpc.php HTTP/1.1" 200 226 "-" "Mozilla/5.0 (X11; Fedora; Linux x86_64; rv:94.0) Gecko/20100101 Firefox/95.0"
66.249.70.137 - - [31/Oct/2024:08:05:03 +0000] "GET /slot-thailand/?brandName=BENUATOTOshop-motorcycle-riding-gear-face-masks/beli-pakaian-bayi-laki-laki/beli-power-bank/sepatu-pria/ HTTP/1.1" 200 114316 "-" "Mozilla/5.0 (Linux; Android 6.0.1; Nexus 5X Build/MMB29P) AppleWebKit/537.36 (KHTML, like Gecko) Chrome/130.0.6723.69 Mobile Safari/537.36 (compatible; Googlebot/2.1; +http://www.google.com/bot.html)"
51.222.253.4 - - [31/Oct/2024:08:05:37 +0000] "GET /wp-includes/blocks.php HTTP/2" 200 0 "-" "Mozilla/5.0 (compatible; AhrefsBot/7.0; +http://ahrefs.com/robot/)"
66.249.70.139 - - [31/Oct/2024:08:06:06 +0000] "GET /slot-thailand/?brandName=BENUATOTOshop-motorcycle-riding-gear-face-masks/beli-pakaian-bayi-laki-laki/marketplace/jual-set-lingerie/ HTTP/1.1" 200 114485 "-" "Mozilla/5.0 (Linux; Android 6.0.1; Nexus 5X Build/MMB29P) AppleWebKit/537.36 (KHTML, like Gecko) Chrome/130.0.6723.69 Mobile Safari/537.36 (compatible; Googlebot/2.1; +http://www.google.com/bot.html)"
66.249.70.137 - - [31/Oct/2024:08:06:56 +0000] "GET /slot-thailand/?brandName=slot+bet+200+perakpayung-wanita/jual-remote-control-tv/aksesoris-perawatan-rambutcamping-dan-hiking/shop-automotive-tire-wheel-care/beli-keyboard-tablet/aksesoris-muslim-wanita/helpcenter/products-on-lazada/ HTTP/1.1" 200 124291 "-" "Mozilla/5.0 (Linux; Android 6.0.1; Nexus 5X Build/MMB29P) AppleWebKit/537.36 (KHTML, like Gecko) Chrome/130.0.6723.69 Mobile Safari/537.36 (compatible; GoogleOther)"
66.249.70.137 - - [31/Oct/2024:08:09:14 +0000] "GET /slot-thailand/?brandName=BENUATOTOshop-motorcycle-riding-gear-face-masks/beli-pakaian-bayi-laki-laki/pakaian-pria/marketplace/jual-sepatu-hiking-pria/beli-perawatan-kesehatan-pribadi/ HTTP/1.1" 200 118820 "-" "Mozilla/5.0 (Linux; Android 6.0.1; Nexus 5X Build/MMB29P) AppleWebKit/537.36 (KHTML, like Gecko) Chrome/130.0.6723.69 Mobile Safari/537.36 (compatible; Googlebot/2.1; +http://www.google.com/bot.html)"
109.106.251.75 - - [31/Oct/2024:08:12:18 +0000] "POST /wp-cron.php?doing_wp_cron=1730362338.4389529228210449218750 HTTP/1.1" 200 0 "-" "WordPress/6.6.2; https://lakoyanimedia.tech"
103.110.87.113 - - [31/Oct/2024:08:12:16 +0000] "POST /xmlrpc.php HTTP/1.1" 200 226 "-" "Mozilla/5.0 (X11; Fedora; Linux x86_64; rv:94.0) Gecko/20100101 Firefox/95.0"
109.106.251.75 - - [31/Oct/2024:08:12:18 +0000] "POST /wp-admin/admin-ajax.php?action=async_litespeed&nonce=qnIi6l1QzvSESY6I5pAd7tND7nlQgyeR&litespeed_type=imgoptm HTTP/1.1" 200 21 "-" "WordPress/6.6.2; https://lakoyanimedia.tech"
66.249.70.139 - - [31/Oct/2024:08:13:25 +0000] "GET /slot-thailand/?brandName=slot+bet+200+perakpayung-wanita/jual-remote-control-tv/aksesoris-perawatan-rambutcamping-dan-hiking/shop-automotive-tire-wheel-care/beli-alat-kesehatan-kecantikan/ HTTP/1.1" 200 119434 "-" "Mozilla/5.0 (Linux; Android 6.0.1; Nexus 5X Build/MMB29P) AppleWebKit/537.36 (KHTML, like Gecko) Chrome/130.0.6723.69 Mobile Safari/537.36 (compatible; Googlebot/2.1; +http://www.google.com/bot.html)"
66.249.70.137 - - [31/Oct/2024:08:14:22 +0000] "GET /slot-thailand/amp/?gacor=index.html HTTP/1.1" 304 0 "-" "Mozilla/5.0 (Linux; Android 6.0.1; Nexus 5X Build/MMB29P) AppleWebKit/537.36 (KHTML, like Gecko) Chrome/130.0.6723.69 Mobile Safari/537.36 (compatible; Googlebot/2.1; +http://www.google.com/bot.html)"
51.222.253.10 - - [31/Oct/2024:08:15:21 +0000] "GET /nm.php?download=L2hvbWUvbGFrb3lhbmkvcHVibGljX2h0bWwvZ3d6dGlzbS5waHA= HTTP/2" 404 11510 "-" "Mozilla/5.0 (compatible; AhrefsBot/7.0; +http://ahrefs.com/robot/)"
109.106.251.75 - - [31/Oct/2024:08:15:21 +0000] "POST /wp-cron.php?doing_wp_cron=1730362521.3686389923095703125000 HTTP/1.1" 200 0 "-" "WordPress/6.6.2; https://lakoyanimedia.tech"
109.106.251.75 - - [31/Oct/2024:08:15:21 +0000] "POST /wp-admin/admin-ajax.php?action=async_litespeed&nonce=dMcVIPlTNuFGAXXSLyfCzbP4bI3WPgjn&litespeed_type=imgoptm HTTP/1.1" 200 21 "-" "WordPress/6.6.2; https://lakoyanimedia.tech"
66.249.70.139 - - [31/Oct/2024:08:15:55 +0000] "GET /slot-thailand/?brandName=slot+bet+200+perakpayung-wanita/jual-remote-control-tv/shop-motorcycle-riding-gear-gloves/security/sarung-tangan-wanita/shop-motorcycle-riding-gear/ HTTP/1.1" 200 117873 "-" "Mozilla/5.0 (Linux; Android 6.0.1; Nexus 5X Build/MMB29P) AppleWebKit/537.36 (KHTML, like Gecko) Chrome/130.0.6723.69 Mobile Safari/537.36 (compatible; GoogleOther)"
109.106.251.75 - - [31/Oct/2024:08:17:03 +0000] "POST /wp-cron.php?doing_wp_cron=1730362622.9814400672912597656250 HTTP/1.1" 200 0 "-" "WordPress/6.6.2; https://lakoyanimedia.tech"
64.23.129.165 - - [31/Oct/2024:08:17:02 +0000] "POST /wp-login.php HTTP/1.1" 200 1939 "-" "Mozilla/5.0 (Windows NT 6.1; Win64; x64) AppleWebKit/537.36 (KHTML, like Gecko) Chrome/55.0.2883.87 Safari/537.36"
109.106.251.75 - - [31/Oct/2024:08:17:03 +0000] "POST /wp-admin/admin-ajax.php?action=async_litespeed&nonce=mjFqYef3QInXU9xf2n4QAQEm04z9sMG9&litespeed_type=imgoptm HTTP/1.1" 200 21 "-" "WordPress/6.6.2; https://lakoyanimedia.tech"
66.249.64.109 - - [31/Oct/2024:08:17:16 +0000] "GET /u/C808001 HTTP/1.1" 404 11509 "-" "Mozilla/5.0 (Linux; Android 6.0.1; Nexus 5X Build/MMB29P) AppleWebKit/537.36 (KHTML, like Gecko) Chrome/130.0.6723.69 Mobile Safari/537.36 (compatible; Googlebot/2.1; +http://www.google.com/bot.html)"
66.249.70.138 - - [31/Oct/2024:08:17:37 +0000] "GET /slot-thailand/?brandName=slot+bet+200+perakpayung-wanita/jual-remote-control-tv/aksesoris-perawatan-rambutcamping-dan-hiking/shop-automotive-tire-wheel-care/beli-keyboard-tablet/aksesoris-muslim-wanita/helpcenter/products-on-lazada/ HTTP/1.1" 200 124291 "-" "Mozilla/5.0 (Linux; Android 6.0.1; Nexus 5X Build/MMB29P) AppleWebKit/537.36 (KHTML, like Gecko) Chrome/130.0.6723.69 Mobile Safari/537.36 (compatible; Googlebot/2.1; +http://www.google.com/bot.html)"
