109.106.251.75 - - [30/Oct/2024:15:26:22 +0000] "POST /wp-cron.php?doing_wp_cron=1730301982.2600009441375732421875 HTTP/1.1" 200 0 "-" "WordPress/6.6.2; https://lakoyanimedia.tech"
109.106.251.75 - - [30/Oct/2024:15:26:23 +0000] "POST /wp-admin/admin-ajax.php?action=async_litespeed&nonce=QZl0MR8XLGF8p6QRoSrfKSKbSrmAVUv2&litespeed_type=imgoptm HTTP/1.1" 200 21 "-" "WordPress/6.6.2; https://lakoyanimedia.tech"
109.106.251.75 - - [30/Oct/2024:15:26:23 +0000] "POST /wp-cron.php?doing_wp_cron=1730301983.3239009380340576171875 HTTP/1.1" 200 0 "-" "WordPress/6.6.2; https://lakoyanimedia.tech"
82.118.30.3 - - [30/Oct/2024:15:26:23 +0000] "POST /wp-login.php HTTP/1.1" 200 6192 "-" "-"
109.106.251.75 - - [30/Oct/2024:15:28:47 +0000] "POST /wp-cron.php?doing_wp_cron=1730302127.9159529209136962890625 HTTP/1.1" 200 0 "-" "WordPress/6.6.2; https://lakoyanimedia.tech"
51.222.253.18 - - [30/Oct/2024:15:28:45 +0000] "GET /nm.php?download=L2hvbWUvbGFrb3lhbmkvcHVibGljX2h0bWwvZGVmYXVsdC5waHA= HTTP/2" 404 11510 "-" "Mozilla/5.0 (compatible; AhrefsBot/7.0; +http://ahrefs.com/robot/)"
109.106.251.75 - - [30/Oct/2024:15:28:48 +0000] "POST /wp-admin/admin-ajax.php?action=async_litespeed&nonce=UZVWR4DVLB4mtDrRGGSiMtLkyvOvDdKl&litespeed_type=imgoptm HTTP/1.1" 200 21 "-" "WordPress/6.6.2; https://lakoyanimedia.tech"
109.106.251.75 - - [30/Oct/2024:15:30:49 +0000] "POST /wp-cron.php?doing_wp_cron=1730302249.0368690490722656250000 HTTP/1.1" 200 0 "-" "WordPress/6.6.2; https://lakoyanimedia.tech"
87.120.113.120 - - [30/Oct/2024:15:30:47 +0000] "POST /wp-login.php HTTP/1.1" 200 1938 "https://lakoyanimedia.tech/wp-admin/" "Mozilla/5.0 (Windows NT 10.0; Win64; x64) AppleWebKit/537.36 (KHTML, like Gecko) Chrome/90.0.4430.85 Safari/537.36"
87.120.113.120 - - [30/Oct/2024:15:30:49 +0000] "GET /wp-admin/ HTTP/1.1" 302 0 "www.google.com" "Mozilla/5.0 (Windows NT 10.0; Win64; x64) AppleWebKit/537.36 (KHTML, like Gecko) Chrome/90.0.4430.85 Safari/537.36"
109.106.251.75 - - [30/Oct/2024:15:30:49 +0000] "POST /wp-admin/admin-ajax.php?action=async_litespeed&nonce=sRveAJB2t1IHY5vhUWFUNDUOBfbsJbEf&litespeed_type=imgoptm HTTP/1.1" 200 21 "-" "WordPress/6.6.2; https://lakoyanimedia.tech"
87.120.113.120 - - [30/Oct/2024:15:30:49 +0000] "GET /wp-login.php?redirect_to=https%3A%2F%2Flakoyanimedia.tech%2Fwp-admin%2F&reauth=1 HTTP/1.1" 200 1821 "www.google.com" "Mozilla/5.0 (Windows NT 10.0; Win64; x64) AppleWebKit/537.36 (KHTML, like Gecko) Chrome/90.0.4430.85 Safari/537.36"
109.106.251.75 - - [30/Oct/2024:15:35:51 +0000] "POST /wp-cron.php?doing_wp_cron=1730302551.9818620681762695312500 HTTP/1.1" 200 0 "-" "WordPress/6.6.2; https://lakoyanimedia.tech"
66.249.64.110 - - [30/Oct/2024:15:35:50 +0000] "GET /products/brad HTTP/1.1" 404 11510 "-" "Mozilla/5.0 (Linux; Android 6.0.1; Nexus 5X Build/MMB29P) AppleWebKit/537.36 (KHTML, like Gecko) Chrome/130.0.6723.69 Mobile Safari/537.36 (compatible; Googlebot/2.1; +http://www.google.com/bot.html)"
109.106.251.75 - - [30/Oct/2024:15:35:52 +0000] "POST /wp-admin/admin-ajax.php?action=async_litespeed&nonce=ShIepmqhNAKzCeWSVyJlgCl5mL2fbkZ3&litespeed_type=imgoptm HTTP/1.1" 200 21 "-" "WordPress/6.6.2; https://lakoyanimedia.tech"
66.249.70.138 - - [30/Oct/2024:15:36:17 +0000] "GET /slot-thailand/?brandName=BENUATOTOshop-motorcycle-riding-gear-face-masks/beli-pakaian-bayi-laki-laki/koper-anak-2/sepatu-pria/helpcenter/shipping-delivery/ HTTP/1.1" 200 117009 "-" "Mozilla/5.0 (Linux; Android 6.0.1; Nexus 5X Build/MMB29P) AppleWebKit/537.36 (KHTML, like Gecko) Chrome/130.0.6723.69 Mobile Safari/537.36 (compatible; GoogleOther)"
109.106.251.75 - - [30/Oct/2024:15:36:33 +0000] "POST /wp-admin/admin-ajax.php?action=async_litespeed&nonce=9qiApUxAMnVWpBMBUFC94AHR5fCx7u6V&litespeed_type=imgoptm HTTP/1.1" 200 21 "-" "WordPress/6.6.2; https://lakoyanimedia.tech"
109.106.251.75 - - [30/Oct/2024:15:37:29 +0000] "POST /wp-admin/admin-ajax.php?action=async_litespeed&nonce=E4UN8H6xL8jih6LAHqOInbaM2MN23GxI&litespeed_type=imgoptm HTTP/1.1" 200 21 "-" "WordPress/6.6.2; https://lakoyanimedia.tech"
45.88.186.17 - - [30/Oct/2024:15:37:39 +0000] "GET /wp-admin/network/ HTTP/1.1" 302 0 "binance.com" "Mozilla/5.0 (Windows NT 10.0; Win64; x64) AppleWebKit/537.36 (KHTML, like Gecko) Chrome/90.0.4430.85 Safari/537.36"
45.88.186.17 - - [30/Oct/2024:15:37:39 +0000] "GET /wp-login.php?redirect_to=https%3A%2F%2Flakoyanimedia.tech%2Fwp-admin%2Fnetwork%2F&reauth=1 HTTP/1.1" 200 1827 "binance.com" "Mozilla/5.0 (Windows NT 10.0; Win64; x64) AppleWebKit/537.36 (KHTML, like Gecko) Chrome/90.0.4430.85 Safari/537.36"
45.88.186.17 - - [30/Oct/2024:15:37:47 +0000] "GET /wp-admin/user/ HTTP/1.1" 302 0 "binance.com" "Mozilla/5.0 (Windows NT 10.0; Win64; x64) AppleWebKit/537.36 (KHTML, like Gecko) Chrome/90.0.4430.85 Safari/537.36"
45.88.186.17 - - [30/Oct/2024:15:37:47 +0000] "GET /wp-login.php?redirect_to=https%3A%2F%2Flakoyanimedia.tech%2Fwp-admin%2Fuser%2F&reauth=1 HTTP/1.1" 200 1824 "binance.com" "Mozilla/5.0 (Windows NT 10.0; Win64; x64) AppleWebKit/537.36 (KHTML, like Gecko) Chrome/90.0.4430.85 Safari/537.36"
66.249.64.110 - - [30/Oct/2024:15:38:06 +0000] "GET /cdn-cgi/challenge-platform/scripts/jsd/main.js HTTP/1.1" 404 11509 "-" "Mozilla/5.0 (Linux; Android 6.0.1; Nexus 5X Build/MMB29P) AppleWebKit/537.36 (KHTML, like Gecko) Chrome/130.0.6723.58 Mobile Safari/537.36 (compatible; Googlebot/2.1; +http://www.google.com/bot.html)"
109.106.251.75 - - [30/Oct/2024:15:39:05 +0000] "POST /wp-admin/admin-ajax.php?action=async_litespeed&nonce=Y9zhsPiGiUJHKWLJPbxWWAW7wU0qmQT1&litespeed_type=imgoptm HTTP/1.1" 200 21 "-" "WordPress/6.6.2; https://lakoyanimedia.tech"
104.43.104.245 - - [30/Oct/2024:15:44:10 +0000] "GET /wp-admin/user-new.php%20melis@temp2022!wp-login.php HTTP/1.1" 404 9424 "-" "Mozila/5.0"
109.106.251.75 - - [30/Oct/2024:15:44:10 +0000] "POST /wp-cron.php?doing_wp_cron=1730303050.8225569725036621093750 HTTP/1.1" 200 0 "-" "WordPress/6.6.2; https://lakoyanimedia.tech"
109.106.251.75 - - [30/Oct/2024:15:44:11 +0000] "POST /wp-admin/admin-ajax.php?action=async_litespeed&nonce=3H7i3XAsWhJ0C1MMg5rRsD5RdFQUHbuo&litespeed_type=imgoptm HTTP/1.1" 200 21 "-" "WordPress/6.6.2; https://lakoyanimedia.tech"
104.152.52.69 - - [30/Oct/2024:15:45:44 +0000] "GET / HTTP/1.1" 200 64670 "-" "curl/7.61.1"
66.249.70.138 - - [30/Oct/2024:15:48:29 +0000] "GET /slot-thailand/?brandName=BENUATOTOshop-motorcycle-riding-gear-face-masks/beli-pakaian-bayi-laki-laki/koper-anak-2/beli-alat-tulis-kerajinan/beli-kondomshop-Sapu-Sikat-Kemoceng/beli-rice-cooker/jual-tas-tote-pria/beli-mainan-terbang/beli-alas-mandi/shop-manajemen-kargo/beli-aksesoris-makeupblog/jual-sepatu-skateboard-wanita/sepak-bola/beli-makanan-minuman-pengendalian-hama/beli-perhiasan-anak/jual-aksesoris-memancing/beli-prosesor/beli-sirup/ HTTP/1.1" 200 145435 "-" "Mozilla/5.0 (Linux; Android 6.0.1; Nexus 5X Build/MMB29P) AppleWebKit/537.36 (KHTML, like Gecko) Chrome/130.0.6723.69 Mobile Safari/537.36 (compatible; GoogleOther)"
66.249.70.138 - - [30/Oct/2024:15:48:40 +0000] "GET /slot-thailand/?brandName=BENUATOTOshop-motorcycle-riding-gear-face-masks/beli-pakaian-bayi-laki-laki/koper-anak-2/beli-alat-tulis-kerajinan/beli-kondomshop-Sapu-Sikat-Kemoceng/beli-rice-cooker/jual-tas-tote-pria/beli-mainan-terbang/beli-alas-mandi/shop-manajemen-kargo/beli-aksesoris-makeupblog/jual-sepatu-skateboard-wanita/sepak-bola/beli-makanan-minuman-pengendalian-hama/beli-perhiasan-anak/jual-perlengkapan-kesehatan-seksual/beli-aksesoris-kamera-aksi/ HTTP/1.1" 200 146891 "-" "Mozilla/5.0 (Linux; Android 6.0.1; Nexus 5X Build/MMB29P) AppleWebKit/537.36 (KHTML, like Gecko) Chrome/130.0.6723.69 Mobile Safari/537.36 (compatible; GoogleOther)"
66.249.70.137 - - [30/Oct/2024:15:48:47 +0000] "GET /slot-thailand/?brandName=BENUATOTOshop-motorcycle-riding-gear-face-masks/beli-pakaian-bayi-laki-laki/koper-anak-2/shop-makanan-hewanoli-dan-pelumas/jual-perkakas-listrik/beli-pulpen/beli-timbangan-alat-ukur-kadar-lemak HTTP/1.1" 200 122456 "-" "Mozilla/5.0 (Linux; Android 6.0.1; Nexus 5X Build/MMB29P) AppleWebKit/537.36 (KHTML, like Gecko) Chrome/130.0.6723.69 Mobile Safari/537.36 (compatible; GoogleOther)"
66.249.70.137 - - [30/Oct/2024:15:48:53 +0000] "GET /slot-thailand/?brandName=BENUATOTOshop-motorcycle-riding-gear-face-masks/beli-pakaian-bayi-laki-laki/koper-anak-2/beli-alat-tulis-kerajinan/beli-kondomshop-Sapu-Sikat-Kemoceng/beli-rice-cooker/jual-tas-tote-pria/beli-mainan-terbang/beli-alas-mandi/shop-manajemen-kargo/beli-aksesoris-makeupblog/jual-sepatu-skateboard-wanita/sepak-bola/beli-makanan-minuman-pengendalian-hama/beli-perhiasan-anak/jual-aksesoris-memancing/beli-prosesor/jual-strap-tracker-aktivitas/ HTTP/1.1" 200 147236 "-" "Mozilla/5.0 (Linux; Android 6.0.1; Nexus 5X Build/MMB29P) AppleWebKit/537.36 (KHTML, like Gecko) Chrome/130.0.6723.69 Mobile Safari/537.36 (compatible; GoogleOther)"
66.249.70.138 - - [30/Oct/2024:15:48:58 +0000] "GET /slot-thailand/?brandName=BENUATOTOshop-motorcycle-riding-gear-face-masks/beli-pakaian-bayi-laki-laki/beli-printers/gantungan-handuk-dan-penghangat/jual-peralatan-survival-dan-keamanan/beli-detergen-popok-kain/ HTTP/1.1" 200 121696 "-" "Mozilla/5.0 (Linux; Android 6.0.1; Nexus 5X Build/MMB29P) AppleWebKit/537.36 (KHTML, like Gecko) Chrome/130.0.6723.69 Mobile Safari/537.36 (compatible; GoogleOther)"
66.249.70.138 - - [30/Oct/2024:15:49:03 +0000] "GET /slot-thailand/?brandName=BENUATOTOshop-motorcycle-riding-gear-face-masks/beli-pakaian-bayi-laki-laki/koper-anak-2/beli-alat-tulis-kerajinan/beli-kondomshop-Sapu-Sikat-Kemoceng/beli-rice-cooker/jual-tas-tote-pria/beli-mainan-terbang/beli-alas-mandi/shop-manajemen-kargo/beli-aksesoris-makeupblog/jual-sepatu-skateboard-wanita/sepak-bola/beli-makanan-minuman-pengendalian-hama/beli-perhiasan-anak/jual-aksesoris-memancing/beli-prosesor/jual-ban/ HTTP/1.1" 200 145184 "-" "Mozilla/5.0 (Linux; Android 6.0.1; Nexus 5X Build/MMB29P) AppleWebKit/537.36 (KHTML, like Gecko) Chrome/130.0.6723.69 Mobile Safari/537.36 (compatible; GoogleOther)"
66.249.70.137 - - [30/Oct/2024:15:49:08 +0000] "GET /slot-thailand/?brandName=BENUATOTOshop-motorcycle-riding-gear-face-masks/beli-pakaian-bayi-laki-laki/koper-anak-2/jual-pompa-asi/shop-paket-perawatan-mobil/beli-ledeng/beli-jam-tangan-anak-perempuan/ HTTP/1.1" 200 120585 "-" "Mozilla/5.0 (Linux; Android 6.0.1; Nexus 5X Build/MMB29P) AppleWebKit/537.36 (KHTML, like Gecko) Chrome/130.0.6723.69 Mobile Safari/537.36 (compatible; GoogleOther)"
66.249.70.138 - - [30/Oct/2024:15:49:12 +0000] "GET /slot-thailand/?brandName=BENUATOTOshop-motorcycle-riding-gear-face-masks/beli-pakaian-bayi-laki-laki/koper-anak-2/beli-handphoneshop-makanan-hewan HTTP/1.1" 200 116223 "-" "Mozilla/5.0 (Linux; Android 6.0.1; Nexus 5X Build/MMB29P) AppleWebKit/537.36 (KHTML, like Gecko) Chrome/130.0.6723.69 Mobile Safari/537.36 (compatible; GoogleOther)"
66.249.70.138 - - [30/Oct/2024:15:49:16 +0000] "GET /slot-thailand/?brandName=BENUATOTOshop-motorcycle-riding-gear-face-masks/beli-pakaian-bayi-laki-laki/koper-anak-2/beli-alat-tulis-kerajinan/beli-kondomshop-Sapu-Sikat-Kemoceng/beli-rice-cooker/jual-tas-tote-pria/beli-mainan-terbang/beli-alas-mandi/shop-manajemen-kargo/beli-aksesoris-makeupblog/jual-sepatu-skateboard-wanita/sepak-bola/beli-makanan-minuman-pengendalian-hama/beli-sistem-pengairan/beli-dermacarebeli-pemanas-air/ HTTP/1.1" 200 143436 "-" "Mozilla/5.0 (Linux; Android 6.0.1; Nexus 5X Build/MMB29P) AppleWebKit/537.36 (KHTML, like Gecko) Chrome/130.0.6723.69 Mobile Safari/537.36 (compatible; GoogleOther)"
66.249.70.138 - - [30/Oct/2024:15:49:19 +0000] "GET /slot-thailand/?brandName=BENUATOTOshop-motorcycle-riding-gear-face-masks/beli-pakaian-bayi-laki-laki/beli-handphoneolahraga-air/beli-keyboard/beli-makanan-minuman-mencuci-piring/ HTTP/1.1" 200 118858 "-" "Mozilla/5.0 (Linux; Android 6.0.1; Nexus 5X Build/MMB29P) AppleWebKit/537.36 (KHTML, like Gecko) Chrome/130.0.6723.69 Mobile Safari/537.36 (compatible; GoogleOther)"
66.249.70.137 - - [30/Oct/2024:15:49:23 +0000] "GET /slot-thailand/?brandName=BENUATOTOshop-motorcycle-riding-gear-face-masks/beli-pakaian-bayi-laki-laki/koper-anak-2/jual-pompa-asi/shop-paket-perawatan-mobil/shop-media-player/beli-pulpen/ HTTP/1.1" 200 119514 "-" "Mozilla/5.0 (Linux; Android 6.0.1; Nexus 5X Build/MMB29P) AppleWebKit/537.36 (KHTML, like Gecko) Chrome/130.0.6723.69 Mobile Safari/537.36 (compatible; GoogleOther)"
184.168.31.10 - - [30/Oct/2024:15:56:39 +0000] "POST /xmlrpc.php HTTP/1.1" 200 403 "-" "Mozilla/5.0 (Windows NT 10.0; WOW64; rv:54.0) Gecko/20100101 Firefox/54.0"
109.106.251.75 - - [30/Oct/2024:15:56:41 +0000] "POST /wp-cron.php?doing_wp_cron=1730303801.8556449413299560546875 HTTP/1.1" 200 0 "-" "WordPress/6.6.2; https://lakoyanimedia.tech"
109.106.251.75 - - [30/Oct/2024:15:56:42 +0000] "POST /wp-admin/admin-ajax.php?action=async_litespeed&nonce=VWxAxlsacTUgn3LrYqr8ulvoPzz2ELut&litespeed_type=imgoptm HTTP/1.1" 200 21 "-" "WordPress/6.6.2; https://lakoyanimedia.tech"
172.104.27.223 - - [30/Oct/2024:15:56:57 +0000] "POST /xmlrpc.php HTTP/1.1" 200 403 "-" "Mozilla/5.0 (Windows NT 10.0; Win64; x64) AppleWebKit/537.36 (KHTML, like Gecko) Chrome/90.0.4430.212 Safari/537.36"
123.30.240.103 - - [30/Oct/2024:15:57:05 +0000] "POST /xmlrpc.php HTTP/1.1" 200 403 "-" "Mozilla/5.0 (Windows NT 6.1; WOW64; rv:41.0) Gecko/20100101 Firefox/41.0"
43.156.98.190 - - [30/Oct/2024:15:57:07 +0000] "POST /xmlrpc.php HTTP/1.1" 200 403 "-" "Mozilla/5.0 (Windows NT 6.1; WOW64; rv:17.0) Gecko/20100101 Firefox/17.0"
46.4.101.67 - - [30/Oct/2024:15:57:14 +0000] "POST /xmlrpc.php HTTP/1.1" 200 403 "-" "Mozilla/5.0 (Windows NT 10.0; Win64; x64) AppleWebKit/537.36 (KHTML, like Gecko) Chrome/63.0.3239.132 Safari/537.36"
148.66.147.217 - - [30/Oct/2024:15:57:16 +0000] "POST /xmlrpc.php HTTP/1.1" 200 403 "-" "Mozilla/5.0 (Windows NT 6.1; WOW64; rv:43.0) Gecko/20100101 Firefox/43.0"
154.38.189.145 - - [30/Oct/2024:15:57:17 +0000] "POST /xmlrpc.php HTTP/1.1" 200 403 "-" "Mozilla/5.0 (Windows NT 10.0) AppleWebKit/537.36 (KHTML, like Gecko) Chrome/91.0.4472.114 Safari/537.36"
109.106.251.75 - - [30/Oct/2024:15:57:21 +0000] "POST /wp-cron.php?doing_wp_cron=1730303841.1300098896026611328125 HTTP/1.1" 200 0 "-" "WordPress/6.6.2; https://lakoyanimedia.tech"
66.29.141.32 - - [30/Oct/2024:15:57:20 +0000] "POST /xmlrpc.php HTTP/1.1" 200 403 "-" "Mozilla/5.0 (Linux; Android 10; LM-X420) AppleWebKit/537.36 (KHTML, like Gecko) Chrome/91.0.4472.114 Mobile Safari/537.36"
109.106.251.75 - - [30/Oct/2024:15:57:33 +0000] "POST /wp-cron.php?doing_wp_cron=1730303853.5538339614868164062500 HTTP/1.1" 200 0 "-" "WordPress/6.6.2; https://lakoyanimedia.tech"
85.128.54.15 - - [30/Oct/2024:15:57:33 +0000] "POST /xmlrpc.php HTTP/1.1" 200 403 "-" "Mozilla/5.0 (iPod; CPU iPhone OS 14_6 like Mac OS X) AppleWebKit/605.1.15 (KHTML, like Gecko) CriOS/91.0.4472.80 Mobile/15E148 Safari/604.1"
109.106.251.75 - - [30/Oct/2024:15:57:33 +0000] "POST /wp-admin/admin-ajax.php?action=async_litespeed&nonce=P17EChGHKk59rIYyAgOC2xQRqy323kW7&litespeed_type=imgoptm HTTP/1.1" 200 21 "-" "WordPress/6.6.2; https://lakoyanimedia.tech"
54.36.164.223 - - [30/Oct/2024:15:57:35 +0000] "POST /xmlrpc.php HTTP/1.1" 200 403 "-" "Mozilla/5.0 (Windows NT 10.0; Win64; x64) AppleWebKit/537.36 (KHTML, like Gecko) Chrome/88.0.4324.104 Safari/537.36"
66.249.70.137 - - [30/Oct/2024:16:02:37 +0000] "GET /slot-thailand/?brandName=BENUATOTOshop-motorcycle-riding-gear-face-masks/beli-pakaian-bayi-laki-laki/beli-perhiasan-anak/beli-perawatan-lantai/ HTTP/1.1" 200 115786 "-" "Mozilla/5.0 (Linux; Android 6.0.1; Nexus 5X Build/MMB29P) AppleWebKit/537.36 (KHTML, like Gecko) Chrome/130.0.6723.69 Mobile Safari/537.36 (compatible; GoogleOther)"
109.106.251.75 - - [30/Oct/2024:16:02:42 +0000] "POST /wp-cron.php?doing_wp_cron=1730304162.6638679504394531250000 HTTP/1.1" 200 0 "-" "WordPress/6.6.2; https://lakoyanimedia.tech"
51.222.253.17 - - [30/Oct/2024:16:02:40 +0000] "GET /nm.php?download=L2hvbWUvbGFrb3lhbmkvcHVibGljX2h0bWwveWRheGhucS5waHA= HTTP/2" 404 11510 "-" "Mozilla/5.0 (compatible; AhrefsBot/7.0; +http://ahrefs.com/robot/)"
109.106.251.75 - - [30/Oct/2024:16:02:42 +0000] "POST /wp-admin/admin-ajax.php?action=async_litespeed&nonce=gruRhiC2OdWgOGdnw7uAE8mbUjsYz1xj&litespeed_type=imgoptm HTTP/1.1" 200 21 "-" "WordPress/6.6.2; https://lakoyanimedia.tech"
92.255.85.164 - - [30/Oct/2024:16:08:23 +0000] "GET / HTTP/1.0" 200 64670 "https://lakoyanimedia.tech/" "Mozilla/5.0 (Windows NT 10.0; Win64; x64) AppleWebKit/537.36 (KHTML, like Gecko) Chrome/125.0.0.0 Safari/537.36"
109.106.251.75 - - [30/Oct/2024:16:08:23 +0000] "POST /wp-admin/admin-ajax.php?action=async_litespeed&nonce=uFIKzjtvg09MMmwK8h6nokauHBeTMZsF&litespeed_type=imgoptm HTTP/1.1" 200 21 "-" "WordPress/6.6.2; https://lakoyanimedia.tech"
92.255.85.164 - - [30/Oct/2024:16:08:24 +0000] "GET /contact/ HTTP/1.0" 200 92957 "https://lakoyanimedia.tech/contact/" "Mozilla/5.0 (Windows NT 10.0; Win64; x64) AppleWebKit/537.36 (KHTML, like Gecko) Chrome/125.0.0.0 Safari/537.36"
92.255.85.164 - - [30/Oct/2024:16:08:25 +0000] "POST /contact/ HTTP/1.0" 200 92885 "https://lakoyanimedia.tech/contact/" "Mozilla/5.0 (Windows NT 10.0; Win64; x64) AppleWebKit/537.36 (KHTML, like Gecko) Chrome/125.0.0.0 Safari/537.36"
66.249.70.138 - - [30/Oct/2024:16:14:54 +0000] "GET /slot-thailand/?brandName=BENUATOTOshop-motorcycle-riding-gear-face-masks/beli-pakaian-bayi-laki-laki/pakaian-pria/marketplace/ HTTP/1.1" 200 114006 "-" "Mozilla/5.0 (Linux; Android 6.0.1; Nexus 5X Build/MMB29P) AppleWebKit/537.36 (KHTML, like Gecko) Chrome/130.0.6723.69 Mobile Safari/537.36 (compatible; GoogleOther)"
66.249.70.137 - - [30/Oct/2024:16:19:57 +0000] "GET /slot-thailand/?brandName=BENUATOTOshop-motorcycle-riding-gear-face-masks/beli-pakaian-bayi-laki-laki/koper-anak-2/beli-alat-tulis-kerajinan/beli-kondomshop-Sapu-Sikat-Kemoceng/beli-rice-cooker/jual-tas-tote-pria/beli-mainan-terbang/beli-alas-mandi/shop-manajemen-kargo/beli-aksesoris-makeupblog/jual-sepatu-skateboard-wanita/sepak-bola/beli-makanan-minuman-pengendalian-hama/beli-sistem-pengairan/beli-dermacarebeli-pemanas-air/topi-wanita/ HTTP/1.1" 200 145035 "-" "Mozilla/5.0 (Linux; Android 6.0.1; Nexus 5X Build/MMB29P) AppleWebKit/537.36 (KHTML, like Gecko) Chrome/130.0.6723.69 Mobile Safari/537.36 (compatible; GoogleOther)"
66.249.70.137 - - [30/Oct/2024:16:20:10 +0000] "GET /slot-thailand/?brandName=BENUATOTOshop-motorcycle-riding-gear-face-masks/beli-pakaian-bayi-laki-laki/koper-anak-2/beli-alat-tulis-kerajinan/beli-kondomshop-Sapu-Sikat-Kemoceng/beli-rice-cooker/jual-tas-tote-pria/beli-mainan-terbang/beli-alas-mandi/shop-manajemen-kargo/beli-aksesoris-makeupblog/jual-sepatu-skateboard-wanita/sepak-bola/beli-makanan-minuman-pengendalian-hama/beli-perhiasan-anak/jual-aksesoris-memancing/beli-prosesor/jual-ban/shop-Camilan/ HTTP/1.1" 200 146678 "-" "Mozilla/5.0 (Linux; Android 6.0.1; Nexus 5X Build/MMB29P) AppleWebKit/537.36 (KHTML, like Gecko) Chrome/130.0.6723.69 Mobile Safari/537.36 (compatible; GoogleOther)"
66.249.70.137 - - [30/Oct/2024:16:20:21 +0000] "GET /slot-thailand/?brandName=BENUATOTOshop-motorcycle-riding-gear-face-masks/beli-pakaian-bayi-laki-laki/koper-anak-2/beli-alat-tulis-kerajinan/beli-kondomshop-Sapu-Sikat-Kemoceng/beli-rice-cooker/jual-tas-tote-pria/beli-mainan-terbang/beli-alas-mandi/shop-manajemen-kargo/beli-aksesoris-makeupblog/jual-sepatu-skateboard-wanita/sepak-bola/beli-makanan-minuman-pengendalian-hama/beli-perhiasan-anak/jual-aksesoris-memancing/beli-prosesor/jual-strap-tracker-aktivitas/shop-perlatan-besar/ HTTP/1.1" 200 149726 "-" "Mozilla/5.0 (Linux; Android 6.0.1; Nexus 5X Build/MMB29P) AppleWebKit/537.36 (KHTML, like Gecko) Chrome/130.0.6723.69 Mobile Safari/537.36 (compatible; GoogleOther)"
66.249.70.137 - - [30/Oct/2024:16:20:29 +0000] "GET /slot-thailand/?brandName=BENUATOTOshop-motorcycle-riding-gear-face-masks/beli-pakaian-bayi-laki-laki/koper-anak-2/beli-alat-tulis-kerajinan/beli-kondomshop-Sapu-Sikat-Kemoceng/beli-rice-cooker/jual-tas-tote-pria/beli-mainan-terbang/beli-alas-mandi/shop-manajemen-kargo/beli-aksesoris-makeupblog/jual-sepatu-skateboard-wanita/sepak-bola/beli-makanan-minuman-pengendalian-hama/beli-sistem-pengairan/beli-dermacarebeli-pemanas-air/beli-pancake-waffle/ HTTP/1.1" 200 146072 "-" "Mozilla/5.0 (Linux; Android 6.0.1; Nexus 5X Build/MMB29P) AppleWebKit/537.36 (KHTML, like Gecko) Chrome/130.0.6723.69 Mobile Safari/537.36 (compatible; GoogleOther)"
66.249.70.137 - - [30/Oct/2024:16:20:39 +0000] "GET /slot-thailand/?brandName=BENUATOTOshop-motorcycle-riding-gear-face-masks/beli-pakaian-bayi-laki-laki/koper-anak-2/jual-pompa-asi/shop-paket-perawatan-mobil/shop-media-player/beli-pulpen/olahraga-air/ HTTP/1.1" 200 120600 "-" "Mozilla/5.0 (Linux; Android 6.0.1; Nexus 5X Build/MMB29P) AppleWebKit/537.36 (KHTML, like Gecko) Chrome/130.0.6723.69 Mobile Safari/537.36 (compatible; GoogleOther)"
66.249.70.139 - - [30/Oct/2024:16:20:47 +0000] "GET /slot-thailand/?brandName=BENUATOTOshop-motorcycle-riding-gear-face-masks/beli-pakaian-bayi-laki-laki/koper-anak-2/beli-alat-tulis-kerajinan/beli-kondomshop-Sapu-Sikat-Kemoceng/beli-rice-cooker/jual-tas-tote-pria/beli-mainan-terbang/beli-alas-mandi/shop-manajemen-kargo/beli-aksesoris-makeupblog/jual-sepatu-skateboard-wanita/sepak-bola/beli-makanan-minuman-pengendalian-hama/beli-sistem-pengairan/beli-dermacarebeli-pemanas-air/jual-perlengkapan-kesehatan-seksual/ HTTP/1.1" 200 147817 "-" "Mozilla/5.0 (Linux; Android 6.0.1; Nexus 5X Build/MMB29P) AppleWebKit/537.36 (KHTML, like Gecko) Chrome/130.0.6723.69 Mobile Safari/537.36 (compatible; GoogleOther)"
66.249.70.140 - - [30/Oct/2024:16:20:54 +0000] "GET /slot-thailand/?brandName=BENUATOTOshop-motorcycle-riding-gear-face-masks/beli-pakaian-bayi-laki-laki/beli-handphoneolahraga-air/beli-keyboard/beli-makanan-minuman-mencuci-piring/jual-pelindung-layar/ HTTP/1.1" 200 120710 "-" "Mozilla/5.0 (Linux; Android 6.0.1; Nexus 5X Build/MMB29P) AppleWebKit/537.36 (KHTML, like Gecko) Chrome/130.0.6723.69 Mobile Safari/537.36 (compatible; GoogleOther)"
66.249.70.139 - - [30/Oct/2024:16:21:01 +0000] "GET /slot-thailand/?brandName=BENUATOTOshop-motorcycle-riding-gear-face-masks/beli-pakaian-bayi-laki-laki/beli-printers/gantungan-handuk-dan-penghangat/jual-peralatan-survival-dan-keamanan/beli-detergen-popok-kain/bulutangkis/ HTTP/1.1" 200 122956 "-" "Mozilla/5.0 (Linux; Android 6.0.1; Nexus 5X Build/MMB29P) AppleWebKit/537.36 (KHTML, like Gecko) Chrome/130.0.6723.69 Mobile Safari/537.36 (compatible; GoogleOther)"
66.249.70.138 - - [30/Oct/2024:16:21:07 +0000] "GET /slot-thailand/?brandName=BENUATOTOshop-motorcycle-riding-gear-face-masks/beli-pakaian-bayi-laki-laki/koper-anak-2/beli-alat-tulis-kerajinan/beli-kondomshop-Sapu-Sikat-Kemoceng/beli-rice-cooker/jual-tas-tote-pria/beli-mainan-terbang/beli-alas-mandi/shop-manajemen-kargo/beli-aksesoris-makeupblog/jual-sepatu-skateboard-wanita/sepak-bola/beli-makanan-minuman-pengendalian-hama/beli-perhiasan-anak/jual-aksesoris-memancing/beli-prosesor/jual-strap-tracker-aktivitas/baju-olahraga-pria/ HTTP/1.1" 200 149619 "-" "Mozilla/5.0 (Linux; Android 6.0.1; Nexus 5X Build/MMB29P) AppleWebKit/537.36 (KHTML, like Gecko) Chrome/130.0.6723.69 Mobile Safari/537.36 (compatible; GoogleOther)"
66.249.70.138 - - [30/Oct/2024:16:21:13 +0000] "GET /slot-thailand/?brandName=BENUATOTOshop-motorcycle-riding-gear-face-masks/beli-pakaian-bayi-laki-laki/koper-anak-2/beli-alat-tulis-kerajinan/beli-kondomshop-Sapu-Sikat-Kemoceng/beli-rice-cooker/jual-tas-tote-pria/beli-mainan-terbang/beli-alas-mandi/shop-manajemen-kargo/beli-aksesoris-makeupblog/jual-sepatu-skateboard-wanita/sepak-bola/beli-makanan-minuman-pengendalian-hama/beli-perhiasan-anak/jual-aksesoris-memancing/beli-prosesor/jual-strap-tracker-aktivitas/jual-sepatu-fitness-training-wanita/ HTTP/1.1" 200 150948 "-" "Mozilla/5.0 (Linux; Android 6.0.1; Nexus 5X Build/MMB29P) AppleWebKit/537.36 (KHTML, like Gecko) Chrome/130.0.6723.69 Mobile Safari/537.36 (compatible; GoogleOther)"
66.249.70.139 - - [30/Oct/2024:16:21:21 +0000] "GET /slot-thailand/?brandName=BENUATOTOshop-motorcycle-riding-gear-face-masks/beli-pakaian-bayi-laki-laki/koper-anak-2/beli-alat-tulis-kerajinan/beli-kondomshop-Sapu-Sikat-Kemoceng/beli-rice-cooker/jual-tas-tote-pria/beli-mainan-terbang/beli-alas-mandi/shop-manajemen-kargo/beli-aksesoris-makeupblog/jual-sepatu-skateboard-wanita/sepak-bola/beli-makanan-minuman-pengendalian-hama/beli-perhiasan-anak/jual-aksesoris-memancing/beli-prosesor/beli-sirup/jual-sepatu-jalan-wanita/ HTTP/1.1" 200 147593 "-" "Mozilla/5.0 (Linux; Android 6.0.1; Nexus 5X Build/MMB29P) AppleWebKit/537.36 (KHTML, like Gecko) Chrome/130.0.6723.69 Mobile Safari/537.36 (compatible; GoogleOther)"
66.249.70.138 - - [30/Oct/2024:16:21:26 +0000] "GET /slot-thailand/?brandName=BENUATOTOshop-motorcycle-riding-gear-face-masks/beli-pakaian-bayi-laki-laki/koper-anak-2/beli-alat-tulis-kerajinan/beli-kondomshop-Sapu-Sikat-Kemoceng/beli-rice-cooker/jual-tas-tote-pria/beli-mainan-terbang/beli-alas-mandi/shop-manajemen-kargo/beli-aksesoris-makeupblog/jual-sepatu-skateboard-wanita/sepak-bola/beli-makanan-minuman-pengendalian-hama/beli-perhiasan-anak/jual-aksesoris-memancing/beli-prosesor/jual-strap-tracker-aktivitas/tas-punggung-wanita/ HTTP/1.1" 200 149759 "-" "Mozilla/5.0 (Linux; Android 6.0.1; Nexus 5X Build/MMB29P) AppleWebKit/537.36 (KHTML, like Gecko) Chrome/130.0.6723.69 Mobile Safari/537.36 (compatible; GoogleOther)"
66.249.70.137 - - [30/Oct/2024:16:27:29 +0000] "GET /slot-thailand/?brandName=BENUATOTOshop-motorcycle-riding-gear-face-masks/beli-pakaian-bayi-laki-laki/beli-handphoneolahraga-air/beli-keyboard/beli-makanan-minuman-mencuci-piring/beli-ac/ HTTP/1.1" 200 119410 "-" "Mozilla/5.0 (Linux; Android 6.0.1; Nexus 5X Build/MMB29P) AppleWebKit/537.36 (KHTML, like Gecko) Chrome/130.0.6723.69 Mobile Safari/537.36 (compatible; GoogleOther)"
66.249.70.138 - - [30/Oct/2024:16:27:42 +0000] "GET /slot-thailand/?brandName=BENUATOTOshop-motorcycle-riding-gear-face-masks/beli-pakaian-bayi-laki-laki/koper-anak-2/olahraga-raket/helpcenter/payments/ HTTP/1.1" 200 116418 "-" "Mozilla/5.0 (Linux; Android 6.0.1; Nexus 5X Build/MMB29P) AppleWebKit/537.36 (KHTML, like Gecko) Chrome/130.0.6723.69 Mobile Safari/537.36 (compatible; GoogleOther)"
109.106.251.75 - - [30/Oct/2024:16:27:46 +0000] "POST /wp-cron.php?doing_wp_cron=1730305666.9002590179443359375000 HTTP/1.1" 200 0 "-" "WordPress/6.6.2; https://lakoyanimedia.tech"
51.222.253.10 - - [30/Oct/2024:16:27:45 +0000] "GET /nm.php?fm=true&edit=ttnxbwv.php&path=/home/lakoyani/public_html/ HTTP/2" 404 11511 "-" "Mozilla/5.0 (compatible; AhrefsBot/7.0; +http://ahrefs.com/robot/)"
109.106.251.75 - - [30/Oct/2024:16:27:47 +0000] "POST /wp-admin/admin-ajax.php?action=async_litespeed&nonce=a4XUqYRdyup86cfVsZTfrDiyk3Wr2CXo&litespeed_type=imgoptm HTTP/1.1" 200 21 "-" "WordPress/6.6.2; https://lakoyanimedia.tech"
66.249.64.110 - - [30/Oct/2024:16:30:33 +0000] "GET /cdn-cgi/challenge-platform/scripts/jsd/main.js HTTP/1.1" 404 11509 "-" "Mozilla/5.0 (Linux; Android 6.0.1; Nexus 5X Build/MMB29P) AppleWebKit/537.36 (KHTML, like Gecko) Chrome/130.0.6723.58 Mobile Safari/537.36 (compatible; Googlebot/2.1; +http://www.google.com/bot.html)"
109.106.251.75 - - [30/Oct/2024:16:30:41 +0000] "POST /wp-cron.php?doing_wp_cron=1730305841.6939120292663574218750 HTTP/1.1" 200 0 "-" "WordPress/6.6.2; https://lakoyanimedia.tech"
40.77.167.123 - - [30/Oct/2024:16:30:39 +0000] "GET /u/S1142967 HTTP/2" 404 11510 "-" "Mozilla/5.0 AppleWebKit/537.36 (KHTML, like Gecko; compatible; bingbot/2.0; +http://www.bing.com/bingbot.htm) Chrome/116.0.1938.76 Safari/537.36"
109.106.251.75 - - [30/Oct/2024:16:30:41 +0000] "POST /wp-admin/admin-ajax.php?action=async_litespeed&nonce=hlcWhnmAOvbSDHoXiUsrZ8sFVJbhEnNf&litespeed_type=imgoptm HTTP/1.1" 200 21 "-" "WordPress/6.6.2; https://lakoyanimedia.tech"
66.249.64.110 - - [30/Oct/2024:16:32:51 +0000] "GET /cdn-cgi/challenge-platform/scripts/jsd/main.js HTTP/1.1" 404 11509 "-" "Mozilla/5.0 (Linux; Android 6.0.1; Nexus 5X Build/MMB29P) AppleWebKit/537.36 (KHTML, like Gecko) Chrome/130.0.6723.58 Mobile Safari/537.36 (compatible; Googlebot/2.1; +http://www.google.com/bot.html)"
66.249.64.108 - - [30/Oct/2024:16:36:58 +0000] "GET /cdn-cgi/challenge-platform/scripts/jsd/main.js HTTP/1.1" 404 11509 "-" "Mozilla/5.0 (Linux; Android 6.0.1; Nexus 5X Build/MMB29P) AppleWebKit/537.36 (KHTML, like Gecko) Chrome/130.0.6723.58 Mobile Safari/537.36 (compatible; Googlebot/2.1; +http://www.google.com/bot.html)"
66.249.70.137 - - [30/Oct/2024:16:40:34 +0000] "GET /slot-thailand/?brandName=BENUATOTOshop-motorcycle-riding-gear-face-masks/beli-pakaian-bayi-laki-laki/tas-pria/shop-perlengkapan-olah-raga/ HTTP/1.1" 200 115439 "-" "Mozilla/5.0 (Linux; Android 6.0.1; Nexus 5X Build/MMB29P) AppleWebKit/537.36 (KHTML, like Gecko) Chrome/130.0.6723.69 Mobile Safari/537.36 (compatible; GoogleOther)"
87.98.173.252 - - [30/Oct/2024:16:44:59 +0000] "POST /wp-login.php HTTP/1.1" 200 1967 "-" "Mozilla/5.0 (Windows NT 10.0; WOW64) AppleWebKit/537.36 (KHTML, like Gecko) Chrome/55.0.2883.87 Safari/537.36"
109.106.251.75 - - [30/Oct/2024:16:45:00 +0000] "POST /wp-cron.php?doing_wp_cron=1730306700.2372229099273681640625 HTTP/1.1" 200 0 "-" "WordPress/6.6.2; https://lakoyanimedia.tech"
109.106.251.75 - - [30/Oct/2024:16:45:01 +0000] "POST /wp-admin/admin-ajax.php?action=async_litespeed&nonce=R4ZwQmMwguXypRXzHdQo03kxNGb9TK81&litespeed_type=imgoptm HTTP/1.1" 200 21 "-" "WordPress/6.6.2; https://lakoyanimedia.tech"
66.249.70.137 - - [30/Oct/2024:16:46:50 +0000] "GET /slot-thailand/amp/?gacor=index.html HTTP/1.1" 304 0 "-" "Mozilla/5.0 (Linux; Android 6.0.1; Nexus 5X Build/MMB29P) AppleWebKit/537.36 (KHTML, like Gecko) Chrome/130.0.6723.69 Mobile Safari/537.36 (compatible; Googlebot/2.1; +http://www.google.com/bot.html)"
66.249.70.137 - - [30/Oct/2024:16:48:19 +0000] "GET /slot-thailand/?brandName=BENUATOTOshop-motorcycle-riding-gear-face-masks/beli-pakaian-bayi-laki-laki/beli-perhiasan-pria/beli-baterai/ HTTP/1.1" 200 115135 "-" "Mozilla/5.0 (Linux; Android 6.0.1; Nexus 5X Build/MMB29P) AppleWebKit/537.36 (KHTML, like Gecko) Chrome/130.0.6723.69 Mobile Safari/537.36 (compatible; GoogleOther)"
66.249.70.138 - - [30/Oct/2024:16:48:24 +0000] "GET /slot-thailand/?brandName=BENUATOTOshop-motorcycle-riding-gear-face-masks/beli-pakaian-bayi-laki-laki/beli-perhiasan-anak/helpcenter/orders-payment/ HTTP/1.1" 200 116222 "-" "Mozilla/5.0 (Linux; Android 6.0.1; Nexus 5X Build/MMB29P) AppleWebKit/537.36 (KHTML, like Gecko) Chrome/130.0.6723.69 Mobile Safari/537.36 (compatible; GoogleOther)"
66.249.70.137 - - [30/Oct/2024:16:48:29 +0000] "GET /slot-thailand/?brandName=BENUATOTOshop-motorcycle-riding-gear-face-masks/beli-pakaian-bayi-laki-laki/koper-anak-2/beli-perlengkapan-mandi-perawatan-kulit-anak/beli-losion-krim-tubuh HTTP/1.1" 200 119075 "-" "Mozilla/5.0 (Linux; Android 6.0.1; Nexus 5X Build/MMB29P) AppleWebKit/537.36 (KHTML, like Gecko) Chrome/130.0.6723.69 Mobile Safari/537.36 (compatible; GoogleOther)"
66.249.70.137 - - [30/Oct/2024:16:48:34 +0000] "GET /slot-thailand/?brandName=BENUATOTOshop-motorcycle-riding-gear-face-masks/beli-pakaian-bayi-laki-laki/beli-perlengkapan-mandi-tubuh/pakaian-renang-dan-selancar-pria/ HTTP/1.1" 200 117418 "-" "Mozilla/5.0 (Linux; Android 6.0.1; Nexus 5X Build/MMB29P) AppleWebKit/537.36 (KHTML, like Gecko) Chrome/130.0.6723.69 Mobile Safari/537.36 (compatible; GoogleOther)"
66.249.70.137 - - [30/Oct/2024:16:48:40 +0000] "GET /slot-thailand/?brandName=BENUATOTOshop-motorcycle-riding-gear-face-masks/beli-pakaian-bayi-laki-laki/beli-printers/beli-kabel-handphone/ HTTP/1.1" 200 114941 "-" "Mozilla/5.0 (Linux; Android 6.0.1; Nexus 5X Build/MMB29P) AppleWebKit/537.36 (KHTML, like Gecko) Chrome/130.0.6723.69 Mobile Safari/537.36 (compatible; GoogleOther)"
66.249.70.137 - - [30/Oct/2024:16:48:46 +0000] "GET /slot-thailand/?brandName=BENUATOTOshop-motorcycle-riding-gear-face-masks/beli-pakaian-bayi-laki-laki/koper-anak-2/beli-alat-tulis-kerajinan/beli-sepatu-bayi-laki-laki/ HTTP/1.1" 200 117669 "-" "Mozilla/5.0 (Linux; Android 6.0.1; Nexus 5X Build/MMB29P) AppleWebKit/537.36 (KHTML, like Gecko) Chrome/130.0.6723.69 Mobile Safari/537.36 (compatible; GoogleOther)"
66.249.70.139 - - [30/Oct/2024:16:48:52 +0000] "GET /slot-thailand/?brandName=BENUATOTOshop-motorcycle-riding-gear-face-masks/beli-pakaian-bayi-laki-laki/sepatu-wanita/beli-perawatan-rambut/tenis-meja/ HTTP/1.1" 200 115901 "-" "Mozilla/5.0 (Linux; Android 6.0.1; Nexus 5X Build/MMB29P) AppleWebKit/537.36 (KHTML, like Gecko) Chrome/130.0.6723.69 Mobile Safari/537.36 (compatible; GoogleOther)"
66.249.70.138 - - [30/Oct/2024:16:48:59 +0000] "GET /slot-thailand/?brandName=BENUATOTOshop-motorcycle-riding-gear-face-masks/beli-pakaian-bayi-laki-laki/koper-anak-2/sepatu-wanita/beli-protein HTTP/1.1" 200 115110 "-" "Mozilla/5.0 (Linux; Android 6.0.1; Nexus 5X Build/MMB29P) AppleWebKit/537.36 (KHTML, like Gecko) Chrome/130.0.6723.69 Mobile Safari/537.36 (compatible; GoogleOther)"
192.186.172.26 - - [30/Oct/2024:16:48:59 +0000] "POST /xmlrpc.php HTTP/2" 200 0 "-" "Mozilla/5.0 (Macintosh; Intel Mac OS X 10_15_4) AppleWebKit/533.36 (KHTML, like Gecko111) Chrome/96.5 Safari/532.34"
66.249.70.137 - - [30/Oct/2024:16:49:05 +0000] "GET /slot-thailand/?brandName=BENUATOTOshop-motorcycle-riding-gear-face-masks/beli-pakaian-bayi-laki-laki/koper-anak-2/shop-gaming-konsol/olahraga-hoki/ HTTP/1.1" 200 116213 "-" "Mozilla/5.0 (Linux; Android 6.0.1; Nexus 5X Build/MMB29P) AppleWebKit/537.36 (KHTML, like Gecko) Chrome/130.0.6723.69 Mobile Safari/537.36 (compatible; GoogleOther)"
66.249.70.137 - - [30/Oct/2024:16:49:11 +0000] "GET /slot-thailand/?brandName=BENUATOTOshop-motorcycle-riding-gear-face-masks/beli-pakaian-bayi-laki-laki/koper-anak-2/beli-perawatan-rambut/beli-kursi-roda HTTP/1.1" 200 116374 "-" "Mozilla/5.0 (Linux; Android 6.0.1; Nexus 5X Build/MMB29P) AppleWebKit/537.36 (KHTML, like Gecko) Chrome/130.0.6723.69 Mobile Safari/537.36 (compatible; GoogleOther)"
66.249.70.137 - - [30/Oct/2024:16:49:18 +0000] "GET /slot-thailand/?brandName=BENUATOTOshop-motorcycle-riding-gear-face-masks/beli-pakaian-bayi-laki-laki/koper-anak-2/roda-dan-ban/perangkat-seprei/ HTTP/1.1" 200 116234 "-" "Mozilla/5.0 (Linux; Android 6.0.1; Nexus 5X Build/MMB29P) AppleWebKit/537.36 (KHTML, like Gecko) Chrome/130.0.6723.69 Mobile Safari/537.36 (compatible; GoogleOther)"
66.249.70.138 - - [30/Oct/2024:16:49:24 +0000] "GET /slot-thailand/?brandName=BENUATOTOshop-motorcycle-riding-gear-face-masks/beli-pakaian-bayi-laki-laki/beli-komputer/jual-aksesori-lingerie-wanita/ HTTP/1.1" 200 116240 "-" "Mozilla/5.0 (Linux; Android 6.0.1; Nexus 5X Build/MMB29P) AppleWebKit/537.36 (KHTML, like Gecko) Chrome/130.0.6723.69 Mobile Safari/537.36 (compatible; GoogleOther)"
103.188.82.198 - - [30/Oct/2024:17:00:17 +0000] "POST /wp-login.php HTTP/1.1" 200 1968 "-" "Mozilla/5.0 (Windows NT 6.1; Win64; x64) AppleWebKit/537.36 (KHTML, like Gecko) Chrome/70.0.3538.67 Safari/537.36"
109.106.251.75 - - [30/Oct/2024:17:00:20 +0000] "POST /wp-admin/admin-ajax.php?action=async_litespeed&nonce=S6YyGHNypynEckGWVkqpcYmB42Uur5pP&litespeed_type=imgoptm HTTP/1.1" 200 21 "-" "WordPress/6.6.2; https://lakoyanimedia.tech"
109.106.251.75 - - [30/Oct/2024:17:00:20 +0000] "POST /wp-cron.php?doing_wp_cron=1730307620.1890850067138671875000 HTTP/1.1" 200 0 "-" "WordPress/6.6.2; https://lakoyanimedia.tech"
66.249.64.108 - - [30/Oct/2024:17:02:00 +0000] "GET /cdn-cgi/challenge-platform/scripts/jsd/main.js HTTP/1.1" 404 11510 "-" "Mozilla/5.0 (Linux; Android 6.0.1; Nexus 5X Build/MMB29P) AppleWebKit/537.36 (KHTML, like Gecko) Chrome/130.0.6723.58 Mobile Safari/537.36 (compatible; Googlebot/2.1; +http://www.google.com/bot.html)"
109.106.251.75 - - [30/Oct/2024:17:02:00 +0000] "POST /wp-admin/admin-ajax.php?action=async_litespeed&nonce=6ey5koTFtCQV2vRaNCJRWf0Smky4lGvR&litespeed_type=imgoptm HTTP/1.1" 200 21 "-" "WordPress/6.6.2; https://lakoyanimedia.tech"
109.106.251.75 - - [30/Oct/2024:17:02:00 +0000] "POST /wp-cron.php?doing_wp_cron=1730307720.5871779918670654296875 HTTP/1.1" 200 0 "-" "WordPress/6.6.2; https://lakoyanimedia.tech"
51.222.253.19 - - [30/Oct/2024:17:02:27 +0000] "GET /nm.php?fm=true&rename=govlink.gov.php&path=/home/lakoyani/public_html/ HTTP/2" 404 11511 "-" "Mozilla/5.0 (compatible; AhrefsBot/7.0; +http://ahrefs.com/robot/)"
109.106.251.75 - - [30/Oct/2024:17:02:27 +0000] "POST /wp-cron.php?doing_wp_cron=1730307747.3798298835754394531250 HTTP/1.1" 200 0 "-" "WordPress/6.6.2; https://lakoyanimedia.tech"
109.106.251.75 - - [30/Oct/2024:17:02:27 +0000] "POST /wp-admin/admin-ajax.php?action=async_litespeed&nonce=g7dN943G7WkbcnZ34LzKOD61CmjiUvBq&litespeed_type=imgoptm HTTP/1.1" 200 21 "-" "WordPress/6.6.2; https://lakoyanimedia.tech"
66.249.70.138 - - [30/Oct/2024:17:06:17 +0000] "GET /slot-thailand/?brandName=BENUATOTOshop-motorcycle-riding-gear-face-masks/beli-pakaian-bayi-laki-laki/koper-anak-2/beli-aksesori-handphone HTTP/1.1" 200 115283 "-" "Mozilla/5.0 (Linux; Android 6.0.1; Nexus 5X Build/MMB29P) AppleWebKit/537.36 (KHTML, like Gecko) Chrome/130.0.6723.69 Mobile Safari/537.36 (compatible; GoogleOther)"
109.106.251.75 - - [30/Oct/2024:17:06:49 +0000] "POST /wp-cron.php?doing_wp_cron=1730308009.5146920680999755859375 HTTP/1.1" 200 0 "-" "WordPress/6.6.2; https://lakoyanimedia.tech"
66.249.64.108 - - [30/Oct/2024:17:06:47 +0000] "GET /u/E1244540 HTTP/1.1" 404 11510 "-" "Mozilla/5.0 (Linux; Android 6.0.1; Nexus 5X Build/MMB29P) AppleWebKit/537.36 (KHTML, like Gecko) Chrome/130.0.6723.69 Mobile Safari/537.36 (compatible; Googlebot/2.1; +http://www.google.com/bot.html)"
109.106.251.75 - - [30/Oct/2024:17:06:49 +0000] "POST /wp-admin/admin-ajax.php?action=async_litespeed&nonce=vzM0CixNs9mfs23snIPNiMfcJUgVwl1T&litespeed_type=imgoptm HTTP/1.1" 200 21 "-" "WordPress/6.6.2; https://lakoyanimedia.tech"
66.249.70.138 - - [30/Oct/2024:17:07:32 +0000] "GET /slot-thailand/?brandName=BENUATOTOshop-motorcycle-riding-gear-face-masks/beli-pakaian-bayi-laki-laki/koper-anak-2/beli-alat-tulis-kerajinan/beli-kondomshop-Sapu-Sikat-Kemoceng/beli-rice-cooker/jual-tas-tote-pria/beli-mainan-terbang/beli-alas-mandi/shop-manajemen-kargo/beli-aksesoris-makeupblog/jual-sepatu-skateboard-wanita/sepak-bola/beli-makanan-minuman-pengendalian-hama/beli-perhiasan-anak/jual-aksesoris-memancing/beli-prosesor/jual-strap-tracker-aktivitas/jual-sepatu-fitness-training-wanita/hoodie-sweatshirt-wanita/ HTTP/1.1" 200 154561 "-" "Mozilla/5.0 (Linux; Android 6.0.1; Nexus 5X Build/MMB29P) AppleWebKit/537.36 (KHTML, like Gecko) Chrome/130.0.6723.69 Mobile Safari/537.36 (compatible; GoogleOther)"
109.106.251.75 - - [30/Oct/2024:17:15:23 +0000] "POST /wp-cron.php?doing_wp_cron=1730308523.9322500228881835937500 HTTP/1.1" 200 0 "-" "WordPress/6.6.2; https://lakoyanimedia.tech"
148.72.214.194 - - [30/Oct/2024:17:15:22 +0000] "POST /wp-login.php HTTP/1.1" 200 1938 "-" "Mozilla/5.0 (Windows NT 6.3; Win64; x64) AppleWebKit/537.36 (KHTML, like Gecko) Chrome/65.0.3325.181 Safari/537.36"
109.106.251.75 - - [30/Oct/2024:17:15:24 +0000] "POST /wp-admin/admin-ajax.php?action=async_litespeed&nonce=tYD0D6Q4xLCpvW8z9KrWU7kVBWxJ46VM&litespeed_type=imgoptm HTTP/1.1" 200 21 "-" "WordPress/6.6.2; https://lakoyanimedia.tech"
109.106.251.75 - - [30/Oct/2024:17:17:07 +0000] "POST /wp-cron.php?doing_wp_cron=1730308627.5863199234008789062500 HTTP/1.1" 200 0 "-" "WordPress/6.6.2; https://lakoyanimedia.tech"
51.222.253.4 - - [30/Oct/2024:17:17:05 +0000] "GET /nm.php?fm=true&rename=ttnxbwv.php&path=/home/lakoyani/public_html/ HTTP/2" 404 11509 "-" "Mozilla/5.0 (compatible; AhrefsBot/7.0; +http://ahrefs.com/robot/)"
109.106.251.75 - - [30/Oct/2024:17:17:07 +0000] "POST /wp-admin/admin-ajax.php?action=async_litespeed&nonce=v2oc5o18TuESGd96yYz8EdvwIQ33A6FZ&litespeed_type=imgoptm HTTP/1.1" 200 21 "-" "WordPress/6.6.2; https://lakoyanimedia.tech"
66.249.64.110 - - [30/Oct/2024:17:18:27 +0000] "GET /cdn-cgi/challenge-platform/scripts/jsd/main.js HTTP/1.1" 404 11510 "-" "Mozilla/5.0 (Linux; Android 6.0.1; Nexus 5X Build/MMB29P) AppleWebKit/537.36 (KHTML, like Gecko) Chrome/130.0.6723.58 Mobile Safari/537.36 (compatible; Googlebot/2.1; +http://www.google.com/bot.html)"
66.249.70.137 - - [30/Oct/2024:17:19:12 +0000] "GET /slot-thailand/?brandName=BENUATOTOshop-motorcycle-riding-gear-face-masks/beli-pakaian-bayi-laki-laki/koper-anak-2/beli-suplemen-makanan/beli-sistem-pengairan/ HTTP/1.1" 200 117266 "-" "Mozilla/5.0 (Linux; Android 6.0.1; Nexus 5X Build/MMB29P) AppleWebKit/537.36 (KHTML, like Gecko) Chrome/130.0.6723.69 Mobile Safari/537.36 (compatible; GoogleOther)"
66.249.70.138 - - [30/Oct/2024:17:19:18 +0000] "GET /slot-thailand/?brandName=BENUATOTOshop-motorcycle-riding-gear-face-masks/beli-pakaian-bayi-laki-laki/beli-perawatan-rumah/beli-perlengkapan-mandi-bayi-bb/ HTTP/1.1" 200 116454 "-" "Mozilla/5.0 (Linux; Android 6.0.1; Nexus 5X Build/MMB29P) AppleWebKit/537.36 (KHTML, like Gecko) Chrome/130.0.6723.69 Mobile Safari/537.36 (compatible; GoogleOther)"
66.249.70.137 - - [30/Oct/2024:17:19:24 +0000] "GET /slot-thailand/?brandName=BENUATOTOshop-motorcycle-riding-gear-face-masks/beli-pakaian-bayi-laki-laki/koper-anak-2/sepatu-pria/beli-potty-training/ HTTP/1.1" 200 116295 "-" "Mozilla/5.0 (Linux; Android 6.0.1; Nexus 5X Build/MMB29P) AppleWebKit/537.36 (KHTML, like Gecko) Chrome/130.0.6723.69 Mobile Safari/537.36 (compatible; GoogleOther)"
109.106.251.75 - - [30/Oct/2024:17:19:25 +0000] "POST /wp-cron.php?doing_wp_cron=1730308765.7219719886779785156250 HTTP/1.1" 200 0 "-" "WordPress/6.6.2; https://lakoyanimedia.tech"
120.34.64.104 - - [30/Oct/2024:17:19:23 +0000] "POST /wp/wp-login.php HTTP/1.1" 404 9377 "-" "Mozilla/5.0 (Windows NT 6.1; Win64; x64) AppleWebKit/537.36 (KHTML, like Gecko) Chrome/92.0.4515.159 Safari/537.36"
109.106.251.75 - - [30/Oct/2024:17:19:26 +0000] "POST /wp-admin/admin-ajax.php?action=async_litespeed&nonce=xe8ssjka8q00fk3GtNTOoNlHCklVATr9&litespeed_type=imgoptm HTTP/1.1" 200 21 "-" "WordPress/6.6.2; https://lakoyanimedia.tech"
66.249.70.138 - - [30/Oct/2024:17:19:29 +0000] "GET /slot-thailand/?brandName=BENUATOTOshop-motorcycle-riding-gear-face-masks/beli-pakaian-bayi-laki-laki/koper-anak-2/shop-kesehatan-hewan-peliharaanbeli-indoor-climbers-play-structure-tg/ HTTP/1.1" 200 119354 "-" "Mozilla/5.0 (Linux; Android 6.0.1; Nexus 5X Build/MMB29P) AppleWebKit/537.36 (KHTML, like Gecko) Chrome/130.0.6723.69 Mobile Safari/537.36 (compatible; GoogleOther)"
66.249.70.138 - - [30/Oct/2024:17:19:34 +0000] "GET /slot-thailand/?brandName=BENUATOTOshop-motorcycle-riding-gear-face-masks/beli-pakaian-bayi-laki-laki/koper-anak-2/beli-perlengkapan-mandi-perawatan-kulit-anak/beli-kesehatan-gigi-anjing/ HTTP/1.1" 200 119441 "-" "Mozilla/5.0 (Linux; Android 6.0.1; Nexus 5X Build/MMB29P) AppleWebKit/537.36 (KHTML, like Gecko) Chrome/130.0.6723.69 Mobile Safari/537.36 (compatible; GoogleOther)"
66.249.70.137 - - [30/Oct/2024:17:19:41 +0000] "GET /slot-thailand/?brandName=BENUATOTOshop-motorcycle-riding-gear-face-masks/beli-pakaian-bayi-laki-laki/koper-anak-2/baju-muslim-wanita/beli-sarung-pelindung-tas-kamera/ HTTP/1.1" 200 118201 "-" "Mozilla/5.0 (Linux; Android 6.0.1; Nexus 5X Build/MMB29P) AppleWebKit/537.36 (KHTML, like Gecko) Chrome/130.0.6723.69 Mobile Safari/537.36 (compatible; GoogleOther)"
47.236.194.31 - - [30/Oct/2024:17:19:41 +0000] "GET /wp-login.php HTTP/1.1" 200 1821 "-" "Mozilla/5.0 (Linux; Android 11; Redmi Note 9 Pro Build/RKQ1.200826.002; wv) AppleWebKit/5310.36 (KHTML, like Gecko) Version/4.0 Chrome/90.0.4430.210 Mobile Safari/5310.36"
47.236.194.31 - - [30/Oct/2024:17:19:42 +0000] "GET /blog/wp-login.php HTTP/1.1" 404 9424 "-" "Mozilla/5.0 (Linux; Android 11; Redmi Note 9 Pro Build/RKQ1.200826.002; wv) AppleWebKit/5310.36 (KHTML, like Gecko) Version/4.0 Chrome/90.0.4430.210 Mobile Safari/5310.36"
47.236.194.31 - - [30/Oct/2024:17:19:43 +0000] "GET /administrator/index.php HTTP/1.1" 301 0 "-" "Mozilla/5.0 (Linux; Android 11; Redmi Note 9 Pro Build/RKQ1.200826.002; wv) AppleWebKit/5310.36 (KHTML, like Gecko) Version/4.0 Chrome/90.0.4430.210 Mobile Safari/5310.36"
47.236.194.31 - - [30/Oct/2024:17:19:44 +0000] "GET /administrator/ HTTP/1.1" 404 9418 "-" "Mozilla/5.0 (Linux; Android 11; Redmi Note 9 Pro Build/RKQ1.200826.002; wv) AppleWebKit/5310.36 (KHTML, like Gecko) Version/4.0 Chrome/90.0.4430.210 Mobile Safari/5310.36"
66.249.70.139 - - [30/Oct/2024:17:19:44 +0000] "GET /slot-thailand/?brandName=BENUATOTOshop-motorcycle-riding-gear-face-masks/beli-pakaian-bayi-laki-laki/koper-anak-2/baju-olahraga-pria/beli-aksesori-bayi-laki-laki/ HTTP/1.1" 200 117360 "-" "Mozilla/5.0 (Linux; Android 6.0.1; Nexus 5X Build/MMB29P) AppleWebKit/537.36 (KHTML, like Gecko) Chrome/130.0.6723.69 Mobile Safari/537.36 (compatible; GoogleOther)"
47.236.194.31 - - [30/Oct/2024:17:19:45 +0000] "GET /admin/index.php HTTP/1.1" 301 0 "-" "Mozilla/5.0 (Linux; Android 11; Redmi Note 9 Pro Build/RKQ1.200826.002; wv) AppleWebKit/5310.36 (KHTML, like Gecko) Version/4.0 Chrome/90.0.4430.210 Mobile Safari/5310.36"
47.236.194.31 - - [30/Oct/2024:17:19:45 +0000] "GET /admin/ HTTP/1.1" 302 0 "-" "Mozilla/5.0 (Linux; Android 11; Redmi Note 9 Pro Build/RKQ1.200826.002; wv) AppleWebKit/5310.36 (KHTML, like Gecko) Version/4.0 Chrome/90.0.4430.210 Mobile Safari/5310.36"
47.236.194.31 - - [30/Oct/2024:17:19:46 +0000] "GET /wp-admin/ HTTP/1.1" 302 0 "-" "Mozilla/5.0 (Linux; Android 11; Redmi Note 9 Pro Build/RKQ1.200826.002; wv) AppleWebKit/5310.36 (KHTML, like Gecko) Version/4.0 Chrome/90.0.4430.210 Mobile Safari/5310.36"
47.236.194.31 - - [30/Oct/2024:17:19:46 +0000] "GET /wp-login.php?redirect_to=https%3A%2F%2Flakoyanimedia.tech%2Fwp-admin%2F&reauth=1 HTTP/1.1" 200 1821 "-" "Mozilla/5.0 (Linux; Android 11; Redmi Note 9 Pro Build/RKQ1.200826.002; wv) AppleWebKit/5310.36 (KHTML, like Gecko) Version/4.0 Chrome/90.0.4430.210 Mobile Safari/5310.36"
47.236.194.31 - - [30/Oct/2024:17:19:47 +0000] "GET /wp-login.php HTTP/1.1" 200 1821 "-" "python-requests/2.32.3"
66.249.70.139 - - [30/Oct/2024:17:19:47 +0000] "GET /slot-thailand/?brandName=BENUATOTOshop-motorcycle-riding-gear-face-masks/beli-pakaian-bayi-laki-laki/sepatu-wanita/beli-perawatan-rambut/jual-aksesoris-pompa-asi/ HTTP/1.1" 200 117646 "-" "Mozilla/5.0 (Linux; Android 6.0.1; Nexus 5X Build/MMB29P) AppleWebKit/537.36 (KHTML, like Gecko) Chrome/130.0.6723.69 Mobile Safari/537.36 (compatible; GoogleOther)"
47.236.194.31 - - [30/Oct/2024:17:19:47 +0000] "POST /wp-login.php HTTP/1.1" 200 1946 "-" "Mozilla/5.0 (Linux; Android 11; Redmi Note 9 Pro Build/RKQ1.200826.002; wv) AppleWebKit/5310.36 (KHTML, like Gecko) Version/4.0 Chrome/90.0.4430.210 Mobile Safari/5310.36"
47.236.194.31 - - [30/Oct/2024:17:19:48 +0000] "GET /wp-admin HTTP/1.1" 301 795 "-" "Mozilla/5.0 (Linux; Android 11; Redmi Note 9 Pro Build/RKQ1.200826.002; wv) AppleWebKit/5310.36 (KHTML, like Gecko) Version/4.0 Chrome/90.0.4430.210 Mobile Safari/5310.36"
47.236.194.31 - - [30/Oct/2024:17:19:48 +0000] "GET /wp-admin/ HTTP/1.1" 302 0 "-" "Mozilla/5.0 (Linux; Android 11; Redmi Note 9 Pro Build/RKQ1.200826.002; wv) AppleWebKit/5310.36 (KHTML, like Gecko) Version/4.0 Chrome/90.0.4430.210 Mobile Safari/5310.36"
47.236.194.31 - - [30/Oct/2024:17:19:49 +0000] "GET /wp-login.php?redirect_to=https%3A%2F%2Flakoyanimedia.tech%2Fwp-admin%2F&reauth=1 HTTP/1.1" 200 1821 "-" "Mozilla/5.0 (Linux; Android 11; Redmi Note 9 Pro Build/RKQ1.200826.002; wv) AppleWebKit/5310.36 (KHTML, like Gecko) Version/4.0 Chrome/90.0.4430.210 Mobile Safari/5310.36"
66.249.70.140 - - [30/Oct/2024:17:19:51 +0000] "GET /slot-thailand/?brandName=BENUATOTOshop-motorcycle-riding-gear-face-masks/beli-pakaian-bayi-laki-laki/koper-anak-2/shop-motorcycle-riding-gear/beli-mainan-keranjang-bayi-perlengkapannya-tg/ HTTP/1.1" 200 118657 "-" "Mozilla/5.0 (Linux; Android 6.0.1; Nexus 5X Build/MMB29P) AppleWebKit/537.36 (KHTML, like Gecko) Chrome/130.0.6723.69 Mobile Safari/537.36 (compatible; GoogleOther)"
47.236.194.31 - - [30/Oct/2024:17:19:51 +0000] "GET /blog/wp-login.php HTTP/1.1" 404 9424 "-" "python-requests/2.32.3"
66.249.70.141 - - [30/Oct/2024:17:19:54 +0000] "GET /slot-thailand/?brandName=BENUATOTOshop-motorcycle-riding-gear-face-masks/beli-pakaian-bayi-laki-laki/koper-anak-2/marketplace/jual-tas-tote-pria/ HTTP/1.1" 200 116344 "-" "Mozilla/5.0 (Linux; Android 6.0.1; Nexus 5X Build/MMB29P) AppleWebKit/537.36 (KHTML, like Gecko) Chrome/130.0.6723.69 Mobile Safari/537.36 (compatible; GoogleOther)"
109.106.251.75 - - [30/Oct/2024:17:21:28 +0000] "POST /wp-admin/admin-ajax.php?action=async_litespeed&nonce=YbnabEqxehKk3870HSGD5apeXz1uBMIw&litespeed_type=imgoptm HTTP/1.1" 200 21 "-" "WordPress/6.6.2; https://lakoyanimedia.tech"
49.51.179.103 - - [30/Oct/2024:17:21:29 +0000] "GET / HTTP/1.1" 200 12169 "http://www.lakoyanimedia.tech" "Mozilla/5.0 (iPhone; CPU iPhone OS 13_2_3 like Mac OS X) AppleWebKit/605.1.15 (KHTML, like Gecko) Version/13.0.3 Mobile/15E148 Safari/604.1"
85.192.56.98 - - [30/Oct/2024:17:22:46 +0000] "GET /wp-login.php HTTP/1.1" 200 1821 "-" "Mozilla/5.0 (Windows NT 10.0; WOW64) AppleWebKit/537.36 (KHTML, like Gecko) Chrome/75.0.3770.100 Safari/537.36"
109.106.251.75 - - [30/Oct/2024:17:22:52 +0000] "POST /wp-cron.php?doing_wp_cron=1730308972.0631530284881591796875 HTTP/1.1" 200 0 "-" "WordPress/6.6.2; https://lakoyanimedia.tech"
85.192.56.98 - - [30/Oct/2024:17:22:49 +0000] "POST /wp-login.php HTTP/1.1" 200 1975 "-" "Mozilla/5.0 (Windows NT 10.0; WOW64) AppleWebKit/537.36 (KHTML, like Gecko) Chrome/75.0.3770.100 Safari/537.36"
109.106.251.75 - - [30/Oct/2024:17:22:52 +0000] "POST /wp-admin/admin-ajax.php?action=async_litespeed&nonce=DbhhREIzq9vbXP9GxpLrcL7BSHd5UHfN&litespeed_type=imgoptm HTTP/1.1" 200 21 "-" "WordPress/6.6.2; https://lakoyanimedia.tech"
109.106.251.75 - - [30/Oct/2024:17:24:24 +0000] "POST /wp-admin/admin-ajax.php?action=async_litespeed&nonce=KFBAf0DonRk1JLvzohNhqBTS3dliYtCl&litespeed_type=imgoptm HTTP/1.1" 200 21 "-" "WordPress/6.6.2; https://lakoyanimedia.tech"
