3.110.179.136 - - [31/Oct/2024:01:13:04 +0000] "GET /.well-known/acme-challenge/atomlib.php HTTP/1.1" 404 1251 "-" "Go-http-client/1.1"
3.110.179.136 - - [31/Oct/2024:01:13:07 +0000] "GET /.well-known/pki-validation/atomlib.php HTTP/1.1" 404 1251 "-" "Go-http-client/1.1"
3.110.179.136 - - [31/Oct/2024:01:13:10 +0000] "GET /atomlib.php HTTP/1.1" 404 1251 "-" "Go-http-client/1.1"
3.110.179.136 - - [31/Oct/2024:01:13:14 +0000] "GET /images/atomlib.php HTTP/1.1" 404 1251 "-" "Go-http-client/1.1"
3.110.179.136 - - [31/Oct/2024:01:13:17 +0000] "GET /wp-admin/css/atomlib.php HTTP/1.1" 404 1251 "-" "Go-http-client/1.1"
3.110.179.136 - - [31/Oct/2024:01:13:20 +0000] "GET /wp-admin/css/colors/blue/atomlib.php HTTP/1.1" 404 1251 "-" "Go-http-client/1.1"
3.110.179.136 - - [31/Oct/2024:01:13:22 +0000] "GET /wp-admin/includes/atomlib.php HTTP/1.1" 404 1251 "-" "Go-http-client/1.1"
3.110.179.136 - - [31/Oct/2024:01:13:25 +0000] "GET /wp-admin/maint/atomlib.php HTTP/1.1" 404 1251 "-" "Go-http-client/1.1"
3.110.179.136 - - [31/Oct/2024:01:13:27 +0000] "GET /wp-content/languages/themes/atomlib.php HTTP/1.1" 404 1251 "-" "Go-http-client/1.1"
3.110.179.136 - - [31/Oct/2024:01:13:31 +0000] "GET /wp-content/plugins/atomlib.php HTTP/1.1" 404 1251 "-" "Go-http-client/1.1"
3.110.179.136 - - [31/Oct/2024:01:13:33 +0000] "GET /wp-content/themes/atomlib.php HTTP/1.1" 404 1251 "-" "Go-http-client/1.1"
3.110.179.136 - - [31/Oct/2024:01:13:36 +0000] "GET /wp-includes/js/crop/cropper.php HTTP/1.1" 404 1251 "-" "Go-http-client/1.1"
3.110.179.136 - - [31/Oct/2024:01:13:38 +0000] "GET /ms.php HTTP/1.1" 404 1251 "-" "Go-http-client/1.1"
3.110.179.136 - - [31/Oct/2024:01:13:40 +0000] "GET /wp-includes/rest-api//classwithtostring.php HTTP/1.1" 404 1251 "-" "Go-http-client/1.1"
3.110.179.136 - - [31/Oct/2024:01:13:43 +0000] "GET /wp-includes/IXR/themes.php HTTP/1.1" 404 1251 "-" "Go-http-client/1.1"
3.110.179.136 - - [31/Oct/2024:01:13:44 +0000] "GET /wp-content/admin.php HTTP/1.1" 404 1251 "-" "Go-http-client/1.1"
3.110.179.136 - - [31/Oct/2024:01:13:47 +0000] "GET /alfanew.PHP7 HTTP/1.1" 404 1251 "-" "Go-http-client/1.1"
3.110.179.136 - - [31/Oct/2024:01:13:49 +0000] "GET /wp-content/themes/hello-element/footer.php HTTP/1.1" 404 1251 "-" "Go-http-client/1.1"
3.110.179.136 - - [31/Oct/2024:01:13:53 +0000] "GET /wp-admin/css/colors/index.php HTTP/1.1" 404 1251 "-" "Go-http-client/1.1"
3.110.179.136 - - [31/Oct/2024:01:13:54 +0000] "GET /wp-includes/pomo/themes.php HTTP/1.1" 404 1251 "-" "Go-http-client/1.1"
3.110.179.136 - - [31/Oct/2024:01:13:57 +0000] "GET /wp-admin/images/plugins.php HTTP/1.1" 404 1251 "-" "Go-http-client/1.1"
3.110.179.136 - - [31/Oct/2024:01:13:57 +0000] "GET /wp-content/moderation.php HTTP/1.1" 404 1251 "-" "Go-http-client/1.1"
3.110.179.136 - - [31/Oct/2024:01:13:57 +0000] "GET /.tmb/file.php HTTP/1.1" 404 1251 "-" "Go-http-client/1.1"
3.110.179.136 - - [31/Oct/2024:01:14:00 +0000] "GET /.well-known/acme-challenge/file.php HTTP/1.1" 404 1251 "-" "Go-http-client/1.1"
3.110.179.136 - - [31/Oct/2024:01:14:02 +0000] "GET /.well-known/pki-validation/file.php HTTP/1.1" 404 1251 "-" "Go-http-client/1.1"
3.110.179.136 - - [31/Oct/2024:01:14:02 +0000] "GET /cgi-bin/file.php HTTP/1.1" 404 1251 "-" "Go-http-client/1.1"
3.110.179.136 - - [31/Oct/2024:01:14:03 +0000] "GET /file.php HTTP/1.1" 404 1251 "-" "Go-http-client/1.1"
3.110.179.136 - - [31/Oct/2024:01:14:04 +0000] "GET /wp-admin/images/file.php HTTP/1.1" 404 1251 "-" "Go-http-client/1.1"
3.110.179.136 - - [31/Oct/2024:01:14:06 +0000] "GET /wp-admin/includes/file.php HTTP/1.1" 404 1251 "-" "Go-http-client/1.1"
3.110.179.136 - - [31/Oct/2024:01:14:08 +0000] "GET /wp-admin/js/widgets/file.php HTTP/1.1" 404 1251 "-" "Go-http-client/1.1"
3.110.179.136 - - [31/Oct/2024:01:14:10 +0000] "GET /wp-admin/maint/file.php HTTP/1.1" 404 1251 "-" "Go-http-client/1.1"
3.110.179.136 - - [31/Oct/2024:01:14:11 +0000] "GET /wp-admin/network/file.php HTTP/1.1" 404 1251 "-" "Go-http-client/1.1"
3.110.179.136 - - [31/Oct/2024:01:14:13 +0000] "GET /wp-admin/user/file.php HTTP/1.1" 404 1251 "-" "Go-http-client/1.1"
3.110.179.136 - - [31/Oct/2024:01:14:15 +0000] "GET /wp-content/languages/file.php HTTP/1.1" 404 1251 "-" "Go-http-client/1.1"
3.110.179.136 - - [31/Oct/2024:01:14:16 +0000] "GET /wp-content/languages/themes/file.php HTTP/1.1" 404 1251 "-" "Go-http-client/1.1"
3.110.179.136 - - [31/Oct/2024:01:14:17 +0000] "GET /wp-content/plugins/file.php HTTP/1.1" 404 1251 "-" "Go-http-client/1.1"
3.110.179.136 - - [31/Oct/2024:01:14:18 +0000] "GET /wp-includes/certificates/file.php HTTP/1.1" 404 1251 "-" "Go-http-client/1.1"
3.110.179.136 - - [31/Oct/2024:01:14:20 +0000] "GET /wp-includes/customize/file.php HTTP/1.1" 404 1251 "-" "Go-http-client/1.1"
3.110.179.136 - - [31/Oct/2024:01:14:22 +0000] "GET /wp-admin/maint/users.php HTTP/1.1" 404 1251 "-" "Go-http-client/1.1"
3.110.179.136 - - [31/Oct/2024:01:14:24 +0000] "GET /wp-admin/css/colors/ectoplasm/users.php HTTP/1.1" 404 1251 "-" "Go-http-client/1.1"
3.110.179.136 - - [31/Oct/2024:01:14:26 +0000] "GET /wp-admin/js/widgets/users.php HTTP/1.1" 404 1251 "-" "Go-http-client/1.1"
3.110.179.136 - - [31/Oct/2024:01:14:27 +0000] "GET /wp-admin/user/users.php HTTP/1.1" 404 1251 "-" "Go-http-client/1.1"
3.110.179.136 - - [31/Oct/2024:01:14:28 +0000] "GET /cgi-bin/users.php HTTP/1.1" 404 1251 "-" "Go-http-client/1.1"
3.110.179.136 - - [31/Oct/2024:01:14:30 +0000] "GET /wp-admin/images/users.php HTTP/1.1" 404 1251 "-" "Go-http-client/1.1"
3.110.179.136 - - [31/Oct/2024:01:14:32 +0000] "GET /wp-admin/css/colors/ectoplasm/lofter.php HTTP/1.1" 404 1251 "-" "Go-http-client/1.1"
3.110.179.136 - - [31/Oct/2024:01:14:33 +0000] "GET /wp-admin/css/colors/coffee/lofter.php HTTP/1.1" 404 1251 "-" "Go-http-client/1.1"
3.110.179.136 - - [31/Oct/2024:01:15:40 +0000] "GET /wp-content/plugins/core/include.php HTTP/1.1" 404 1251 "-" "Go-http-client/1.1"
3.110.179.136 - - [31/Oct/2024:01:15:43 +0000] "GET /ws.php HTTP/1.1" 404 1251 "-" "Go-http-client/1.1"
3.110.179.136 - - [31/Oct/2024:01:15:47 +0000] "GET /404.php HTTP/1.1" 404 1251 "-" "Go-http-client/1.1"
3.110.179.136 - - [31/Oct/2024:01:15:47 +0000] "GET /wp.php HTTP/1.1" 404 1251 "-" "Go-http-client/1.1"
3.110.179.136 - - [31/Oct/2024:01:15:51 +0000] "GET /wp-head.php HTTP/1.1" 404 1251 "-" "Go-http-client/1.1"
3.110.179.136 - - [31/Oct/2024:01:15:54 +0000] "GET /wp-includes/wp-class.php HTTP/1.1" 404 1251 "-" "Go-http-client/1.1"
3.110.179.136 - - [31/Oct/2024:01:15:57 +0000] "GET /wp-content/themes/twenty/twenty.php HTTP/1.1" 404 1251 "-" "Go-http-client/1.1"
3.110.179.136 - - [31/Oct/2024:01:15:59 +0000] "GET /wp-content/plugins/press/wp-class.php HTTP/1.1" 404 1251 "-" "Go-http-client/1.1"
3.110.179.136 - - [31/Oct/2024:01:16:01 +0000] "GET /fm1.php HTTP/1.1" 404 1251 "-" "Go-http-client/1.1"
3.110.179.136 - - [31/Oct/2024:01:16:03 +0000] "GET /alfadheat.php HTTP/1.1" 404 1251 "-" "Go-http-client/1.1"
3.110.179.136 - - [31/Oct/2024:01:16:03 +0000] "GET /M1.php HTTP/1.1" 404 1251 "-" "Go-http-client/1.1"
3.110.179.136 - - [31/Oct/2024:01:16:07 +0000] "GET /admin.php HTTP/1.1" 404 1251 "-" "Go-http-client/1.1"
3.110.179.136 - - [31/Oct/2024:01:16:07 +0000] "GET /wp-admin/images/admin.php HTTP/1.1" 404 1251 "-" "Go-http-client/1.1"
3.110.179.136 - - [31/Oct/2024:01:16:07 +0000] "GET /alfanew.php7 HTTP/1.1" 404 1251 "-" "Go-http-client/1.1"
3.110.179.136 - - [31/Oct/2024:01:16:10 +0000] "GET /.well-known/wso112233.php HTTP/1.1" 404 1251 "-" "Go-http-client/1.1"
3.110.179.136 - - [31/Oct/2024:01:16:10 +0000] "GET /about.php HTTP/1.1" 404 1251 "-" "Go-http-client/1.1"
3.110.179.136 - - [31/Oct/2024:01:16:13 +0000] "GET /wp-content/shell20211028.php HTTP/1.1" 404 1251 "-" "Go-http-client/1.1"
3.110.179.136 - - [31/Oct/2024:01:16:16 +0000] "GET /repeater.php HTTP/1.1" 404 1251 "-" "Go-http-client/1.1"
3.110.179.136 - - [31/Oct/2024:01:16:20 +0000] "GET /wp-content/themes/finley/min.php HTTP/1.1" 404 1251 "-" "Go-http-client/1.1"
3.110.179.136 - - [31/Oct/2024:01:16:21 +0000] "GET /wso112233.php HTTP/1.1" 404 1251 "-" "Go-http-client/1.1"
3.110.179.136 - - [31/Oct/2024:01:16:24 +0000] "GET /dropdown.php HTTP/1.1" 404 1251 "-" "Go-http-client/1.1"
3.110.179.136 - - [31/Oct/2024:01:16:26 +0000] "GET /wp-admin/dropdown.php HTTP/1.1" 404 1251 "-" "Go-http-client/1.1"
3.110.179.136 - - [31/Oct/2024:01:16:28 +0000] "GET /shell20211028.php HTTP/1.1" 404 1251 "-" "Go-http-client/1.1"
3.110.179.136 - - [31/Oct/2024:01:16:28 +0000] "GET /wp-content/plugins/Cache/Cache.php HTTP/1.1" 404 1251 "-" "Go-http-client/1.1"
3.110.179.136 - - [31/Oct/2024:01:16:31 +0000] "GET /wp-includes/IXR/themes.php HTTP/1.1" 404 1251 "-" "Go-http-client/1.1"
3.110.179.136 - - [31/Oct/2024:01:16:34 +0000] "GET /.well-known/pki-validation/about.php HTTP/1.1" 404 1251 "-" "Go-http-client/1.1"
3.110.179.136 - - [31/Oct/2024:01:16:35 +0000] "GET /wp-header.php HTTP/1.1" 404 1251 "-" "Go-http-client/1.1"
3.110.179.136 - - [31/Oct/2024:01:16:38 +0000] "GET /alfanew.php HTTP/1.1" 404 1251 "-" "Go-http-client/1.1"
3.110.179.136 - - [31/Oct/2024:01:16:39 +0000] "GET /wp-includes/ID3/about.php HTTP/1.1" 404 1251 "-" "Go-http-client/1.1"
3.110.179.136 - - [31/Oct/2024:01:16:42 +0000] "GET /wp-2019.php HTTP/1.1" 404 1251 "-" "Go-http-client/1.1"
3.110.179.136 - - [31/Oct/2024:01:16:43 +0000] "GET /autoload_classmap.php HTTP/1.1" 404 1251 "-" "Go-http-client/1.1"
3.110.179.136 - - [31/Oct/2024:01:16:45 +0000] "GET /wp-includes/ID3/wp-login.php HTTP/1.1" 404 1251 "-" "Go-http-client/1.1"
3.110.179.136 - - [31/Oct/2024:01:16:46 +0000] "GET /wp-includes/SimplePie/plugins.php HTTP/1.1" 404 1251 "-" "Go-http-client/1.1"
3.110.179.136 - - [31/Oct/2024:01:16:47 +0000] "GET /wp-content/plugins/alfa-rex.php HTTP/1.1" 404 1251 "-" "Go-http-client/1.1"
3.110.179.136 - - [31/Oct/2024:01:16:48 +0000] "GET /wp-content/plugins/about.php HTTP/1.1" 404 1251 "-" "Go-http-client/1.1"
3.110.179.136 - - [31/Oct/2024:01:16:51 +0000] "GET /wp-content/themes/about.php HTTP/1.1" 404 1251 "-" "Go-http-client/1.1"
3.110.179.136 - - [31/Oct/2024:01:23:22 +0000] "GET /wp-content/plugins/pwnd/pwnd.php HTTP/1.1" 404 1251 "-" "Go-http-client/1.1"
3.110.179.136 - - [31/Oct/2024:01:23:22 +0000] "GET /wp-content/plugins/pwnd-1/pwnd.php HTTP/1.1" 404 1251 "-" "Go-http-client/1.1"
3.110.179.136 - - [31/Oct/2024:01:23:22 +0000] "GET /wp-content/plugins/pwnd-2/pwnd.php HTTP/1.1" 404 1251 "-" "Go-http-client/1.1"
3.110.179.136 - - [31/Oct/2024:01:23:22 +0000] "GET /wp-content/plugins/fix/up.php HTTP/1.1" 404 1251 "-" "Go-http-client/1.1"
192.145.119.243 - - [31/Oct/2024:01:24:04 +0000] "GET /simple.php?p=2f7661722f7777772f6365616661736961&tod=75706c6f6164 HTTP/1.1" 404 1251 "-" "Mozilla/5.0 (Windows NT 10.0; Win64; x64) AppleWebKit/537.36 (KHTML, like Gecko) Chrome/58.0.3029.110 Safari/537.3"
192.145.119.243 - - [31/Oct/2024:01:24:07 +0000] "GET /mt/ninja.php?p=2f686f6d652f68656c6c6f6f6f2f7777772f6d742f6c69622f&act=nd HTTP/1.1" 404 1251 "-" "Mozilla/5.0 (Windows NT 10.0; Win64; x64) AppleWebKit/537.36 (KHTML, like Gecko) Chrome/58.0.3029.110 Safari/537.3"
192.145.119.243 - - [31/Oct/2024:01:24:15 +0000] "GET /classwithtostring.php?p=2f686f6d652f662f66697273746d657461342f66697273746d6574616c2f7075626c69635f68746d6c2f77702d696e636c756465732f637373&tod=75706c6f6164 HTTP/1.1" 404 1251 "-" "Mozilla/5.0 (Windows NT 10.0; Win64; x64) AppleWebKit/537.36 (KHTML, like Gecko) Chrome/58.0.3029.110 Safari/537.3"
192.145.119.243 - - [31/Oct/2024:01:24:15 +0000] "GET /wp-includes/sodium_compat/index.php?p=2f6d6e742f48435f566f6c756d655f3130303939303038382f736974652f617364313936706c2e636f6d2f77702d696e636c756465732f736f6469756d5f636f6d706174&tod=75706c6f6164 HTTP/1.1" 404 1251 "-" "Mozilla/5.0 (Windows NT 10.0; Win64; x64) AppleWebKit/537.36 (KHTML, like Gecko) Chrome/58.0.3029.110 Safari/537.3"
192.145.119.243 - - [31/Oct/2024:01:24:16 +0000] "GET /wp-atom.php?p=2f686f6d652f61726d616f732f7075626c69635f68746d6c&tod=75706c6f6164 HTTP/1.1" 404 1251 "-" "Mozilla/5.0 (Windows NT 10.0; Win64; x64) AppleWebKit/537.36 (KHTML, like Gecko) Chrome/58.0.3029.110 Safari/537.3"
192.145.119.243 - - [31/Oct/2024:01:24:16 +0000] "GET /wp-atom.php?p=2f686f6d652f61726d616f732f7075626c69635f68746d6c&tod=75706c6f6164 HTTP/1.1" 404 1251 "-" "Mozilla/5.0 (Windows NT 10.0; Win64; x64) AppleWebKit/537.36 (KHTML, like Gecko) Chrome/58.0.3029.110 Safari/537.3"
192.145.119.243 - - [31/Oct/2024:01:24:16 +0000] "GET /link.php?p=2f7661722f7777772f76686f7374732f61717561616e616c79746963732e757a2f68747470646f6373&tod=75706c6f6164 HTTP/1.1" 404 1251 "-" "Mozilla/5.0 (Windows NT 10.0; Win64; x64) AppleWebKit/537.36 (KHTML, like Gecko) Chrome/58.0.3029.110 Safari/537.3"
192.145.119.243 - - [31/Oct/2024:01:24:16 +0000] "GET /chosen/function.php?upload HTTP/1.1" 404 1251 "-" "Mozilla/5.0 (Windows NT 10.0; Win64; x64) AppleWebKit/537.36 (KHTML, like Gecko) Chrome/58.0.3029.110 Safari/537.3"
192.145.119.243 - - [31/Oct/2024:01:24:16 +0000] "GET /style.php HTTP/1.1" 404 1251 "-" "Mozilla/5.0 (Windows NT 10.0; Win64; x64) AppleWebKit/537.36 (KHTML, like Gecko) Chrome/58.0.3029.110 Safari/537.3"
192.145.119.99 - - [31/Oct/2024:01:24:20 +0000] "GET /admin.php HTTP/1.1" 404 1251 "-" "Mozilla/5.0 (Windows NT 10.0; Win64; x64) AppleWebKit/537.36 (KHTML, like Gecko) Chrome/58.0.3029.110 Safari/537.3"
192.145.119.99 - - [31/Oct/2024:01:24:20 +0000] "GET /about.php HTTP/1.1" 404 1251 "-" "Mozilla/5.0 (Windows NT 10.0; Win64; x64) AppleWebKit/537.36 (KHTML, like Gecko) Chrome/58.0.3029.110 Safari/537.3"
34.138.208.65 - - [31/Oct/2024:01:24:45 +0000] "GET /robots.txt HTTP/1.0" 404 1251 "-" "ZoominfoBot (zoominfobot at zoominfo dot com)"
34.138.208.65 - - [31/Oct/2024:01:24:45 +0000] "GET / HTTP/1.0" 200 735 "-" "ZoominfoBot (zoominfobot at zoominfo dot com)"
3.110.179.136 - - [31/Oct/2024:01:25:07 +0000] "GET /wp-includes/plugins/instabuilder2/cache/plugins/moon.php HTTP/1.1" 404 1251 "-" "Go-http-client/1.1"
3.110.179.136 - - [31/Oct/2024:01:25:07 +0000] "GET /repeater.php HTTP/1.1" 404 1251 "-" "Go-http-client/1.1"
3.110.179.136 - - [31/Oct/2024:01:25:09 +0000] "GET /xx.php HTTP/1.1" 404 1251 "-" "Go-http-client/1.1"
3.110.179.136 - - [31/Oct/2024:01:25:11 +0000] "GET /wso112233.php HTTP/1.1" 404 1251 "-" "Go-http-client/1.1"
3.110.179.136 - - [31/Oct/2024:01:25:15 +0000] "GET /shell20211028.php HTTP/1.1" 404 1251 "-" "Go-http-client/1.1"
3.110.179.136 - - [31/Oct/2024:01:25:19 +0000] "GET /wp-includes/wso112233.php HTTP/1.1" 404 1251 "-" "Go-http-client/1.1"
3.110.179.136 - - [31/Oct/2024:01:25:22 +0000] "GET /wp-content/wso112233.php HTTP/1.1" 404 1251 "-" "Go-http-client/1.1"
3.110.179.136 - - [31/Oct/2024:01:25:24 +0000] "GET /wp-admin/wso112233.php HTTP/1.1" 404 1251 "-" "Go-http-client/1.1"
3.110.179.136 - - [31/Oct/2024:01:25:25 +0000] "GET /wp-includes/shell20211028.php HTTP/1.1" 404 1251 "-" "Go-http-client/1.1"
3.110.179.136 - - [31/Oct/2024:01:25:25 +0000] "GET /wp-content/shell20211028.php HTTP/1.1" 404 1251 "-" "Go-http-client/1.1"
3.110.179.136 - - [31/Oct/2024:01:25:28 +0000] "GET /wp-admin/shell20211028.php HTTP/1.1" 404 1251 "-" "Go-http-client/1.1"
3.110.179.136 - - [31/Oct/2024:01:25:28 +0000] "GET /wp-admin/uwgqdecp.php HTTP/1.1" 404 1251 "-" "Go-http-client/1.1"
3.110.179.136 - - [31/Oct/2024:01:25:32 +0000] "GET /wp-includes/plugins/instabuilder2/cache/up.php HTTP/1.1" 404 1251 "-" "Go-http-client/1.1"
3.110.179.136 - - [31/Oct/2024:01:25:35 +0000] "GET /wp-admin/includes/eXport.php HTTP/1.1" 404 1251 "-" "Go-http-client/1.1"
216.244.66.195 - - [31/Oct/2024:01:25:35 +0000] "GET /product-category/books/book-biographies/feed/ HTTP/1.1" 404 1251 "-" "Mozilla/5.0 (compatible; DotBot/1.2; +https://opensiteexplorer.org/dotbot; help@moz.com)"
3.110.179.136 - - [31/Oct/2024:01:25:38 +0000] "GET /wp-admin/wp-includes/fw.php HTTP/1.1" 404 1251 "-" "Go-http-client/1.1"
216.244.66.195 - - [31/Oct/2024:01:25:40 +0000] "GET /wp-content/uploads/2020/08/9780310519423_965093.webp HTTP/1.1" 404 1251 "-" "Mozilla/5.0 (compatible; DotBot/1.2; +https://opensiteexplorer.org/dotbot; help@moz.com)"
3.110.179.136 - - [31/Oct/2024:01:25:41 +0000] "GET /wp-admin/Xleet.php HTTP/1.1" 404 1251 "-" "Go-http-client/1.1"
3.110.179.136 - - [31/Oct/2024:01:25:45 +0000] "GET /wp-admin/wp-22.php HTTP/1.1" 404 1251 "-" "Go-http-client/1.1"
3.110.179.136 - - [31/Oct/2024:01:25:48 +0000] "GET /wp-admin/ws.php HTTP/1.1" 404 1251 "-" "Go-http-client/1.1"
3.110.179.136 - - [31/Oct/2024:01:25:51 +0000] "GET /wp-content/wp-wso.php HTTP/1.1" 404 1251 "-" "Go-http-client/1.1"
3.110.179.136 - - [31/Oct/2024:01:25:51 +0000] "GET /wp-content/bypass.php HTTP/1.1" 404 1251 "-" "Go-http-client/1.1"
3.110.179.136 - - [31/Oct/2024:01:25:53 +0000] "GET /wp-content/aleXus.php HTTP/1.1" 404 1251 "-" "Go-http-client/1.1"
3.110.179.136 - - [31/Oct/2024:01:25:55 +0000] "GET /image/Xleet.php HTTP/1.1" 404 1251 "-" "Go-http-client/1.1"
3.110.179.136 - - [31/Oct/2024:01:25:58 +0000] "GET /image/hello.php HTTP/1.1" 404 1251 "-" "Go-http-client/1.1"
3.110.179.136 - - [31/Oct/2024:01:26:01 +0000] "GET /images/Xleet.php HTTP/1.1" 404 1251 "-" "Go-http-client/1.1"
3.110.179.136 - - [31/Oct/2024:01:26:03 +0000] "GET /image/upload.php HTTP/1.1" 404 1251 "-" "Go-http-client/1.1"
3.110.179.136 - - [31/Oct/2024:01:26:07 +0000] "GET /c99.php HTTP/1.1" 404 1251 "-" "Go-http-client/1.1"
3.110.179.136 - - [31/Oct/2024:01:26:10 +0000] "GET /up.php HTTP/1.1" 404 1251 "-" "Go-http-client/1.1"
3.110.179.136 - - [31/Oct/2024:01:26:13 +0000] "GET /haXor.php HTTP/1.1" 404 1251 "-" "Go-http-client/1.1"
3.110.179.136 - - [31/Oct/2024:01:26:17 +0000] "GET /100.php HTTP/1.1" 404 1251 "-" "Go-http-client/1.1"
216.244.66.195 - - [31/Oct/2024:01:26:18 +0000] "GET /book-author/moises-silva-ed/?add-to-cart=91 HTTP/1.1" 404 1251 "-" "Mozilla/5.0 (compatible; DotBot/1.2; +https://opensiteexplorer.org/dotbot; help@moz.com)"
3.110.179.136 - - [31/Oct/2024:01:26:20 +0000] "GET /FoXWSOv1.phpXX.php HTTP/1.1" 404 1251 "-" "Go-http-client/1.1"
216.244.66.195 - - [31/Oct/2024:01:26:21 +0000] "GET /format/paperback/?add-to-cart=61 HTTP/1.1" 404 1251 "-" "Mozilla/5.0 (compatible; DotBot/1.2; +https://opensiteexplorer.org/dotbot; help@moz.com)"
3.110.179.136 - - [31/Oct/2024:01:26:23 +0000] "GET /upload.php HTTP/1.1" 404 1251 "-" "Go-http-client/1.1"
3.110.179.136 - - [31/Oct/2024:01:26:23 +0000] "GET /nasgor.php HTTP/1.1" 404 1251 "-" "Go-http-client/1.1"
3.110.179.136 - - [31/Oct/2024:01:26:23 +0000] "GET /wp-one.php HTTP/1.1" 404 1251 "-" "Go-http-client/1.1"
3.110.179.136 - - [31/Oct/2024:01:26:26 +0000] "GET /aleXus.php HTTP/1.1" 404 1251 "-" "Go-http-client/1.1"
3.110.179.136 - - [31/Oct/2024:01:26:28 +0000] "GET /wso1337.php HTTP/1.1" 404 1251 "-" "Go-http-client/1.1"
3.110.179.136 - - [31/Oct/2024:01:26:31 +0000] "GET /minimo.php HTTP/1.1" 404 1251 "-" "Go-http-client/1.1"
3.110.179.136 - - [31/Oct/2024:01:26:34 +0000] "GET /priv8.php HTTP/1.1" 404 1251 "-" "Go-http-client/1.1"
3.110.179.136 - - [31/Oct/2024:01:26:38 +0000] "GET /ws.php HTTP/1.1" 404 1251 "-" "Go-http-client/1.1"
3.110.179.136 - - [31/Oct/2024:01:26:39 +0000] "GET /root.php HTTP/1.1" 404 1251 "-" "Go-http-client/1.1"
216.244.66.195 - - [31/Oct/2024:01:26:42 +0000] "GET /product-category/pins/?add-to-cart=1334 HTTP/1.1" 404 1251 "-" "Mozilla/5.0 (compatible; DotBot/1.2; +https://opensiteexplorer.org/dotbot; help@moz.com)"
3.110.179.136 - - [31/Oct/2024:01:26:42 +0000] "GET /wp-content/upload.php HTTP/1.1" 404 1251 "-" "Go-http-client/1.1"
216.244.66.195 - - [31/Oct/2024:01:26:44 +0000] "GET /product/nkjv-maxwell-leadership-bible-third-edition/?add-to-cart=81 HTTP/1.1" 404 1251 "-" "Mozilla/5.0 (compatible; DotBot/1.2; +https://opensiteexplorer.org/dotbot; help@moz.com)"
3.110.179.136 - - [31/Oct/2024:01:26:45 +0000] "GET /wp-content/mrjn.php HTTP/1.1" 404 1251 "-" "Go-http-client/1.1"
216.244.66.195 - - [31/Oct/2024:01:26:46 +0000] "GET /product/the-baker-illustrated-bible-background-commentary/?add-to-cart=61 HTTP/1.1" 404 1251 "-" "Mozilla/5.0 (compatible; DotBot/1.2; +https://opensiteexplorer.org/dotbot; help@moz.com)"
3.110.179.136 - - [31/Oct/2024:01:26:47 +0000] "GET /alfa.php HTTP/1.1" 404 1251 "-" "Go-http-client/1.1"
216.244.66.195 - - [31/Oct/2024:01:26:48 +0000] "GET /product/think-like-a-monk-train-your-mind-for-peace-and-purpose-every-day/?add-to-cart=89 HTTP/1.1" 404 1251 "-" "Mozilla/5.0 (compatible; DotBot/1.2; +https://opensiteexplorer.org/dotbot; help@moz.com)"
3.110.179.136 - - [31/Oct/2024:01:26:51 +0000] "GET /wp-content/plugins/wordpresss3cll/up.php HTTP/1.1" 404 1251 "-" "Go-http-client/1.1"
3.110.179.136 - - [31/Oct/2024:01:26:53 +0000] "GET /wp-content/plugins/anttt/simple.php HTTP/1.1" 404 1251 "-" "Go-http-client/1.1"
3.110.179.136 - - [31/Oct/2024:01:26:56 +0000] "GET /wp-content/alfa.php HTTP/1.1" 404 1251 "-" "Go-http-client/1.1"
3.110.179.136 - - [31/Oct/2024:01:27:00 +0000] "GET /wp-content/themes/ccX/indeX.php HTTP/1.1" 404 1251 "-" "Go-http-client/1.1"
3.110.179.136 - - [31/Oct/2024:01:27:04 +0000] "GET /ccX/indeX.php HTTP/1.1" 404 1251 "-" "Go-http-client/1.1"
3.110.179.136 - - [31/Oct/2024:01:27:07 +0000] "GET /wp-content/plugins/ccX/indeX.php HTTP/1.1" 404 1251 "-" "Go-http-client/1.1"
3.110.179.136 - - [31/Oct/2024:01:27:07 +0000] "GET /wp-includes/feed-rss-meta.php HTTP/1.1" 404 1251 "-" "Go-http-client/1.1"
216.244.66.195 - - [31/Oct/2024:01:27:08 +0000] "GET /product-category/christian-living/?add_to_wishlist=34 HTTP/1.1" 404 1251 "-" "Mozilla/5.0 (compatible; DotBot/1.2; +https://opensiteexplorer.org/dotbot; help@moz.com)"
3.110.179.136 - - [31/Oct/2024:01:27:09 +0000] "GET /.well-known/pki-validation/iR7SzrsOUEP.php HTTP/1.1" 404 1251 "-" "Go-http-client/1.1"
216.244.66.195 - - [31/Oct/2024:01:27:10 +0000] "GET /shop-2/?filter_book-author=r-t-france-ed HTTP/1.1" 404 1251 "-" "Mozilla/5.0 (compatible; DotBot/1.2; +https://opensiteexplorer.org/dotbot; help@moz.com)"
3.110.179.136 - - [31/Oct/2024:01:27:11 +0000] "GET /.well-known/pki-validation/set.php HTTP/1.1" 404 1251 "-" "Go-http-client/1.1"
3.110.179.136 - - [31/Oct/2024:01:27:14 +0000] "GET /wp-includes/TeXt/Diff/Renderer/recet.php HTTP/1.1" 404 1251 "-" "Go-http-client/1.1"
3.110.179.136 - - [31/Oct/2024:01:27:14 +0000] "GET /wp-includes/css/core.php HTTP/1.1" 404 1251 "-" "Go-http-client/1.1"
3.110.179.136 - - [31/Oct/2024:01:27:16 +0000] "GET /wp-includes/PHPMailer/PHPSmtp.php HTTP/1.1" 404 1251 "-" "Go-http-client/1.1"
3.110.179.136 - - [31/Oct/2024:01:27:20 +0000] "GET /wp-admin/css/colors/ectoplasm/contact.php HTTP/1.1" 404 1251 "-" "Go-http-client/1.1"
3.110.179.136 - - [31/Oct/2024:01:27:20 +0000] "GET /wp-admin/images/bypass403.php HTTP/1.1" 404 1251 "-" "Go-http-client/1.1"
3.110.179.136 - - [31/Oct/2024:01:27:24 +0000] "GET /wp-includes/js/codemirror/dir.php HTTP/1.1" 404 1251 "-" "Go-http-client/1.1"
3.110.179.136 - - [31/Oct/2024:01:27:24 +0000] "GET /wp-includes/pomo/pomo.php HTTP/1.1" 404 1251 "-" "Go-http-client/1.1"
3.110.179.136 - - [31/Oct/2024:01:27:28 +0000] "GET /wp-admin/includes/class-wp-page-nOvW9p.php HTTP/1.1" 404 1251 "-" "Go-http-client/1.1"
3.110.179.136 - - [31/Oct/2024:01:27:31 +0000] "GET /wp-includes/rest-api/alfa-reX.php7 HTTP/1.1" 404 1251 "-" "Go-http-client/1.1"
3.110.179.136 - - [31/Oct/2024:01:27:33 +0000] "GET /wp-content/plugins/ROOBOTS.php HTTP/1.1" 404 1251 "-" "Go-http-client/1.1"
3.110.179.136 - - [31/Oct/2024:01:27:34 +0000] "GET /1975.php?shell=1975 HTTP/1.1" 404 1251 "-" "Go-http-client/1.1"
216.244.66.195 - - [31/Oct/2024:01:27:35 +0000] "GET /format/paperback/?add_to_wishlist=3490 HTTP/1.1" 404 1251 "-" "Mozilla/5.0 (compatible; DotBot/1.2; +https://opensiteexplorer.org/dotbot; help@moz.com)"
216.244.66.195 - - [31/Oct/2024:01:27:36 +0000] "GET /product/angry-god-all-saints-high-book-3/?add_to_wishlist=91 HTTP/1.1" 404 1251 "-" "Mozilla/5.0 (compatible; DotBot/1.2; +https://opensiteexplorer.org/dotbot; help@moz.com)"
3.110.179.136 - - [31/Oct/2024:01:27:37 +0000] "GET /wp-content/plugins/TOPXOH/wDR.php HTTP/1.1" 404 1251 "-" "Go-http-client/1.1"
216.244.66.195 - - [31/Oct/2024:01:27:37 +0000] "GET /product/bible-stories-adam-eve-ot/?add_to_wishlist=106 HTTP/1.1" 404 1251 "-" "Mozilla/5.0 (compatible; DotBot/1.2; +https://opensiteexplorer.org/dotbot; help@moz.com)"
216.244.66.195 - - [31/Oct/2024:01:27:38 +0000] "GET /product/nelsons-illustrated-bible-dictionary-new-enhanced-2014/?add_to_wishlist=44 HTTP/1.1" 404 1251 "-" "Mozilla/5.0 (compatible; DotBot/1.2; +https://opensiteexplorer.org/dotbot; help@moz.com)"
216.244.66.195 - - [31/Oct/2024:01:27:39 +0000] "GET /product/nkjv-maxwell-leadership-bible-third-edition/?add_to_wishlist=69 HTTP/1.1" 404 1251 "-" "Mozilla/5.0 (compatible; DotBot/1.2; +https://opensiteexplorer.org/dotbot; help@moz.com)"
3.110.179.136 - - [31/Oct/2024:01:27:39 +0000] "GET /wp-content/plugins/ioptimization/IOptimize.php?rchk HTTP/1.1" 404 1251 "-" "Go-http-client/1.1"
216.244.66.195 - - [31/Oct/2024:01:27:40 +0000] "GET /shop-2/?filter_book-author=edward-goodrick HTTP/1.1" 404 1251 "-" "Mozilla/5.0 (compatible; DotBot/1.2; +https://opensiteexplorer.org/dotbot; help@moz.com)"
3.110.179.136 - - [31/Oct/2024:01:27:42 +0000] "GET /wp-info.php HTTP/1.1" 404 1251 "-" "Go-http-client/1.1"
3.110.179.136 - - [31/Oct/2024:01:27:46 +0000] "GET /wp-content/indeX.php HTTP/1.1" 404 1251 "-" "Go-http-client/1.1"
3.110.179.136 - - [31/Oct/2024:01:27:49 +0000] "GET /wp-content/plugins/hello.php HTTP/1.1" 404 1251 "-" "Go-http-client/1.1"
3.110.179.136 - - [31/Oct/2024:01:27:52 +0000] "GET /wp-admin/css/default.php HTTP/1.1" 404 1251 "-" "Go-http-client/1.1"
3.110.179.136 - - [31/Oct/2024:01:27:53 +0000] "GET /wp-content/mu-plugins/blog.php HTTP/1.1" 404 1251 "-" "Go-http-client/1.1"
3.110.179.136 - - [31/Oct/2024:01:27:56 +0000] "GET /wp-content/themes/pridmag/mar.php HTTP/1.1" 404 1251 "-" "Go-http-client/1.1"
3.110.179.136 - - [31/Oct/2024:01:27:58 +0000] "GET /wp-content/plugins/w0rdpr3ssnew/about.php HTTP/1.1" 404 1251 "-" "Go-http-client/1.1"
216.244.66.195 - - [31/Oct/2024:01:27:59 +0000] "GET /product-category/king-james-version-kjv/?add_to_wishlist=1587 HTTP/1.1" 404 1251 "-" "Mozilla/5.0 (compatible; DotBot/1.2; +https://opensiteexplorer.org/dotbot; help@moz.com)"
3.110.179.136 - - [31/Oct/2024:01:28:03 +0000] "GET /wp-content/3X.php HTTP/1.1" 404 1251 "-" "Go-http-client/1.1"
3.110.179.136 - - [31/Oct/2024:01:28:06 +0000] "GET /mini.php HTTP/1.1" 404 1251 "-" "Go-http-client/1.1"
3.110.179.136 - - [31/Oct/2024:01:28:10 +0000] "GET /wp-content/1.php HTTP/1.1" 404 1251 "-" "Go-http-client/1.1"
3.110.179.136 - - [31/Oct/2024:01:28:12 +0000] "GET /wp-admin/1.php HTTP/1.1" 404 1251 "-" "Go-http-client/1.1"
3.110.179.136 - - [31/Oct/2024:01:28:14 +0000] "GET /1.php HTTP/1.1" 404 1251 "-" "Go-http-client/1.1"
3.110.179.136 - - [31/Oct/2024:01:28:17 +0000] "GET /wp-content/plugins/instabuilder2/cache/up.php HTTP/1.1" 404 1251 "-" "Go-http-client/1.1"
3.110.179.136 - - [31/Oct/2024:01:28:20 +0000] "GET /wp-content/plugins/w3-total-cache/up.php?db HTTP/1.1" 404 1251 "-" "Go-http-client/1.1"
3.110.179.136 - - [31/Oct/2024:01:28:24 +0000] "GET /404.php HTTP/1.1" 404 1251 "-" "Go-http-client/1.1"
3.110.179.136 - - [31/Oct/2024:01:28:27 +0000] "GET /wp-content/ave.php HTTP/1.1" 404 1251 "-" "Go-http-client/1.1"
3.110.179.136 - - [31/Oct/2024:01:28:30 +0000] "GET /.well-known/radio.php HTTP/1.1" 404 1251 "-" "Go-http-client/1.1"
3.110.179.136 - - [31/Oct/2024:01:28:34 +0000] "GET /radio.php HTTP/1.1" 404 1251 "-" "Go-http-client/1.1"
3.110.179.136 - - [31/Oct/2024:01:28:38 +0000] "GET /old-indeX.php HTTP/1.1" 404 1251 "-" "Go-http-client/1.1"
3.110.179.136 - - [31/Oct/2024:01:28:40 +0000] "GET /wtf.php HTTP/1.1" 404 1251 "-" "Go-http-client/1.1"
3.110.179.136 - - [31/Oct/2024:01:28:42 +0000] "GET /3X.php HTTP/1.1" 404 1251 "-" "Go-http-client/1.1"
3.110.179.136 - - [31/Oct/2024:01:28:45 +0000] "GET /wp-2019.php HTTP/1.1" 404 1251 "-" "Go-http-client/1.1"
3.110.179.136 - - [31/Oct/2024:01:28:47 +0000] "GET /wp-admin/css/colors/blue/bypass403.php HTTP/1.1" 404 1251 "-" "Go-http-client/1.1"
3.110.179.136 - - [31/Oct/2024:01:28:47 +0000] "GET /wp-admin/css/colors/blue/load-scripts.php HTTP/1.1" 404 1251 "-" "Go-http-client/1.1"
3.110.179.136 - - [31/Oct/2024:01:28:50 +0000] "GET /wp-admin/css/about.php HTTP/1.1" 404 1251 "-" "Go-http-client/1.1"
3.110.179.136 - - [31/Oct/2024:01:28:52 +0000] "GET /wp-admin/wso.php HTTP/1.1" 404 1251 "-" "Go-http-client/1.1"
3.110.179.136 - - [31/Oct/2024:01:28:53 +0000] "GET /wso.php HTTP/1.1" 404 1251 "-" "Go-http-client/1.1"
3.110.179.136 - - [31/Oct/2024:01:28:56 +0000] "GET /wp-content/mu-plugins/a.php HTTP/1.1" 404 1251 "-" "Go-http-client/1.1"
3.110.179.136 - - [31/Oct/2024:01:28:59 +0000] "GET /wp-content/mu-plugins/s.php HTTP/1.1" 404 1251 "-" "Go-http-client/1.1"
3.110.179.136 - - [31/Oct/2024:01:29:02 +0000] "GET /x.php HTTP/1.1" 404 1251 "-" "Go-http-client/1.1"
3.110.179.136 - - [31/Oct/2024:01:29:05 +0000] "GET /241.php HTTP/1.1" 404 1251 "-" "Go-http-client/1.1"
3.110.179.136 - - [31/Oct/2024:01:29:08 +0000] "GET /wp-content/themes/pridmag/24.php HTTP/1.1" 404 1251 "-" "Go-http-client/1.1"
3.110.179.136 - - [31/Oct/2024:01:29:08 +0000] "GET /24.php HTTP/1.1" 404 1251 "-" "Go-http-client/1.1"
3.110.179.136 - - [31/Oct/2024:01:29:10 +0000] "GET /406 HTTP/1.1" 404 1251 "-" "Go-http-client/1.1"
3.110.179.136 - - [31/Oct/2024:01:29:11 +0000] "GET /c.php HTTP/1.1" 404 1251 "-" "Go-http-client/1.1"
3.110.179.136 - - [31/Oct/2024:01:29:13 +0000] "GET /bp.php HTTP/1.1" 404 1251 "-" "Go-http-client/1.1"
3.110.179.136 - - [31/Oct/2024:01:29:14 +0000] "GET /backups-dup-lite/dup-installer/main.installer.php HTTP/1.1" 404 1251 "-" "Go-http-client/1.1"
3.110.179.136 - - [31/Oct/2024:01:29:17 +0000] "GET /wp-content/themes/sketch/404.php HTTP/1.1" 404 1251 "-" "Go-http-client/1.1"
3.110.179.136 - - [31/Oct/2024:01:29:19 +0000] "GET /wp-content/themes/twentyfive/include.php HTTP/1.1" 404 1251 "-" "Go-http-client/1.1"
3.110.179.136 - - [31/Oct/2024:01:29:24 +0000] "GET /wp-includes/wp-class.php HTTP/1.1" 404 1251 "-" "Go-http-client/1.1"
3.110.179.136 - - [31/Oct/2024:01:29:27 +0000] "GET /wp-class.php HTTP/1.1" 404 1251 "-" "Go-http-client/1.1"
3.110.179.136 - - [31/Oct/2024:01:29:30 +0000] "GET /fw.php HTTP/1.1" 404 1251 "-" "Go-http-client/1.1"
3.110.179.136 - - [31/Oct/2024:01:29:30 +0000] "GET /Xl2023.php HTTP/1.1" 404 1251 "-" "Go-http-client/1.1"
3.110.179.136 - - [31/Oct/2024:01:29:33 +0000] "GET /wp-signup.php?FoX=sQFLZ HTTP/1.1" 404 1251 "-" "Go-http-client/1.1"
3.110.179.136 - - [31/Oct/2024:01:29:35 +0000] "GET /wp-content/uploads/ac_assets/IndoSec.php HTTP/1.1" 404 1251 "-" "Go-http-client/1.1"
3.110.179.136 - - [31/Oct/2024:01:29:36 +0000] "GET /wp-content/themes/mero-magazine/ws.php HTTP/1.1" 404 1251 "-" "Go-http-client/1.1"
3.110.179.136 - - [31/Oct/2024:01:29:39 +0000] "GET /wp-commentin.php?pass=f0aab4595a024d626315fb786dce8282 HTTP/1.1" 404 1251 "-" "Go-http-client/1.1"
3.110.179.136 - - [31/Oct/2024:01:29:42 +0000] "GET /css.php HTTP/1.1" 404 1251 "-" "Go-http-client/1.1"
3.110.179.136 - - [31/Oct/2024:01:29:45 +0000] "GET /images/mar.php HTTP/1.1" 404 1251 "-" "Go-http-client/1.1"
3.110.179.136 - - [31/Oct/2024:01:29:48 +0000] "GET /m4r1ju4n4.php HTTP/1.1" 404 1251 "-" "Go-http-client/1.1"
3.110.179.136 - - [31/Oct/2024:01:29:51 +0000] "GET /marijuana.php HTTP/1.1" 404 1251 "-" "Go-http-client/1.1"
3.110.179.136 - - [31/Oct/2024:01:29:52 +0000] "GET /wp-admin/css/colors/coffee/mari.php HTTP/1.1" 404 1251 "-" "Go-http-client/1.1"
3.110.179.136 - - [31/Oct/2024:01:29:54 +0000] "GET /wp-admin/css/colors/coffee/marijuana.php HTTP/1.1" 404 1251 "-" "Go-http-client/1.1"
3.110.179.136 - - [31/Oct/2024:01:29:57 +0000] "GET /wp-admin/css/colors/maro.php HTTP/1.1" 404 1251 "-" "Go-http-client/1.1"
3.110.179.136 - - [31/Oct/2024:01:30:01 +0000] "GET /wp-admin/css/mari.php HTTP/1.1" 404 1251 "-" "Go-http-client/1.1"
3.110.179.136 - - [31/Oct/2024:01:30:05 +0000] "GET /wp-content/plugins/owfsmac/mar.php HTTP/1.1" 404 1251 "-" "Go-http-client/1.1"
3.110.179.136 - - [31/Oct/2024:01:30:08 +0000] "GET /wp-admin/css/maro.php HTTP/1.1" 404 1251 "-" "Go-http-client/1.1"
3.110.179.136 - - [31/Oct/2024:01:30:13 +0000] "GET /wp-admin/maint/mari.php HTTP/1.1" 404 1251 "-" "Go-http-client/1.1"
3.110.179.136 - - [31/Oct/2024:01:30:17 +0000] "GET /wp-admin/mari.php HTTP/1.1" 404 1251 "-" "Go-http-client/1.1"
3.110.179.136 - - [31/Oct/2024:01:30:20 +0000] "GET /wp-content/mari.php HTTP/1.1" 404 1251 "-" "Go-http-client/1.1"
3.110.179.136 - - [31/Oct/2024:01:30:23 +0000] "GET /wp-content/plugins/aryabot/mari.php HTTP/1.1" 404 1251 "-" "Go-http-client/1.1"
3.110.179.136 - - [31/Oct/2024:01:30:23 +0000] "GET /wp-content/plugins/aryabot/mar.php HTTP/1.1" 404 1251 "-" "Go-http-client/1.1"
216.244.66.195 - - [31/Oct/2024:01:30:26 +0000] "GET /product-tag/all-categories/?filter_book-author=rev-ili-vunisuwai HTTP/1.1" 404 1251 "-" "Mozilla/5.0 (compatible; DotBot/1.2; +https://opensiteexplorer.org/dotbot; help@moz.com)"
3.110.179.136 - - [31/Oct/2024:01:30:27 +0000] "GET /wp-content/plugins/owfsmac/maro.php HTTP/1.1" 404 1251 "-" "Go-http-client/1.1"
3.110.179.136 - - [31/Oct/2024:01:30:30 +0000] "GET /wp-admin/1234.php HTTP/1.1" 404 1251 "-" "Go-http-client/1.1"
3.110.179.136 - - [31/Oct/2024:01:30:33 +0000] "GET /wp-admin/asdasd.php HTTP/1.1" 404 1251 "-" "Go-http-client/1.1"
3.110.179.136 - - [31/Oct/2024:01:30:34 +0000] "GET /wp-admin/css/colors/blue/uploader.php HTTP/1.1" 404 1251 "-" "Go-http-client/1.1"
3.110.179.136 - - [31/Oct/2024:01:30:37 +0000] "GET /.well-known/pki-validation/ssl.php?Xsec=blocker HTTP/1.1" 404 1251 "-" "Go-http-client/1.1"
3.110.179.136 - - [31/Oct/2024:01:30:41 +0000] "GET /wp-content/plugins/Cache/Cache.php HTTP/1.1" 404 1251 "-" "Go-http-client/1.1"
3.110.179.136 - - [31/Oct/2024:01:30:43 +0000] "GET /wp-content/plugins/core-stab/indeX.php HTTP/1.1" 404 1251 "-" "Go-http-client/1.1"
3.110.179.136 - - [31/Oct/2024:01:30:46 +0000] "GET /wp-includes/rest-api/tablepress_controllers.php HTTP/1.1" 404 1251 "-" "Go-http-client/1.1"
3.110.179.136 - - [31/Oct/2024:01:30:50 +0000] "GET /wp-includes/pomo/newup.php HTTP/1.1" 404 1251 "-" "Go-http-client/1.1"
3.110.179.136 - - [31/Oct/2024:01:30:52 +0000] "GET /gank.php.PhP HTTP/1.1" 404 1251 "-" "Go-http-client/1.1"
3.110.179.136 - - [31/Oct/2024:01:30:55 +0000] "GET /wp-admin/ss.php HTTP/1.1" 404 1251 "-" "Go-http-client/1.1"
3.110.179.136 - - [31/Oct/2024:01:30:59 +0000] "GET /wp-content/oluX_czadazdazdzad.php HTTP/1.1" 404 1251 "-" "Go-http-client/1.1"
3.110.179.136 - - [31/Oct/2024:01:31:01 +0000] "GET /wp-content/plugins/seoplugins/oluX_czadazdazdzad.php HTTP/1.1" 404 1251 "-" "Go-http-client/1.1"
3.110.179.136 - - [31/Oct/2024:01:31:04 +0000] "GET /wp-content/gwtmqkos.php HTTP/1.1" 404 1251 "-" "Go-http-client/1.1"
3.110.179.136 - - [31/Oct/2024:01:31:08 +0000] "GET /.Wp-back.phP HTTP/1.1" 404 1251 "-" "Go-http-client/1.1"
216.244.66.195 - - [31/Oct/2024:01:35:42 +0000] "GET /product-category/bibles/english-bibles/?filter_book-author=j-d-douglas-ed HTTP/1.1" 404 1251 "-" "Mozilla/5.0 (compatible; DotBot/1.2; +https://opensiteexplorer.org/dotbot; help@moz.com)"
216.244.66.195 - - [31/Oct/2024:01:35:43 +0000] "GET /product-category/bibles/english-bibles/?filter_book-author=moises-silva-ed HTTP/1.1" 404 1251 "-" "Mozilla/5.0 (compatible; DotBot/1.2; +https://opensiteexplorer.org/dotbot; help@moz.com)"
109.106.251.75 - - [31/Oct/2024:01:43:56 +0000] "GET /.well-known/acme-challenge/ISDVCWXKDVGY3R2V6GC4ZR_AIHZT05YR HTTP/1.1" 200 64 "-" "Cpanel-HTTP-Client/1.0"
109.106.251.75 - - [31/Oct/2024:01:43:56 +0000] "GET /.well-known/acme-challenge/THOOC5HPLRMHV-0L1CQYE11X-I2JW4T7 HTTP/1.1" 200 64 "-" "Cpanel-HTTP-Client/1.0"
74.234.38.97 - - [31/Oct/2024:01:50:39 +0000] "GET /.env HTTP/1.1" 404 1251 "-" "Mozilla/5.0 (Macintosh; Intel Mac OS X 10_15; rv:77.0) Gecko/20100101 Firefox/77.0"
74.234.38.97 - - [31/Oct/2024:01:51:06 +0000] "GET /.env HTTP/1.1" 404 1251 "-" "python-requests/2.32.3"
74.234.38.97 - - [31/Oct/2024:01:51:07 +0000] "GET /.env.example HTTP/1.1" 404 1251 "-" "python-requests/2.32.3"
192.145.119.243 - - [31/Oct/2024:01:57:48 +0000] "GET /simple.php?p=2f7661722f7777772f6365616661736961&tod=75706c6f6164 HTTP/1.1" 404 1251 "-" "Mozilla/5.0 (Windows NT 10.0; Win64; x64) AppleWebKit/537.36 (KHTML, like Gecko) Chrome/58.0.3029.110 Safari/537.3"
192.145.119.243 - - [31/Oct/2024:01:57:51 +0000] "GET /mt/ninja.php?p=2f686f6d652f68656c6c6f6f6f2f7777772f6d742f6c69622f&act=nd HTTP/1.1" 404 1251 "-" "Mozilla/5.0 (Windows NT 10.0; Win64; x64) AppleWebKit/537.36 (KHTML, like Gecko) Chrome/58.0.3029.110 Safari/537.3"
192.145.119.243 - - [31/Oct/2024:01:57:52 +0000] "GET /classwithtostring.php?p=2f686f6d652f662f66697273746d657461342f66697273746d6574616c2f7075626c69635f68746d6c2f77702d696e636c756465732f637373&tod=75706c6f6164 HTTP/1.1" 404 1251 "-" "Mozilla/5.0 (Windows NT 10.0; Win64; x64) AppleWebKit/537.36 (KHTML, like Gecko) Chrome/58.0.3029.110 Safari/537.3"
192.145.119.243 - - [31/Oct/2024:01:57:53 +0000] "GET /wp-includes/sodium_compat/index.php?p=2f6d6e742f48435f566f6c756d655f3130303939303038382f736974652f617364313936706c2e636f6d2f77702d696e636c756465732f736f6469756d5f636f6d706174&tod=75706c6f6164 HTTP/1.1" 404 1251 "-" "Mozilla/5.0 (Windows NT 10.0; Win64; x64) AppleWebKit/537.36 (KHTML, like Gecko) Chrome/58.0.3029.110 Safari/537.3"
192.145.119.243 - - [31/Oct/2024:01:57:54 +0000] "GET /link.php?p=2f7661722f7777772f76686f7374732f61717561616e616c79746963732e757a2f68747470646f6373&tod=75706c6f6164 HTTP/1.1" 404 1251 "-" "Mozilla/5.0 (Windows NT 10.0; Win64; x64) AppleWebKit/537.36 (KHTML, like Gecko) Chrome/58.0.3029.110 Safari/537.3"
192.145.119.243 - - [31/Oct/2024:01:57:54 +0000] "GET /wp-atom.php?p=2f686f6d652f61726d616f732f7075626c69635f68746d6c&tod=75706c6f6164 HTTP/1.1" 404 1251 "-" "Mozilla/5.0 (Windows NT 10.0; Win64; x64) AppleWebKit/537.36 (KHTML, like Gecko) Chrome/58.0.3029.110 Safari/537.3"
192.145.119.243 - - [31/Oct/2024:01:57:54 +0000] "GET /wp-atom.php?p=2f686f6d652f61726d616f732f7075626c69635f68746d6c&tod=75706c6f6164 HTTP/1.1" 404 1251 "-" "Mozilla/5.0 (Windows NT 10.0; Win64; x64) AppleWebKit/537.36 (KHTML, like Gecko) Chrome/58.0.3029.110 Safari/537.3"
216.244.66.195 - - [31/Oct/2024:02:01:36 +0000] "GET /product-category/books/book-biographies/feed/ HTTP/1.1" 404 1251 "-" "Mozilla/5.0 (compatible; DotBot/1.2; +https://opensiteexplorer.org/dotbot; help@moz.com)"
216.244.66.195 - - [31/Oct/2024:02:01:41 +0000] "GET /wp-content/uploads/2020/08/9780310519423_965093.webp HTTP/1.1" 404 1251 "-" "Mozilla/5.0 (compatible; DotBot/1.2; +https://opensiteexplorer.org/dotbot; help@moz.com)"
216.244.66.195 - - [31/Oct/2024:02:02:29 +0000] "GET /book-author/moises-silva-ed/?add-to-cart=91 HTTP/1.1" 404 1251 "-" "Mozilla/5.0 (compatible; DotBot/1.2; +https://opensiteexplorer.org/dotbot; help@moz.com)"
216.244.66.195 - - [31/Oct/2024:02:02:32 +0000] "GET /format/paperback/?add-to-cart=61 HTTP/1.1" 404 1251 "-" "Mozilla/5.0 (compatible; DotBot/1.2; +https://opensiteexplorer.org/dotbot; help@moz.com)"
216.244.66.195 - - [31/Oct/2024:02:03:36 +0000] "GET /product-category/pins/?add-to-cart=1334 HTTP/1.1" 404 1251 "-" "Mozilla/5.0 (compatible; DotBot/1.2; +https://opensiteexplorer.org/dotbot; help@moz.com)"
216.244.66.195 - - [31/Oct/2024:02:03:38 +0000] "GET /product/nkjv-maxwell-leadership-bible-third-edition/?add-to-cart=81 HTTP/1.1" 404 1251 "-" "Mozilla/5.0 (compatible; DotBot/1.2; +https://opensiteexplorer.org/dotbot; help@moz.com)"
216.244.66.195 - - [31/Oct/2024:02:03:40 +0000] "GET /product/the-baker-illustrated-bible-background-commentary/?add-to-cart=61 HTTP/1.1" 404 1251 "-" "Mozilla/5.0 (compatible; DotBot/1.2; +https://opensiteexplorer.org/dotbot; help@moz.com)"
216.244.66.195 - - [31/Oct/2024:02:03:42 +0000] "GET /product/think-like-a-monk-train-your-mind-for-peace-and-purpose-every-day/?add-to-cart=89 HTTP/1.1" 404 1251 "-" "Mozilla/5.0 (compatible; DotBot/1.2; +https://opensiteexplorer.org/dotbot; help@moz.com)"
216.244.66.195 - - [31/Oct/2024:02:04:07 +0000] "GET /product-category/christian-living/?add_to_wishlist=34 HTTP/1.1" 404 1251 "-" "Mozilla/5.0 (compatible; DotBot/1.2; +https://opensiteexplorer.org/dotbot; help@moz.com)"
216.244.66.195 - - [31/Oct/2024:02:04:08 +0000] "GET /shop-2/?filter_book-author=r-t-france-ed HTTP/1.1" 404 1251 "-" "Mozilla/5.0 (compatible; DotBot/1.2; +https://opensiteexplorer.org/dotbot; help@moz.com)"
216.244.66.195 - - [31/Oct/2024:02:04:36 +0000] "GET /format/paperback/?add_to_wishlist=3490 HTTP/1.1" 404 1251 "-" "Mozilla/5.0 (compatible; DotBot/1.2; +https://opensiteexplorer.org/dotbot; help@moz.com)"
216.244.66.195 - - [31/Oct/2024:02:04:38 +0000] "GET /product/angry-god-all-saints-high-book-3/?add_to_wishlist=91 HTTP/1.1" 404 1251 "-" "Mozilla/5.0 (compatible; DotBot/1.2; +https://opensiteexplorer.org/dotbot; help@moz.com)"
216.244.66.195 - - [31/Oct/2024:02:04:39 +0000] "GET /product/bible-stories-adam-eve-ot/?add_to_wishlist=106 HTTP/1.1" 404 1251 "-" "Mozilla/5.0 (compatible; DotBot/1.2; +https://opensiteexplorer.org/dotbot; help@moz.com)"
216.244.66.195 - - [31/Oct/2024:02:04:40 +0000] "GET /product/nelsons-illustrated-bible-dictionary-new-enhanced-2014/?add_to_wishlist=44 HTTP/1.1" 404 1251 "-" "Mozilla/5.0 (compatible; DotBot/1.2; +https://opensiteexplorer.org/dotbot; help@moz.com)"
216.244.66.195 - - [31/Oct/2024:02:04:41 +0000] "GET /product/nkjv-maxwell-leadership-bible-third-edition/?add_to_wishlist=69 HTTP/1.1" 404 1251 "-" "Mozilla/5.0 (compatible; DotBot/1.2; +https://opensiteexplorer.org/dotbot; help@moz.com)"
216.244.66.195 - - [31/Oct/2024:02:04:42 +0000] "GET /shop-2/?filter_book-author=edward-goodrick HTTP/1.1" 404 1251 "-" "Mozilla/5.0 (compatible; DotBot/1.2; +https://opensiteexplorer.org/dotbot; help@moz.com)"
216.244.66.195 - - [31/Oct/2024:02:05:25 +0000] "GET /product-category/king-james-version-kjv/?add_to_wishlist=1587 HTTP/1.1" 404 1251 "-" "Mozilla/5.0 (compatible; DotBot/1.2; +https://opensiteexplorer.org/dotbot; help@moz.com)"
216.244.66.195 - - [31/Oct/2024:02:10:39 +0000] "GET /product-tag/all-categories/?filter_book-author=rev-ili-vunisuwai HTTP/1.1" 404 1251 "-" "Mozilla/5.0 (compatible; DotBot/1.2; +https://opensiteexplorer.org/dotbot; help@moz.com)"
216.244.66.195 - - [31/Oct/2024:02:15:40 +0000] "GET /product-category/bibles/english-bibles/?filter_book-author=j-d-douglas-ed HTTP/1.1" 404 1251 "-" "Mozilla/5.0 (compatible; DotBot/1.2; +https://opensiteexplorer.org/dotbot; help@moz.com)"
216.244.66.195 - - [31/Oct/2024:02:15:41 +0000] "GET /product-category/bibles/english-bibles/?filter_book-author=moises-silva-ed HTTP/1.1" 404 1251 "-" "Mozilla/5.0 (compatible; DotBot/1.2; +https://opensiteexplorer.org/dotbot; help@moz.com)"
192.145.119.243 - - [31/Oct/2024:02:32:03 +0000] "GET /simple.php?p=2f7661722f7777772f6365616661736961&tod=75706c6f6164 HTTP/1.1" 404 1251 "-" "Mozilla/5.0 (Windows NT 10.0; Win64; x64) AppleWebKit/537.36 (KHTML, like Gecko) Chrome/58.0.3029.110 Safari/537.3"
192.145.119.243 - - [31/Oct/2024:02:32:03 +0000] "GET /classwithtostring.php?p=2f686f6d652f662f66697273746d657461342f66697273746d6574616c2f7075626c69635f68746d6c2f77702d696e636c756465732f637373&tod=75706c6f6164 HTTP/1.1" 404 1251 "-" "Mozilla/5.0 (Windows NT 10.0; Win64; x64) AppleWebKit/537.36 (KHTML, like Gecko) Chrome/58.0.3029.110 Safari/537.3"
192.145.119.243 - - [31/Oct/2024:02:32:03 +0000] "GET /mt/ninja.php?p=2f686f6d652f68656c6c6f6f6f2f7777772f6d742f6c69622f&act=nd HTTP/1.1" 404 1251 "-" "Mozilla/5.0 (Windows NT 10.0; Win64; x64) AppleWebKit/537.36 (KHTML, like Gecko) Chrome/58.0.3029.110 Safari/537.3"
192.145.119.243 - - [31/Oct/2024:02:32:04 +0000] "GET /wp-atom.php?p=2f686f6d652f61726d616f732f7075626c69635f68746d6c&tod=75706c6f6164 HTTP/1.1" 404 1251 "-" "Mozilla/5.0 (Windows NT 10.0; Win64; x64) AppleWebKit/537.36 (KHTML, like Gecko) Chrome/58.0.3029.110 Safari/537.3"
192.145.119.243 - - [31/Oct/2024:02:32:04 +0000] "GET /wp-includes/sodium_compat/index.php?p=2f6d6e742f48435f566f6c756d655f3130303939303038382f736974652f617364313936706c2e636f6d2f77702d696e636c756465732f736f6469756d5f636f6d706174&tod=75706c6f6164 HTTP/1.1" 404 1251 "-" "Mozilla/5.0 (Windows NT 10.0; Win64; x64) AppleWebKit/537.36 (KHTML, like Gecko) Chrome/58.0.3029.110 Safari/537.3"
192.145.119.243 - - [31/Oct/2024:02:32:04 +0000] "GET /link.php?p=2f7661722f7777772f76686f7374732f61717561616e616c79746963732e757a2f68747470646f6373&tod=75706c6f6164 HTTP/1.1" 404 1251 "-" "Mozilla/5.0 (Windows NT 10.0; Win64; x64) AppleWebKit/537.36 (KHTML, like Gecko) Chrome/58.0.3029.110 Safari/537.3"
192.145.119.243 - - [31/Oct/2024:02:32:05 +0000] "GET /wp-atom.php?p=2f686f6d652f61726d616f732f7075626c69635f68746d6c&tod=75706c6f6164 HTTP/1.1" 404 1251 "-" "Mozilla/5.0 (Windows NT 10.0; Win64; x64) AppleWebKit/537.36 (KHTML, like Gecko) Chrome/58.0.3029.110 Safari/537.3"
192.145.119.243 - - [31/Oct/2024:02:32:08 +0000] "GET /chosen/function.php?upload HTTP/1.1" 404 1251 "-" "Mozilla/5.0 (Windows NT 10.0; Win64; x64) AppleWebKit/537.36 (KHTML, like Gecko) Chrome/58.0.3029.110 Safari/537.3"
192.145.119.243 - - [31/Oct/2024:02:32:08 +0000] "GET /style.php HTTP/1.1" 404 1251 "-" "Mozilla/5.0 (Windows NT 10.0; Win64; x64) AppleWebKit/537.36 (KHTML, like Gecko) Chrome/58.0.3029.110 Safari/537.3"
192.145.119.243 - - [31/Oct/2024:02:32:09 +0000] "GET /shell.php HTTP/1.1" 404 1251 "-" "Mozilla/5.0 (Windows NT 10.0; Win64; x64) AppleWebKit/537.36 (KHTML, like Gecko) Chrome/58.0.3029.110 Safari/537.3"
192.145.119.243 - - [31/Oct/2024:02:32:09 +0000] "GET /admin.php HTTP/1.1" 404 1251 "-" "Mozilla/5.0 (Windows NT 10.0; Win64; x64) AppleWebKit/537.36 (KHTML, like Gecko) Chrome/58.0.3029.110 Safari/537.3"
192.145.119.243 - - [31/Oct/2024:02:32:09 +0000] "GET /about.php HTTP/1.1" 404 1251 "-" "Mozilla/5.0 (Windows NT 10.0; Win64; x64) AppleWebKit/537.36 (KHTML, like Gecko) Chrome/58.0.3029.110 Safari/537.3"
192.145.119.243 - - [31/Oct/2024:02:32:10 +0000] "GET /chosen.php?upload HTTP/1.1" 404 1251 "-" "Mozilla/5.0 (Windows NT 10.0; Win64; x64) AppleWebKit/537.36 (KHTML, like Gecko) Chrome/58.0.3029.110 Safari/537.3"
192.145.119.243 - - [31/Oct/2024:02:32:13 +0000] "GET /inputs.php HTTP/1.1" 404 1251 "-" "Mozilla/5.0 (Windows NT 10.0; Win64; x64) AppleWebKit/537.36 (KHTML, like Gecko) Chrome/58.0.3029.110 Safari/537.3"
192.145.119.243 - - [31/Oct/2024:02:32:13 +0000] "GET /wp-includes/rest-api/fields/cache/simple.php HTTP/1.1" 404 1251 "-" "Mozilla/5.0 (Windows NT 10.0; Win64; x64) AppleWebKit/537.36 (KHTML, like Gecko) Chrome/58.0.3029.110 Safari/537.3"
192.145.119.243 - - [31/Oct/2024:02:32:14 +0000] "GET /ALFA_DATA/alfacgiapi/ HTTP/1.1" 404 1251 "-" "Mozilla/5.0 (Windows NT 10.0; Win64; x64) AppleWebKit/537.36 (KHTML, like Gecko) Chrome/58.0.3029.110 Safari/537.3"
192.145.119.243 - - [31/Oct/2024:02:32:14 +0000] "GET /wp-includes/js/tinymce/plugins/image/index.php HTTP/1.1" 404 1251 "-" "Mozilla/5.0 (Windows NT 10.0; Win64; x64) AppleWebKit/537.36 (KHTML, like Gecko) Chrome/58.0.3029.110 Safari/537.3"
192.145.119.243 - - [31/Oct/2024:02:32:14 +0000] "GET /wp-includes/SimplePie/index.php HTTP/1.1" 404 1251 "-" "Mozilla/5.0 (Windows NT 10.0; Win64; x64) AppleWebKit/537.36 (KHTML, like Gecko) Chrome/58.0.3029.110 Safari/537.3"
192.145.119.243 - - [31/Oct/2024:02:32:15 +0000] "GET /wp-includes/style.php HTTP/1.1" 404 1251 "-" "Mozilla/5.0 (Windows NT 10.0; Win64; x64) AppleWebKit/537.36 (KHTML, like Gecko) Chrome/58.0.3029.110 Safari/537.3"
192.145.119.243 - - [31/Oct/2024:02:32:15 +0000] "GET /wp-content/uploads/style.php HTTP/1.1" 404 1251 "-" "Mozilla/5.0 (Windows NT 10.0; Win64; x64) AppleWebKit/537.36 (KHTML, like Gecko) Chrome/58.0.3029.110 Safari/537.3"
192.145.119.243 - - [31/Oct/2024:02:32:15 +0000] "GET /wp-admin/js/user-suggest.js HTTP/1.1" 404 1251 "-" "Mozilla/5.0 (Windows NT 10.0; Win64; x64) AppleWebKit/537.36 (KHTML, like Gecko) Chrome/58.0.3029.110 Safari/537.3"
192.145.119.243 - - [31/Oct/2024:02:32:15 +0000] "GET /wp-content/uploads/index.php HTTP/1.1" 404 1251 "-" "Mozilla/5.0 (Windows NT 10.0; Win64; x64) AppleWebKit/537.36 (KHTML, like Gecko) Chrome/58.0.3029.110 Safari/537.3"
192.145.119.243 - - [31/Oct/2024:02:32:18 +0000] "GET /wp-content/style.php HTTP/1.1" 404 1251 "-" "Mozilla/5.0 (Windows NT 10.0; Win64; x64) AppleWebKit/537.36 (KHTML, like Gecko) Chrome/58.0.3029.110 Safari/537.3"
192.145.119.243 - - [31/Oct/2024:02:32:18 +0000] "GET /wp-admin/style.php HTTP/1.1" 404 1251 "-" "Mozilla/5.0 (Windows NT 10.0; Win64; x64) AppleWebKit/537.36 (KHTML, like Gecko) Chrome/58.0.3029.110 Safari/537.3"
192.145.119.243 - - [31/Oct/2024:02:32:18 +0000] "GET /ninja.php HTTP/1.1" 404 1251 "-" "Mozilla/5.0 (Windows NT 10.0; Win64; x64) AppleWebKit/537.36 (KHTML, like Gecko) Chrome/58.0.3029.110 Safari/537.3"
192.145.119.243 - - [31/Oct/2024:02:32:19 +0000] "GET /wp-includes/js/admin-bar.js HTTP/1.1" 404 1251 "-" "Mozilla/5.0 (Windows NT 10.0; Win64; x64) AppleWebKit/537.36 (KHTML, like Gecko) Chrome/58.0.3029.110 Safari/537.3"
192.145.119.243 - - [31/Oct/2024:02:32:19 +0000] "GET /wp-includes/js/jquery/jquery.js HTTP/1.1" 404 1251 "-" "Mozilla/5.0 (Windows NT 10.0; Win64; x64) AppleWebKit/537.36 (KHTML, like Gecko) Chrome/58.0.3029.110 Safari/537.3"
216.244.66.195 - - [31/Oct/2024:02:38:44 +0000] "GET /product-category/books/book-biographies/feed/ HTTP/1.1" 404 1251 "-" "Mozilla/5.0 (compatible; DotBot/1.2; +https://opensiteexplorer.org/dotbot; help@moz.com)"
216.244.66.195 - - [31/Oct/2024:02:38:48 +0000] "GET /wp-content/uploads/2020/08/9780310519423_965093.webp HTTP/1.1" 404 1251 "-" "Mozilla/5.0 (compatible; DotBot/1.2; +https://opensiteexplorer.org/dotbot; help@moz.com)"
216.244.66.195 - - [31/Oct/2024:02:39:39 +0000] "GET /book-author/moises-silva-ed/?add-to-cart=91 HTTP/1.1" 404 1251 "-" "Mozilla/5.0 (compatible; DotBot/1.2; +https://opensiteexplorer.org/dotbot; help@moz.com)"
