Файловый менеджер - Редактировать - /usr/local/apache/domlogs/lakoyani/cricketfiji.net.lakoyanimedia.tech-ssl_log
Назад
57.141.7.10 - - [30/Oct/2024:11:33:11 +0000] "GET /cricket-fiji-online-scoring/ HTTP/2" 404 1251 "-" "meta-externalagent/1.1 (+https://developers.facebook.com/docs/sharing/webmasters/crawler)"
37.114.50.154 - - [30/Oct/2024:11:34:25 +0000] "GET / HTTP/1.1" 200 21518 "http://cricketfiji.net" "Mozilla/5.0 (iPhone; CPU iPhone OS 15_4_1 like Mac OS X) AppleWebKit/605.1.15 (KHTML, like Gecko) Version/15.4 Mobile/15E148 Safari/604.1"
37.114.50.154 - - [30/Oct/2024:11:36:43 +0000] "GET / HTTP/1.1" 200 21518 "http://cricketfiji.net" "Mozilla/5.0 (OS/2; Warp 4.5; rv:10.0.12) Gecko/20100101 Firefox/10.0.12"
51.222.253.6 - - [30/Oct/2024:11:39:47 +0000] "GET /category/domestic/ HTTP/2" 404 1251 "-" "Mozilla/5.0 (compatible; AhrefsBot/7.0; +http://ahrefs.com/robot/)"
37.114.50.154 - - [30/Oct/2024:11:40:53 +0000] "GET / HTTP/1.1" 200 21518 "http://cricketfiji.net" "Mozilla/5.0 (Macintosh; Intel Mac OS X 10_13_6) AppleWebKit/537.36 (KHTML, like Gecko) Chrome/100.0.4896.127 Safari/537.36"
109.106.251.75 - - [30/Oct/2024:11:40:56 +0000] "GET / HTTP/1.1" 200 21501 "-" "WordPress/6.6.2; https://cricketfiji.net"
109.106.251.75 - - [30/Oct/2024:11:40:57 +0000] "GET / HTTP/1.1" 200 21502 "-" "WordPress/6.6.2; https://cricketfiji.net"
109.106.251.75 - - [30/Oct/2024:11:40:59 +0000] "GET / HTTP/1.1" 200 21501 "-" "WordPress/6.6.2; https://cricketfiji.net"
109.106.251.75 - - [30/Oct/2024:11:41:00 +0000] "GET /?timestamp=1730288460 HTTP/1.1" 200 21527 "-" "WordPress/6.6.2; https://cricketfiji.net"
52.167.144.184 - - [30/Oct/2024:11:47:32 +0000] "GET /2023/10/30/40-overs-for-suva-cricket-competition/ HTTP/2" 404 1251 "-" "Mozilla/5.0 AppleWebKit/537.36 (KHTML, like Gecko; compatible; bingbot/2.0; +http://www.bing.com/bingbot.htm) Chrome/116.0.1938.76 Safari/537.36"
156.59.198.136 - - [30/Oct/2024:11:49:00 +0000] "GET /wp-content/uploads/2023/11/WhatsApp-Image-2023-11-22-at-14.34.19_3b7a3214-768x357.jpg HTTP/2" 200 57134 "-" "Mozilla/5.0 (Linux; Android 5.0) AppleWebKit/537.36 (KHTML, like Gecko) Mobile Safari/537.36 (compatible; Bytespider; spider-feedback@bytedance.com)"
66.249.64.34 - - [30/Oct/2024:11:55:30 +0000] "GET /domestic/ HTTP/1.1" 404 1251 "-" "Mozilla/5.0 (compatible; Googlebot/2.1; +http://www.google.com/bot.html)"
107.189.4.158 - - [30/Oct/2024:11:58:48 +0000] "GET /zqxjKZsdkJkohe.html HTTP/1.1" 404 1251 "-" "Mozilla/5.0 (Windows NT 6.1; rv:45.0) Gecko/20100101 Firefox/45.0"
109.106.251.75 - - [30/Oct/2024:11:58:52 +0000] "POST /wp-cron.php?doing_wp_cron=1730289532.2405099868774414062500 HTTP/1.1" 200 0 "-" "WordPress/6.6.2; https://cricketfiji.net"
192.42.116.182 - - [30/Oct/2024:11:58:49 +0000] "GET / HTTP/1.1" 301 0 "-" "Mozilla/5.0 (Windows NT 6.1; rv:45.0) Gecko/20100101 Firefox/45.0"
114.119.143.114 - - [30/Oct/2024:12:02:59 +0000] "GET /2023/11/06/finals-week-for-t-40-super-league-2023/ HTTP/1.1" 404 1251 "https://cricketfiji.net/blog/" "Mozilla/5.0 (Linux; Android 7.0;) AppleWebKit/537.36 (KHTML, like Gecko) Mobile Safari/537.36 (compatible; PetalBot;+https://webmaster.petalsearch.com/site/petalbot)"
87.180.45.239 - - [30/Oct/2024:12:06:20 +0000] "GET /wp-json/wp/v2/users HTTP/1.1" 404 1251 "https://www.google.com" "Mozilla/5.0 (X11; Linux x86_64) AppleWebKit/537.36 (KHTML, like Gecko) Chrome/119.0.0.0 Safari/537.36"
87.180.45.239 - - [30/Oct/2024:12:06:22 +0000] "GET /?author=1 HTTP/1.1" 301 0 "https://www.google.com" "Mozilla/5.0 (X11; Linux x86_64) AppleWebKit/537.36 (KHTML, like Gecko) Chrome/119.0.0.0 Safari/537.36"
109.106.251.75 - - [30/Oct/2024:12:06:25 +0000] "POST /wp-cron.php?doing_wp_cron=1730289985.1560409069061279296875 HTTP/1.1" 200 0 "-" "WordPress/6.6.2; https://cricketfiji.net"
87.180.45.239 - - [30/Oct/2024:12:06:27 +0000] "POST /xmlrpc.php HTTP/1.1" 200 135 "-" "Apache-HttpClient/4.5.13 (Java/11.0.24)"
87.180.45.239 - - [30/Oct/2024:12:06:29 +0000] "POST /xmlrpc.php HTTP/1.1" 200 207 "-" "Apache-HttpClient/4.5.13 (Java/11.0.24)"
87.180.45.239 - - [30/Oct/2024:12:06:32 +0000] "POST /xmlrpc.php HTTP/1.1" 200 207 "-" "Apache-HttpClient/4.5.13 (Java/11.0.24)"
87.180.45.239 - - [30/Oct/2024:12:06:35 +0000] "POST /xmlrpc.php HTTP/1.1" 200 207 "-" "Apache-HttpClient/4.5.13 (Java/11.0.24)"
87.180.45.239 - - [30/Oct/2024:12:06:37 +0000] "POST /xmlrpc.php HTTP/1.1" 200 207 "-" "Apache-HttpClient/4.5.13 (Java/11.0.24)"
87.180.45.239 - - [30/Oct/2024:12:06:40 +0000] "GET /wp-admin/user-new.php HTTP/1.1" 302 0 "https://www.google.com" "Mozilla/5.0 (X11; Linux x86_64) AppleWebKit/537.36 (KHTML, like Gecko) Chrome/119.0.0.0 Safari/537.36"
87.180.45.239 - - [30/Oct/2024:12:06:44 +0000] "GET /404/ HTTP/1.1" 404 1251 "https://www.google.com" "Mozilla/5.0 (X11; Linux x86_64) AppleWebKit/537.36 (KHTML, like Gecko) Chrome/119.0.0.0 Safari/537.36"
109.106.251.75 - - [30/Oct/2024:12:06:41 +0000] "POST /wp-admin/admin-ajax.php?action=as_async_request_queue_runner&nonce=0485d12511 HTTP/1.1" 200 0 "-" "WordPress/6.6.2; https://cricketfiji.net"
87.180.45.239 - - [30/Oct/2024:12:06:46 +0000] "GET /wp-login.php HTTP/1.1" 404 14843 "https://www.google.com" "Mozilla/5.0 (X11; Linux x86_64) AppleWebKit/537.36 (KHTML, like Gecko) Chrome/119.0.0.0 Safari/537.36"
87.180.45.239 - - [30/Oct/2024:12:06:49 +0000] "GET /wp-login.php HTTP/1.1" 404 14843 "https://www.google.com" "Mozilla/5.0 (X11; Linux x86_64) AppleWebKit/537.36 (KHTML, like Gecko) Chrome/119.0.0.0 Safari/537.36"
57.141.7.13 - - [30/Oct/2024:12:13:02 +0000] "GET /2023/11/11/cricket-t40-league-ends-on-a-high/?utm_source=rss&utm_medium=rss&utm_campaign=cricket-t40-league-ends-on-a-high HTTP/2" 404 1251 "-" "facebookexternalhit/1.1 (+http://www.facebook.com/externalhit_uatext.php)"
40.77.167.50 - - [30/Oct/2024:12:25:47 +0000] "GET /2024/04/29/sanjiv-dubey-appointed-head-coach-of-fiji-u19-womens-team/ HTTP/2" 404 1251 "-" "Mozilla/5.0 AppleWebKit/537.36 (KHTML, like Gecko; compatible; bingbot/2.0; +http://www.bing.com/bingbot.htm) Chrome/116.0.1938.76 Safari/537.36"
114.119.157.46 - - [30/Oct/2024:12:31:21 +0000] "GET /2023/06/16/new-zealand-beats-fiji/ HTTP/1.1" 404 1251 "https://cricketfiji.net/2023/06/18/fiji-u19-defeats-vanuatu/" "Mozilla/5.0 (Linux; Android 7.0;) AppleWebKit/537.36 (KHTML, like Gecko) Mobile Safari/537.36 (compatible; PetalBot;+https://webmaster.petalsearch.com/site/petalbot)"
109.106.251.75 - - [30/Oct/2024:12:31:29 +0000] "POST /wp-cron.php?doing_wp_cron=1730291489.9363880157470703125000 HTTP/1.1" 200 0 "-" "WordPress/6.6.2; https://cricketfiji.net"
40.77.167.16 - - [30/Oct/2024:12:31:27 +0000] "GET / HTTP/2" 301 0 "-" "Mozilla/5.0 AppleWebKit/537.36 (KHTML, like Gecko; compatible; bingbot/2.0; +http://www.bing.com/bingbot.htm) Chrome/116.0.1938.76 Safari/537.36"
52.167.144.225 - - [30/Oct/2024:12:31:36 +0000] "GET / HTTP/2" 200 27785 "-" "Mozilla/5.0 AppleWebKit/537.36 (KHTML, like Gecko; compatible; bingbot/2.0; +http://www.bing.com/bingbot.htm) Chrome/116.0.1938.76 Safari/537.36"
57.141.7.24 - - [30/Oct/2024:12:32:48 +0000] "GET /2023/03/18/pacific-island-cricket-challenge-picc23-ended-on-a-high/ HTTP/2" 404 1251 "-" "meta-externalagent/1.1 (+https://developers.facebook.com/docs/sharing/webmasters/crawler)"
52.167.144.20 - - [30/Oct/2024:12:36:18 +0000] "GET /domestic/ HTTP/2" 404 1251 "-" "Mozilla/5.0 AppleWebKit/537.36 (KHTML, like Gecko; compatible; bingbot/2.0; +http://www.bing.com/bingbot.htm) Chrome/116.0.1938.76 Safari/537.36"
156.59.198.135 - - [30/Oct/2024:12:39:30 +0000] "GET /wp-content/uploads/2022/12/Trophy-Tour-Suva.jpg HTTP/2" 200 124537 "-" "Mozilla/5.0 (Linux; Android 5.0) AppleWebKit/537.36 (KHTML, like Gecko) Mobile Safari/537.36 (compatible; Bytespider; spider-feedback@bytedance.com)"
51.222.253.11 - - [30/Oct/2024:12:49:11 +0000] "GET /2024/09/03/exciting-announcement-national-coach-sanjiv-dubey-takes-on-the-challenge-as-talent-manager/feed/ HTTP/2" 404 1251 "-" "Mozilla/5.0 (compatible; AhrefsBot/7.0; +http://ahrefs.com/robot/)"
52.167.144.175 - - [30/Oct/2024:12:50:28 +0000] "GET /2024/06/15/canon-eos-r7-bo%C3%AEtier-nu-appareil-photo-hybride-yy-7Y2e3nIZ/ HTTP/2" 404 1251 "-" "Mozilla/5.0 AppleWebKit/537.36 (KHTML, like Gecko; compatible; bingbot/2.0; +http://www.bing.com/bingbot.htm) Chrome/116.0.1938.76 Safari/537.36"
52.167.144.160 - - [30/Oct/2024:12:53:10 +0000] "GET /2024/06/10/south-african-krugerrand-gold-coin-%C2%BD-oz-random-year-yy-VbkzbYij/ HTTP/2" 404 1251 "-" "Mozilla/5.0 AppleWebKit/537.36 (KHTML, like Gecko; compatible; bingbot/2.0; +http://www.bing.com/bingbot.htm) Chrome/116.0.1938.76 Safari/537.36"
134.209.25.199 - - [30/Oct/2024:13:04:53 +0000] "GET / HTTP/1.1" 200 0 "-" "-"
109.106.251.75 - - [30/Oct/2024:13:04:56 +0000] "POST /wp-cron.php?doing_wp_cron=1730293496.0967679023742675781250 HTTP/1.1" 200 0 "-" "WordPress/6.6.2; https://cricketfiji.net"
134.209.25.199 - - [30/Oct/2024:13:04:54 +0000] "GET / HTTP/1.1" 200 102481 "-" "Mozilla/5.0 (Linux; Android 6.0; HTC One M9 Build/MRA731125) AppleWebKit/537.36 (KHTML, like Gecko) Chrome/52.0.1835.98 Mobile Safari/537.3"
134.209.25.199 - - [30/Oct/2024:13:04:57 +0000] "GET /server HTTP/1.1" 404 1251 "-" "Go-http-client/1.1"
134.209.25.199 - - [30/Oct/2024:13:04:57 +0000] "GET /about HTTP/1.1" 404 1251 "-" "Go-http-client/1.1"
134.209.25.199 - - [30/Oct/2024:13:04:57 +0000] "GET /.vscode/sftp.json HTTP/1.1" 404 1251 "-" "Go-http-client/1.1"
134.209.25.199 - - [30/Oct/2024:13:04:58 +0000] "GET /debug/default/view?panel=config HTTP/1.1" 404 1251 "-" "Go-http-client/1.1"
134.209.25.199 - - [30/Oct/2024:13:04:58 +0000] "GET /v2/_catalog HTTP/1.1" 404 1251 "-" "Go-http-client/1.1"
134.209.25.199 - - [30/Oct/2024:13:04:58 +0000] "GET /ecp/Current/exporttool/microsoft.exchange.ediscovery.exporttool.application HTTP/1.1" 404 1251 "-" "Go-http-client/1.1"
134.209.25.199 - - [30/Oct/2024:13:04:59 +0000] "GET /login.action HTTP/1.1" 404 1251 "-" "Go-http-client/1.1"
134.209.25.199 - - [30/Oct/2024:13:04:59 +0000] "GET /server-status HTTP/1.1" 404 1251 "-" "Go-http-client/1.1"
134.209.25.199 - - [30/Oct/2024:13:04:59 +0000] "GET /_all_dbs HTTP/1.1" 404 1251 "-" "Mozilla/5.0 (l9scan/2.0.5373e2135323e2630313e2930313; +https://leakix.net)"
134.209.25.199 - - [30/Oct/2024:13:05:00 +0000] "GET /.DS_Store HTTP/1.1" 404 1251 "-" "Go-http-client/1.1"
134.209.25.199 - - [30/Oct/2024:13:05:00 +0000] "GET /.git/config HTTP/1.1" 403 1242 "-" "Go-http-client/1.1"
134.209.25.199 - - [30/Oct/2024:13:05:00 +0000] "GET /.env HTTP/1.1" 404 1251 "-" "Go-http-client/1.1"
134.209.25.199 - - [30/Oct/2024:13:05:00 +0000] "GET /s/5373e2135323e2630313e2930313/_/;/META-INF/maven/com.atlassian.jira/jira-webapp-dist/pom.properties HTTP/1.1" 404 1251 "-" "Go-http-client/1.1"
134.209.25.199 - - [30/Oct/2024:13:05:01 +0000] "GET /telescope/requests HTTP/1.1" 404 1251 "-" "Go-http-client/1.1"
134.209.25.199 - - [30/Oct/2024:13:05:01 +0000] "GET /config.json HTTP/1.1" 200 779 "-" "Go-http-client/1.1"
134.209.25.199 - - [30/Oct/2024:13:05:02 +0000] "GET /?rest_route=/wp/v2/users/ HTTP/1.1" 200 3075 "-" "Go-http-client/1.1"
114.119.157.46 - - [30/Oct/2024:13:15:16 +0000] "GET /tag/cricketfiji/ HTTP/1.1" 404 1251 "https://cricketfiji.net/2024/03/22/icc-level-1-umpire-course-commenced-in-suva-today/" "Mozilla/5.0 (Linux; Android 7.0;) AppleWebKit/537.36 (KHTML, like Gecko) Mobile Safari/537.36 (compatible; PetalBot;+https://webmaster.petalsearch.com/site/petalbot)"
57.141.7.7 - - [30/Oct/2024:13:23:34 +0000] "GET /tag/under-19/ HTTP/2" 404 1251 "-" "meta-externalagent/1.1 (+https://developers.facebook.com/docs/sharing/webmasters/crawler)"
45.148.10.206 - - [30/Oct/2024:13:27:32 +0000] "GET /.git/config HTTP/1.1" 403 1242 "-" "Mozilla/5.0 (X11; Linux x86_64) AppleWebKit/537.36 (KHTML, like Gecko) Chrome/75.0.3770.145 Safari/537.36 Vivaldi/2.6.1566.49"
52.167.144.184 - - [30/Oct/2024:13:28:02 +0000] "GET /page/2/ HTTP/2" 404 1251 "-" "Mozilla/5.0 AppleWebKit/537.36 (KHTML, like Gecko; compatible; bingbot/2.0; +http://www.bing.com/bingbot.htm) Chrome/116.0.1938.76 Safari/537.36"
40.77.167.51 - - [30/Oct/2024:13:29:35 +0000] "GET /2024/05/27/croatia-national-team-marcelo-brozovi%C4%87-2024-away-jersey-depop-yy-JK7EyPSR/ HTTP/2" 404 1251 "-" "Mozilla/5.0 AppleWebKit/537.36 (KHTML, like Gecko; compatible; bingbot/2.0; +http://www.bing.com/bingbot.htm) Chrome/116.0.1938.76 Safari/537.36"
52.167.144.211 - - [30/Oct/2024:13:30:33 +0000] "GET /domestic/ HTTP/2" 404 1251 "-" "Mozilla/5.0 AppleWebKit/537.36 (KHTML, like Gecko; compatible; bingbot/2.0; +http://www.bing.com/bingbot.htm) Chrome/116.0.1938.76 Safari/537.36"
20.197.112.236 - - [30/Oct/2024:13:30:39 +0000] "GET /domestic/ HTTP/1.1" 404 1251 "-" "Mozilla/5.0 (Windows NT 10.0; Win64; x64) AppleWebKit/537.36 (KHTML, like Gecko) Chrome/128.0.0.0 Safari/537.36 Edg/128.0.0.0"
51.222.253.19 - - [30/Oct/2024:13:39:57 +0000] "GET /2023/06/18/fiji-u19-defeats-vanuatu/ HTTP/2" 404 1251 "-" "Mozilla/5.0 (compatible; AhrefsBot/7.0; +http://ahrefs.com/robot/)"
109.106.251.75 - - [30/Oct/2024:13:42:36 +0000] "POST /wp-cron.php?doing_wp_cron=1730295756.8743140697479248046875 HTTP/1.1" 200 0 "-" "WordPress/6.6.2; https://cricketfiji.net"
52.167.144.18 - - [30/Oct/2024:13:42:33 +0000] "GET /?s=2024 HTTP/2" 200 23418 "-" "Mozilla/5.0 AppleWebKit/537.36 (KHTML, like Gecko; compatible; bingbot/2.0; +http://www.bing.com/bingbot.htm) Chrome/116.0.1938.76 Safari/537.36"
45.88.186.17 - - [30/Oct/2024:13:43:03 +0000] "GET /404/ HTTP/1.1" 404 1251 "binance.com" "Mozilla/5.0 (Windows NT 10.0; Win64; x64) AppleWebKit/537.36 (KHTML, like Gecko) Chrome/90.0.4430.85 Safari/537.36"
45.88.186.17 - - [30/Oct/2024:13:43:29 +0000] "GET /404/ HTTP/1.1" 404 1251 "binance.com" "Mozilla/5.0 (Windows NT 10.0; Win64; x64) AppleWebKit/537.36 (KHTML, like Gecko) Chrome/90.0.4430.85 Safari/537.36"
57.141.7.16 - - [30/Oct/2024:13:49:30 +0000] "GET /author/apennisasc/ HTTP/2" 404 1251 "-" "meta-externalagent/1.1 (+https://developers.facebook.com/docs/sharing/webmasters/crawler)"
52.167.144.189 - - [30/Oct/2024:13:58:28 +0000] "GET /2024/03/18/jdc-voltex-track-style-front-bumper-evo-7-8-yy-7DDWeETZ/ HTTP/2" 404 1251 "-" "Mozilla/5.0 AppleWebKit/537.36 (KHTML, like Gecko; compatible; bingbot/2.0; +http://www.bing.com/bingbot.htm) Chrome/116.0.1938.76 Safari/537.36"
66.249.64.32 - - [30/Oct/2024:14:01:48 +0000] "GET /robots.txt HTTP/1.1" 404 1251 "-" "Mozilla/5.0 (compatible; Googlebot/2.1; +http://www.google.com/bot.html)"
109.106.251.75 - - [30/Oct/2024:14:01:49 +0000] "POST /wp-cron.php?doing_wp_cron=1730296909.7978839874267578125000 HTTP/1.1" 200 0 "-" "WordPress/6.6.2; https://cricketfiji.net"
66.249.64.32 - - [30/Oct/2024:14:01:48 +0000] "GET /index.php?a=category/9-10-1/ HTTP/1.1" 301 0 "-" "Mozilla/5.0 (Linux; Android 6.0.1; Nexus 5X Build/MMB29P) AppleWebKit/537.36 (KHTML, like Gecko) Chrome/130.0.6723.69 Mobile Safari/537.36 (compatible; Googlebot/2.1; +http://www.google.com/bot.html)"
66.249.64.32 - - [30/Oct/2024:14:01:49 +0000] "GET /?a=category%2F9-10-1%2F HTTP/1.1" 200 27804 "-" "Mozilla/5.0 (Linux; Android 6.0.1; Nexus 5X Build/MMB29P) AppleWebKit/537.36 (KHTML, like Gecko) Chrome/130.0.6723.69 Mobile Safari/537.36 (compatible; Googlebot/2.1; +http://www.google.com/bot.html)"
109.106.251.75 - - [30/Oct/2024:14:02:38 +0000] "POST /wp-cron.php?doing_wp_cron=1730296958.4146690368652343750000 HTTP/1.1" 200 0 "-" "WordPress/6.6.2; https://cricketfiji.net"
64.137.10.81 - - [30/Oct/2024:14:02:37 +0000] "POST /xmlrpc.php HTTP/2" 200 403 "-" "Mozilla/5.0 (Macintosh; Intel Mac OS X 10_15_6) AppleWebKit/531.33 (KHTML, like Gecko111) Chrome/93.2 Safari/534.39"
198.37.98.23 - - [30/Oct/2024:14:02:40 +0000] "POST /xmlrpc.php HTTP/2" 200 403 "-" "Mozilla/5.0 (Macintosh; Intel Mac OS X 10_15_9) AppleWebKit/539.32 (KHTML, like Gecko111) Chrome/99.6 Safari/539.37"
109.106.251.75 - - [30/Oct/2024:14:03:23 +0000] "POST /wp-cron.php?doing_wp_cron=1730297003.0400669574737548828125 HTTP/1.1" 200 0 "-" "WordPress/6.6.2; https://cricketfiji.net"
66.249.64.34 - - [30/Oct/2024:14:03:21 +0000] "GET /index.php?a=tag/ebfd-authentic-shirt-y-EW9zKMUx/ HTTP/1.1" 301 0 "-" "Mozilla/5.0 (Linux; Android 6.0.1; Nexus 5X Build/MMB29P) AppleWebKit/537.36 (KHTML, like Gecko) Chrome/130.0.6723.69 Mobile Safari/537.36 (compatible; Googlebot/2.1; +http://www.google.com/bot.html)"
66.249.64.32 - - [30/Oct/2024:14:03:23 +0000] "GET /?a=tag%2Febfd-authentic-shirt-y-EW9zKMUx%2F HTTP/1.1" 200 27850 "-" "Mozilla/5.0 (Linux; Android 6.0.1; Nexus 5X Build/MMB29P) AppleWebKit/537.36 (KHTML, like Gecko) Chrome/130.0.6723.69 Mobile Safari/537.36 (compatible; Googlebot/2.1; +http://www.google.com/bot.html)"
156.59.198.136 - - [30/Oct/2024:14:03:27 +0000] "GET /wp-content/uploads/2023/05/DSC_0486-768x512.jpg HTTP/2" 200 55070 "-" "Mozilla/5.0 (Linux; Android 5.0) AppleWebKit/537.36 (KHTML, like Gecko) Mobile Safari/537.36 (compatible; Bytespider; spider-feedback@bytedance.com)"
93.123.39.29 - - [30/Oct/2024:14:04:00 +0000] "GET / HTTP/2" 200 21507 "-" "Go-http-client/2.0"
93.123.39.29 - - [30/Oct/2024:14:04:01 +0000] "GET //wp-content/plugins/simple/simple.php HTTP/2" 404 1251 "-" "Go-http-client/2.0"
93.123.39.29 - - [30/Oct/2024:14:04:02 +0000] "GET //wp-content/themes/themes/Cyb3r.php HTTP/2" 404 1251 "-" "Go-http-client/2.0"
93.123.39.29 - - [30/Oct/2024:14:04:02 +0000] "GET //file/function.php HTTP/2" 404 1251 "-" "Go-http-client/2.0"
93.123.39.29 - - [30/Oct/2024:14:04:02 +0000] "GET //as/function HTTP/2" 404 1251 "-" "Go-http-client/2.0"
93.123.39.29 - - [30/Oct/2024:14:04:02 +0000] "GET //mah/function.php HTTP/2" 404 1251 "-" "Go-http-client/2.0"
93.123.39.29 - - [30/Oct/2024:14:04:02 +0000] "GET //admin/function.php HTTP/2" 404 1251 "-" "Go-http-client/2.0"
93.123.39.29 - - [30/Oct/2024:14:04:02 +0000] "GET //doc/function.php HTTP/2" 404 1251 "-" "Go-http-client/2.0"
93.123.39.29 - - [30/Oct/2024:14:04:03 +0000] "GET //about/function.php HTTP/2" 404 1251 "-" "Go-http-client/2.0"
93.123.39.29 - - [30/Oct/2024:14:04:03 +0000] "GET //index/function.php HTTP/2" 404 1251 "-" "Go-http-client/2.0"
93.123.39.29 - - [30/Oct/2024:14:04:03 +0000] "GET //function.php HTTP/2" 404 1251 "-" "Go-http-client/2.0"
66.249.64.34 - - [30/Oct/2024:14:04:06 +0000] "GET /2023/07/21/fisher-price-infant-to-toddler-rocker-pink-bunny-with-yy-jJpjkiw/ HTTP/1.1" 404 1251 "-" "Mozilla/5.0 (Linux; Android 6.0.1; Nexus 5X Build/MMB29P) AppleWebKit/537.36 (KHTML, like Gecko) Chrome/130.0.6723.69 Mobile Safari/537.36 (compatible; Googlebot/2.1; +http://www.google.com/bot.html)"
69.63.184.1 - - [30/Oct/2024:14:07:43 +0000] "GET /2023/08/03/suva-grammar-tailevu-north-college-procede-to-the-semi-finals-of-the-under-19-womens-cricket-competition/ HTTP/2" 404 1251 "-" "facebookexternalhit/1.1 (+http://www.facebook.com/externalhit_uatext.php)"
69.63.184.11 - - [30/Oct/2024:14:07:43 +0000] "GET /2023/07/12/womens-under-19-cricket-competition-suva-zone-to-kick-start-from-today/ HTTP/2" 404 1251 "-" "facebookexternalhit/1.1 (+http://www.facebook.com/externalhit_uatext.php)"
51.222.253.9 - - [30/Oct/2024:14:12:11 +0000] "GET /2024/09/03/exciting-announcement-national-coach-sanjiv-dubey-takes-on-the-challenge-as-talent-manager/ HTTP/2" 404 1251 "-" "Mozilla/5.0 (compatible; AhrefsBot/7.0; +http://ahrefs.com/robot/)"
85.192.56.98 - - [30/Oct/2024:14:13:30 +0000] "GET /wp-login.php HTTP/1.1" 404 14843 "-" "Mozilla/5.0 (Windows NT 10.0; WOW64) AppleWebKit/537.36 (KHTML, like Gecko) Chrome/75.0.3770.100 Safari/537.36"
8.218.45.90 - - [30/Oct/2024:14:19:08 +0000] "GET / HTTP/1.1" 200 21507 "-" "Mozilla/5.0 (Macintosh; Intel Mac OS X 11_4) AppleWebKit/537.36 (KHTML, like Gecko) Chrome/110.0.5481.100 Safari/537.36 OPR/96.0.4693.20"
109.106.251.75 - - [30/Oct/2024:14:19:11 +0000] "POST /wp-cron.php?doing_wp_cron=1730297951.3502020835876464843750 HTTP/1.1" 200 0 "-" "WordPress/6.6.2; https://cricketfiji.net"
52.167.144.208 - - [30/Oct/2024:14:20:08 +0000] "GET /2024/04/01/rudraksha-guide-all-you-need-to-know-about-rudraksha-yy-ykNJmaI2/ HTTP/2" 404 1251 "-" "Mozilla/5.0 AppleWebKit/537.36 (KHTML, like Gecko; compatible; bingbot/2.0; +http://www.bing.com/bingbot.htm) Chrome/116.0.1938.76 Safari/537.36"
45.149.241.5 - - [30/Oct/2024:14:21:50 +0000] "GET /wp-atom.php HTTP/2" 404 1251 "-" "Go-http-client/2.0"
45.149.241.5 - - [30/Oct/2024:14:22:32 +0000] "GET /wp-content/themes/seotheme/db.php?u HTTP/1.1" 404 1251 "www.google.com" "Mozlila/5.0 (Linux; Android 7.0; SM-G892A Bulid/NRD90M; wv) AppleWebKit/537.36 (KHTML, like Gecko) Version/4.0 Chrome/60.0.3112.107 Moblie Safari/537.36"
45.149.241.5 - - [30/Oct/2024:14:22:32 +0000] "POST /wp-plain.php HTTP/1.1" 404 1251 "www.google.com" "Mozilla/5.0 (Linux; Android 7.0; SM-G892A Bulid/NRD90M; wv) AppleWebKit/537.36 (KHTML, like Gecko) Version/4.0 Chrome/60.0.3112.107 Moblie Safari/537.36"
45.149.241.5 - - [30/Oct/2024:14:22:32 +0000] "GET /qaaznkbz.php?Fox=d3wL7 HTTP/1.1" 404 1251 "www.google.com" "Mozilla/5.0 (Linux; Android 7.0; SM-G892A Bulid/NRD90M; wv) AppleWebKit/537.36 (KHTML, like Gecko) Version/4.0 Chrome/60.0.3112.107 Moblie Safari/537.36"
45.149.241.5 - - [30/Oct/2024:14:22:38 +0000] "GET / HTTP/1.1" 200 102481 "-" "Mozlila/5.0 (Linux; Android 7.0; SM-G892A Bulid/NRD90M; wv) AppleWebKit/537.36 (KHTML, like Gecko) Version/4.0 Chrome/60.0.3112.107 Moblie Safari/537.36"
45.149.241.5 - - [30/Oct/2024:14:22:39 +0000] "GET /wp-content/plugins/apikey/apikey.php?test=hello HTTP/1.1" 404 1251 "-" "Mozlila/5.0 (Linux; Android 7.0; SM-G892A Bulid/NRD90M; wv) AppleWebKit/537.36 (KHTML, like Gecko) Version/4.0 Chrome/60.0.3112.107 Moblie Safari/537.36"
45.149.241.5 - - [30/Oct/2024:14:22:39 +0000] "GET /plugins/content/apismtp/apismtp.php?test=hello HTTP/1.1" 404 1251 "-" "Mozlila/5.0 (Linux; Android 7.0; SM-G892A Bulid/NRD90M; wv) AppleWebKit/537.36 (KHTML, like Gecko) Version/4.0 Chrome/60.0.3112.107 Moblie Safari/537.36"
45.149.241.5 - - [30/Oct/2024:14:22:39 +0000] "GET /wp-content/plugins/apikey/apikey.php.suspected?test=hello HTTP/1.1" 404 1251 "-" "Mozlila/5.0 (Linux; Android 7.0; SM-G892A Bulid/NRD90M; wv) AppleWebKit/537.36 (KHTML, like Gecko) Version/4.0 Chrome/60.0.3112.107 Moblie Safari/537.36"
45.149.241.5 - - [30/Oct/2024:14:22:40 +0000] "GET /plugins/content/apismtp/apismtp.php.suspected?test=hello HTTP/1.1" 404 1251 "-" "Mozlila/5.0 (Linux; Android 7.0; SM-G892A Bulid/NRD90M; wv) AppleWebKit/537.36 (KHTML, like Gecko) Version/4.0 Chrome/60.0.3112.107 Moblie Safari/537.36"
66.249.64.32 - - [30/Oct/2024:14:29:13 +0000] "GET /international/ HTTP/1.1" 404 1251 "-" "Mozilla/5.0 (compatible; Googlebot/2.1; +http://www.google.com/bot.html)"
17.241.227.34 - - [30/Oct/2024:14:31:52 +0000] "GET /robots.txt HTTP/1.1" 404 1251 "-" "Mozilla/5.0 (Macintosh; Intel Mac OS X 10_15_7) AppleWebKit/605.1.15 (KHTML, like Gecko) Version/17.4 Safari/605.1.15 (Applebot/0.1; +http://www.apple.com/go/applebot)"
17.241.227.34 - - [30/Oct/2024:14:31:52 +0000] "GET /2023/11/06/finals-week-for-t-40-super-league-2023/ HTTP/1.1" 404 1251 "-" "Mozilla/5.0 (Macintosh; Intel Mac OS X 10_15_7) AppleWebKit/605.1.15 (KHTML, like Gecko) Version/17.4 Safari/605.1.15 (Applebot/0.1; +http://www.apple.com/go/applebot)"
109.106.251.75 - - [30/Oct/2024:14:39:37 +0000] "POST /wp-cron.php?doing_wp_cron=1730299177.8857069015502929687500 HTTP/1.1" 200 0 "-" "WordPress/6.6.2; https://cricketfiji.net"
82.118.30.39 - - [30/Oct/2024:14:39:34 +0000] "POST /xmlrpc.php HTTP/1.1" 200 207 "-" "Mozilla/5.0 (Windows NT 10.0; Win64; x64) AppleWebKit/537.36 (KHTML, like Gecko) Chrome/69.0.3497.100 Safari/537.36"
82.118.30.50 - - [30/Oct/2024:14:39:38 +0000] "GET /wp-login.php HTTP/1.1" 404 14858 "https://cricketfiji.net/wp-login.php" "Mozilla/5.0 (Windows NT 10.0; Win64; x64) AppleWebKit/537.36 (KHTML, like Gecko) Chrome/67.0.3396.99 Safari/537.36"
82.118.30.50 - - [30/Oct/2024:14:39:39 +0000] "POST /wp-login.php HTTP/1.1" 404 62321 "-" "-"
109.106.251.75 - - [30/Oct/2024:14:57:46 +0000] "POST /wp-cron.php?doing_wp_cron=1730300266.3100459575653076171875 HTTP/1.1" 200 0 "-" "WordPress/6.6.2; https://cricketfiji.net"
5.133.192.87 - - [30/Oct/2024:14:57:43 +0000] "GET / HTTP/1.1" 200 21501 "-" "Mozilla/5.0 (Windows NT 10.0; Win64; x64) AppleWebKit/537.36 (KHTML, like Gecko) Chrome/105.0.0.0 Safari/537.36"
5.133.192.87 - - [30/Oct/2024:14:57:47 +0000] "GET / HTTP/1.1" 200 21501 "-" "Mozilla/5.0 (Windows NT 10.0; Win64; x64) AppleWebKit/537.36 (KHTML, like Gecko) Chrome/105.0.0.0 Safari/537.36"
69.171.231.5 - - [30/Oct/2024:15:02:03 +0000] "GET /wp-content/uploads/2024/09/Sanjivdubey.jpg HTTP/2" 200 154275 "-" "facebookexternalhit/1.1 (+http://www.facebook.com/externalhit_uatext.php)"
35.243.23.7 - - [30/Oct/2024:15:04:51 +0000] "HEAD /wp-login.php HTTP/1.1" 404 0 "http://cricketfiji.net" "Mozilla/5.0 (Linux; Android 13; Pixel 4a (5G) Build/TQ2A.230505.002; wv) AppleWebKit/537.36 (KHTML, like Gecko) Version/4.0 Chrome/112.0.5615.136 Mobile Safari/537.36 GoogleApp/14.16.27.29.arm64 AppEngine-Google; (+http://code.google.com/appengine; appid: s~virustotalcloud)"
52.34.76.65 - - [30/Oct/2024:15:04:52 +0000] "GET /wp-login.php HTTP/2" 404 18232 "-" "Mozilla/5.0 (Windows NT 10.0; Win64; x64; rv:130.0) Gecko/20100101 Firefox/130.0"
3.138.153.49 - - [30/Oct/2024:15:04:51 +0000] "GET /wp-login.php HTTP/1.1" 404 14843 "-" "Mozilla/5.0 (Windows NT 10.0; Win64; x64) AppleWebKit/537.36 (KHTML, like Gecko) Chrome/114.0.0.0 Safari/537.36 Edg/114.0.1823.51"
109.106.251.75 - - [30/Oct/2024:15:04:55 +0000] "POST /wp-cron.php?doing_wp_cron=1730300695.2406599521636962890625 HTTP/1.1" 200 0 "-" "WordPress/6.6.2; https://cricketfiji.net"
66.249.64.34 - - [30/Oct/2024:15:04:53 +0000] "GET / HTTP/1.1" 200 27785 "-" "GoogleOther"
3.145.193.197 - - [30/Oct/2024:15:04:52 +0000] "GET /wp-login.php HTTP/1.1" 404 14837 "-" "Mozilla/5.0 (Windows NT 10.0; Win64; x64) AppleWebKit/537.36 (KHTML, like Gecko) Chrome/114.0.0.0 Safari/537.36 Edg/114.0.1823.51"
52.34.76.65 - - [30/Oct/2024:15:04:55 +0000] "GET /wp-content/plugins/simple-org-chart/css/jquery.jOrgChart.css?ver=6.6.2 HTTP/2" 200 428 "https://cricketfiji.net/wp-login.php" "Mozilla/5.0 (Windows NT 10.0; Win64; x64; rv:130.0) Gecko/20100101 Firefox/130.0"
52.34.76.65 - - [30/Oct/2024:15:04:55 +0000] "GET /wp-content/plugins/simple-org-chart/css/custom.css?ver=6.6.2 HTTP/2" 200 1038 "https://cricketfiji.net/wp-login.php" "Mozilla/5.0 (Windows NT 10.0; Win64; x64; rv:130.0) Gecko/20100101 Firefox/130.0"
52.34.76.65 - - [30/Oct/2024:15:04:55 +0000] "GET /wp-includes/css/dist/block-library/style.min.css?ver=6.6.2 HTTP/2" 200 13760 "https://cricketfiji.net/wp-login.php" "Mozilla/5.0 (Windows NT 10.0; Win64; x64; rv:130.0) Gecko/20100101 Firefox/130.0"
52.34.76.65 - - [30/Oct/2024:15:04:55 +0000] "GET /wp-content/plugins/responsive-iframe/dist/blocks.style.build.css HTTP/2" 200 186 "https://cricketfiji.net/wp-login.php" "Mozilla/5.0 (Windows NT 10.0; Win64; x64; rv:130.0) Gecko/20100101 Firefox/130.0"
52.34.76.65 - - [30/Oct/2024:15:04:55 +0000] "GET /wp-content/plugins/contact-form-7/includes/css/styles.css?ver=5.9.8 HTTP/2" 200 889 "https://cricketfiji.net/wp-login.php" "Mozilla/5.0 (Windows NT 10.0; Win64; x64; rv:130.0) Gecko/20100101 Firefox/130.0"
52.34.76.65 - - [30/Oct/2024:15:04:55 +0000] "GET /wp-content/plugins/scoreboard-ui/css/front-dashboard.css?ver=1.0.0 HTTP/2" 200 4014 "https://cricketfiji.net/wp-login.php" "Mozilla/5.0 (Windows NT 10.0; Win64; x64; rv:130.0) Gecko/20100101 Firefox/130.0"
52.34.76.65 - - [30/Oct/2024:15:04:55 +0000] "GET /wp-content/plugins/scoreboard-ui/css/normalize.min.css?ver=1.0.0 HTTP/2" 200 808 "https://cricketfiji.net/wp-login.php" "Mozilla/5.0 (Windows NT 10.0; Win64; x64; rv:130.0) Gecko/20100101 Firefox/130.0"
52.34.76.65 - - [30/Oct/2024:15:04:55 +0000] "GET /wp-content/plugins/ultimate-social-media-icons/css/sfsi-style.css?ver=2.9.4 HTTP/2" 200 12300 "https://cricketfiji.net/wp-login.php" "Mozilla/5.0 (Windows NT 10.0; Win64; x64; rv:130.0) Gecko/20100101 Firefox/130.0"
52.34.76.65 - - [30/Oct/2024:15:04:55 +0000] "GET /wp-content/plugins/vw-accordion/assets/css/vwac-front-style.css?ver=6.6.2 HTTP/2" 200 1520 "https://cricketfiji.net/wp-login.php" "Mozilla/5.0 (Windows NT 10.0; Win64; x64; rv:130.0) Gecko/20100101 Firefox/130.0"
52.34.76.65 - - [30/Oct/2024:15:04:55 +0000] "GET /wp-content/plugins/vw-accordion/assets/css/font-awesome/css/font-awesome.min.css?ver=6.6.2 HTTP/2" 200 4394 "https://cricketfiji.net/wp-login.php" "Mozilla/5.0 (Windows NT 10.0; Win64; x64; rv:130.0) Gecko/20100101 Firefox/130.0"
52.34.76.65 - - [30/Oct/2024:15:04:55 +0000] "GET /wp-content/plugins/vw-accordion/assets/css/bootstrap.css?ver=6.6.2 HTTP/2" 200 20016 "https://cricketfiji.net/wp-login.php" "Mozilla/5.0 (Windows NT 10.0; Win64; x64; rv:130.0) Gecko/20100101 Firefox/130.0"
52.34.76.65 - - [30/Oct/2024:15:04:55 +0000] "GET /wp-content/plugins/vw-preloader/assets/css/vwpl-style.css?ver=6.6.2 HTTP/2" 200 211 "https://cricketfiji.net/wp-login.php" "Mozilla/5.0 (Windows NT 10.0; Win64; x64; rv:130.0) Gecko/20100101 Firefox/130.0"
52.34.76.65 - - [30/Oct/2024:15:04:55 +0000] "GET /wp-content/plugins/vw-social-media/assets/css/vwsmp-style.css?ver=6.6.2 HTTP/2" 200 544 "https://cricketfiji.net/wp-login.php" "Mozilla/5.0 (Windows NT 10.0; Win64; x64; rv:130.0) Gecko/20100101 Firefox/130.0"
52.34.76.65 - - [30/Oct/2024:15:04:55 +0000] "GET /wp-content/plugins/vw-social-media/assets/css/fontawesome-all.min.css?ver=6.6.2 HTTP/2" 200 11749 "https://cricketfiji.net/wp-login.php" "Mozilla/5.0 (Windows NT 10.0; Win64; x64; rv:130.0) Gecko/20100101 Firefox/130.0"
52.34.76.65 - - [30/Oct/2024:15:04:55 +0000] "GET /wp-content/plugins/woocommerce/assets/css/woocommerce-layout.css?ver=9.3.3 HTTP/2" 200 2339 "https://cricketfiji.net/wp-login.php" "Mozilla/5.0 (Windows NT 10.0; Win64; x64; rv:130.0) Gecko/20100101 Firefox/130.0"
52.34.76.65 - - [30/Oct/2024:15:04:55 +0000] "GET /wp-content/plugins/woocommerce/assets/css/woocommerce.css?ver=9.3.3 HTTP/2" 200 9295 "https://cricketfiji.net/wp-login.php" "Mozilla/5.0 (Windows NT 10.0; Win64; x64; rv:130.0) Gecko/20100101 Firefox/130.0"
52.34.76.65 - - [30/Oct/2024:15:04:55 +0000] "GET /wp-content/themes/vw-cricket-pro/style.css?ver=6.6.2 HTTP/2" 200 5598 "https://cricketfiji.net/wp-login.php" "Mozilla/5.0 (Windows NT 10.0; Win64; x64; rv:130.0) Gecko/20100101 Firefox/130.0"
52.34.76.65 - - [30/Oct/2024:15:04:55 +0000] "GET /wp-content/themes/vw-cricket-pro/assets/css/main-css/other-pages.css HTTP/2" 200 4047 "https://cricketfiji.net/wp-login.php" "Mozilla/5.0 (Windows NT 10.0; Win64; x64; rv:130.0) Gecko/20100101 Firefox/130.0"
52.34.76.65 - - [30/Oct/2024:15:04:55 +0000] "GET /wp-content/themes/vw-cricket-pro/assets/css/main-css/header-footer.css HTTP/2" 200 3467 "https://cricketfiji.net/wp-login.php" "Mozilla/5.0 (Windows NT 10.0; Win64; x64; rv:130.0) Gecko/20100101 Firefox/130.0"
52.34.76.65 - - [30/Oct/2024:15:04:55 +0000] "GET /wp-content/themes/vw-cricket-pro/assets/css/main-css/mobile-main.css HTTP/2" 200 4553 "https://cricketfiji.net/wp-login.php" "Mozilla/5.0 (Windows NT 10.0; Win64; x64; rv:130.0) Gecko/20100101 Firefox/130.0"
52.34.76.65 - - [30/Oct/2024:15:04:55 +0000] "GET /wp-content/themes/vw-cricket-pro/assets/css/customizer.css?ver=6.6.2 HTTP/2" 200 733 "https://cricketfiji.net/wp-login.php" "Mozilla/5.0 (Windows NT 10.0; Win64; x64; rv:130.0) Gecko/20100101 Firefox/130.0"
52.34.76.65 - - [30/Oct/2024:15:04:55 +0000] "GET /wp-content/themes/vw-cricket-pro/assets/css/animate.css?ver=6.6.2 HTTP/2" 200 4341 "https://cricketfiji.net/wp-login.php" "Mozilla/5.0 (Windows NT 10.0; Win64; x64; rv:130.0) Gecko/20100101 Firefox/130.0"
52.34.76.65 - - [30/Oct/2024:15:04:55 +0000] "GET /wp-content/themes/vw-cricket-pro/assets/css/animation.css?ver=6.6.2 HTTP/2" 200 4262 "https://cricketfiji.net/wp-login.php" "Mozilla/5.0 (Windows NT 10.0; Win64; x64; rv:130.0) Gecko/20100101 Firefox/130.0"
52.34.76.65 - - [30/Oct/2024:15:04:55 +0000] "GET /wp-content/themes/vw-cricket-pro/assets/css/custom-animation.css?ver=6.6.2 HTTP/2" 200 68 "https://cricketfiji.net/wp-login.php" "Mozilla/5.0 (Windows NT 10.0; Win64; x64; rv:130.0) Gecko/20100101 Firefox/130.0"
52.34.76.65 - - [30/Oct/2024:15:04:55 +0000] "GET /wp-content/themes/vw-cricket-pro/assets/css/effect.css?ver=6.6.2 HTTP/2" 200 364 "https://cricketfiji.net/wp-login.php" "Mozilla/5.0 (Windows NT 10.0; Win64; x64; rv:130.0) Gecko/20100101 Firefox/130.0"
52.34.76.65 - - [30/Oct/2024:15:04:55 +0000] "GET /wp-content/themes/vw-cricket-pro/assets/css/owl.carousel.css?ver=6.6.2 HTTP/2" 200 1229 "https://cricketfiji.net/wp-login.php" "Mozilla/5.0 (Windows NT 10.0; Win64; x64; rv:130.0) Gecko/20100101 Firefox/130.0"
52.34.76.65 - - [30/Oct/2024:15:04:55 +0000] "GET /wp-content/plugins/elementor/assets/lib/font-awesome/css/font-awesome.min.css?ver=4.7.0 HTTP/2" 200 6641 "https://cricketfiji.net/wp-login.php" "Mozilla/5.0 (Windows NT 10.0; Win64; x64; rv:130.0) Gecko/20100101 Firefox/130.0"
52.34.76.65 - - [30/Oct/2024:15:04:55 +0000] "GET /wp-content/themes/vw-cricket-pro/assets/css/google-font.css?ver=6.6.2 HTTP/2" 200 26249 "https://cricketfiji.net/wp-login.php" "Mozilla/5.0 (Windows NT 10.0; Win64; x64; rv:130.0) Gecko/20100101 Firefox/130.0"
52.34.76.65 - - [30/Oct/2024:15:04:55 +0000] "GET /wp-content/themes/vw-cricket-pro/assets/css/basicfont.css?ver=6.6.2 HTTP/2" 200 423 "https://cricketfiji.net/wp-login.php" "Mozilla/5.0 (Windows NT 10.0; Win64; x64; rv:130.0) Gecko/20100101 Firefox/130.0"
52.34.76.65 - - [30/Oct/2024:15:04:55 +0000] "GET /wp-content/themes/vw-cricket-pro/assets/css/bootstrap.min.css?ver=6.6.2 HTTP/2" 200 19868 "https://cricketfiji.net/wp-login.php" "Mozilla/5.0 (Windows NT 10.0; Win64; x64; rv:130.0) Gecko/20100101 Firefox/130.0"
52.34.76.65 - - [30/Oct/2024:15:04:55 +0000] "GET /wp-content/themes/vw-cricket-pro/assets/css/video.popup.css?ver=6.6.2 HTTP/2" 200 563 "https://cricketfiji.net/wp-login.php" "Mozilla/5.0 (Windows NT 10.0; Win64; x64; rv:130.0) Gecko/20100101 Firefox/130.0"
52.34.76.65 - - [30/Oct/2024:15:04:55 +0000] "GET /wp-content/plugins/responsive-iframe/src//js/constants.js?ver=6.6.2 HTTP/2" 200 360 "https://cricketfiji.net/wp-login.php" "Mozilla/5.0 (Windows NT 10.0; Win64; x64; rv:130.0) Gecko/20100101 Firefox/130.0"
52.34.76.65 - - [30/Oct/2024:15:04:55 +0000] "GET /wp-includes/js/jquery/jquery.min.js?ver=3.7.1 HTTP/2" 200 29576 "https://cricketfiji.net/wp-login.php" "Mozilla/5.0 (Windows NT 10.0; Win64; x64; rv:130.0) Gecko/20100101 Firefox/130.0"
52.34.76.65 - - [30/Oct/2024:15:04:55 +0000] "GET /wp-includes/js/jquery/jquery-migrate.min.js?ver=3.4.1 HTTP/2" 200 4676 "https://cricketfiji.net/wp-login.php" "Mozilla/5.0 (Windows NT 10.0; Win64; x64; rv:130.0) Gecko/20100101 Firefox/130.0"
52.34.76.65 - - [30/Oct/2024:15:04:55 +0000] "GET /wp-content/plugins/vw-preloader/assets/js/front-end.js?ver=6.6.2 HTTP/2" 200 186 "https://cricketfiji.net/wp-login.php" "Mozilla/5.0 (Windows NT 10.0; Win64; x64; rv:130.0) Gecko/20100101 Firefox/130.0"
52.34.76.65 - - [30/Oct/2024:15:04:55 +0000] "GET /wp-content/themes/vw-cricket-pro/assets/js/wow.min.js?ver=6.6.2 HTTP/2" 200 2555 "https://cricketfiji.net/wp-login.php" "Mozilla/5.0 (Windows NT 10.0; Win64; x64; rv:130.0) Gecko/20100101 Firefox/130.0"
52.34.76.65 - - [30/Oct/2024:15:04:55 +0000] "GET /wp-content/themes/vw-cricket-pro/assets/js/tether.js?ver=6.6.2 HTTP/2" 200 11669 "https://cricketfiji.net/wp-login.php" "Mozilla/5.0 (Windows NT 10.0; Win64; x64; rv:130.0) Gecko/20100101 Firefox/130.0"
52.34.76.65 - - [30/Oct/2024:15:04:55 +0000] "GET /wp-content/themes/vw-cricket-pro/assets/js/jquery.superfish.js?ver=6.6.2 HTTP/2" 200 2179 "https://cricketfiji.net/wp-login.php" "Mozilla/5.0 (Windows NT 10.0; Win64; x64; rv:130.0) Gecko/20100101 Firefox/130.0"
52.34.76.65 - - [30/Oct/2024:15:04:55 +0000] "GET /wp-content/themes/vw-cricket-pro/assets/js/owl.carousel.js?ver=6.6.2 HTTP/2" 200 19082 "https://cricketfiji.net/wp-login.php" "Mozilla/5.0 (Windows NT 10.0; Win64; x64; rv:130.0) Gecko/20100101 Firefox/130.0"
52.34.76.65 - - [30/Oct/2024:15:04:55 +0000] "GET /wp-content/themes/vw-cricket-pro/assets/js/SmoothScroll.js?ver=6.6.2 HTTP/2" 200 5700 "https://cricketfiji.net/wp-login.php" "Mozilla/5.0 (Windows NT 10.0; Win64; x64; rv:130.0) Gecko/20100101 Firefox/130.0"
52.34.76.65 - - [30/Oct/2024:15:04:55 +0000] "GET /wp-content/themes/vw-cricket-pro/assets/js/video.popup.js?ver=6.6.2 HTTP/2" 200 1097 "https://cricketfiji.net/wp-login.php" "Mozilla/5.0 (Windows NT 10.0; Win64; x64; rv:130.0) Gecko/20100101 Firefox/130.0"
52.34.76.65 - - [30/Oct/2024:15:04:55 +0000] "GET /wp-content/themes/vw-cricket-pro/assets/js/jquery-progressbar.js?ver=6.6.2 HTTP/2" 200 515 "https://cricketfiji.net/wp-login.php" "Mozilla/5.0 (Windows NT 10.0; Win64; x64; rv:130.0) Gecko/20100101 Firefox/130.0"
52.34.76.65 - - [30/Oct/2024:15:04:55 +0000] "GET /wp-content/themes/vw-cricket-pro/assets/js/custom.js?ver=6.6.2 HTTP/2" 200 2523 "https://cricketfiji.net/wp-login.php" "Mozilla/5.0 (Windows NT 10.0; Win64; x64; rv:130.0) Gecko/20100101 Firefox/130.0"
52.34.76.65 - - [30/Oct/2024:15:04:55 +0000] "GET /wp-content/themes/vw-cricket-pro/assets/js/jquery-ui.min.js?ver=6.6.2 HTTP/2" 200 61665 "https://cricketfiji.net/wp-login.php" "Mozilla/5.0 (Windows NT 10.0; Win64; x64; rv:130.0) Gecko/20100101 Firefox/130.0"
52.34.76.65 - - [30/Oct/2024:15:04:55 +0000] "GET /wp-content/themes/vw-cricket-pro/assets/js/bootstrap.min.js?ver=6.6.2 HTTP/2" 200 15246 "https://cricketfiji.net/wp-login.php" "Mozilla/5.0 (Windows NT 10.0; Win64; x64; rv:130.0) Gecko/20100101 Firefox/130.0"
52.34.76.65 - - [30/Oct/2024:15:04:55 +0000] "GET /wp-content/themes/vw-cricket-pro/assets/js/jquery.appear.js?ver=6.6.2 HTTP/2" 200 770 "https://cricketfiji.net/wp-login.php" "Mozilla/5.0 (Windows NT 10.0; Win64; x64; rv:130.0) Gecko/20100101 Firefox/130.0"
52.34.76.65 - - [30/Oct/2024:15:04:55 +0000] "GET /wp-content/plugins/responsive-iframe/src//js/responsiveIframe.js?ver=6.6.2 HTTP/2" 200 1591 "https://cricketfiji.net/wp-login.php" "Mozilla/5.0 (Windows NT 10.0; Win64; x64; rv:130.0) Gecko/20100101 Firefox/130.0"
52.34.76.65 - - [30/Oct/2024:15:04:55 +0000] "GET /wp-content/plugins/woocommerce/assets/client/blocks/wc-blocks.css?ver=wc-9.3.3 HTTP/2" 200 2329 "https://cricketfiji.net/wp-login.php" "Mozilla/5.0 (Windows NT 10.0; Win64; x64; rv:130.0) Gecko/20100101 Firefox/130.0"
52.34.76.65 - - [30/Oct/2024:15:04:55 +0000] "GET /wp-content/uploads/2022/12/cropped-cropped-Cricket_Fiji_logo-2-01-e1671544834525-1.png HTTP/2" 200 5137 "https://cricketfiji.net/wp-login.php" "Mozilla/5.0 (Windows NT 10.0; Win64; x64; rv:130.0) Gecko/20100101 Firefox/130.0"
52.34.76.65 - - [30/Oct/2024:15:04:55 +0000] "GET /wp-content/plugins/organization-chart/front/css/front_css.css?ver=10.0 HTTP/2" 200 1450 "https://cricketfiji.net/wp-login.php" "Mozilla/5.0 (Windows NT 10.0; Win64; x64; rv:130.0) Gecko/20100101 Firefox/130.0"
52.34.76.65 - - [30/Oct/2024:15:04:55 +0000] "GET /wp-content/plugins/organization-chart/front/css/popup_effects.css?ver=10.0 HTTP/2" 200 1156 "https://cricketfiji.net/wp-login.php" "Mozilla/5.0 (Windows NT 10.0; Win64; x64; rv:130.0) Gecko/20100101 Firefox/130.0"
52.34.76.65 - - [30/Oct/2024:15:04:55 +0000] "GET /wp-includes/js/dist/hooks.min.js?ver=2810c76e705dd1a53b18 HTTP/2" 200 1462 "https://cricketfiji.net/wp-login.php" "Mozilla/5.0 (Windows NT 10.0; Win64; x64; rv:130.0) Gecko/20100101 Firefox/130.0"
52.34.76.65 - - [30/Oct/2024:15:04:55 +0000] "GET /wp-includes/js/dist/i18n.min.js?ver=5e580eb46a90c2b997e6 HTTP/2" 200 3539 "https://cricketfiji.net/wp-login.php" "Mozilla/5.0 (Windows NT 10.0; Win64; x64; rv:130.0) Gecko/20100101 Firefox/130.0"
52.34.76.65 - - [30/Oct/2024:15:04:55 +0000] "GET /wp-content/plugins/contact-form-7/includes/swv/js/index.js?ver=5.9.8 HTTP/2" 200 3220 "https://cricketfiji.net/wp-login.php" "Mozilla/5.0 (Windows NT 10.0; Win64; x64; rv:130.0) Gecko/20100101 Firefox/130.0"
52.34.76.65 - - [30/Oct/2024:15:04:55 +0000] "GET /wp-content/plugins/contact-form-7/includes/js/index.js?ver=5.9.8 HTTP/2" 200 3994 "https://cricketfiji.net/wp-login.php" "Mozilla/5.0 (Windows NT 10.0; Win64; x64; rv:130.0) Gecko/20100101 Firefox/130.0"
52.34.76.65 - - [30/Oct/2024:15:04:55 +0000] "GET /wp-content/plugins/scoreboard-ui/js/front-dashboard.js?ver=1.0.0 HTTP/2" 200 87 "https://cricketfiji.net/wp-login.php" "Mozilla/5.0 (Windows NT 10.0; Win64; x64; rv:130.0) Gecko/20100101 Firefox/130.0"
52.34.76.65 - - [30/Oct/2024:15:04:55 +0000] "GET /wp-includes/js/jquery/ui/core.min.js?ver=1.13.3 HTTP/2" 200 6791 "https://cricketfiji.net/wp-login.php" "Mozilla/5.0 (Windows NT 10.0; Win64; x64; rv:130.0) Gecko/20100101 Firefox/130.0"
52.34.76.65 - - [30/Oct/2024:15:04:55 +0000] "GET /wp-content/plugins/ultimate-social-media-icons/js/shuffle/modernizr.custom.min.js?ver=6.6.2 HTTP/2" 200 1368 "https://cricketfiji.net/wp-login.php" "Mozilla/5.0 (Windows NT 10.0; Win64; x64; rv:130.0) Gecko/20100101 Firefox/130.0"
52.34.76.65 - - [30/Oct/2024:15:04:55 +0000] "GET /wp-content/plugins/ultimate-social-media-icons/js/shuffle/jquery.shuffle.min.js?ver=6.6.2 HTTP/2" 200 3932 "https://cricketfiji.net/wp-login.php" "Mozilla/5.0 (Windows NT 10.0; Win64; x64; rv:130.0) Gecko/20100101 Firefox/130.0"
52.34.76.65 - - [30/Oct/2024:15:04:55 +0000] "GET /wp-content/plugins/scoreboard-ui/js/vue.min.js?ver=1.0.0 HTTP/2" 200 32955 "https://cricketfiji.net/wp-login.php" "Mozilla/5.0 (Windows NT 10.0; Win64; x64; rv:130.0) Gecko/20100101 Firefox/130.0"
52.34.76.65 - - [30/Oct/2024:15:04:55 +0000] "GET /wp-content/plugins/ultimate-social-media-icons/js/shuffle/random-shuffle-min.js?ver=6.6.2 HTTP/2" 200 617 "https://cricketfiji.net/wp-login.php" "Mozilla/5.0 (Windows NT 10.0; Win64; x64; rv:130.0) Gecko/20100101 Firefox/130.0"
52.34.76.65 - - [30/Oct/2024:15:04:55 +0000] "GET /wp-content/plugins/ultimate-social-media-icons/js/custom.js?ver=2.9.4 HTTP/2" 200 6660 "https://cricketfiji.net/wp-login.php" "Mozilla/5.0 (Windows NT 10.0; Win64; x64; rv:130.0) Gecko/20100101 Firefox/130.0"
52.34.76.65 - - [30/Oct/2024:15:04:55 +0000] "GET /wp-content/plugins/vw-social-media/assets/webfonts/fa-solid-900.woff2 HTTP/2" 200 74348 "https://cricketfiji.net/wp-content/plugins/vw-social-media/assets/css/fontawesome-all.min.css?ver=6.6.2" "Mozilla/5.0 (Windows NT 10.0; Win64; x64; rv:130.0) Gecko/20100101 Firefox/130.0"
52.34.76.65 - - [30/Oct/2024:15:04:55 +0000] "GET /wp-content/plugins/vw-accordion/assets/js/bootstrap.js?ver=6.6.2 HTTP/2" 200 18785 "https://cricketfiji.net/wp-login.php" "Mozilla/5.0 (Windows NT 10.0; Win64; x64; rv:130.0) Gecko/20100101 Firefox/130.0"
52.34.76.65 - - [30/Oct/2024:15:04:55 +0000] "GET /wp-content/plugins/vw-accordion/assets/js/custom-front.js?ver=6.6.2 HTTP/2" 200 186 "https://cricketfiji.net/wp-login.php" "Mozilla/5.0 (Windows NT 10.0; Win64; x64; rv:130.0) Gecko/20100101 Firefox/130.0"
52.34.76.65 - - [30/Oct/2024:15:04:55 +0000] "GET /wp-content/plugins/woocommerce/assets/js/sourcebuster/sourcebuster.min.js?ver=9.3.3 HTTP/2" 200 4603 "https://cricketfiji.net/wp-login.php" "Mozilla/5.0 (Windows NT 10.0; Win64; x64; rv:130.0) Gecko/20100101 Firefox/130.0"
52.34.76.65 - - [30/Oct/2024:15:04:55 +0000] "GET /wp-content/plugins/woocommerce/assets/js/frontend/order-attribution.min.js?ver=9.3.3 HTTP/2" 200 1006 "https://cricketfiji.net/wp-login.php" "Mozilla/5.0 (Windows NT 10.0; Win64; x64; rv:130.0) Gecko/20100101 Firefox/130.0"
52.34.76.65 - - [30/Oct/2024:15:04:55 +0000] "GET /wp-content/plugins/organization-chart/front/js/front_js.js?ver=10.0 HTTP/2" 200 961 "https://cricketfiji.net/wp-login.php" "Mozilla/5.0 (Windows NT 10.0; Win64; x64; rv:130.0) Gecko/20100101 Firefox/130.0"
52.34.76.65 - - [30/Oct/2024:15:04:55 +0000] "GET /wp-content/plugins/organization-chart/front/js/front_popup.js?ver=10.0 HTTP/2" 200 3064 "https://cricketfiji.net/wp-login.php" "Mozilla/5.0 (Windows NT 10.0; Win64; x64; rv:130.0) Gecko/20100101 Firefox/130.0"
52.34.76.65 - - [30/Oct/2024:15:04:55 +0000] "GET /wp-content/plugins/google-analytics-for-wordpress/assets/js/frontend-gtag.min.js?ver=9.2.0 HTTP/2" 200 3060 "https://cricketfiji.net/wp-login.php" "Mozilla/5.0 (Windows NT 10.0; Win64; x64; rv:130.0) Gecko/20100101 Firefox/130.0"
52.34.76.65 - - [30/Oct/2024:15:04:55 +0000] "GET /wp-content/plugins/woocommerce/assets/js/jquery-blockui/jquery.blockUI.min.js?ver=2.7.0-wc.9.3.3 HTTP/2" 200 3275 "https://cricketfiji.net/wp-login.php" "Mozilla/5.0 (Windows NT 10.0; Win64; x64; rv:130.0) Gecko/20100101 Firefox/130.0"
52.34.76.65 - - [30/Oct/2024:15:04:55 +0000] "GET /wp-content/plugins/woocommerce/assets/js/frontend/add-to-cart.min.js?ver=9.3.3 HTTP/2" 200 1206 "https://cricketfiji.net/wp-login.php" "Mozilla/5.0 (Windows NT 10.0; Win64; x64; rv:130.0) Gecko/20100101 Firefox/130.0"
52.34.76.65 - - [30/Oct/2024:15:04:55 +0000] "GET /wp-content/plugins/woocommerce/assets/js/js-cookie/js.cookie.min.js?ver=2.1.4-wc.9.3.3 HTTP/2" 200 760 "https://cricketfiji.net/wp-login.php" "Mozilla/5.0 (Windows NT 10.0; Win64; x64; rv:130.0) Gecko/20100101 Firefox/130.0"
52.34.76.65 - - [30/Oct/2024:15:04:55 +0000] "GET /wp-content/plugins/woocommerce/assets/js/frontend/woocommerce.min.js?ver=9.3.3 HTTP/2" 200 963 "https://cricketfiji.net/wp-login.php" "Mozilla/5.0 (Windows NT 10.0; Win64; x64; rv:130.0) Gecko/20100101 Firefox/130.0"
52.34.76.65 - - [30/Oct/2024:15:04:55 +0000] "GET /wp-content/plugins/woocommerce/assets/css/woocommerce-smallscreen.css?ver=9.3.3 HTTP/2" 200 1065 "https://cricketfiji.net/wp-login.php" "Mozilla/5.0 (Windows NT 10.0; Win64; x64; rv:130.0) Gecko/20100101 Firefox/130.0"
35.243.23.6 - - [30/Oct/2024:15:04:54 +0000] "GET /wp-login.php HTTP/1.1" 404 18249 "http://cricketfiji.net" "Mozilla/5.0 (Linux; Android 13; Pixel 4a (5G) Build/TQ2A.230505.002; wv) AppleWebKit/537.36 (KHTML, like Gecko) Version/4.0 Chrome/112.0.5615.136 Mobile Safari/537.36 GoogleApp/14.16.27.29.arm64 AppEngine-Google; (+http://code.google.com/appengine; appid: s~virustotalcloud)"
52.34.76.65 - - [30/Oct/2024:15:04:55 +0000] "GET /wp-content/themes/vw-cricket-pro/assets/images/footerbg.png HTTP/2" 200 654831 "https://cricketfiji.net/wp-login.php" "Mozilla/5.0 (Windows NT 10.0; Win64; x64; rv:130.0) Gecko/20100101 Firefox/130.0"
52.34.76.65 - - [30/Oct/2024:15:04:56 +0000] "GET /wp-includes/js/wp-emoji-release.min.js?ver=6.6.2 HTTP/2" 200 4632 "https://cricketfiji.net/wp-login.php" "Mozilla/5.0 (Windows NT 10.0; Win64; x64; rv:130.0) Gecko/20100101 Firefox/130.0"
35.243.23.8 - - [30/Oct/2024:15:05:00 +0000] "HEAD /wp-login.php HTTP/1.1" 404 0 "http://cricketfiji.net" "Mozilla/5.0 (X11; Linux x86_64) AppleWebKit/537.36 (KHTML, like Gecko) Chrome/112.0.0.0 Safari/537.36 AppEngine-Google; (+http://code.google.com/appengine; appid: s~virustotalcloud)"
66.249.64.32 - - [30/Oct/2024:15:05:01 +0000] "GET /wp-login.php HTTP/1.1" 404 18232 "-" "Mozilla/5.0 (compatible; Googlebot/2.1; +http://www.google.com/bot.html)"
35.243.23.7 - - [30/Oct/2024:15:05:01 +0000] "GET /wp-login.php HTTP/1.1" 404 18249 "http://cricketfiji.net" "Mozilla/5.0 (X11; Linux x86_64) AppleWebKit/537.36 (KHTML, like Gecko) Chrome/112.0.0.0 Safari/537.36 AppEngine-Google; (+http://code.google.com/appengine; appid: s~virustotalcloud)"
66.249.64.33 - - [30/Oct/2024:15:05:02 +0000] "GET /wp-login.php HTTP/1.1" 404 18232 "-" "Mozilla/5.0 (Linux; Android 6.0.1; Nexus 5X Build/MMB29P) AppleWebKit/537.36 (KHTML, like Gecko) Chrome/99.0.4844.84 Mobile Safari/537.36 (compatible; Googlebot/2.1; +http://www.google.com/bot.html)"
66.249.64.33 - - [30/Oct/2024:15:05:04 +0000] "GET /wp-content/themes/vw-cricket-pro/assets/css/owl.carousel.css?ver=6.6.2 HTTP/1.1" 200 1229 "https://cricketfiji.net/wp-login.php" "Mozilla/5.0 AppleWebKit/537.36 (KHTML, like Gecko; compatible; Googlebot/2.1; +http://www.google.com/bot.html) Chrome/130.0.6723.58 Safari/537.36"
66.249.64.33 - - [30/Oct/2024:15:05:05 +0000] "GET /wp-content/themes/vw-cricket-pro/assets/css/main-css/header-footer.css HTTP/1.1" 200 3467 "https://cricketfiji.net/wp-login.php" "Mozilla/5.0 AppleWebKit/537.36 (KHTML, like Gecko; compatible; Googlebot/2.1; +http://www.google.com/bot.html) Chrome/130.0.6723.58 Safari/537.36"
66.249.64.33 - - [30/Oct/2024:15:05:05 +0000] "GET /wp-content/plugins/contact-form-7/includes/css/styles.css?ver=5.9.8 HTTP/1.1" 200 889 "https://cricketfiji.net/wp-login.php" "Mozilla/5.0 AppleWebKit/537.36 (KHTML, like Gecko; compatible; Googlebot/2.1; +http://www.google.com/bot.html) Chrome/130.0.6723.58 Safari/537.36"
66.249.64.33 - - [30/Oct/2024:15:05:06 +0000] "GET /wp-content/plugins/woocommerce/assets/client/blocks/wc-blocks.css?ver=wc-9.3.3 HTTP/1.1" 200 2329 "https://cricketfiji.net/wp-login.php" "Mozilla/5.0 AppleWebKit/537.36 (KHTML, like Gecko; compatible; Googlebot/2.1; +http://www.google.com/bot.html) Chrome/130.0.6723.58 Safari/537.36"
66.249.64.33 - - [30/Oct/2024:15:05:07 +0000] "GET /wp-content/themes/vw-cricket-pro/assets/css/customizer.css?ver=6.6.2 HTTP/1.1" 200 733 "https://cricketfiji.net/wp-login.php" "Mozilla/5.0 AppleWebKit/537.36 (KHTML, like Gecko; compatible; Googlebot/2.1; +http://www.google.com/bot.html) Chrome/130.0.6723.58 Safari/537.36"
66.249.64.33 - - [30/Oct/2024:15:05:07 +0000] "GET /wp-content/plugins/woocommerce/assets/css/woocommerce.css?ver=9.3.3 HTTP/1.1" 200 9295 "https://cricketfiji.net/wp-login.php" "Mozilla/5.0 AppleWebKit/537.36 (KHTML, like Gecko; compatible; Googlebot/2.1; +http://www.google.com/bot.html) Chrome/130.0.6723.58 Safari/537.36"
66.249.64.33 - - [30/Oct/2024:15:05:08 +0000] "GET /wp-content/themes/vw-cricket-pro/assets/js/owl.carousel.js?ver=6.6.2 HTTP/1.1" 200 19082 "https://cricketfiji.net/wp-login.php" "Mozilla/5.0 AppleWebKit/537.36 (KHTML, like Gecko; compatible; Googlebot/2.1; +http://www.google.com/bot.html) Chrome/130.0.6723.58 Safari/537.36"
172.252.31.0 - - [30/Oct/2024:15:05:07 +0000] "GET /wp-login.php HTTP/2" 404 18231 "-" "Mozilla/5.0 (Windows NT 10.0; Win64; x64) AppleWebKit/537.36 (KHTML, like Gecko) Chrome/128.0.0.0 Safari/537.36"
